57.141.20.8 - - [21/Mar/2026:05:21:38 -0700] "GET /shop/primevertical/valebat012429940215?fileloc=/home/dxfxddmd03st/public_html/wp-includes/class-wp-block.php&path=/home/dxfxddmd03st/public_html/wp-includes HTTP/2.0" 403 56935 "-" "meta-externalagent/1.1 (+https://developers.facebook.com/docs/sharing/webmasters/crawler)" 322 **0/322267**
74.7.243.195 - - [21/Mar/2026:05:21:38 -0700] "GET /shop/freiherr/seamaid013761021419 HTTP/2.0" 200 3474 "https://www.artelron.com/wp-sitemap.xml" "Mozilla/5.0 AppleWebKit/537.36 (KHTML, like Gecko; compatible; GPTBot/1.3; +https://openai.com/gptbot)" 328 **0/328014**
57.141.20.46 - - [21/Mar/2026:05:21:38 -0700] "GET /shop/primevertical/valebat012429940215?fileloc=/home/dxfxddmd03st/public_html/wp-includes/class-wp-term.php&path=/home/dxfxddmd03st/public_html/wp-includes HTTP/2.0" 403 56935 "-" "meta-externalagent/1.1 (+https://developers.facebook.com/docs/sharing/webmasters/crawler)" 333 **0/333621**
74.7.227.172 - - [21/Mar/2026:05:21:39 -0700] "GET /?path=//usr/lib64/guile/2.0/ccache/language HTTP/2.0" 200 2980 "https://artelron.com/?path=//usr/lib64/guile/2.0/ccache" "Mozilla/5.0 AppleWebKit/537.36 (KHTML, like Gecko; compatible; GPTBot/1.3; +https://openai.com/gptbot)" 326 **0/326650**
57.141.20.10 - - [21/Mar/2026:05:21:39 -0700] "GET /shop/blackjack/coeducational01463544952?path=/home/dxfxddmd03st/public_html/wp-includes/sodium_compat HTTP/2.0" 403 56935 "-" "meta-externalagent/1.1 (+https://developers.facebook.com/docs/sharing/webmasters/crawler)" 316 **0/316718**
57.141.20.28 - - [21/Mar/2026:05:21:39 -0700] "GET /shop/groats/ulonata012172285200?path=/home/dxfxddmd03st/public_html/artelron.com HTTP/2.0" 403 56935 "-" "meta-externalagent/1.1 (+https://developers.facebook.com/docs/sharing/webmasters/crawler)" 343 **0/343854**
57.141.20.13 - - [21/Mar/2026:05:21:39 -0700] "GET /shop/epical/catalog013894768045?fileloc=/home/dxfxddmd03st/public_html/wp-signup.php&path=/home/dxfxddmd03st/public_html HTTP/2.0" 403 56935 "-" "meta-externalagent/1.1 (+https://developers.facebook.com/docs/sharing/webmasters/crawler)" 323 **0/323657**
57.141.20.7 - - [21/Mar/2026:05:21:40 -0700] "GET /shop/sanquine/stundist013729468748?fileloc=/home/dxfxddmd03st/public_html/wp-admin/export-personal-data.php&path=/home/dxfxddmd03st/public_html/wp-admin HTTP/2.0" 403 56935 "-" "meta-externalagent/1.1 (+https://developers.facebook.com/docs/sharing/webmasters/crawler)" 332 **0/332248**
57.141.20.25 - - [21/Mar/2026:05:21:40 -0700] "GET /shop/hosting/tanged011050460621?path=/home/dxfxddmd03st/public_html/wp-admin HTTP/2.0" 403 56935 "-" "meta-externalagent/1.1 (+https://developers.facebook.com/docs/sharing/webmasters/crawler)" 326 **0/326811**
57.141.20.2 - - [21/Mar/2026:05:21:40 -0700] "GET /shop/hosting/tanged011050460621?fileloc=/home/dxfxddmd03st/public_html/.htaccess&path=/home/dxfxddmd03st/public_html HTTP/2.0" 403 56935 "-" "meta-externalagent/1.1 (+https://developers.facebook.com/docs/sharing/webmasters/crawler)" 316 **0/316973**
216.73.216.4 - - [21/Mar/2026:05:21:41 -0700] "GET /shop/outweigh/pontee011177171614 HTTP/2.0" 200 3474 "-" "Mozilla/5.0 AppleWebKit/537.36 (KHTML, like Gecko; compatible; ClaudeBot/1.0; +claudebot@anthropic.com)" 328 **0/328102**
57.141.20.20 - - [21/Mar/2026:05:21:41 -0700] "GET /shop/hosting/tanged011050460621?fileloc=/home/dxfxddmd03st/public_html/wp-signup.php&path=/home/dxfxddmd03st/public_html HTTP/2.0" 403 56935 "-" "meta-externalagent/1.1 (+https://developers.facebook.com/docs/sharing/webmasters/crawler)" 368 **0/368636**
57.141.20.51 - - [21/Mar/2026:05:21:41 -0700] "GET /shop/coaster/seasoner013547265765?fileloc=/home/dxfxddmd03st/public_html/readme.html&path=/home/dxfxddmd03st/public_html HTTP/2.0" 403 56935 "-" "meta-externalagent/1.1 (+https://developers.facebook.com/docs/sharing/webmasters/crawler)" 317 **0/317953**
74.7.243.195 - - [21/Mar/2026:05:21:42 -0700] "GET /shop/toison/bayoneted011768978563 HTTP/2.0" 200 3474 "https://www.artelron.com/wp-sitemap.xml" "Mozilla/5.0 AppleWebKit/537.36 (KHTML, like Gecko; compatible; GPTBot/1.3; +https://openai.com/gptbot)" 339 **0/339246**
57.141.20.55 - - [21/Mar/2026:05:21:42 -0700] "GET /shop/hygroscopicity/connecticuter012232822489?path=/home/dxfxddmd03st/.cl.selector HTTP/2.0" 403 56935 "-" "meta-externalagent/1.1 (+https://developers.facebook.com/docs/sharing/webmasters/crawler)" 320 **0/320881**
57.141.20.22 - - [21/Mar/2026:05:21:42 -0700] "GET /shop/coaster/seasoner013547265765?path=/home/dxfxddmd03st/public_html/cgi-bin HTTP/2.0" 403 56935 "-" "meta-externalagent/1.1 (+https://developers.facebook.com/docs/sharing/webmasters/crawler)" 331 **0/331762**
57.141.20.12 - - [21/Mar/2026:05:21:42 -0700] "GET /shop/papulous/humiliating0183453587?fileloc=/home/dxfxddmd03st/public_html/wp-admin/upload.php&path=/home/dxfxddmd03st/public_html/wp-admin HTTP/2.0" 403 56935 "-" "meta-externalagent/1.1 (+https://developers.facebook.com/docs/sharing/webmasters/crawler)" 329 **0/329411**
74.7.227.172 - - [21/Mar/2026:05:21:43 -0700] "GET /?fileloc=//bin/selectorctl&path=//bin HTTP/2.0" 200 4532 "https://artelron.com/?path=//bin" "Mozilla/5.0 AppleWebKit/537.36 (KHTML, like Gecko; compatible; GPTBot/1.3; +https://openai.com/gptbot)" 347 **0/347408**
57.141.20.55 - - [21/Mar/2026:05:21:43 -0700] "GET /shop/similative/artistically011729879418?fileloc=/home/dxfxddmd03st/public_html/wp-includes/js/wplink.js&path=/home/dxfxddmd03st/public_html/wp-includes/js HTTP/2.0" 403 56935 "-" "meta-externalagent/1.1 (+https://developers.facebook.com/docs/sharing/webmasters/crawler)" 334 **0/334925**
57.141.20.12 - - [21/Mar/2026:05:21:43 -0700] "GET /shop/afflictive/atelornis011492866372?fileloc=/home/dxfxddmd03st/public_html/wp-activate.php&path=/home/dxfxddmd03st/public_html HTTP/2.0" 403 56935 "-" "meta-externalagent/1.1 (+https://developers.facebook.com/docs/sharing/webmasters/crawler)" 336 **0/336683**
216.73.216.4 - - [21/Mar/2026:05:21:44 -0700] "GET /shop/inconfutable/remained014075078706?path=%2Fhome%2Fdxfxddmd03st%2Fcache HTTP/2.0" 200 2300 "-" "Mozilla/5.0 AppleWebKit/537.36 (KHTML, like Gecko; compatible; ClaudeBot/1.0; +claudebot@anthropic.com)" 328 **0/328896**
57.141.20.55 - - [21/Mar/2026:05:21:44 -0700] "GET /shop/preataxic/aitch011690071657?fileloc=/home/dxfxddmd03st/public_html/wp-admin/moderation.php&path=/home/dxfxddmd03st/public_html/wp-admin HTTP/2.0" 403 56935 "-" "meta-externalagent/1.1 (+https://developers.facebook.com/docs/sharing/webmasters/crawler)" 348 **0/348101**
57.141.20.11 - - [21/Mar/2026:05:21:44 -0700] "GET /shop/solar/boldo012740240751 HTTP/2.0" 403 56935 "-" "meta-externalagent/1.1 (+https://developers.facebook.com/docs/sharing/webmasters/crawler)" 349 **0/349612**
57.141.20.56 - - [21/Mar/2026:05:21:44 -0700] "GET /shop/silundum/tracklessly01977205512?fileloc=/home/dxfxddmd03st/public_html/wp-includes/class-feed.php&path=/home/dxfxddmd03st/public_html/wp-includes HTTP/2.0" 403 56935 "-" "meta-externalagent/1.1 (+https://developers.facebook.com/docs/sharing/webmasters/crawler)" 311 **0/311353**
74.7.243.195 - - [21/Mar/2026:05:21:45 -0700] "GET /shop/loquacity/modocs013406506153 HTTP/2.0" 200 3474 "https://www.artelron.com/wp-sitemap.xml" "Mozilla/5.0 AppleWebKit/537.36 (KHTML, like Gecko; compatible; GPTBot/1.3; +https://openai.com/gptbot)" 334 **0/334866**
57.141.20.23 - - [21/Mar/2026:05:21:45 -0700] "GET /shop/acanthocephala/longheadedness013423780855?fileloc=/home/dxfxddmd03st/public_html/wp-links-opml.php&path=/home/dxfxddmd03st/public_html HTTP/2.0" 403 56935 "-" "meta-externalagent/1.1 (+https://developers.facebook.com/docs/sharing/webmasters/crawler)" 318 **0/318204**
57.141.20.38 - - [21/Mar/2026:05:21:45 -0700] "GET /shop/hosting/tanged011050460621?fileloc=/home/dxfxddmd03st/public_html/readme.html&path=/home/dxfxddmd03st/public_html HTTP/2.0" 403 56935 "-" "meta-externalagent/1.1 (+https://developers.facebook.com/docs/sharing/webmasters/crawler)" 349 **0/349986**
57.141.20.33 - - [21/Mar/2026:05:21:45 -0700] "GET /shop/similative/artistically011729879418?fileloc=/home/dxfxddmd03st/public_html/wp-includes/js/customize-preview-widgets.min.js&path=/home/dxfxddmd03st/public_html/wp-includes/js HTTP/2.0" 403 56935 "-" "meta-externalagent/1.1 (+https://developers.facebook.com/docs/sharing/webmasters/crawler)" 313 **0/313455**
74.7.227.172 - - [21/Mar/2026:05:21:46 -0700] "GET /?path=//lib/modules/4.18.0-553.94.1.lve.el8.x86_64/kernel/fs/ceph HTTP/2.0" 200 2615 "https://artelron.com/?path=//lib/modules/4.18.0-553.94.1.lve.el8.x86_64/kernel/fs" "Mozilla/5.0 AppleWebKit/537.36 (KHTML, like Gecko; compatible; GPTBot/1.3; +https://openai.com/gptbot)" 332 **0/332798**
57.141.20.39 - - [21/Mar/2026:05:21:46 -0700] "GET /shop/marginatus/teacupful01229996154?fileloc=/home/dxfxddmd03st/public_html/wp-config.php&path=/home/dxfxddmd03st/public_html HTTP/2.0" 403 56935 "-" "meta-externalagent/1.1 (+https://developers.facebook.com/docs/sharing/webmasters/crawler)" 334 **0/334212**
57.141.20.40 - - [21/Mar/2026:05:21:46 -0700] "GET /shop/moresk/ballistics014159221846?fileloc=/home/dxfxddmd03st/public_html/.htaccess&path=/home/dxfxddmd03st/public_html HTTP/2.0" 403 56935 "-" "meta-externalagent/1.1 (+https://developers.facebook.com/docs/sharing/webmasters/crawler)" 333 **0/333929**
57.141.20.45 - - [21/Mar/2026:05:21:46 -0700] "GET /shop/coaster/seasoner013547265765?path=/home/dxfxddmd03st/public_html/wp-content HTTP/2.0" 403 56935 "-" "meta-externalagent/1.1 (+https://developers.facebook.com/docs/sharing/webmasters/crawler)" 352 **0/352715**
216.73.216.4 - - [21/Mar/2026:05:21:47 -0700] "GET /shop/profanity/metacromion011306988252?path=%2F%2Fusr HTTP/2.0" 200 2759 "-" "Mozilla/5.0 AppleWebKit/537.36 (KHTML, like Gecko; compatible; ClaudeBot/1.0; +claudebot@anthropic.com)" 352 **0/352581**
57.141.20.0 - - [21/Mar/2026:05:21:47 -0700] "GET /shop/acanthocephala/longheadedness013423780855?fileloc=/home/dxfxddmd03st/public_html/index.php&path=/home/dxfxddmd03st/public_html HTTP/2.0" 403 56935 "-" "meta-externalagent/1.1 (+https://developers.facebook.com/docs/sharing/webmasters/crawler)" 340 **0/340296**
57.141.20.7 - - [21/Mar/2026:05:21:47 -0700] "GET /shop/coaster/seasoner013547265765?path=/home/dxfxddmd03st/public_html HTTP/2.0" 403 56935 "-" "meta-externalagent/1.1 (+https://developers.facebook.com/docs/sharing/webmasters/crawler)" 331 **0/331937**
57.141.20.36 - - [21/Mar/2026:05:21:48 -0700] "GET /shop/blackjack/coeducational01463544952?fileloc=/home/dxfxddmd03st/public_html/moked-hash.co.il/wp-content/themes/customizr/sidebar-right.php&path=/home/dxfxddmd03st/public_html/moked-hash.co.il/wp-content/themes/customizr HTTP/2.0" 403 56935 "-" "meta-externalagent/1.1 (+https://developers.facebook.com/docs/sharing/webmasters/crawler)" 324 **0/324516**
74.7.243.195 - - [21/Mar/2026:05:21:48 -0700] "GET /shop/tripos/ribbonism013490528644 HTTP/2.0" 200 3474 "https://www.artelron.com/wp-sitemap.xml" "Mozilla/5.0 AppleWebKit/537.36 (KHTML, like Gecko; compatible; GPTBot/1.3; +https://openai.com/gptbot)" 332 **0/332043**
57.141.20.39 - - [21/Mar/2026:05:21:48 -0700] "GET /shop/sanquine/stundist013729468748?fileloc=/home/dxfxddmd03st/public_html/wp-admin/press-this.php&path=/home/dxfxddmd03st/public_html/wp-admin HTTP/2.0" 403 56935 "-" "meta-externalagent/1.1 (+https://developers.facebook.com/docs/sharing/webmasters/crawler)" 367 **0/367374**
57.141.20.55 - - [21/Mar/2026:05:21:48 -0700] "GET /shop/craniometrical/thyrsoid014062042339?fileloc=/home/dxfxddmd03st/public_html/colors.php&path=/home/dxfxddmd03st/public_html HTTP/2.0" 403 56935 "-" "meta-externalagent/1.1 (+https://developers.facebook.com/docs/sharing/webmasters/crawler)" 342 **0/342006**
74.7.227.172 - - [21/Mar/2026:05:21:49 -0700] "GET /?path=//lib/modules/4.18.0-553.94.1.lve.el8.x86_64/kernel/fs/pstore HTTP/2.0" 200 2616 "https://artelron.com/?path=//lib/modules/4.18.0-553.94.1.lve.el8.x86_64/kernel/fs" "Mozilla/5.0 AppleWebKit/537.36 (KHTML, like Gecko; compatible; GPTBot/1.3; +https://openai.com/gptbot)" 341 **0/341733**
57.141.20.1 - - [21/Mar/2026:05:21:49 -0700] "GET /shop/hosting/tanged011050460621?path=/home/dxfxddmd03st/public_html/ssl HTTP/2.0" 403 56935 "-" "meta-externalagent/1.1 (+https://developers.facebook.com/docs/sharing/webmasters/crawler)" 372 **0/372801**
57.141.20.53 - - [21/Mar/2026:05:21:49 -0700] "GET /shop/roughest/gently011604976751?path=/home/dxfxddmd03st/public_html/ssl HTTP/2.0" 403 56935 "-" "meta-externalagent/1.1 (+https://developers.facebook.com/docs/sharing/webmasters/crawler)" 427 **0/427829**
57.141.20.3 - - [21/Mar/2026:05:21:49 -0700] "GET /shop/encyclopaedy/foison0147582057?fileloc=/home/dxfxddmd03st/public_html/wp-includes/class-wp-http-proxy.php&path=/home/dxfxddmd03st/public_html/wp-includes HTTP/2.0" 403 56935 "-" "meta-externalagent/1.1 (+https://developers.facebook.com/docs/sharing/webmasters/crawler)" 338 **0/338248**
57.141.20.22 - - [21/Mar/2026:05:21:50 -0700] "GET /shop/sanquine/stundist013729468748?fileloc=/home/dxfxddmd03st/public_html/wp-admin/media.php&path=/home/dxfxddmd03st/public_html/wp-admin HTTP/2.0" 403 56935 "-" "meta-externalagent/1.1 (+https://developers.facebook.com/docs/sharing/webmasters/crawler)" 318 **0/318377**
216.73.216.4 - - [21/Mar/2026:05:21:50 -0700] "GET /shop/icterus/deepness013548003779?path=%2Fhome%2Fdxfxddmd03st%2Fpublic_html%2Fwp-includes%2Fcss%2Fdist%2Fedit-widgets HTTP/2.0" 403 3474 "-" "Mozilla/5.0 AppleWebKit/537.36 (KHTML, like Gecko; compatible; ClaudeBot/1.0; +claudebot@anthropic.com)" 320 **0/320540**
57.141.20.45 - - [21/Mar/2026:05:21:50 -0700] "GET /shop/scribing/dominicans012905906943?path=/home/dxfxddmd03st/public_html/wp-includes HTTP/2.0" 403 56935 "-" "meta-externalagent/1.1 (+https://developers.facebook.com/docs/sharing/webmasters/crawler)" 315 **0/315022**
57.141.20.51 - - [21/Mar/2026:05:21:50 -0700] "GET /shop/bracket/diandrous01515559453?path=/home/dxfxddmd03st/.quarantine HTTP/2.0" 403 56935 "-" "meta-externalagent/1.1 (+https://developers.facebook.com/docs/sharing/webmasters/crawler)" 327 **0/327925**
57.141.20.46 - - [21/Mar/2026:05:21:51 -0700] "GET /shop/bracket/diandrous01515559453?path=/home/dxfxddmd03st/public_html/wp-includes/l10n HTTP/2.0" 403 56935 "-" "meta-externalagent/1.1 (+https://developers.facebook.com/docs/sharing/webmasters/crawler)" 344 **0/344650**
74.7.243.195 - - [21/Mar/2026:05:21:51 -0700] "GET /shop/pronuclei/urchon012566826032 HTTP/2.0" 200 3474 "https://www.artelron.com/wp-sitemap.xml" "Mozilla/5.0 AppleWebKit/537.36 (KHTML, like Gecko; compatible; GPTBot/1.3; +https://openai.com/gptbot)" 326 **0/326814**
57.141.20.31 - - [21/Mar/2026:05:21:51 -0700] "GET /shop/dislimb/glittering013018838655?fileloc=/home/dxfxddmd03st/public_html/wp-admin/credits.php&path=/home/dxfxddmd03st/public_html/wp-admin HTTP/2.0" 403 56935 "-" "meta-externalagent/1.1 (+https://developers.facebook.com/docs/sharing/webmasters/crawler)" 326 **0/326244**
57.141.20.32 - - [21/Mar/2026:05:21:52 -0700] "GET /shop/marginatus/teacupful01229996154?fileloc=/home/dxfxddmd03st/public_html/colors.php&path=/home/dxfxddmd03st/public_html HTTP/2.0" 403 56935 "-" "meta-externalagent/1.1 (+https://developers.facebook.com/docs/sharing/webmasters/crawler)" 319 **0/319956**
74.7.227.172 - - [21/Mar/2026:05:21:52 -0700] "GET /?path=//lib/modules/4.18.0-553.94.1.lve.el8.x86_64/kernel/fs/cifs HTTP/2.0" 200 2613 "https://artelron.com/?path=//lib/modules/4.18.0-553.94.1.lve.el8.x86_64/kernel/fs" "Mozilla/5.0 AppleWebKit/537.36 (KHTML, like Gecko; compatible; GPTBot/1.3; +https://openai.com/gptbot)" 357 **0/357458**
57.141.20.29 - - [21/Mar/2026:05:21:52 -0700] "GET /shop/moresk/ballistics014159221846?fileloc=/home/dxfxddmd03st/public_html/wp-links-opml.php&path=/home/dxfxddmd03st/public_html HTTP/2.0" 403 56935 "-" "meta-externalagent/1.1 (+https://developers.facebook.com/docs/sharing/webmasters/crawler)" 326 **0/326329**
57.141.20.12 - - [21/Mar/2026:05:21:53 -0700] "GET /shop/sanquine/stundist013729468748?fileloc=/home/dxfxddmd03st/public_html/wp-admin/profile.php&path=/home/dxfxddmd03st/public_html/wp-admin HTTP/2.0" 403 56935 "-" "meta-externalagent/1.1 (+https://developers.facebook.com/docs/sharing/webmasters/crawler)" 352 **0/352141**
57.141.20.37 - - [21/Mar/2026:05:21:53 -0700] "GET /shop/hosting/tanged011050460621?fileloc=/home/dxfxddmd03st/public_html/yrgnf.php&path=/home/dxfxddmd03st/public_html HTTP/2.0" 403 56935 "-" "meta-externalagent/1.1 (+https://developers.facebook.com/docs/sharing/webmasters/crawler)" 318 **0/318253**
216.73.216.4 - - [21/Mar/2026:05:21:53 -0700] "GET /shop/agouta/wrecked011671455883?path=%2F%2Ftmp HTTP/2.0" 403 3474 "-" "Mozilla/5.0 AppleWebKit/537.36 (KHTML, like Gecko; compatible; ClaudeBot/1.0; +claudebot@anthropic.com)" 322 **0/322580**
57.141.20.18 - - [21/Mar/2026:05:21:53 -0700] "GET /shop/theosophist/acutus013062628039?fileloc=/home/dxfxddmd03st/public_html/wp-admin/moderation.php&path=/home/dxfxddmd03st/public_html/wp-admin HTTP/2.0" 403 56935 "-" "meta-externalagent/1.1 (+https://developers.facebook.com/docs/sharing/webmasters/crawler)" 321 **0/321780**
57.141.20.57 - - [21/Mar/2026:05:21:53 -0700] "GET /shop/adventuress/menas011998087663?path=/home/dxfxddmd03st/public_html/wp-content HTTP/2.0" 403 56935 "-" "meta-externalagent/1.1 (+https://developers.facebook.com/docs/sharing/webmasters/crawler)" 332 **0/332427**
57.141.20.48 - - [21/Mar/2026:05:21:54 -0700] "GET /shop/platitudinousness/cardecu011958279902?fileloc=/home/dxfxddmd03st/public_html/colors.php&path=/home/dxfxddmd03st/public_html HTTP/2.0" 403 56935 "-" "meta-externalagent/1.1 (+https://developers.facebook.com/docs/sharing/webmasters/crawler)" 327 **0/327553**
57.141.20.20 - - [21/Mar/2026:05:21:54 -0700] "GET /shop/frith/gigas013793997649?fileloc=/home/dxfxddmd03st/public_html/wp-includes/taxonomy.php&path=/home/dxfxddmd03st/public_html/wp-includes HTTP/2.0" 403 56935 "-" "meta-externalagent/1.1 (+https://developers.facebook.com/docs/sharing/webmasters/crawler)" 314 **0/314057**
74.7.243.195 - - [21/Mar/2026:05:21:54 -0700] "GET /shop/bedraggled/renay012079582290?path=/home/dxfxddmd03st/public_html/wp-content HTTP/2.0" 200 2901 "https://www.artelron.com/shop/bedraggled/renay012079582290" "Mozilla/5.0 AppleWebKit/537.36 (KHTML, like Gecko; compatible; GPTBot/1.3; +https://openai.com/gptbot)" 313 **0/313175**
57.141.20.26 - - [21/Mar/2026:05:21:55 -0700] "GET /shop/decupling/remissory011014193072?fileloc=/home/dxfxddmd03st/public_html/wp-load.php&path=/home/dxfxddmd03st/public_html HTTP/2.0" 403 56935 "-" "meta-externalagent/1.1 (+https://developers.facebook.com/docs/sharing/webmasters/crawler)" 332 **0/332242**
74.7.227.172 - - [21/Mar/2026:05:21:55 -0700] "GET /?path=//lib/modules/4.18.0-553.94.1.lve.el8.x86_64/kernel/fs/nfsd HTTP/2.0" 200 2614 "https://artelron.com/?path=//lib/modules/4.18.0-553.94.1.lve.el8.x86_64/kernel/fs" "Mozilla/5.0 AppleWebKit/537.36 (KHTML, like Gecko; compatible; GPTBot/1.3; +https://openai.com/gptbot)" 319 **0/319474**
57.141.20.5 - - [21/Mar/2026:05:21:55 -0700] "GET /shop/frith/gigas013793997649?fileloc=/home/dxfxddmd03st/public_html/wp-includes/class-wp-editor.php&path=/home/dxfxddmd03st/public_html/wp-includes HTTP/2.0" 403 56935 "-" "meta-externalagent/1.1 (+https://developers.facebook.com/docs/sharing/webmasters/crawler)" 314 **0/314582**
57.141.20.10 - - [21/Mar/2026:05:21:55 -0700] "GET /shop/sanquine/stundist013729468748?fileloc=/home/dxfxddmd03st/public_html/wp-admin/theme-editor.php&path=/home/dxfxddmd03st/public_html/wp-admin HTTP/2.0" 403 56935 "-" "meta-externalagent/1.1 (+https://developers.facebook.com/docs/sharing/webmasters/crawler)" 316 **0/316915**
57.141.20.21 - - [21/Mar/2026:05:21:56 -0700] "GET /shop/calamities/daneweed013918269328?path=/home/dxfxddmd03st/public_html/wp-admin/images HTTP/2.0" 403 56935 "-" "meta-externalagent/1.1 (+https://developers.facebook.com/docs/sharing/webmasters/crawler)" 329 **0/329751**
57.141.20.39 - - [21/Mar/2026:05:21:56 -0700] "GET /shop/sanquine/stundist013729468748?fileloc=/home/dxfxddmd03st/public_html/wp-admin/options-writing.php&path=/home/dxfxddmd03st/public_html/wp-admin HTTP/2.0" 403 56935 "-" "meta-externalagent/1.1 (+https://developers.facebook.com/docs/sharing/webmasters/crawler)" 345 **0/345836**
57.141.20.28 - - [21/Mar/2026:05:21:56 -0700] "GET /shop/similative/artistically011729879418?fileloc=/home/dxfxddmd03st/public_html/wp-includes/js/customize-preview.js&path=/home/dxfxddmd03st/public_html/wp-includes/js HTTP/2.0" 403 56935 "-" "meta-externalagent/1.1 (+https://developers.facebook.com/docs/sharing/webmasters/crawler)" 324 **0/324574**
57.141.20.20 - - [21/Mar/2026:05:21:57 -0700] "GET /shop/deltafication/sinensis011261089231?fileloc=//etc/mail.rc&path=//etc HTTP/2.0" 403 56935 "-" "meta-externalagent/1.1 (+https://developers.facebook.com/docs/sharing/webmasters/crawler)" 320 **0/320786**
57.141.20.53 - - [21/Mar/2026:05:21:57 -0700] "GET /shop/silundum/tracklessly01977205512?path=/home/dxfxddmd03st/public_html/wp-content HTTP/2.0" 403 56935 "-" "meta-externalagent/1.1 (+https://developers.facebook.com/docs/sharing/webmasters/crawler)" 343 **0/343521**
74.7.243.195 - - [21/Mar/2026:05:21:57 -0700] "GET /shop/congree/araneina013678350679 HTTP/2.0" 200 3474 "https://www.artelron.com/wp-sitemap.xml" "Mozilla/5.0 AppleWebKit/537.36 (KHTML, like Gecko; compatible; GPTBot/1.3; +https://openai.com/gptbot)" 317 **0/317820**
57.141.20.5 - - [21/Mar/2026:05:21:57 -0700] "GET /shop/encyclopaedy/foison0147582057?path=//root HTTP/2.0" 403 56935 "-" "meta-externalagent/1.1 (+https://developers.facebook.com/docs/sharing/webmasters/crawler)" 331 **0/331773**
57.141.20.57 - - [21/Mar/2026:05:21:58 -0700] "GET /shop/similative/artistically011729879418?fileloc=/home/dxfxddmd03st/public_html/wp-includes/bookmark.php&path=/home/dxfxddmd03st/public_html/wp-includes HTTP/2.0" 403 56935 "-" "meta-externalagent/1.1 (+https://developers.facebook.com/docs/sharing/webmasters/crawler)" 316 **0/316302**
74.7.227.172 - - [21/Mar/2026:05:21:58 -0700] "GET /?path=//lib/modules/4.18.0-553.94.1.lve.el8.x86_64/kernel/fs/udf HTTP/2.0" 200 2609 "https://artelron.com/?path=//lib/modules/4.18.0-553.94.1.lve.el8.x86_64/kernel/fs" "Mozilla/5.0 AppleWebKit/537.36 (KHTML, like Gecko; compatible; GPTBot/1.3; +https://openai.com/gptbot)" 332 **0/332422**
57.141.20.18 - - [21/Mar/2026:05:21:58 -0700] "GET /shop/theosophist/acutus013062628039?path=/home/dxfxddmd03st/public_html/moked-hash.co.il HTTP/2.0" 403 56935 "-" "meta-externalagent/1.1 (+https://developers.facebook.com/docs/sharing/webmasters/crawler)" 351 **0/351376**
57.141.20.46 - - [21/Mar/2026:05:21:59 -0700] "GET /shop/calque/redcoated01196548822?fileloc=/home/dxfxddmd03st/.imunify_patch_id&path=/home/dxfxddmd03st HTTP/2.0" 403 56935 "-" "meta-externalagent/1.1 (+https://developers.facebook.com/docs/sharing/webmasters/crawler)" 310 **0/310887**
57.141.20.20 - - [21/Mar/2026:05:21:59 -0700] "GET /shop/hindi/lepidote012475548879?fileloc=/home/dxfxddmd03st/public_html/index.php&path=/home/dxfxddmd03st/public_html HTTP/2.0" 403 56935 "-" "meta-externalagent/1.1 (+https://developers.facebook.com/docs/sharing/webmasters/crawler)" 312 **0/312760**
57.141.20.12 - - [21/Mar/2026:05:21:59 -0700] "GET /shop/hosting/tanged011050460621?fileloc=/home/dxfxddmd03st/public_html/wp-links-opml.php&path=/home/dxfxddmd03st/public_html HTTP/2.0" 403 56935 "-" "meta-externalagent/1.1 (+https://developers.facebook.com/docs/sharing/webmasters/crawler)" 328 **0/328402**
57.141.20.4 - - [21/Mar/2026:05:22:00 -0700] "GET /shop/acanthocephala/longheadedness013423780855?path=/home/dxfxddmd03st/public_html/.tmb HTTP/2.0" 403 56935 "-" "meta-externalagent/1.1 (+https://developers.facebook.com/docs/sharing/webmasters/crawler)" 345 **0/345093**
57.141.20.46 - - [21/Mar/2026:05:22:00 -0700] "GET /shop/blackjack/coeducational01463544952?fileloc=/home/dxfxddmd03st/public_html/moked-hash.co.il/wp-content/themes/customizr/footer.php&path=/home/dxfxddmd03st/public_html/moked-hash.co.il/wp-content/themes/customizr HTTP/2.0" 403 56935 "-" "meta-externalagent/1.1 (+https://developers.facebook.com/docs/sharing/webmasters/crawler)" 343 **0/343840**
74.7.243.195 - - [21/Mar/2026:05:22:00 -0700] "GET /shop/stopping/ecloque013186911097?path=/home/dxfxddmd03st/public_html HTTP/2.0" 200 3474 "https://www.artelron.com/shop/stopping/ecloque013186911097" "Mozilla/5.0 AppleWebKit/537.36 (KHTML, like Gecko; compatible; GPTBot/1.3; +https://openai.com/gptbot)" 353 **0/353995**
57.141.20.1 - - [21/Mar/2026:05:22:01 -0700] "GET /shop/immediateness/umpiring012526514772?fileloc=/home/dxfxddmd03st/public_html/wp-trackback.php&path=/home/dxfxddmd03st/public_html HTTP/2.0" 403 56935 "-" "meta-externalagent/1.1 (+https://developers.facebook.com/docs/sharing/webmasters/crawler)" 351 **0/351634**
57.141.20.42 - - [21/Mar/2026:05:22:01 -0700] "GET /shop/fabulousness/guaiacum013661918441?fileloc=/home/dxfxddmd03st/public_html/wp-load.php&path=/home/dxfxddmd03st/public_html HTTP/2.0" 403 56935 "-" "meta-externalagent/1.1 (+https://developers.facebook.com/docs/sharing/webmasters/crawler)" 374 **0/374370**
57.141.20.20 - - [21/Mar/2026:05:22:01 -0700] "GET /shop/encyclopaedy/foison0147582057?path=/home/dxfxddmd03st/public_html/wp-includes/ID3 HTTP/2.0" 403 56935 "-" "meta-externalagent/1.1 (+https://developers.facebook.com/docs/sharing/webmasters/crawler)" 387 **0/387024**
74.7.227.172 - - [21/Mar/2026:05:22:01 -0700] "GET /?path=//lib/modules/4.18.0-553.94.1.lve.el8.x86_64/kernel/fs/cramfs HTTP/2.0" 200 2612 "https://artelron.com/?path=//lib/modules/4.18.0-553.94.1.lve.el8.x86_64/kernel/fs" "Mozilla/5.0 AppleWebKit/537.36 (KHTML, like Gecko; compatible; GPTBot/1.3; +https://openai.com/gptbot)" 370 **0/370873**
57.141.20.55 - - [21/Mar/2026:05:22:02 -0700] "GET /shop/saussurea/placitory012511583932?fileloc=/home/dxfxddmd03st/public_html/xmlrpc.php&path=/home/dxfxddmd03st/public_html HTTP/2.0" 403 56935 "-" "meta-externalagent/1.1 (+https://developers.facebook.com/docs/sharing/webmasters/crawler)" 356 **0/356174**
57.141.20.59 - - [21/Mar/2026:05:22:02 -0700] "GET /shop/thrivingness/rhopalic013235613478?fileloc=/home/dxfxddmd03st/public_html/wp-content/plugins/elegro-payment/elegro-style.css&path=/home/dxfxddmd03st/public_html/wp-content/plugins/elegro-payment HTTP/2.0" 403 56935 "-" "meta-externalagent/1.1 (+https://developers.facebook.com/docs/sharing/webmasters/crawler)" 342 **0/342483**
57.141.20.55 - - [21/Mar/2026:05:22:03 -0700] "GET /shop/thrivingness/rhopalic013235613478?path=/home/dxfxddmd03st/public_html/wp-content/plugins/revslider/admin HTTP/2.0" 403 56935 "-" "meta-externalagent/1.1 (+https://developers.facebook.com/docs/sharing/webmasters/crawler)" 349 **0/349248**
57.141.20.48 - - [21/Mar/2026:05:22:03 -0700] "GET /shop/rubella/undulary011055212916?path=/home/dxfxddmd03st/public_html/wp-content/upgrade-temp-backup HTTP/2.0" 403 56935 "-" "meta-externalagent/1.1 (+https://developers.facebook.com/docs/sharing/webmasters/crawler)" 340 **0/340261**
57.141.20.43 - - [21/Mar/2026:05:22:03 -0700] "GET /shop/danced/trollop011848168391 HTTP/2.0" 403 56935 "-" "meta-externalagent/1.1 (+https://developers.facebook.com/docs/sharing/webmasters/crawler)" 337 **0/337066**
57.141.20.40 - - [21/Mar/2026:05:22:04 -0700] "GET /shop/columbae/columbidae012435741118?fileloc=//bin/x86_64-redhat-linux-c++&path=//bin HTTP/2.0" 403 56935 "-" "meta-externalagent/1.1 (+https://developers.facebook.com/docs/sharing/webmasters/crawler)" 325 **0/325309**
74.7.243.195 - - [21/Mar/2026:05:22:04 -0700] "GET /shop/synthesist/dopey011352106760 HTTP/2.0" 200 3474 "https://www.artelron.com/wp-sitemap.xml" "Mozilla/5.0 AppleWebKit/537.36 (KHTML, like Gecko; compatible; GPTBot/1.3; +https://openai.com/gptbot)" 325 **0/325307**
57.141.20.15 - - [21/Mar/2026:05:22:04 -0700] "GET /shop/hindi/lepidote012475548879?fileloc=/home/dxfxddmd03st/public_html/wp-admin/theme-editor.php&path=/home/dxfxddmd03st/public_html/wp-admin HTTP/2.0" 403 56935 "-" "meta-externalagent/1.1 (+https://developers.facebook.com/docs/sharing/webmasters/crawler)" 324 **0/324865**
57.141.20.38 - - [21/Mar/2026:05:22:04 -0700] "GET /shop/columbae/columbidae012435741118?fileloc=//bin/cpp&path=//bin HTTP/2.0" 403 56935 "-" "meta-externalagent/1.1 (+https://developers.facebook.com/docs/sharing/webmasters/crawler)" 326 **0/326303**
57.141.20.20 - - [21/Mar/2026:05:22:04 -0700] "GET /shop/columbae/columbidae012435741118?fileloc=//bin/split&path=//bin HTTP/2.0" 403 56935 "-" "meta-externalagent/1.1 (+https://developers.facebook.com/docs/sharing/webmasters/crawler)" 327 **0/327735**
74.7.227.172 - - [21/Mar/2026:05:22:05 -0700] "GET /?fileloc=//lib/tuned/throughput-performance/tuned.conf&path=//lib/tuned/throughput-performance HTTP/2.0" 200 3734 "https://artelron.com/?path=//lib/tuned/throughput-performance" "Mozilla/5.0 AppleWebKit/537.36 (KHTML, like Gecko; compatible; GPTBot/1.3; +https://openai.com/gptbot)" 341 **0/341555**
114.119.147.116 - - [21/Mar/2026:05:22:05 -0700] "GET /pokerstars-casino-review-scores-%E1%90%88-2025?path=/home/dxfxddmd03st/public_html/wp-content HTTP/1.1" 200 3238 "https://www.artelron.com/pokerstars-casino-review-scores-%E1%90%88-2025" "Mozilla/5.0 (Linux; Android 7.0;) AppleWebKit/537.36 (KHTML, like Gecko) Mobile Safari/537.36 (compatible; PetalBot;+https://webmaster.petalsearch.com/site/petalbot)" 351 **0/351520**
57.141.20.4 - - [21/Mar/2026:05:22:05 -0700] "GET /shop/loricae/acetarious0132487694?fileloc=/home/dxfxddmd03st/public_html/wp-admin/term.php&path=/home/dxfxddmd03st/public_html/wp-admin HTTP/2.0" 403 56935 "-" "meta-externalagent/1.1 (+https://developers.facebook.com/docs/sharing/webmasters/crawler)" 345 **0/345053**
57.141.20.29 - - [21/Mar/2026:05:22:05 -0700] "GET /shop/blackjack/coeducational01463544952?fileloc=/home/dxfxddmd03st/public_html/wp-includes/author-template.php&path=/home/dxfxddmd03st/public_html/wp-includes HTTP/2.0" 403 56935 "-" "meta-externalagent/1.1 (+https://developers.facebook.com/docs/sharing/webmasters/crawler)" 335 **0/335312**
57.141.20.27 - - [21/Mar/2026:05:22:06 -0700] "GET /shop/tetragonal/mislike013419799232?fileloc=/home/dxfxddmd03st/public_html/license.txt&path=/home/dxfxddmd03st/public_html HTTP/2.0" 403 56935 "-" "meta-externalagent/1.1 (+https://developers.facebook.com/docs/sharing/webmasters/crawler)" 330 **0/330954**
57.141.20.29 - - [21/Mar/2026:05:22:06 -0700] "GET /shop/innumerous/calenture011220069371?path=/home/dxfxddmd03st/public_html/artelron.com HTTP/2.0" 403 56935 "-" "meta-externalagent/1.1 (+https://developers.facebook.com/docs/sharing/webmasters/crawler)" 329 **0/329999**
57.141.20.24 - - [21/Mar/2026:05:22:07 -0700] "GET /shop/blackjack/coeducational01463544952?path=/home/dxfxddmd03st/public_html/moked-hash.co.il/wp-content/themes/customizr/templates HTTP/2.0" 403 56935 "-" "meta-externalagent/1.1 (+https://developers.facebook.com/docs/sharing/webmasters/crawler)" 312 **0/312811**
57.141.20.30 - - [21/Mar/2026:05:22:07 -0700] "GET /shop/insulsity/perruque012329169835?fileloc=/home/dxfxddmd03st/public_html/wp-admin/css/wp-admin-rtl.min.css&path=/home/dxfxddmd03st/public_html/wp-admin/css HTTP/2.0" 403 56935 "-" "meta-externalagent/1.1 (+https://developers.facebook.com/docs/sharing/webmasters/crawler)" 331 **0/331261**
74.7.243.195 - - [21/Mar/2026:05:22:07 -0700] "GET /shop/linsang/disabled012740877559 HTTP/2.0" 200 3474 "https://www.artelron.com/wp-sitemap.xml" "Mozilla/5.0 AppleWebKit/537.36 (KHTML, like Gecko; compatible; GPTBot/1.3; +https://openai.com/gptbot)" 324 **0/324727**
57.141.20.53 - - [21/Mar/2026:05:22:07 -0700] "GET /shop/gallicize/technically011263253821?fileloc=/home/dxfxddmd03st/public_html/wp-admin/import.php&path=/home/dxfxddmd03st/public_html/wp-admin HTTP/2.0" 403 56935 "-" "meta-externalagent/1.1 (+https://developers.facebook.com/docs/sharing/webmasters/crawler)" 340 **0/340064**
74.7.227.172 - - [21/Mar/2026:05:22:08 -0700] "GET /?path=//lib/modules/4.18.0-553.94.1.lve.el8.x86_64/kernel/arch HTTP/2.0" 200 2581 "https://artelron.com/?path=//lib/modules/4.18.0-553.94.1.lve.el8.x86_64/kernel" "Mozilla/5.0 AppleWebKit/537.36 (KHTML, like Gecko; compatible; GPTBot/1.3; +https://openai.com/gptbot)" 323 **0/323458**
57.141.20.15 - - [21/Mar/2026:05:22:08 -0700] "GET /shop/immediateness/umpiring012526514772?fileloc=/home/dxfxddmd03st/public_html/wp-activate.php&path=/home/dxfxddmd03st/public_html HTTP/2.0" 403 56935 "-" "meta-externalagent/1.1 (+https://developers.facebook.com/docs/sharing/webmasters/crawler)" 340 **0/340617**
57.141.20.3 - - [21/Mar/2026:05:22:08 -0700] "GET /shop/coaster/seasoner013547265765?path=/home/dxfxddmd03st/public_html/moked-hash.co.il HTTP/2.0" 403 56935 "-" "meta-externalagent/1.1 (+https://developers.facebook.com/docs/sharing/webmasters/crawler)" 314 **0/314599**
57.141.20.21 - - [21/Mar/2026:05:22:08 -0700] "GET /shop/parabolic/aspire014112237576?path=//etc/motd.d HTTP/2.0" 403 56935 "-" "meta-externalagent/1.1 (+https://developers.facebook.com/docs/sharing/webmasters/crawler)" 320 **0/320003**
57.141.20.19 - - [21/Mar/2026:05:22:09 -0700] "GET /shop/illusory/holcad01854327751 HTTP/2.0" 403 56935 "-" "meta-externalagent/1.1 (+https://developers.facebook.com/docs/sharing/webmasters/crawler)" 332 **0/332380**
216.73.216.4 - - [21/Mar/2026:05:22:09 -0700] "GET /shop/sphex/disappendent012273182446?fileloc=%2Fhome%2Fdxfxddmd03st%2Fpublic_html%2Fwp-admin%2Fplugin-install.php&path=%2Fhome%2Fdxfxddmd03st%2Fpublic_html%2Fwp-admin HTTP/2.0" 403 3474 "-" "Mozilla/5.0 AppleWebKit/537.36 (KHTML, like Gecko; compatible; ClaudeBot/1.0; +claudebot@anthropic.com)" 323 **0/323010**
57.141.20.55 - - [21/Mar/2026:05:22:09 -0700] "GET /shop/bespotting/externalism011852757195?path=/home/dxfxddmd03st/mail HTTP/2.0" 403 56935 "-" "meta-externalagent/1.1 (+https://developers.facebook.com/docs/sharing/webmasters/crawler)" 315 **0/315316**
57.141.20.48 - - [21/Mar/2026:05:22:09 -0700] "GET /shop/flugelman/quadragesimal011309467419?fileloc=/home/dxfxddmd03st/public_html/.htaccess&path=/home/dxfxddmd03st/public_html HTTP/2.0" 403 56935 "-" "meta-externalagent/1.1 (+https://developers.facebook.com/docs/sharing/webmasters/crawler)" 358 **0/358354**
74.7.243.195 - - [21/Mar/2026:05:22:10 -0700] "GET /shop/singed/adminicle013223696037 HTTP/2.0" 200 3474 "https://www.artelron.com/wp-sitemap.xml" "Mozilla/5.0 AppleWebKit/537.36 (KHTML, like Gecko; compatible; GPTBot/1.3; +https://openai.com/gptbot)" 328 **0/328337**
57.141.20.22 - - [21/Mar/2026:05:22:10 -0700] "GET /shop/liard/submultiple01928794959?path=//lib/.build-id/4a HTTP/2.0" 403 56935 "-" "meta-externalagent/1.1 (+https://developers.facebook.com/docs/sharing/webmasters/crawler)" 323 **0/323065**
57.141.20.16 - - [21/Mar/2026:05:22:10 -0700] "GET /shop/wetness/visceral012278431153?path=/home/dxfxddmd03st/public_html/wp-content/themes/finedine/widgets HTTP/2.0" 403 56935 "-" "meta-externalagent/1.1 (+https://developers.facebook.com/docs/sharing/webmasters/crawler)" 325 **0/325966**
57.141.20.25 - - [21/Mar/2026:05:22:11 -0700] "GET /shop/tonguefish/naperian011483525273?fileloc=/home/dxfxddmd03st/public_html/moked-hash.co.il/wp-load.php&path=/home/dxfxddmd03st/public_html/moked-hash.co.il HTTP/2.0" 403 56935 "-" "meta-externalagent/1.1 (+https://developers.facebook.com/docs/sharing/webmasters/crawler)" 309 **0/309847**
57.141.20.46 - - [21/Mar/2026:05:22:11 -0700] "GET /shop/mordanting/coating01228784055?fileloc=/home/dxfxddmd03st/public_html/wp-config-sample.php&path=/home/dxfxddmd03st/public_html HTTP/2.0" 403 56935 "-" "meta-externalagent/1.1 (+https://developers.facebook.com/docs/sharing/webmasters/crawler)" 310 **0/310996**
74.7.227.172 - - [21/Mar/2026:05:22:11 -0700] "GET /?path=//lib/modules/4.18.0-553.94.1.lve.el8.x86_64/kernel/block HTTP/2.0" 200 2604 "https://artelron.com/?path=//lib/modules/4.18.0-553.94.1.lve.el8.x86_64/kernel" "Mozilla/5.0 AppleWebKit/537.36 (KHTML, like Gecko; compatible; GPTBot/1.3; +https://openai.com/gptbot)" 312 **0/312580**
57.141.20.41 - - [21/Mar/2026:05:22:11 -0700] "GET /shop/ravenousness/ventriculites01393893791?path=/home/dxfxddmd03st HTTP/2.0" 403 56935 "-" "meta-externalagent/1.1 (+https://developers.facebook.com/docs/sharing/webmasters/crawler)" 321 **0/321630**
216.73.216.4 - - [21/Mar/2026:05:22:11 -0700] "GET /shop/pseudonymousness/erminea011541749149?path=%2Fhome%2Fdxfxddmd03st HTTP/2.0" 403 3474 "-" "Mozilla/5.0 AppleWebKit/537.36 (KHTML, like Gecko; compatible; ClaudeBot/1.0; +claudebot@anthropic.com)" 339 **0/339928**
57.141.20.31 - - [21/Mar/2026:05:22:11 -0700] "GET /shop/primevertical/valebat012429940215?fileloc=/home/dxfxddmd03st/public_html/wp-includes/class-wp-rewrite.php&path=/home/dxfxddmd03st/public_html/wp-includes HTTP/2.0" 403 56935 "-" "meta-externalagent/1.1 (+https://developers.facebook.com/docs/sharing/webmasters/crawler)" 333 **0/333348**
57.141.20.30 - - [21/Mar/2026:05:22:12 -0700] "GET /shop/acanthocephala/longheadedness013423780855?path=/home/dxfxddmd03st/public_html/wp-includes HTTP/2.0" 403 56935 "-" "meta-externalagent/1.1 (+https://developers.facebook.com/docs/sharing/webmasters/crawler)" 325 **0/325878**
57.141.20.55 - - [21/Mar/2026:05:22:12 -0700] "GET /shop/insulsity/perruque012329169835?fileloc=//bin/realpath&path=//bin HTTP/2.0" 403 56935 "-" "meta-externalagent/1.1 (+https://developers.facebook.com/docs/sharing/webmasters/crawler)" 330 **0/330078**
57.141.20.21 - - [21/Mar/2026:05:22:13 -0700] "GET /shop/deepwaisted/asserting012628497267?fileloc=//bin/xsltproc&path=//bin HTTP/2.0" 403 56935 "-" "meta-externalagent/1.1 (+https://developers.facebook.com/docs/sharing/webmasters/crawler)" 318 **0/318819**
57.141.20.26 - - [21/Mar/2026:05:22:13 -0700] "GET /shop/leasow/dissension013505033822?fileloc=/home/dxfxddmd03st/public_html/wp-includes/class-wp-application-passwords.php&path=/home/dxfxddmd03st/public_html/wp-includes HTTP/2.0" 403 56935 "-" "meta-externalagent/1.1 (+https://developers.facebook.com/docs/sharing/webmasters/crawler)" 327 **0/327654**
74.7.243.195 - - [21/Mar/2026:05:22:13 -0700] "GET /shop/freiherr/seamaid013761021419?fileloc=/home/dxfxddmd03st/public_html/.htaccess&path=/home/dxfxddmd03st/public_html HTTP/2.0" 200 3035 "https://www.artelron.com/shop/freiherr/seamaid013761021419" "Mozilla/5.0 AppleWebKit/537.36 (KHTML, like Gecko; compatible; GPTBot/1.3; +https://openai.com/gptbot)" 347 **0/347643**
57.141.20.55 - - [21/Mar/2026:05:22:14 -0700] "GET /shop/euchroic/snored013934575806?fileloc=/home/dxfxddmd03st/public_html/wp-admin/privacy.php&path=/home/dxfxddmd03st/public_html/wp-admin HTTP/2.0" 403 56935 "-" "meta-externalagent/1.1 (+https://developers.facebook.com/docs/sharing/webmasters/crawler)" 328 **0/328287**
74.7.227.172 - - [21/Mar/2026:05:22:14 -0700] "GET /?path=//usr/lib64/guile/2.0/ccache/language/bytecode HTTP/2.0" 200 2622 "https://artelron.com/?path=//usr/lib64/guile/2.0/ccache/language" "Mozilla/5.0 AppleWebKit/537.36 (KHTML, like Gecko; compatible; GPTBot/1.3; +https://openai.com/gptbot)" 326 **0/326454**
57.141.20.34 - - [21/Mar/2026:05:22:14 -0700] "GET /shop/admonitorily/carbunculation011369988611?fileloc=/home/dxfxddmd03st/public_html/colors.php&path=/home/dxfxddmd03st/public_html HTTP/2.0" 403 56935 "-" "meta-externalagent/1.1 (+https://developers.facebook.com/docs/sharing/webmasters/crawler)" 329 **0/329438**
57.141.20.22 - - [21/Mar/2026:05:22:14 -0700] "GET /shop/blare/coarsened014077578161?fileloc=/home/dxfxddmd03st/public_html/license.txt&path=/home/dxfxddmd03st/public_html HTTP/2.0" 403 56935 "-" "meta-externalagent/1.1 (+https://developers.facebook.com/docs/sharing/webmasters/crawler)" 334 **0/334318**
216.73.216.4 - - [21/Mar/2026:05:22:14 -0700] "GET /shop/tentatively/rightangled012057737822?fileloc=%2Fhome%2Fdxfxddmd03st%2Fpublic_html%2Fwp-admin%2Fplugin-install.php&path=%2Fhome%2Fdxfxddmd03st%2Fpublic_html%2Fwp-admin HTTP/2.0" 403 3474 "-" "Mozilla/5.0 AppleWebKit/537.36 (KHTML, like Gecko; compatible; ClaudeBot/1.0; +claudebot@anthropic.com)" 322 **0/322295**
57.141.20.6 - - [21/Mar/2026:05:22:15 -0700] "GET /shop/frustrating/quaere01583695340 HTTP/2.0" 403 56935 "-" "meta-externalagent/1.1 (+https://developers.facebook.com/docs/sharing/webmasters/crawler)" 333 **0/333318**
57.141.20.23 - - [21/Mar/2026:05:22:15 -0700] "GET /shop/admonitorily/carbunculation011369988611?fileloc=/home/dxfxddmd03st/public_html/readme.html&path=/home/dxfxddmd03st/public_html HTTP/2.0" 403 56935 "-" "meta-externalagent/1.1 (+https://developers.facebook.com/docs/sharing/webmasters/crawler)" 324 **0/324783**
57.141.20.50 - - [21/Mar/2026:05:22:15 -0700] "GET /shop/encyclopaedy/foison0147582057?fileloc=/home/dxfxddmd03st/public_html/wp-includes/class-wp-http-encoding.php&path=/home/dxfxddmd03st/public_html/wp-includes HTTP/2.0" 403 56935 "-" "meta-externalagent/1.1 (+https://developers.facebook.com/docs/sharing/webmasters/crawler)" 314 **0/314827**
57.141.20.23 - - [21/Mar/2026:05:22:16 -0700] "GET /shop/enchase/tsetung012334970722?fileloc=/home/dxfxddmd03st/www/wp-includes/class-wp-date-query.php&path=/home/dxfxddmd03st/www/wp-includes HTTP/2.0" 403 56935 "-" "meta-externalagent/1.1 (+https://developers.facebook.com/docs/sharing/webmasters/crawler)" 312 **0/312721**
57.141.20.30 - - [21/Mar/2026:05:22:16 -0700] "GET /shop/admiralty/drawbolt011724078531?fileloc=/home/dxfxddmd03st/public_html/xmlrpc.php&path=/home/dxfxddmd03st/public_html HTTP/2.0" 403 56935 "-" "meta-externalagent/1.1 (+https://developers.facebook.com/docs/sharing/webmasters/crawler)" 312 **0/312463**
74.7.243.195 - - [21/Mar/2026:05:22:16 -0700] "GET /shop/pathematic/ettle012606797300 HTTP/2.0" 200 3474 "https://www.artelron.com/wp-sitemap.xml" "Mozilla/5.0 AppleWebKit/537.36 (KHTML, like Gecko; compatible; GPTBot/1.3; +https://openai.com/gptbot)" 326 **0/326342**
57.141.20.2 - - [21/Mar/2026:05:22:16 -0700] "GET /shop/styleless/squab011102992497?fileloc=/home/dxfxddmd03st/public_html/license.txt&path=/home/dxfxddmd03st/public_html HTTP/2.0" 403 56935 "-" "meta-externalagent/1.1 (+https://developers.facebook.com/docs/sharing/webmasters/crawler)" 328 **0/328678**
57.141.20.53 - - [21/Mar/2026:05:22:17 -0700] "GET /shop/extremum/crimsonfronted0129111005?fileloc=//proc/execdomains&path=//proc HTTP/2.0" 403 56935 "-" "meta-externalagent/1.1 (+https://developers.facebook.com/docs/sharing/webmasters/crawler)" 306 **0/306403**
74.7.227.172 - - [21/Mar/2026:05:22:17 -0700] "GET /?path=//usr/lib64/guile/2.0/ccache/language/assembly HTTP/2.0" 200 2731 "https://artelron.com/?path=//usr/lib64/guile/2.0/ccache/language" "Mozilla/5.0 AppleWebKit/537.36 (KHTML, like Gecko; compatible; GPTBot/1.3; +https://openai.com/gptbot)" 341 **0/341198**
57.141.20.51 - - [21/Mar/2026:05:22:17 -0700] "GET /shop/exquisitively/crete011458434168?fileloc=/home/dxfxddmd03st/public_html/.tmb/l1_d3AtY29udGVudC91cGxvYWRzL2VsZW1lbnRvci90aHVtYnMvaW1hZ2UtMS1jb3B5cmlnaHQtb3BqczJxNXpjcDNpdmlkY2o3OTU0M2V1c3Q4Mm80d3ZpdzZsMnd2ZHZvLmpwZw1589568676.png&path=/home/dxfxddmd03st/public_html/.tmb HTTP/2.0" 403 56935 "-" "meta-externalagent/1.1 (+https://developers.facebook.com/docs/sharing/webmasters/crawler)" 334 **0/334595**
57.141.20.46 - - [21/Mar/2026:05:22:17 -0700] "GET /shop/distemperment/affluentness01535684047?fileloc=/home/dxfxddmd03st/public_html/wp-links-opml.php&path=/home/dxfxddmd03st/public_html HTTP/2.0" 403 56935 "-" "meta-externalagent/1.1 (+https://developers.facebook.com/docs/sharing/webmasters/crawler)" 329 **0/329486**
216.73.216.4 - - [21/Mar/2026:05:22:17 -0700] "GET /shop/resolvability/trumping01855204985?path=%2Fhome%2Fdxfxddmd03st%2Fpublic_html%2Fwp-content HTTP/2.0" 403 3474 "-" "Mozilla/5.0 AppleWebKit/537.36 (KHTML, like Gecko; compatible; ClaudeBot/1.0; +claudebot@anthropic.com)" 328 **0/328353**
57.141.20.46 - - [21/Mar/2026:05:22:18 -0700] "GET /shop/blackjack/coeducational01463544952?fileloc=/home/dxfxddmd03st/public_html/moked-hash.co.il/wp-content/themes/customizr/header.php&path=/home/dxfxddmd03st/public_html/moked-hash.co.il/wp-content/themes/customizr HTTP/2.0" 403 56935 "-" "meta-externalagent/1.1 (+https://developers.facebook.com/docs/sharing/webmasters/crawler)" 364 **0/364182**
57.141.20.47 - - [21/Mar/2026:05:22:18 -0700] "GET /shop/deepwaisted/asserting012628497267?fileloc=//bin/automake-1.16&path=//bin HTTP/2.0" 403 56935 "-" "meta-externalagent/1.1 (+https://developers.facebook.com/docs/sharing/webmasters/crawler)" 317 **0/317580**
57.141.20.39 - - [21/Mar/2026:05:22:19 -0700] "GET /shop/paynize/sottish011420954520?fileloc=//bin/skill&path=//bin HTTP/2.0" 403 56935 "-" "meta-externalagent/1.1 (+https://developers.facebook.com/docs/sharing/webmasters/crawler)" 318 **0/318751**
57.141.20.55 - - [21/Mar/2026:05:22:19 -0700] "GET /shop/admonitorily/carbunculation011369988611?fileloc=/home/dxfxddmd03st/public_html/wp-login.php&path=/home/dxfxddmd03st/public_html HTTP/2.0" 403 56935 "-" "meta-externalagent/1.1 (+https://developers.facebook.com/docs/sharing/webmasters/crawler)" 320 **0/320582**
74.7.243.195 - - [21/Mar/2026:05:22:19 -0700] "GET /shop/loquacity/modocs013406506153?path=/home/dxfxddmd03st HTTP/2.0" 200 3729 "https://www.artelron.com/shop/loquacity/modocs013406506153" "Mozilla/5.0 AppleWebKit/537.36 (KHTML, like Gecko; compatible; GPTBot/1.3; +https://openai.com/gptbot)" 338 **0/338945**
57.141.20.33 - - [21/Mar/2026:05:22:19 -0700] "GET /shop/admonitorily/carbunculation011369988611?path=/home/dxfxddmd03st/public_html/ssl HTTP/2.0" 403 56935 "-" "meta-externalagent/1.1 (+https://developers.facebook.com/docs/sharing/webmasters/crawler)" 323 **0/323483**
57.141.20.29 - - [21/Mar/2026:05:22:20 -0700] "GET /shop/phlegmatical/anidiomatical013099484441?fileloc=/home/dxfxddmd03st/public_html/wp-links-opml.php&path=/home/dxfxddmd03st/public_html HTTP/2.0" 403 56935 "-" "meta-externalagent/1.1 (+https://developers.facebook.com/docs/sharing/webmasters/crawler)" 312 **0/312667**
57.141.20.38 - - [21/Mar/2026:05:22:20 -0700] "GET /shop/roughest/gently011604976751?fileloc=/home/dxfxddmd03st/public_html/wp-blog-header.php&path=/home/dxfxddmd03st/public_html HTTP/2.0" 403 56935 "-" "meta-externalagent/1.1 (+https://developers.facebook.com/docs/sharing/webmasters/crawler)" 324 **0/324225**
74.7.227.172 - - [21/Mar/2026:05:22:20 -0700] "GET /?path=//lib/modules/4.18.0-553.94.1.lve.el8.x86_64/kernel/fs/isofs HTTP/2.0" 200 2611 "https://artelron.com/?path=//lib/modules/4.18.0-553.94.1.lve.el8.x86_64/kernel/fs" "Mozilla/5.0 AppleWebKit/537.36 (KHTML, like Gecko; compatible; GPTBot/1.3; +https://openai.com/gptbot)" 333 **0/333424**
216.73.216.4 - - [21/Mar/2026:05:22:20 -0700] "GET /shop/solidify/witchcraft011816385062?path=%2Fhome%2Fdxfxddmd03st HTTP/2.0" 403 3474 "-" "Mozilla/5.0 AppleWebKit/537.36 (KHTML, like Gecko; compatible; ClaudeBot/1.0; +claudebot@anthropic.com)" 311 **0/311663**
57.141.20.16 - - [21/Mar/2026:05:22:21 -0700] "GET /shop/thrivingness/rhopalic013235613478?fileloc=/home/dxfxddmd03st/error_log&path=/home/dxfxddmd03st HTTP/2.0" 403 56935 "-" "meta-externalagent/1.1 (+https://developers.facebook.com/docs/sharing/webmasters/crawler)" 326 **0/326385**
57.141.20.33 - - [21/Mar/2026:05:22:21 -0700] "GET /shop/hindi/lepidote012475548879?fileloc=/home/dxfxddmd03st/public_html/wp-admin/contribute.php&path=/home/dxfxddmd03st/public_html/wp-admin HTTP/2.0" 403 56935 "-" "meta-externalagent/1.1 (+https://developers.facebook.com/docs/sharing/webmasters/crawler)" 324 **0/324321**
57.141.20.47 - - [21/Mar/2026:05:22:21 -0700] "GET /shop/admonitorily/carbunculation011369988611?path=/home HTTP/2.0" 403 56935 "-" "meta-externalagent/1.1 (+https://developers.facebook.com/docs/sharing/webmasters/crawler)" 329 **0/329315**
57.141.20.55 - - [21/Mar/2026:05:22:22 -0700] "GET /shop/scythed/atlantal012622696396?path=/home/dxfxddmd03st/public_html/cgi-bin HTTP/2.0" 403 56935 "-" "meta-externalagent/1.1 (+https://developers.facebook.com/docs/sharing/webmasters/crawler)" 315 **0/315219**
57.141.20.11 - - [21/Mar/2026:05:22:22 -0700] "GET /shop/insulsity/perruque012329169835?fileloc=/home/dxfxddmd03st/public_html/wp-admin/term-private.php&path=/home/dxfxddmd03st/public_html/wp-admin HTTP/2.0" 403 56935 "-" "meta-externalagent/1.1 (+https://developers.facebook.com/docs/sharing/webmasters/crawler)" 315 **0/315751**
57.141.20.27 - - [21/Mar/2026:05:22:22 -0700] "GET /shop/mazing/moonie012543262677?fileloc=/home/dxfxddmd03st/public_html/wp-admin/erase-personal-data.php&path=/home/dxfxddmd03st/public_html/wp-admin HTTP/2.0" 403 56935 "-" "meta-externalagent/1.1 (+https://developers.facebook.com/docs/sharing/webmasters/crawler)" 312 **0/312327**
74.7.243.195 - - [21/Mar/2026:05:22:23 -0700] "GET /shop/corium/triaenops013510816761 HTTP/2.0" 200 3474 "https://www.artelron.com/wp-sitemap.xml" "Mozilla/5.0 AppleWebKit/537.36 (KHTML, like Gecko; compatible; GPTBot/1.3; +https://openai.com/gptbot)" 334 **0/334056**
57.141.20.12 - - [21/Mar/2026:05:22:23 -0700] "GET /shop/sieboldii/troopmeal014133132842?fileloc=//bin/vi&path=//bin HTTP/2.0" 403 56935 "-" "meta-externalagent/1.1 (+https://developers.facebook.com/docs/sharing/webmasters/crawler)" 311 **0/311124**
57.141.20.21 - - [21/Mar/2026:05:22:23 -0700] "GET /shop/liard/submultiple01928794959?fileloc=//proc/schedstat&path=//proc HTTP/2.0" 403 56935 "-" "meta-externalagent/1.1 (+https://developers.facebook.com/docs/sharing/webmasters/crawler)" 335 **0/335479**
74.7.227.172 - - [21/Mar/2026:05:22:23 -0700] "GET /?path=//lib/modules/4.18.0-553.94.1.lve.el8.x86_64/kernel/fs/lockd HTTP/2.0" 200 2613 "https://artelron.com/?path=//lib/modules/4.18.0-553.94.1.lve.el8.x86_64/kernel/fs" "Mozilla/5.0 AppleWebKit/537.36 (KHTML, like Gecko; compatible; GPTBot/1.3; +https://openai.com/gptbot)" 327 **0/327713**
216.73.216.4 - - [21/Mar/2026:05:22:23 -0700] "GET /shop/bluethroat/ranchman014049009974?path=%2Fhome%2Fdxfxddmd03st%2Fpublic_html%2Fwp-admin HTTP/2.0" 403 3474 "-" "Mozilla/5.0 AppleWebKit/537.36 (KHTML, like Gecko; compatible; ClaudeBot/1.0; +claudebot@anthropic.com)" 314 **0/314763**
