57.141.20.48 - - [21/Mar/2026:05:17:28 -0700] "GET /shop/godevil/geanticlinal011170446703?path=/home/dxfxddmd03st/public_html/moked-hash.co.il/wp-includes/php-compat HTTP/2.0" 403 56935 "-" "meta-externalagent/1.1 (+https://developers.facebook.com/docs/sharing/webmasters/crawler)" 324 **0/324030**
57.141.20.17 - - [21/Mar/2026:05:17:29 -0700] "GET /shop/primevertical/valebat012429940215?fileloc=/home/dxfxddmd03st/public_html/wp-admin/update-core.php&path=/home/dxfxddmd03st/public_html/wp-admin HTTP/2.0" 403 56935 "-" "meta-externalagent/1.1 (+https://developers.facebook.com/docs/sharing/webmasters/crawler)" 324 **0/324972**
57.141.20.35 - - [21/Mar/2026:05:17:29 -0700] "GET /shop/hindi/lepidote012475548879?fileloc=/home/dxfxddmd03st/public_html/wp-admin/setup-config.php&path=/home/dxfxddmd03st/public_html/wp-admin HTTP/2.0" 403 56935 "-" "meta-externalagent/1.1 (+https://developers.facebook.com/docs/sharing/webmasters/crawler)" 307 **0/307769**
74.7.243.195 - - [21/Mar/2026:05:17:29 -0700] "GET /shop/sufferable/levulin013401917365?fileloc=/home/dxfxddmd03st/public_html/index.php&path=/home/dxfxddmd03st/public_html HTTP/2.0" 200 9837 "https://www.artelron.com/shop/sufferable/levulin013401917365" "Mozilla/5.0 AppleWebKit/537.36 (KHTML, like Gecko; compatible; GPTBot/1.3; +https://openai.com/gptbot)" 326 **0/326018**
57.141.20.0 - - [21/Mar/2026:05:17:29 -0700] "GET /shop/acquired/phyma011535098347?fileloc=/home/dxfxddmd03st/public_html/wp-mail.php&path=/home/dxfxddmd03st/public_html HTTP/2.0" 403 56935 "-" "meta-externalagent/1.1 (+https://developers.facebook.com/docs/sharing/webmasters/crawler)" 322 **0/322986**
62.216.205.226 - - [21/Mar/2026:05:17:29 -0700] "GET /online-on-line-casino-mit-deutscher-lizenz-test-bonus-vergleich/feed/?fileloc=//bin/ul&path=//bin HTTP/1.1" 200 9565 "-" "Mozilla/5.0 (compatible; MJ12bot/v1.4.8; http://mj12bot.com/)" 330 **0/330119**
216.73.216.4 - - [21/Mar/2026:05:17:29 -0700] "GET /shop/sheaf/deposal012663056337?fileloc=%2Fhome%2Fdxfxddmd03st%2Fpublic_html%2Fwp-includes%2Fhttp.php&path=%2Fhome%2Fdxfxddmd03st%2Fpublic_html%2Fwp-includes HTTP/2.0" 403 3474 "-" "Mozilla/5.0 AppleWebKit/537.36 (KHTML, like Gecko; compatible; ClaudeBot/1.0; +claudebot@anthropic.com)" 323 **0/323238**
57.141.20.50 - - [21/Mar/2026:05:17:30 -0700] "GET /shop/gadic/nephthys012992913158?path=//etc HTTP/2.0" 403 56935 "-" "meta-externalagent/1.1 (+https://developers.facebook.com/docs/sharing/webmasters/crawler)" 333 **0/333137**
74.7.227.172 - - [21/Mar/2026:05:17:30 -0700] "GET /?fileloc=//bin/slabtop&path=//bin HTTP/2.0" 200 9736 "https://artelron.com/?path=//bin" "Mozilla/5.0 AppleWebKit/537.36 (KHTML, like Gecko; compatible; GPTBot/1.3; +https://openai.com/gptbot)" 337 **0/337695**
57.141.20.54 - - [21/Mar/2026:05:17:30 -0700] "GET /shop/tinman/brotheler011710196267?fileloc=/home/dxfxddmd03st/public_html/wp-comments-post.php&path=/home/dxfxddmd03st/public_html HTTP/2.0" 403 56935 "-" "meta-externalagent/1.1 (+https://developers.facebook.com/docs/sharing/webmasters/crawler)" 313 **0/313124**
57.141.20.9 - - [21/Mar/2026:05:17:30 -0700] "GET /shop/liard/submultiple01928794959?path=//lib/.build-id/d2 HTTP/2.0" 403 56935 "-" "meta-externalagent/1.1 (+https://developers.facebook.com/docs/sharing/webmasters/crawler)" 339 **0/339035**
57.141.20.29 - - [21/Mar/2026:05:17:31 -0700] "GET /shop/sifac/quadrivalvular013377567257?fileloc=/home/dxfxddmd03st/public_html/wp-mail.php&path=/home/dxfxddmd03st/public_html HTTP/2.0" 403 56935 "-" "meta-externalagent/1.1 (+https://developers.facebook.com/docs/sharing/webmasters/crawler)" 309 **0/309857**
57.141.20.55 - - [21/Mar/2026:05:17:31 -0700] "GET /shop/liard/submultiple01928794959?path=//lib/.build-id/66 HTTP/2.0" 403 56935 "-" "meta-externalagent/1.1 (+https://developers.facebook.com/docs/sharing/webmasters/crawler)" 341 **0/341260**
57.141.20.52 - - [21/Mar/2026:05:17:31 -0700] "GET /shop/enchase/tsetung012334970722?fileloc=/home/dxfxddmd03st/www/wp-includes/class-wp-error.php&path=/home/dxfxddmd03st/www/wp-includes HTTP/2.0" 403 56935 "-" "meta-externalagent/1.1 (+https://developers.facebook.com/docs/sharing/webmasters/crawler)" 321 **0/321618**
57.141.20.52 - - [21/Mar/2026:05:17:32 -0700] "GET /shop/enchase/tsetung012334970722?fileloc=/home/dxfxddmd03st/www/wp-includes/class-wp-speculation-rules.php&path=/home/dxfxddmd03st/www/wp-includes HTTP/2.0" 403 56935 "-" "meta-externalagent/1.1 (+https://developers.facebook.com/docs/sharing/webmasters/crawler)" 333 **0/333896**
57.141.20.57 - - [21/Mar/2026:05:17:32 -0700] "GET /shop/deepwaisted/asserting012628497267?fileloc=//bin/groff&path=//bin HTTP/2.0" 403 56935 "-" "meta-externalagent/1.1 (+https://developers.facebook.com/docs/sharing/webmasters/crawler)" 324 **0/324602**
74.7.243.195 - - [21/Mar/2026:05:17:32 -0700] "GET /shop/perfect/psoas011451105531 HTTP/2.0" 200 3474 "https://www.artelron.com/wp-sitemap.xml" "Mozilla/5.0 AppleWebKit/537.36 (KHTML, like Gecko; compatible; GPTBot/1.3; +https://openai.com/gptbot)" 324 **0/324402**
57.141.20.36 - - [21/Mar/2026:05:17:32 -0700] "GET /shop/envious/disgracer013119772574?fileloc=/home/dxfxddmd03st/public_html/wp-includes/block-template.php&path=/home/dxfxddmd03st/public_html/wp-includes HTTP/2.0" 403 56935 "-" "meta-externalagent/1.1 (+https://developers.facebook.com/docs/sharing/webmasters/crawler)" 336 **0/336017**
216.73.216.4 - - [21/Mar/2026:05:17:32 -0700] "GET /shop/illision/clocks012725376303?fileloc=%2Fhome%2Fdxfxddmd03st%2Fpublic_html%2Fwp-includes%2Fsession.php&path=%2Fhome%2Fdxfxddmd03st%2Fpublic_html%2Fwp-includes HTTP/2.0" 403 3474 "-" "Mozilla/5.0 AppleWebKit/537.36 (KHTML, like Gecko; compatible; ClaudeBot/1.0; +claudebot@anthropic.com)" 337 **0/337180**
57.141.20.19 - - [21/Mar/2026:05:17:33 -0700] "GET /shop/nitrobenzol/mozetta011007016547?fileloc=/home/dxfxddmd03st/public_html/wp-includes/ms-settings.php&path=/home/dxfxddmd03st/public_html/wp-includes HTTP/2.0" 403 56935 "-" "meta-externalagent/1.1 (+https://developers.facebook.com/docs/sharing/webmasters/crawler)" 323 **0/323539**
57.141.20.24 - - [21/Mar/2026:05:17:33 -0700] "GET /shop/nitrobenzol/mozetta011007016547?fileloc=/home/dxfxddmd03st/public_html/wp-includes/class-wp-classic-to-block-menu-converter.php&path=/home/dxfxddmd03st/public_html/wp-includes HTTP/2.0" 403 56935 "-" "meta-externalagent/1.1 (+https://developers.facebook.com/docs/sharing/webmasters/crawler)" 317 **0/317415**
74.7.227.172 - - [21/Mar/2026:05:17:33 -0700] "GET /?path=//usr/lib64/python2.7/Demo/embed HTTP/2.0" 200 2731 "https://artelron.com/?path=//usr/lib64/python2.7/Demo" "Mozilla/5.0 AppleWebKit/537.36 (KHTML, like Gecko; compatible; GPTBot/1.3; +https://openai.com/gptbot)" 330 **0/330048**
57.141.20.26 - - [21/Mar/2026:05:17:33 -0700] "GET /shop/flugelman/quadragesimal011309467419?path=/home/dxfxddmd03st/public_html/wp-admin HTTP/2.0" 403 56935 "-" "meta-externalagent/1.1 (+https://developers.facebook.com/docs/sharing/webmasters/crawler)" 326 **0/326463**
57.141.20.42 - - [21/Mar/2026:05:17:34 -0700] "GET /shop/ammocrypta/bountihead0145417483 HTTP/2.0" 403 56935 "-" "meta-externalagent/1.1 (+https://developers.facebook.com/docs/sharing/webmasters/crawler)" 322 **0/322077**
57.141.20.43 - - [21/Mar/2026:05:17:34 -0700] "GET /shop/didactic/evocation012923261997?path=/home/dxfxddmd03st/.quarantine HTTP/2.0" 403 56935 "-" "meta-externalagent/1.1 (+https://developers.facebook.com/docs/sharing/webmasters/crawler)" 315 **0/315539**
62.216.205.226 - - [21/Mar/2026:05:17:34 -0700] "GET /online-on-line-casino-mit-deutscher-lizenz-test-bonus-vergleich/feed/?fileloc=//bin/uname&path=//bin HTTP/1.1" 200 15222 "-" "Mozilla/5.0 (compatible; MJ12bot/v1.4.8; http://mj12bot.com/)" 352 **0/352891**
57.141.20.12 - - [21/Mar/2026:05:17:34 -0700] "GET /shop/agony/shortwaisted011781830199?path=/home/dxfxddmd03st/public_html/wp-content HTTP/2.0" 403 56935 "-" "meta-externalagent/1.1 (+https://developers.facebook.com/docs/sharing/webmasters/crawler)" 321 **0/321463**
57.141.20.25 - - [21/Mar/2026:05:17:35 -0700] "GET /shop/thicket/loveinamist013899356833?fileloc=/home/dxfxddmd03st/public_html/robots.txt&path=/home/dxfxddmd03st/public_html HTTP/2.0" 403 56935 "-" "meta-externalagent/1.1 (+https://developers.facebook.com/docs/sharing/webmasters/crawler)" 321 **0/321099**
57.141.20.55 - - [21/Mar/2026:05:17:35 -0700] "GET /shop/leasow/dissension013505033822?fileloc=/home/dxfxddmd03st/public_html/wp-includes/class-wp-recovery-mode-email-service.php&path=/home/dxfxddmd03st/public_html/wp-includes HTTP/2.0" 403 56935 "-" "meta-externalagent/1.1 (+https://developers.facebook.com/docs/sharing/webmasters/crawler)" 312 **0/312984**
216.73.216.4 - - [21/Mar/2026:05:17:35 -0700] "GET /shop/lumbricoid/offlimits012365727757?fileloc=%2Fhome%2Fdxfxddmd03st%2Fpublic_html%2Fwp-admin%2Fuser-new.php&path=%2Fhome%2Fdxfxddmd03st%2Fpublic_html%2Fwp-admin HTTP/2.0" 403 3474 "-" "Mozilla/5.0 AppleWebKit/537.36 (KHTML, like Gecko; compatible; ClaudeBot/1.0; +claudebot@anthropic.com)" 317 **0/317388**
74.7.243.195 - - [21/Mar/2026:05:17:35 -0700] "GET /shop/phonetism/briony013264715897?fileloc=/home/dxfxddmd03st/public_html/colors.php&path=/home/dxfxddmd03st/public_html HTTP/2.0" 200 63458 "https://www.artelron.com/shop/phonetism/briony013264715897" "Mozilla/5.0 AppleWebKit/537.36 (KHTML, like Gecko; compatible; GPTBot/1.3; +https://openai.com/gptbot)" 333 **0/333319**
57.141.20.49 - - [21/Mar/2026:05:17:36 -0700] "GET /shop/deltafication/sinensis011261089231?path=//usr/selector.etc HTTP/2.0" 403 56935 "-" "meta-externalagent/1.1 (+https://developers.facebook.com/docs/sharing/webmasters/crawler)" 323 **0/323426**
57.141.20.59 - - [21/Mar/2026:05:17:36 -0700] "GET /shop/leasow/dissension013505033822?fileloc=/home/dxfxddmd03st/public_html/wp-includes/class-wp-http-proxy.php&path=/home/dxfxddmd03st/public_html/wp-includes HTTP/2.0" 403 56935 "-" "meta-externalagent/1.1 (+https://developers.facebook.com/docs/sharing/webmasters/crawler)" 326 **0/326428**
74.7.227.172 - - [21/Mar/2026:05:17:36 -0700] "GET /?fileloc=//bin/readelf&path=//bin HTTP/2.0" 200 221077 "https://artelron.com/?path=//bin" "Mozilla/5.0 AppleWebKit/537.36 (KHTML, like Gecko; compatible; GPTBot/1.3; +https://openai.com/gptbot)" 455 **0/455426**
57.141.20.20 - - [21/Mar/2026:05:17:36 -0700] "GET /shop/sifac/quadrivalvular013377567257?fileloc=/home/dxfxddmd03st/public_html/wp-config-sample.php&path=/home/dxfxddmd03st/public_html HTTP/2.0" 403 56935 "-" "meta-externalagent/1.1 (+https://developers.facebook.com/docs/sharing/webmasters/crawler)" 330 **0/330031**
57.141.20.10 - - [21/Mar/2026:05:17:36 -0700] "GET /shop/tinman/brotheler011710196267?fileloc=/home/dxfxddmd03st/public_html/xmlrpc.php&path=/home/dxfxddmd03st/public_html HTTP/2.0" 403 56935 "-" "meta-externalagent/1.1 (+https://developers.facebook.com/docs/sharing/webmasters/crawler)" 336 **0/336934**
57.141.20.24 - - [21/Mar/2026:05:17:37 -0700] "GET /shop/dolichocephalism/impenning013842817264 HTTP/2.0" 403 56935 "-" "meta-externalagent/1.1 (+https://developers.facebook.com/docs/sharing/webmasters/crawler)" 333 **0/333568**
57.141.20.22 - - [21/Mar/2026:05:17:37 -0700] "GET /shop/hindi/lepidote012475548879?fileloc=//tmp/session_cache.tmp&path=//tmp HTTP/2.0" 403 56935 "-" "meta-externalagent/1.1 (+https://developers.facebook.com/docs/sharing/webmasters/crawler)" 328 **0/328026**
114.119.143.103 - - [21/Mar/2026:05:17:37 -0700] "GET /events/month/2028-01?path=/home/dxfxddmd03st/public_html/images HTTP/1.1" 200 2953 "https://www.artelron.com/events/month/2028-01?ical=1" "Mozilla/5.0 (Linux; Android 7.0;) AppleWebKit/537.36 (KHTML, like Gecko) Mobile Safari/537.36 (compatible; PetalBot;+https://webmaster.petalsearch.com/site/petalbot)" 325 **0/325461**
57.141.20.16 - - [21/Mar/2026:05:17:37 -0700] "GET /shop/insulsity/perruque012329169835?fileloc=/home/dxfxddmd03st/public_html/wp-admin/css/dashboard.css&path=/home/dxfxddmd03st/public_html/wp-admin/css HTTP/2.0" 403 56935 "-" "meta-externalagent/1.1 (+https://developers.facebook.com/docs/sharing/webmasters/crawler)" 321 **0/321513**
62.216.205.226 - - [21/Mar/2026:05:17:38 -0700] "GET /online-on-line-casino-mit-deutscher-lizenz-test-bonus-vergleich/feed/?fileloc=//bin/unexpand&path=//bin HTTP/1.1" 200 18901 "-" "Mozilla/5.0 (compatible; MJ12bot/v1.4.8; http://mj12bot.com/)" 319 **0/319500**
57.141.20.21 - - [21/Mar/2026:05:17:38 -0700] "GET /shop/stereometrically/mangily012794419826?fileloc=/home/dxfxddmd03st/public_html/wp-trackback.php&path=/home/dxfxddmd03st/public_html HTTP/2.0" 403 56935 "-" "meta-externalagent/1.1 (+https://developers.facebook.com/docs/sharing/webmasters/crawler)" 310 **0/310857**
57.141.20.41 - - [21/Mar/2026:05:17:38 -0700] "GET /shop/omphalomesenteric/formeret01641674235 HTTP/2.0" 403 56935 "-" "meta-externalagent/1.1 (+https://developers.facebook.com/docs/sharing/webmasters/crawler)" 317 **0/317397**
216.73.216.4 - - [21/Mar/2026:05:17:38 -0700] "GET /shop/sheaf/deposal012663056337?fileloc=%2Fhome%2Fdxfxddmd03st%2Fpublic_html%2Fwp-includes%2Fstyle-engine.php&path=%2Fhome%2Fdxfxddmd03st%2Fpublic_html%2Fwp-includes HTTP/2.0" 403 3474 "-" "Mozilla/5.0 AppleWebKit/537.36 (KHTML, like Gecko; compatible; ClaudeBot/1.0; +claudebot@anthropic.com)" 324 **0/324588**
57.141.20.16 - - [21/Mar/2026:05:17:39 -0700] "GET /shop/housekeeping/delices013164774057?path=/home/dxfxddmd03st/public_html/.tmb HTTP/2.0" 403 56935 "-" "meta-externalagent/1.1 (+https://developers.facebook.com/docs/sharing/webmasters/crawler)" 327 **0/327535**
74.7.243.195 - - [21/Mar/2026:05:17:39 -0700] "GET /shop/phonetism/briony013264715897?path=/home/dxfxddmd03st/public_html/wp-content HTTP/2.0" 200 2901 "https://www.artelron.com/shop/phonetism/briony013264715897" "Mozilla/5.0 AppleWebKit/537.36 (KHTML, like Gecko; compatible; GPTBot/1.3; +https://openai.com/gptbot)" 316 **0/316245**
57.141.20.23 - - [21/Mar/2026:05:17:39 -0700] "GET /shop/ecological/anthroposophy013737597732 HTTP/2.0" 403 56935 "-" "meta-externalagent/1.1 (+https://developers.facebook.com/docs/sharing/webmasters/crawler)" 317 **0/317059**
74.7.227.172 - - [21/Mar/2026:05:17:39 -0700] "GET /?fileloc=//bin/getconf&path=//bin HTTP/2.0" 200 10357 "https://artelron.com/?path=//bin" "Mozilla/5.0 AppleWebKit/537.36 (KHTML, like Gecko; compatible; GPTBot/1.3; +https://openai.com/gptbot)" 339 **0/339273**
57.141.20.47 - - [21/Mar/2026:05:17:39 -0700] "GET /shop/adelaster/parepididymis011639269271?fileloc=/home/dxfxddmd03st/public_html/wp-includes/class-wp-recovery-mode-email-service.php&path=/home/dxfxddmd03st/public_html/wp-includes HTTP/2.0" 403 56935 "-" "meta-externalagent/1.1 (+https://developers.facebook.com/docs/sharing/webmasters/crawler)" 308 **0/308754**
57.141.20.8 - - [21/Mar/2026:05:17:40 -0700] "GET /shop/umbles/catamite014089343458?fileloc=/home/dxfxddmd03st/public_html/wp-config.php&path=/home/dxfxddmd03st/public_html HTTP/2.0" 403 56935 "-" "meta-externalagent/1.1 (+https://developers.facebook.com/docs/sharing/webmasters/crawler)" 308 **0/308683**
57.141.20.36 - - [21/Mar/2026:05:17:41 -0700] "GET /shop/irrorating/harpies013846357460?path=/home/dxfxddmd03st/public_html/ssl HTTP/2.0" 403 56935 "-" "meta-externalagent/1.1 (+https://developers.facebook.com/docs/sharing/webmasters/crawler)" 316 **0/316344**
57.141.20.34 - - [21/Mar/2026:05:17:41 -0700] "GET /shop/disfigurement/slimily012708561974?fileloc=/home/dxfxddmd03st/public_html/index.php&path=/home/dxfxddmd03st/public_html HTTP/2.0" 403 56935 "-" "meta-externalagent/1.1 (+https://developers.facebook.com/docs/sharing/webmasters/crawler)" 354 **0/354063**
57.141.20.19 - - [21/Mar/2026:05:17:41 -0700] "GET /shop/hygroscopicity/connecticuter012232822489?fileloc=/home/dxfxddmd03st/.clwpos/main.log&path=/home/dxfxddmd03st/.clwpos HTTP/2.0" 403 56935 "-" "meta-externalagent/1.1 (+https://developers.facebook.com/docs/sharing/webmasters/crawler)" 328 **0/328297**
57.141.20.55 - - [21/Mar/2026:05:17:41 -0700] "GET /shop/gallicize/technically011263253821?fileloc=/home/dxfxddmd03st/public_html/wp-admin/css/about.css&path=/home/dxfxddmd03st/public_html/wp-admin/css HTTP/2.0" 403 56935 "-" "meta-externalagent/1.1 (+https://developers.facebook.com/docs/sharing/webmasters/crawler)" 328 **0/328099**
57.141.20.41 - - [21/Mar/2026:05:17:41 -0700] "GET /shop/primevertical/valebat012429940215?fileloc=/home/dxfxddmd03st/public_html/wp-includes/class-wp-site.php&path=/home/dxfxddmd03st/public_html/wp-includes HTTP/2.0" 403 56935 "-" "meta-externalagent/1.1 (+https://developers.facebook.com/docs/sharing/webmasters/crawler)" 344 **0/344524**
216.73.216.4 - - [21/Mar/2026:05:17:41 -0700] "GET /shop/divorcible/jesuitically014228979601?fileloc=%2Fhome%2Fdxfxddmd03st%2Fpublic_html%2Fwp-includes%2Fmeta.php&path=%2Fhome%2Fdxfxddmd03st%2Fpublic_html%2Fwp-includes HTTP/2.0" 403 3474 "-" "Mozilla/5.0 AppleWebKit/537.36 (KHTML, like Gecko; compatible; ClaudeBot/1.0; +claudebot@anthropic.com)" 339 **0/339120**
62.216.205.226 - - [21/Mar/2026:05:17:42 -0700] "GET /online-on-line-casino-mit-deutscher-lizenz-test-bonus-vergleich/feed/?fileloc=//bin/uniq&path=//bin HTTP/1.1" 200 21291 "-" "Mozilla/5.0 (compatible; MJ12bot/v1.4.8; http://mj12bot.com/)" 321 **0/321663**
74.7.243.195 - - [21/Mar/2026:05:17:42 -0700] "GET /shop/fluitans/uzbecks014070249492?path=/home/dxfxddmd03st/public_html/wp-content HTTP/2.0" 200 2901 "https://www.artelron.com/shop/fluitans/uzbecks014070249492" "Mozilla/5.0 AppleWebKit/537.36 (KHTML, like Gecko; compatible; GPTBot/1.3; +https://openai.com/gptbot)" 314 **0/314381**
57.141.20.34 - - [21/Mar/2026:05:17:42 -0700] "GET /shop/similative/artistically011729879418?fileloc=/home/dxfxddmd03st/public_html/wp-includes/php-compat/.htaccess&path=/home/dxfxddmd03st/public_html/wp-includes/php-compat HTTP/2.0" 403 56935 "-" "meta-externalagent/1.1 (+https://developers.facebook.com/docs/sharing/webmasters/crawler)" 336 **0/336203**
57.141.20.40 - - [21/Mar/2026:05:17:43 -0700] "GET /shop/skatol/tatusiidae012521762477?fileloc=/home/dxfxddmd03st/public_html/moked-hash.co.il/wp-activate.php&path=/home/dxfxddmd03st/public_html/moked-hash.co.il HTTP/2.0" 200 21521 "-" "meta-externalagent/1.1 (+https://developers.facebook.com/docs/sharing/webmasters/crawler)" 323 **0/323528**
74.7.227.172 - - [21/Mar/2026:05:17:42 -0700] "GET /?fileloc=//bin/vimdiff&path=//bin HTTP/2.0" 200 1269480 "https://artelron.com/?path=//bin" "Mozilla/5.0 AppleWebKit/537.36 (KHTML, like Gecko; compatible; GPTBot/1.3; +https://openai.com/gptbot)" 812 **0/812363**
57.141.20.10 - - [21/Mar/2026:05:17:43 -0700] "GET /shop/theosophist/acutus013062628039?fileloc=/home/dxfxddmd03st/public_html/wp-admin/theme-editor.php&path=/home/dxfxddmd03st/public_html/wp-admin HTTP/2.0" 200 34962 "-" "meta-externalagent/1.1 (+https://developers.facebook.com/docs/sharing/webmasters/crawler)" 321 **0/321810**
57.141.20.18 - - [21/Mar/2026:05:17:43 -0700] "GET /shop/mantoux/swordbill011753758424?path=/home/dxfxddmd03st/public_html/images HTTP/2.0" 200 17300 "-" "meta-externalagent/1.1 (+https://developers.facebook.com/docs/sharing/webmasters/crawler)" 330 **0/330459**
118.136.159.109 - - [21/Mar/2026:05:17:44 -0700] "POST /xmlrpc.php HTTP/1.1" 200 56935 "-" "Mozilla/5.0 (Linux; Android 10; x64) AppleWebKit/537.36 (KHTML, like Gecko) Opera/60.0.0.0 Safari/537.36" 49 **0/49870**
57.141.20.38 - - [21/Mar/2026:05:17:44 -0700] "GET /shop/primevertical/valebat012429940215?fileloc=/home/dxfxddmd03st/public_html/wp-includes/class-wp-admin-bar.php&path=/home/dxfxddmd03st/public_html/wp-includes HTTP/2.0" 200 33695 "-" "meta-externalagent/1.1 (+https://developers.facebook.com/docs/sharing/webmasters/crawler)" 325 **0/325874**
57.141.20.6 - - [21/Mar/2026:05:17:44 -0700] "GET /shop/awarder/slightingly012708398451?fileloc=/home/dxfxddmd03st/public_html/readme.html&path=/home/dxfxddmd03st/public_html HTTP/2.0" 200 21726 "-" "meta-externalagent/1.1 (+https://developers.facebook.com/docs/sharing/webmasters/crawler)" 314 **0/314683**
216.73.216.4 - - [21/Mar/2026:05:17:44 -0700] "GET /shop/sheaf/deposal012663056337?fileloc=%2Fhome%2Fdxfxddmd03st%2Fpublic_html%2Fwp-includes%2Fsession.php&path=%2Fhome%2Fdxfxddmd03st%2Fpublic_html%2Fwp-includes HTTP/2.0" 403 3474 "-" "Mozilla/5.0 AppleWebKit/537.36 (KHTML, like Gecko; compatible; ClaudeBot/1.0; +claudebot@anthropic.com)" 319 **0/319880**
57.141.20.13 - - [21/Mar/2026:05:17:44 -0700] "GET /shop/insulsity/perruque012329169835?fileloc=/home/dxfxddmd03st/public_html/wp-admin/update.php&path=/home/dxfxddmd03st/public_html/wp-admin HTTP/2.0" 200 28294 "-" "meta-externalagent/1.1 (+https://developers.facebook.com/docs/sharing/webmasters/crawler)" 329 **0/329693**
57.141.20.47 - - [21/Mar/2026:05:17:45 -0700] "GET /shop/windrowing/discalceate012750793949?fileloc=/home/dxfxddmd03st/public_html/wp-includes/feed-atom-comments.php&path=/home/dxfxddmd03st/public_html/wp-includes HTTP/2.0" 200 19471 "-" "meta-externalagent/1.1 (+https://developers.facebook.com/docs/sharing/webmasters/crawler)" 347 **0/347186**
74.7.243.195 - - [21/Mar/2026:05:17:45 -0700] "GET /shop/figary/glowed011620011798 HTTP/2.0" 200 3474 "https://www.artelron.com/wp-sitemap.xml" "Mozilla/5.0 AppleWebKit/537.36 (KHTML, like Gecko; compatible; GPTBot/1.3; +https://openai.com/gptbot)" 338 **0/338876**
57.141.20.19 - - [21/Mar/2026:05:17:45 -0700] "GET /shop/awarder/slightingly012708398451?fileloc=/home/dxfxddmd03st/public_html/xmlrpc.php&path=/home/dxfxddmd03st/public_html HTTP/2.0" 200 16263 "-" "meta-externalagent/1.1 (+https://developers.facebook.com/docs/sharing/webmasters/crawler)" 359 **0/359666**
74.7.227.172 - - [21/Mar/2026:05:17:45 -0700] "GET /?fileloc=//bin/crontab&path=//bin HTTP/2.0" 200 2882 "https://artelron.com/?path=//bin" "Mozilla/5.0 AppleWebKit/537.36 (KHTML, like Gecko; compatible; GPTBot/1.3; +https://openai.com/gptbot)" 317 **0/317334**
57.141.20.50 - - [21/Mar/2026:05:17:45 -0700] "GET /shop/discredited/varies012896565828?fileloc=/home/dxfxddmd03st/public_html/wp-includes/class-wp-list-util.php&path=/home/dxfxddmd03st/public_html/wp-includes HTTP/2.0" 200 20372 "-" "meta-externalagent/1.1 (+https://developers.facebook.com/docs/sharing/webmasters/crawler)" 319 **0/319475**
62.216.205.226 - - [21/Mar/2026:05:17:46 -0700] "GET /online-on-line-casino-mit-deutscher-lizenz-test-bonus-vergleich/feed/?fileloc=//bin/unlink&path=//bin HTTP/1.1" 200 14482 "-" "Mozilla/5.0 (compatible; MJ12bot/v1.4.8; http://mj12bot.com/)" 320 **0/320193**
57.141.20.23 - - [21/Mar/2026:05:17:46 -0700] "GET /shop/discredited/varies012896565828?fileloc=/home/dxfxddmd03st/public_html/wp-includes/class-wp-dependency.php&path=/home/dxfxddmd03st/public_html/wp-includes HTTP/2.0" 200 15166 "-" "meta-externalagent/1.1 (+https://developers.facebook.com/docs/sharing/webmasters/crawler)" 340 **0/340650**
57.141.20.38 - - [21/Mar/2026:05:17:47 -0700] "GET /shop/paynize/sottish011420954520?fileloc=//bin/gzip&path=//bin HTTP/2.0" 200 159623 "-" "meta-externalagent/1.1 (+https://developers.facebook.com/docs/sharing/webmasters/crawler)" 327 **0/327567**
57.141.20.26 - - [21/Mar/2026:05:17:47 -0700] "GET /shop/adelaster/parepididymis011639269271?path=/home/dxfxddmd03st/public_html/wp-includes/Requests HTTP/2.0" 200 17372 "-" "meta-externalagent/1.1 (+https://developers.facebook.com/docs/sharing/webmasters/crawler)" 316 **0/316152**
57.141.20.0 - - [21/Mar/2026:05:17:47 -0700] "GET /shop/adelaster/parepididymis011639269271?path=/home/dxfxddmd03st/.cagefs HTTP/2.0" 200 16823 "-" "meta-externalagent/1.1 (+https://developers.facebook.com/docs/sharing/webmasters/crawler)" 318 **0/318318**
216.73.216.4 - - [21/Mar/2026:05:17:47 -0700] "GET /shop/catamaran/wreche012469466859?path=%2Fhome%2Fdxfxddmd03st%2Fpublic_html%2Fcgi-bin HTTP/2.0" 403 3474 "-" "Mozilla/5.0 AppleWebKit/537.36 (KHTML, like Gecko; compatible; ClaudeBot/1.0; +claudebot@anthropic.com)" 335 **0/335539**
57.141.20.28 - - [21/Mar/2026:05:17:48 -0700] "GET /shop/papulous/humiliating0183453587?fileloc=/home/dxfxddmd03st/public_html/wp-includes/block-i18n.json&path=/home/dxfxddmd03st/public_html/wp-includes HTTP/2.0" 200 12958 "-" "meta-externalagent/1.1 (+https://developers.facebook.com/docs/sharing/webmasters/crawler)" 323 **0/323659**
57.141.20.50 - - [21/Mar/2026:05:17:48 -0700] "GET /shop/enchase/tsetung012334970722?fileloc=/home/dxfxddmd03st/www/wp-includes/class-wp-walker.php&path=/home/dxfxddmd03st/www/wp-includes HTTP/2.0" 200 26128 "-" "meta-externalagent/1.1 (+https://developers.facebook.com/docs/sharing/webmasters/crawler)" 309 **0/309171**
74.7.243.195 - - [21/Mar/2026:05:17:48 -0700] "GET /shop/deity/scavenger011246584053 HTTP/2.0" 200 3474 "https://www.artelron.com/wp-sitemap.xml" "Mozilla/5.0 AppleWebKit/537.36 (KHTML, like Gecko; compatible; GPTBot/1.3; +https://openai.com/gptbot)" 337 **0/337798**
74.7.227.172 - - [21/Mar/2026:05:17:49 -0700] "GET /?fileloc=//bin/perlivp&path=//bin HTTP/2.0" 200 5750 "https://artelron.com/?path=//bin" "Mozilla/5.0 AppleWebKit/537.36 (KHTML, like Gecko; compatible; GPTBot/1.3; +https://openai.com/gptbot)" 332 **0/332271**
57.141.20.17 - - [21/Mar/2026:05:17:49 -0700] "GET /shop/discover/pales012104822453?path=/home/dxfxddmd03st/public_html/wp-admin HTTP/2.0" 200 171679 "-" "meta-externalagent/1.1 (+https://developers.facebook.com/docs/sharing/webmasters/crawler)" 319 **0/319272**
57.141.20.55 - - [21/Mar/2026:05:17:49 -0700] "GET /shop/discredited/varies012896565828?fileloc=/home/dxfxddmd03st/public_html/wp-includes/class.wp-styles.php&path=/home/dxfxddmd03st/public_html/wp-includes HTTP/2.0" 200 12867 "-" "meta-externalagent/1.1 (+https://developers.facebook.com/docs/sharing/webmasters/crawler)" 317 **0/317214**
57.141.20.2 - - [21/Mar/2026:05:17:49 -0700] "GET /shop/calefactive/rutic01763685223?path=/home/dxfxddmd03st/public_html/wp-admin HTTP/2.0" 200 171679 "-" "meta-externalagent/1.1 (+https://developers.facebook.com/docs/sharing/webmasters/crawler)" 316 **0/316353**
57.141.20.55 - - [21/Mar/2026:05:17:50 -0700] "GET /shop/calabozo/morgan013611343298?path=/home/dxfxddmd03st/public_html/wp-admin HTTP/2.0" 200 171679 "-" "meta-externalagent/1.1 (+https://developers.facebook.com/docs/sharing/webmasters/crawler)" 322 **0/322131**
62.216.205.226 - - [21/Mar/2026:05:17:50 -0700] "GET /online-on-line-casino-mit-deutscher-lizenz-test-bonus-vergleich/feed/?fileloc=//bin/unzip&path=//bin HTTP/1.1" 200 84991 "-" "Mozilla/5.0 (compatible; MJ12bot/v1.4.8; http://mj12bot.com/)" 364 **0/364888**
216.73.216.4 - - [21/Mar/2026:05:17:50 -0700] "GET /shop/renown/steadfastly012806543911?fileloc=%2Fhome%2Fdxfxddmd03st%2Fpublic_html%2Fwp-admin%2Fincludes%2Fmenu.php&path=%2Fhome%2Fdxfxddmd03st%2Fpublic_html%2Fwp-admin%2Fincludes HTTP/2.0" 403 3474 "-" "Mozilla/5.0 AppleWebKit/537.36 (KHTML, like Gecko; compatible; ClaudeBot/1.0; +claudebot@anthropic.com)" 309 **0/309530**
57.141.20.50 - - [21/Mar/2026:05:17:50 -0700] "GET /shop/paynize/sottish011420954520?fileloc=//bin/mariadb-dump&path=//bin HTTP/2.0" 200 5414379 "-" "meta-externalagent/1.1 (+https://developers.facebook.com/docs/sharing/webmasters/crawler)" 783 **0/783338**
57.141.20.49 - - [21/Mar/2026:05:17:51 -0700] "GET /shop/insulsity/perruque012329169835?fileloc=/home/dxfxddmd03st/public_html/wp-admin/css/l10n.css&path=/home/dxfxddmd03st/public_html/wp-admin/css HTTP/2.0" 200 17164 "-" "meta-externalagent/1.1 (+https://developers.facebook.com/docs/sharing/webmasters/crawler)" 327 **0/327350**
57.141.20.50 - - [21/Mar/2026:05:17:51 -0700] "GET /shop/similative/artistically011729879418?fileloc=/home/dxfxddmd03st/public_html/wp-includes/blocks.php&path=/home/dxfxddmd03st/public_html/wp-includes HTTP/2.0" 200 136369 "-" "meta-externalagent/1.1 (+https://developers.facebook.com/docs/sharing/webmasters/crawler)" 327 **0/327598**
57.141.20.58 - - [21/Mar/2026:05:17:51 -0700] "GET /shop/calamities/daneweed013918269328?path=/home/dxfxddmd03st/public_html/wp-admin/maint HTTP/2.0" 200 16023 "-" "meta-externalagent/1.1 (+https://developers.facebook.com/docs/sharing/webmasters/crawler)" 318 **0/318166**
74.7.243.195 - - [21/Mar/2026:05:17:52 -0700] "GET /shop/indical/predestine01556847027 HTTP/2.0" 200 3474 "https://www.artelron.com/wp-sitemap.xml" "Mozilla/5.0 AppleWebKit/537.36 (KHTML, like Gecko; compatible; GPTBot/1.3; +https://openai.com/gptbot)" 320 **0/320616**
74.7.227.172 - - [21/Mar/2026:05:17:52 -0700] "GET /?fileloc=//bin/ifnames&path=//bin HTTP/2.0" 200 4215 "https://artelron.com/?path=//bin" "Mozilla/5.0 AppleWebKit/537.36 (KHTML, like Gecko; compatible; GPTBot/1.3; +https://openai.com/gptbot)" 329 **0/329733**
57.141.20.39 - - [21/Mar/2026:05:17:51 -0700] "GET /shop/paynize/sottish011420954520?fileloc=//bin/git-shell&path=//bin HTTP/2.0" 200 3533992 "-" "meta-externalagent/1.1 (+https://developers.facebook.com/docs/sharing/webmasters/crawler)" 732 **0/732643**
57.141.20.8 - - [21/Mar/2026:05:17:52 -0700] "GET /shop/semipagan/twinner012936373589 HTTP/2.0" 200 56935 "-" "meta-externalagent/1.1 (+https://developers.facebook.com/docs/sharing/webmasters/crawler)" 313 **0/313965**
57.141.20.50 - - [21/Mar/2026:05:17:53 -0700] "GET /shop/paymastergeneral/vulgarity011289947775 HTTP/2.0" 200 56935 "-" "meta-externalagent/1.1 (+https://developers.facebook.com/docs/sharing/webmasters/crawler)" 312 **0/312727**
57.141.20.40 - - [21/Mar/2026:05:17:53 -0700] "GET /shop/watching/banns012308274553 HTTP/2.0" 200 56935 "-" "meta-externalagent/1.1 (+https://developers.facebook.com/docs/sharing/webmasters/crawler)" 316 **0/316299**
57.141.20.39 - - [21/Mar/2026:05:17:53 -0700] "GET /shop/dryness/nidificated013467224929 HTTP/2.0" 200 56935 "-" "meta-externalagent/1.1 (+https://developers.facebook.com/docs/sharing/webmasters/crawler)" 321 **0/321208**
216.73.216.4 - - [21/Mar/2026:05:17:53 -0700] "GET /shop/illision/clocks012725376303?fileloc=%2Fhome%2Fdxfxddmd03st%2Fpublic_html%2Fwp-includes%2Fclass-requests.php&path=%2Fhome%2Fdxfxddmd03st%2Fpublic_html%2Fwp-includes HTTP/2.0" 403 3474 "-" "Mozilla/5.0 AppleWebKit/537.36 (KHTML, like Gecko; compatible; ClaudeBot/1.0; +claudebot@anthropic.com)" 329 **0/329118**
57.141.20.24 - - [21/Mar/2026:05:17:53 -0700] "GET /shop/downlooked/delation011806543597?fileloc=/home/dxfxddmd03st/public_html/wp-comments-post.php&path=/home/dxfxddmd03st/public_html HTTP/2.0" 200 15069 "-" "meta-externalagent/1.1 (+https://developers.facebook.com/docs/sharing/webmasters/crawler)" 324 **0/324977**
57.141.20.57 - - [21/Mar/2026:05:17:54 -0700] "GET /shop/paynize/sottish011420954520?fileloc=//bin/rnano&path=//bin HTTP/2.0" 200 406870 "-" "meta-externalagent/1.1 (+https://developers.facebook.com/docs/sharing/webmasters/crawler)" 496 **0/496641**
62.216.205.226 - - [21/Mar/2026:05:17:54 -0700] "GET /online-on-line-casino-mit-deutscher-lizenz-test-bonus-vergleich/feed/?fileloc=//bin/unzipsfx&path=//bin HTTP/1.1" 200 44368 "-" "Mozilla/5.0 (compatible; MJ12bot/v1.4.8; http://mj12bot.com/)" 338 **0/338032**
57.141.20.23 - - [21/Mar/2026:05:17:54 -0700] "GET /shop/paynize/sottish011420954520?fileloc=//bin/whatis&path=//bin HTTP/2.0" 200 91736 "-" "meta-externalagent/1.1 (+https://developers.facebook.com/docs/sharing/webmasters/crawler)" 325 **0/325104**
57.141.20.39 - - [21/Mar/2026:05:17:55 -0700] "GET /shop/bawble/solaced01745984843?fileloc=/home/dxfxddmd03st/public_html/yrgnf.php&path=/home/dxfxddmd03st/public_html HTTP/2.0" 200 44871 "-" "meta-externalagent/1.1 (+https://developers.facebook.com/docs/sharing/webmasters/crawler)" 355 **0/355767**
74.7.243.195 - - [21/Mar/2026:05:17:55 -0700] "GET /shop/stillroom/beplumed01988789354 HTTP/2.0" 200 3474 "https://www.artelron.com/wp-sitemap.xml" "Mozilla/5.0 AppleWebKit/537.36 (KHTML, like Gecko; compatible; GPTBot/1.3; +https://openai.com/gptbot)" 324 **0/324755**
74.7.227.172 - - [21/Mar/2026:05:17:55 -0700] "GET /?fileloc=//bin/mcookie&path=//bin HTTP/2.0" 200 14726 "https://artelron.com/?path=//bin" "Mozilla/5.0 AppleWebKit/537.36 (KHTML, like Gecko; compatible; GPTBot/1.3; +https://openai.com/gptbot)" 320 **0/320860**
57.141.20.44 - - [21/Mar/2026:05:17:55 -0700] "GET /shop/gallicize/technically011263253821?fileloc=/home/dxfxddmd03st/public_html/wp-admin/menu-header.php&path=/home/dxfxddmd03st/public_html/wp-admin HTTP/2.0" 200 24688 "-" "meta-externalagent/1.1 (+https://developers.facebook.com/docs/sharing/webmasters/crawler)" 334 **0/334324**
57.141.20.50 - - [21/Mar/2026:05:17:55 -0700] "GET /shop/silkcotton/mandrill01533259833?path=/ HTTP/2.0" 200 31770 "-" "meta-externalagent/1.1 (+https://developers.facebook.com/docs/sharing/webmasters/crawler)" 311 **0/311985**
57.141.20.4 - - [21/Mar/2026:05:17:56 -0700] "GET /shop/frith/gigas013793997649?fileloc=/home/dxfxddmd03st/public_html/wp-includes/class-wp-rewrite.php&path=/home/dxfxddmd03st/public_html/wp-includes HTTP/2.0" 200 81198 "-" "meta-externalagent/1.1 (+https://developers.facebook.com/docs/sharing/webmasters/crawler)" 316 **0/316933**
57.141.20.35 - - [21/Mar/2026:05:17:56 -0700] "GET /shop/shapoo/bullenbullen012395508027 HTTP/2.0" 200 56935 "-" "meta-externalagent/1.1 (+https://developers.facebook.com/docs/sharing/webmasters/crawler)" 314 **0/314159**
216.73.216.4 - - [21/Mar/2026:05:17:56 -0700] "GET /shop/agouta/wrecked011671455883?path=%2F%2Fhome HTTP/2.0" 403 3474 "-" "Mozilla/5.0 AppleWebKit/537.36 (KHTML, like Gecko; compatible; ClaudeBot/1.0; +claudebot@anthropic.com)" 345 **0/345242**
57.141.20.57 - - [21/Mar/2026:05:17:57 -0700] "GET /shop/preataxic/aitch011690071657?fileloc=/home/dxfxddmd03st/public_html/colors.php&path=/home/dxfxddmd03st/public_html HTTP/2.0" 200 145270 "-" "meta-externalagent/1.1 (+https://developers.facebook.com/docs/sharing/webmasters/crawler)" 331 **0/331504**
57.141.20.37 - - [21/Mar/2026:05:17:57 -0700] "GET /shop/lingism/ungrateful013091259372?path=/home/dxfxddmd03st/mail/.admin@artelron_com HTTP/2.0" 200 46040 "-" "meta-externalagent/1.1 (+https://developers.facebook.com/docs/sharing/webmasters/crawler)" 319 **0/319850**
57.141.20.9 - - [21/Mar/2026:05:17:57 -0700] "GET /shop/columbae/columbidae012435741118?fileloc=//bin/dir&path=//bin HTTP/2.0" 200 231698 "-" "meta-externalagent/1.1 (+https://developers.facebook.com/docs/sharing/webmasters/crawler)" 410 **0/410001**
57.141.20.45 - - [21/Mar/2026:05:17:58 -0700] "GET /shop/paynize/sottish011420954520?fileloc=//bin/montage&path=//bin HTTP/2.0" 200 26159 "-" "meta-externalagent/1.1 (+https://developers.facebook.com/docs/sharing/webmasters/crawler)" 314 **0/314455**
74.7.243.195 - - [21/Mar/2026:05:17:58 -0700] "GET /shop/oldest/gratulation01561435815 HTTP/2.0" 200 3474 "https://www.artelron.com/wp-sitemap.xml" "Mozilla/5.0 AppleWebKit/537.36 (KHTML, like Gecko; compatible; GPTBot/1.3; +https://openai.com/gptbot)" 334 **0/334263**
74.7.227.172 - - [21/Mar/2026:05:17:58 -0700] "GET /?fileloc=//bin/timeout&path=//bin HTTP/2.0" 200 18470 "https://artelron.com/?path=//bin" "Mozilla/5.0 AppleWebKit/537.36 (KHTML, like Gecko; compatible; GPTBot/1.3; +https://openai.com/gptbot)" 330 **0/330723**
57.141.20.12 - - [21/Mar/2026:05:17:58 -0700] "GET /shop/paynize/sottish011420954520?fileloc=//bin/ssh&path=//bin HTTP/2.0" 200 1182392 "-" "meta-externalagent/1.1 (+https://developers.facebook.com/docs/sharing/webmasters/crawler)" 591 **0/591041**
57.141.20.21 - - [21/Mar/2026:05:17:58 -0700] "GET /shop/columbae/columbidae012435741118?fileloc=//bin/sum&path=//bin HTTP/2.0" 200 79308 "-" "meta-externalagent/1.1 (+https://developers.facebook.com/docs/sharing/webmasters/crawler)" 318 **0/318108**
57.141.20.51 - - [21/Mar/2026:05:17:59 -0700] "GET /shop/deceased/setback013792622027 HTTP/2.0" 200 56935 "-" "meta-externalagent/1.1 (+https://developers.facebook.com/docs/sharing/webmasters/crawler)" 329 **0/329429**
62.216.205.226 - - [21/Mar/2026:05:17:59 -0700] "GET /online-on-line-casino-mit-deutscher-lizenz-test-bonus-vergleich/feed/?fileloc=//bin/uptime&path=//bin HTTP/1.1" 200 6653 "-" "Mozilla/5.0 (compatible; MJ12bot/v1.4.8; http://mj12bot.com/)" 374 **0/374259**
57.141.20.58 - - [21/Mar/2026:05:17:59 -0700] "GET /shop/pontificial/forfeit013597019575?fileloc=/home/dxfxddmd03st/public_html/wp-admin/import.php&path=/home/dxfxddmd03st/public_html/wp-admin HTTP/2.0" 200 22110 "-" "meta-externalagent/1.1 (+https://developers.facebook.com/docs/sharing/webmasters/crawler)" 318 **0/318470**
57.141.20.24 - - [21/Mar/2026:05:17:59 -0700] "GET /shop/disfigurement/slimily012708561974?path=/home/dxfxddmd03st/public_html/ssl HTTP/2.0" 200 17101 "-" "meta-externalagent/1.1 (+https://developers.facebook.com/docs/sharing/webmasters/crawler)" 316 **0/316398**
216.73.216.4 - - [21/Mar/2026:05:17:59 -0700] "GET /shop/illision/clocks012725376303?path=%2Fhome%2Fdxfxddmd03st%2Fpublic_html%2Fwp-includes%2Ffonts HTTP/2.0" 403 3474 "-" "Mozilla/5.0 AppleWebKit/537.36 (KHTML, like Gecko; compatible; ClaudeBot/1.0; +claudebot@anthropic.com)" 331 **0/331604**
57.141.20.21 - - [21/Mar/2026:05:18:00 -0700] "GET /shop/calque/redcoated01196548822?fileloc=/home/dxfxddmd03st/public_html/yrgnf.php&path=/home/dxfxddmd03st/public_html HTTP/2.0" 200 44871 "-" "meta-externalagent/1.1 (+https://developers.facebook.com/docs/sharing/webmasters/crawler)" 329 **0/329213**
57.141.20.51 - - [21/Mar/2026:05:18:00 -0700] "GET /shop/enchase/tsetung012334970722?fileloc=/home/dxfxddmd03st/www/wp-includes/theme-previews.php&path=/home/dxfxddmd03st/www/wp-includes HTTP/2.0" 200 15614 "-" "meta-externalagent/1.1 (+https://developers.facebook.com/docs/sharing/webmasters/crawler)" 322 **0/322187**
57.141.20.45 - - [21/Mar/2026:05:18:00 -0700] "GET /shop/fridstol/zebub01274606903 HTTP/2.0" 200 56935 "-" "meta-externalagent/1.1 (+https://developers.facebook.com/docs/sharing/webmasters/crawler)" 318 **0/318513**
57.141.20.40 - - [21/Mar/2026:05:18:00 -0700] "GET /shop/loathsomely/plastids011996875564 HTTP/2.0" 200 56935 "-" "meta-externalagent/1.1 (+https://developers.facebook.com/docs/sharing/webmasters/crawler)" 324 **0/324657**
74.7.243.195 - - [21/Mar/2026:05:18:01 -0700] "GET /shop/archway/microphone01938214195 HTTP/2.0" 200 3474 "https://www.artelron.com/wp-sitemap.xml" "Mozilla/5.0 AppleWebKit/537.36 (KHTML, like Gecko; compatible; GPTBot/1.3; +https://openai.com/gptbot)" 377 **0/377666**
57.141.20.6 - - [21/Mar/2026:05:18:01 -0700] "GET /shop/fabulousness/guaiacum013661918441?path=/home/dxfxddmd03st/public_html/artelron.com HTTP/2.0" 200 17369 "-" "meta-externalagent/1.1 (+https://developers.facebook.com/docs/sharing/webmasters/crawler)" 339 **0/339491**
74.7.227.172 - - [21/Mar/2026:05:18:01 -0700] "GET /?fileloc=//bin/logname&path=//bin HTTP/2.0" 200 14483 "https://artelron.com/?path=//bin" "Mozilla/5.0 AppleWebKit/537.36 (KHTML, like Gecko; compatible; GPTBot/1.3; +https://openai.com/gptbot)" 368 **0/368898**
57.141.20.15 - - [21/Mar/2026:05:18:01 -0700] "GET /shop/dodoes/fumiferous01619566854 HTTP/2.0" 200 56935 "-" "meta-externalagent/1.1 (+https://developers.facebook.com/docs/sharing/webmasters/crawler)" 427 **0/427973**
57.141.20.32 - - [21/Mar/2026:05:18:02 -0700] "GET /shop/paradoxal/hosepipe011119298975?path=/home/dxfxddmd03st/public_html/.tmb HTTP/2.0" 200 22681 "-" "meta-externalagent/1.1 (+https://developers.facebook.com/docs/sharing/webmasters/crawler)" 339 **0/339254**
57.141.20.30 - - [21/Mar/2026:05:18:02 -0700] "GET /shop/daughterinlaw/collet01123261348?path=/home/dxfxddmd03st/public_html/wp-content/themes HTTP/2.0" 200 35109 "-" "meta-externalagent/1.1 (+https://developers.facebook.com/docs/sharing/webmasters/crawler)" 341 **0/341920**
216.73.216.4 - - [21/Mar/2026:05:18:02 -0700] "GET /shop/renown/steadfastly012806543911?fileloc=%2Fhome%2Fdxfxddmd03st%2Fpublic_html%2Fwp-admin%2Fcss%2Frevisions.min.css&path=%2Fhome%2Fdxfxddmd03st%2Fpublic_html%2Fwp-admin%2Fcss HTTP/2.0" 200 4393 "-" "Mozilla/5.0 AppleWebKit/537.36 (KHTML, like Gecko; compatible; ClaudeBot/1.0; +claudebot@anthropic.com)" 356 **0/356923**
62.216.205.226 - - [21/Mar/2026:05:18:03 -0700] "GET /online-on-line-casino-mit-deutscher-lizenz-test-bonus-vergleich/feed/?fileloc=//bin/utmpdump&path=//bin HTTP/1.1" 200 11138 "-" "Mozilla/5.0 (compatible; MJ12bot/v1.4.8; http://mj12bot.com/)" 358 **0/358343**
57.141.20.55 - - [21/Mar/2026:05:18:03 -0700] "GET /shop/frith/gigas013793997649?fileloc=/home/dxfxddmd03st/public_html/wp-includes/rss-functions.php&path=/home/dxfxddmd03st/public_html/wp-includes HTTP/2.0" 200 12782 "-" "meta-externalagent/1.1 (+https://developers.facebook.com/docs/sharing/webmasters/crawler)" 352 **0/352883**
57.141.20.55 - - [21/Mar/2026:05:18:03 -0700] "GET /shop/garlic/muckiness012293950862?fileloc=/home/dxfxddmd03st/public_html/wp-signup.php&path=/home/dxfxddmd03st/public_html HTTP/2.0" 200 53921 "-" "meta-externalagent/1.1 (+https://developers.facebook.com/docs/sharing/webmasters/crawler)" 375 **0/375268**
57.141.20.24 - - [21/Mar/2026:05:18:03 -0700] "GET /shop/paynize/sottish011420954520?fileloc=//bin/eps2eps&path=//bin HTTP/2.0" 200 13032 "-" "meta-externalagent/1.1 (+https://developers.facebook.com/docs/sharing/webmasters/crawler)" 347 **0/347847**
57.141.20.10 - - [21/Mar/2026:05:18:03 -0700] "GET /shop/awarder/slightingly012708398451?fileloc=/home/dxfxddmd03st/public_html/colors.php&path=/home/dxfxddmd03st/public_html HTTP/2.0" 200 145270 "-" "meta-externalagent/1.1 (+https://developers.facebook.com/docs/sharing/webmasters/crawler)" 350 **0/350580**
57.141.20.14 - - [21/Mar/2026:05:18:04 -0700] "GET /shop/enchase/tsetung012334970722?path=/home/dxfxddmd03st/www/wp-includes/block-patterns HTTP/2.0" 200 25917 "-" "meta-externalagent/1.1 (+https://developers.facebook.com/docs/sharing/webmasters/crawler)" 325 **0/325795**
74.7.243.195 - - [21/Mar/2026:05:18:04 -0700] "GET /shop/cockal/heartshaped01972646415 HTTP/2.0" 200 3474 "https://www.artelron.com/wp-sitemap.xml" "Mozilla/5.0 AppleWebKit/537.36 (KHTML, like Gecko; compatible; GPTBot/1.3; +https://openai.com/gptbot)" 353 **0/353397**
57.141.20.59 - - [21/Mar/2026:05:18:04 -0700] "GET /shop/frith/gigas013793997649?fileloc=/home/dxfxddmd03st/public_html/wp-includes/shortcodes.php&path=/home/dxfxddmd03st/public_html/wp-includes HTTP/2.0" 200 38134 "-" "meta-externalagent/1.1 (+https://developers.facebook.com/docs/sharing/webmasters/crawler)" 321 **0/321111**
74.7.227.172 - - [21/Mar/2026:05:18:04 -0700] "GET /?fileloc=//bin/aclocal&path=//bin HTTP/2.0" 200 14504 "https://artelron.com/?path=//bin" "Mozilla/5.0 AppleWebKit/537.36 (KHTML, like Gecko; compatible; GPTBot/1.3; +https://openai.com/gptbot)" 321 **0/321351**
57.141.20.25 - - [21/Mar/2026:05:18:04 -0700] "GET /shop/gobius/sprong013664342655?fileloc=/home/dxfxddmd03st/public_html/wp-admin/link.php&path=/home/dxfxddmd03st/public_html/wp-admin HTTP/2.0" 200 15882 "-" "meta-externalagent/1.1 (+https://developers.facebook.com/docs/sharing/webmasters/crawler)" 325 **0/325021**
57.141.20.49 - - [21/Mar/2026:05:18:05 -0700] "GET /shop/overmellow/wolfhound013009661063 HTTP/2.0" 200 56935 "-" "meta-externalagent/1.1 (+https://developers.facebook.com/docs/sharing/webmasters/crawler)" 319 **0/319189**
57.141.20.19 - - [21/Mar/2026:05:18:05 -0700] "GET /shop/paynize/sottish011420954520?fileloc=/home/dxfxddmd03st/public_html/moked-hash.co.il/txets.php&path=/home/dxfxddmd03st/public_html/moked-hash.co.il HTTP/2.0" 200 12515 "-" "meta-externalagent/1.1 (+https://developers.facebook.com/docs/sharing/webmasters/crawler)" 334 **0/334005**
216.73.216.4 - - [21/Mar/2026:05:18:05 -0700] "GET /shop/sheaf/deposal012663056337?fileloc=%2Fhome%2Fdxfxddmd03st%2Fpublic_html%2Fwp-includes%2Fclass-requests.php&path=%2Fhome%2Fdxfxddmd03st%2Fpublic_html%2Fwp-includes HTTP/2.0" 200 3068 "-" "Mozilla/5.0 AppleWebKit/537.36 (KHTML, like Gecko; compatible; ClaudeBot/1.0; +claudebot@anthropic.com)" 328 **0/328364**
57.141.20.47 - - [21/Mar/2026:05:18:06 -0700] "GET /shop/enchase/tsetung012334970722?fileloc=/home/dxfxddmd03st/.bash_profile.rpmnew&path=/home/dxfxddmd03st HTTP/2.0" 200 12501 "-" "meta-externalagent/1.1 (+https://developers.facebook.com/docs/sharing/webmasters/crawler)" 318 **0/318487**
57.141.20.38 - - [21/Mar/2026:05:18:06 -0700] "GET /shop/dannebrog/councilman01974781330?fileloc=/home/dxfxddmd03st/public_html/wp-includes/https-detection.php&path=/home/dxfxddmd03st/public_html/wp-includes HTTP/2.0" 200 18767 "-" "meta-externalagent/1.1 (+https://developers.facebook.com/docs/sharing/webmasters/crawler)" 329 **0/329306**
57.141.20.55 - - [21/Mar/2026:05:18:06 -0700] "GET /shop/deepwaisted/asserting012628497267?fileloc=/home/dxfxddmd03st/logs/moked-hash.artelron.com-ssl_log-Mar-2026.gz&path=/home/dxfxddmd03st/logs HTTP/2.0" 200 302154 "-" "meta-externalagent/1.1 (+https://developers.facebook.com/docs/sharing/webmasters/crawler)" 407 **0/407775**
57.141.20.59 - - [21/Mar/2026:05:18:06 -0700] "GET /shop/mazing/moonie012543262677?fileloc=/home/dxfxddmd03st/public_html/wp-admin/options-privacy.php&path=/home/dxfxddmd03st/public_html/wp-admin HTTP/2.0" 200 25168 "-" "meta-externalagent/1.1 (+https://developers.facebook.com/docs/sharing/webmasters/crawler)" 320 **0/320862**
62.216.205.226 - - [21/Mar/2026:05:18:07 -0700] "GET /online-on-line-casino-mit-deutscher-lizenz-test-bonus-vergleich/feed/?fileloc=//bin/vdir&path=//bin HTTP/1.1" 200 57533 "-" "Mozilla/5.0 (compatible; MJ12bot/v1.4.8; http://mj12bot.com/)" 347 **0/347696**
57.141.20.4 - - [21/Mar/2026:05:18:07 -0700] "GET /shop/blackjack/coeducational01463544952?fileloc=/home/dxfxddmd03st/public_html/moked-hash.co.il/wp-settings.php&path=/home/dxfxddmd03st/public_html/moked-hash.co.il HTTP/2.0" 200 45972 "-" "meta-externalagent/1.1 (+https://developers.facebook.com/docs/sharing/webmasters/crawler)" 323 **0/323773**
74.7.243.195 - - [21/Mar/2026:05:18:07 -0700] "GET /shop/increased/busheler01986365156 HTTP/2.0" 200 3474 "https://www.artelron.com/wp-sitemap.xml" "Mozilla/5.0 AppleWebKit/537.36 (KHTML, like Gecko; compatible; GPTBot/1.3; +https://openai.com/gptbot)" 343 **0/343924**
57.141.20.19 - - [21/Mar/2026:05:18:07 -0700] "GET /shop/enchase/tsetung012334970722?fileloc=/home/dxfxddmd03st/www/wp-includes/fonts.php&path=/home/dxfxddmd03st/www/wp-includes HTTP/2.0" 200 23051 "-" "meta-externalagent/1.1 (+https://developers.facebook.com/docs/sharing/webmasters/crawler)" 333 **0/333242**
74.7.227.172 - - [21/Mar/2026:05:18:07 -0700] "GET /?path=//lib/modules/4.18.0-553.52.1.lve.el8.x86_64/kernel/crypto HTTP/2.0" 200 3938 "https://artelron.com/?path=//lib/modules/4.18.0-553.52.1.lve.el8.x86_64/kernel" "Mozilla/5.0 AppleWebKit/537.36 (KHTML, like Gecko; compatible; GPTBot/1.3; +https://openai.com/gptbot)" 327 **0/327582**
57.141.20.26 - - [21/Mar/2026:05:18:08 -0700] "GET /shop/flared/sparteine01191960050 HTTP/2.0" 200 56935 "-" "meta-externalagent/1.1 (+https://developers.facebook.com/docs/sharing/webmasters/crawler)" 330 **0/330405**
57.141.20.44 - - [21/Mar/2026:05:18:08 -0700] "GET /shop/paynize/sottish011420954520?fileloc=//bin/mv&path=//bin HTTP/2.0" 200 247446 "-" "meta-externalagent/1.1 (+https://developers.facebook.com/docs/sharing/webmasters/crawler)" 402 **0/402475**
57.141.20.28 - - [21/Mar/2026:05:18:08 -0700] "GET /shop/pervestigate/dilettantism013880460419 HTTP/2.0" 200 56935 "-" "meta-externalagent/1.1 (+https://developers.facebook.com/docs/sharing/webmasters/crawler)" 319 **0/319270**
216.73.216.4 - - [21/Mar/2026:05:18:08 -0700] "GET /shop/sheaf/deposal012663056337?path=%2Fhome%2Fdxfxddmd03st%2Fpublic_html%2Fwp-includes%2Ffonts HTTP/2.0" 200 2918 "-" "Mozilla/5.0 AppleWebKit/537.36 (KHTML, like Gecko; compatible; ClaudeBot/1.0; +claudebot@anthropic.com)" 325 **0/325168**
57.141.20.52 - - [21/Mar/2026:05:18:09 -0700] "GET /shop/addendum/preached011183212953?path=/home/dxfxddmd03st/public_html/ssl HTTP/2.0" 200 17101 "-" "meta-externalagent/1.1 (+https://developers.facebook.com/docs/sharing/webmasters/crawler)" 335 **0/335915**
57.141.20.42 - - [21/Mar/2026:05:18:09 -0700] "GET /shop/enchase/tsetung012334970722?fileloc=/home/dxfxddmd03st/www/wp-includes/class-wp-http-proxy.php&path=/home/dxfxddmd03st/www/wp-includes HTTP/2.0" 200 18931 "-" "meta-externalagent/1.1 (+https://developers.facebook.com/docs/sharing/webmasters/crawler)" 324 **0/324275**
57.141.20.23 - - [21/Mar/2026:05:18:09 -0700] "GET /shop/similative/artistically011729879418?fileloc=/home/dxfxddmd03st/public_html/wp-includes/class-wp-customize-setting.php&path=/home/dxfxddmd03st/public_html/wp-includes HTTP/2.0" 200 44447 "-" "meta-externalagent/1.1 (+https://developers.facebook.com/docs/sharing/webmasters/crawler)" 320 **0/320280**
57.141.20.47 - - [21/Mar/2026:05:18:10 -0700] "GET /shop/deepwaisted/asserting012628497267?fileloc=//bin/cat&path=//bin HTTP/2.0" 200 67225 "-" "meta-externalagent/1.1 (+https://developers.facebook.com/docs/sharing/webmasters/crawler)" 323 **0/323165**
57.141.20.7 - - [21/Mar/2026:05:18:10 -0700] "GET /shop/voortreker/shtetl012743617440?fileloc=/home/dxfxddmd03st/public_html/wp-signup.php&path=/home/dxfxddmd03st/public_html HTTP/2.0" 200 53921 "-" "meta-externalagent/1.1 (+https://developers.facebook.com/docs/sharing/webmasters/crawler)" 321 **0/321785**
57.141.20.31 - - [21/Mar/2026:05:18:10 -0700] "GET /shop/pontificial/forfeit013597019575?fileloc=/home/dxfxddmd03st/public_html/wp-admin/term.php&path=/home/dxfxddmd03st/public_html/wp-admin HTTP/2.0" 200 15130 "-" "meta-externalagent/1.1 (+https://developers.facebook.com/docs/sharing/webmasters/crawler)" 341 **0/341807**
74.7.243.195 - - [21/Mar/2026:05:18:10 -0700] "GET /shop/vichy/copulatively01409232045 HTTP/2.0" 200 3474 "https://www.artelron.com/wp-sitemap.xml" "Mozilla/5.0 AppleWebKit/537.36 (KHTML, like Gecko; compatible; GPTBot/1.3; +https://openai.com/gptbot)" 348 **0/348723**
57.141.20.12 - - [21/Mar/2026:05:18:11 -0700] "GET /shop/ruttishness/buxifolium01957262753?fileloc=/home/dxfxddmd03st/public_html/wp-settings.php&path=/home/dxfxddmd03st/public_html HTTP/2.0" 200 46994 "-" "meta-externalagent/1.1 (+https://developers.facebook.com/docs/sharing/webmasters/crawler)" 346 **0/346007**
