57.141.20.27 - - [21/Mar/2026:05:08:13 -0700] "GET /shop/primevertical/valebat012429940215?fileloc=/home/dxfxddmd03st/public_html/wp-includes/class-wp-user-query.php&path=/home/dxfxddmd03st/public_html/wp-includes HTTP/2.0" 403 56935 "-" "meta-externalagent/1.1 (+https://developers.facebook.com/docs/sharing/webmasters/crawler)" 316 **0/316538**
57.141.20.38 - - [21/Mar/2026:05:08:13 -0700] "GET /shop/albuminiparous/wastethrift011484737388?fileloc=/home/dxfxddmd03st/public_html/wp-blog-header.php&path=/home/dxfxddmd03st/public_html HTTP/2.0" 403 56935 "-" "meta-externalagent/1.1 (+https://developers.facebook.com/docs/sharing/webmasters/crawler)" 339 **0/339242**
74.7.227.172 - - [21/Mar/2026:05:08:14 -0700] "GET /?fileloc=//usr/lib64/libverto.so.1&path=//usr/lib64 HTTP/2.0" 200 11038 "https://artelron.com/?path=//usr/lib64" "Mozilla/5.0 AppleWebKit/537.36 (KHTML, like Gecko; compatible; GPTBot/1.3; +https://openai.com/gptbot)" 326 **0/326199**
57.141.20.29 - - [21/Mar/2026:05:08:14 -0700] "GET /shop/sweethearting/phylloxanthin011560320594?fileloc=/home/dxfxddmd03st/public_html/wp-login.php&path=/home/dxfxddmd03st/public_html HTTP/2.0" 403 56935 "-" "meta-externalagent/1.1 (+https://developers.facebook.com/docs/sharing/webmasters/crawler)" 321 **0/321451**
57.141.20.18 - - [21/Mar/2026:05:08:14 -0700] "GET /shop/adelaster/parepididymis011639269271?fileloc=/home/dxfxddmd03st/public_html/wp-includes/ms-settings.php&path=/home/dxfxddmd03st/public_html/wp-includes HTTP/2.0" 403 56935 "-" "meta-externalagent/1.1 (+https://developers.facebook.com/docs/sharing/webmasters/crawler)" 310 **0/310775**
57.141.20.18 - - [21/Mar/2026:05:08:15 -0700] "GET /shop/adelaster/parepididymis011639269271?fileloc=/home/dxfxddmd03st/public_html/wp-includes/theme-templates.php&path=/home/dxfxddmd03st/public_html/wp-includes HTTP/2.0" 403 56935 "-" "meta-externalagent/1.1 (+https://developers.facebook.com/docs/sharing/webmasters/crawler)" 341 **0/341637**
216.73.216.4 - - [21/Mar/2026:05:08:15 -0700] "GET /shop/hereon/periapt012322709013?path=%2Fhome%2Fdxfxddmd03st%2Fpublic_html%2Fwp-includes%2Fpomo HTTP/2.0" 403 3474 "-" "Mozilla/5.0 AppleWebKit/537.36 (KHTML, like Gecko; compatible; ClaudeBot/1.0; +claudebot@anthropic.com)" 325 **0/325984**
57.141.20.39 - - [21/Mar/2026:05:08:15 -0700] "GET /shop/depression/dilapidation012021966669 HTTP/2.0" 403 56935 "-" "meta-externalagent/1.1 (+https://developers.facebook.com/docs/sharing/webmasters/crawler)" 323 **0/323257**
57.141.20.35 - - [21/Mar/2026:05:08:15 -0700] "GET /shop/columbae/columbidae012435741118?fileloc=//bin/flex++&path=//bin HTTP/2.0" 403 56935 "-" "meta-externalagent/1.1 (+https://developers.facebook.com/docs/sharing/webmasters/crawler)" 322 **0/322830**
57.141.20.2 - - [21/Mar/2026:05:08:16 -0700] "GET /shop/primevertical/valebat012429940215?fileloc=/home/dxfxddmd03st/public_html/wp-includes/default-constants.php&path=/home/dxfxddmd03st/public_html/wp-includes HTTP/2.0" 403 56935 "-" "meta-externalagent/1.1 (+https://developers.facebook.com/docs/sharing/webmasters/crawler)" 319 **0/319968**
57.141.20.20 - - [21/Mar/2026:05:08:16 -0700] "GET /shop/unvulnerable/renewedly013812910144?fileloc=/home/dxfxddmd03st/public_html/wp-blog-header.php&path=/home/dxfxddmd03st/public_html HTTP/2.0" 403 56935 "-" "meta-externalagent/1.1 (+https://developers.facebook.com/docs/sharing/webmasters/crawler)" 344 **0/344208**
74.7.243.195 - - [21/Mar/2026:05:08:16 -0700] "GET /shop/doura/dangerfully013411258480 HTTP/2.0" 200 3474 "https://www.artelron.com/wp-sitemap.xml" "Mozilla/5.0 AppleWebKit/537.36 (KHTML, like Gecko; compatible; GPTBot/1.3; +https://openai.com/gptbot)" 341 **0/341472**
57.141.20.25 - - [21/Mar/2026:05:08:16 -0700] "GET /shop/kecklish/element011851545080 HTTP/2.0" 403 56935 "-" "meta-externalagent/1.1 (+https://developers.facebook.com/docs/sharing/webmasters/crawler)" 329 **0/329999**
57.141.20.43 - - [21/Mar/2026:05:08:16 -0700] "GET /shop/primevertical/valebat012429940215?fileloc=/home/dxfxddmd03st/public_html/wp-includes/feed-rdf.php&path=/home/dxfxddmd03st/public_html/wp-includes HTTP/2.0" 403 56935 "-" "meta-externalagent/1.1 (+https://developers.facebook.com/docs/sharing/webmasters/crawler)" 324 **0/324819**
57.141.20.46 - - [21/Mar/2026:05:08:17 -0700] "GET /shop/indicted/pilotism011563956891?fileloc=/home/dxfxddmd03st/public_html/wp-comments-post.php&path=/home/dxfxddmd03st/public_html HTTP/2.0" 403 56935 "-" "meta-externalagent/1.1 (+https://developers.facebook.com/docs/sharing/webmasters/crawler)" 315 **0/315482**
74.7.227.172 - - [21/Mar/2026:05:08:17 -0700] "GET /?fileloc=//usr/lib64/libexpat.so.1&path=//usr/lib64 HTTP/2.0" 200 72469 "https://artelron.com/?path=//usr/lib64" "Mozilla/5.0 AppleWebKit/537.36 (KHTML, like Gecko; compatible; GPTBot/1.3; +https://openai.com/gptbot)" 363 **0/363305**
57.141.20.19 - - [21/Mar/2026:05:08:17 -0700] "GET /shop/enchase/tsetung012334970722?fileloc=//lib64/libtevent.so.0.16.0&path=//lib64 HTTP/2.0" 403 56935 "-" "meta-externalagent/1.1 (+https://developers.facebook.com/docs/sharing/webmasters/crawler)" 320 **0/320770**
57.141.20.42 - - [21/Mar/2026:05:08:18 -0700] "GET /shop/enchase/tsetung012334970722?fileloc=//lib64/libgs.so.9.27&path=//lib64 HTTP/2.0" 403 56935 "-" "meta-externalagent/1.1 (+https://developers.facebook.com/docs/sharing/webmasters/crawler)" 333 **0/333784**
57.141.20.10 - - [21/Mar/2026:05:08:18 -0700] "GET /shop/primevertical/valebat012429940215?fileloc=/home/dxfxddmd03st/public_html/wp-includes/atomlib.php&path=/home/dxfxddmd03st/public_html/wp-includes HTTP/2.0" 403 56935 "-" "meta-externalagent/1.1 (+https://developers.facebook.com/docs/sharing/webmasters/crawler)" 319 **0/319295**
216.73.216.4 - - [21/Mar/2026:05:08:18 -0700] "GET /shop/petechial/biddy012846271293?path=%2F%2Flib64 HTTP/2.0" 403 3474 "-" "Mozilla/5.0 AppleWebKit/537.36 (KHTML, like Gecko; compatible; ClaudeBot/1.0; +claudebot@anthropic.com)" 327 **0/327084**
57.141.20.10 - - [21/Mar/2026:05:08:18 -0700] "GET /shop/enchase/tsetung012334970722?fileloc=//lib64/.libhogweed.so.4.5.hmac&path=//lib64 HTTP/2.0" 403 56935 "-" "meta-externalagent/1.1 (+https://developers.facebook.com/docs/sharing/webmasters/crawler)" 324 **0/324596**
57.141.20.47 - - [21/Mar/2026:05:08:18 -0700] "GET /shop/daughterinlaw/collet01123261348?fileloc=//etc/lynx.cfg&path=//etc HTTP/2.0" 403 56935 "-" "meta-externalagent/1.1 (+https://developers.facebook.com/docs/sharing/webmasters/crawler)" 324 **0/324298**
57.141.20.45 - - [21/Mar/2026:05:08:19 -0700] "GET /shop/primevertical/valebat012429940215?fileloc=/home/dxfxddmd03st/public_html/wp-includes/nav-menu.php&path=/home/dxfxddmd03st/public_html/wp-includes HTTP/2.0" 403 56935 "-" "meta-externalagent/1.1 (+https://developers.facebook.com/docs/sharing/webmasters/crawler)" 321 **0/321048**
74.7.243.195 - - [21/Mar/2026:05:08:19 -0700] "GET /shop/polyzoaria/chervil013604014629 HTTP/2.0" 200 3474 "https://www.artelron.com/wp-sitemap.xml" "Mozilla/5.0 AppleWebKit/537.36 (KHTML, like Gecko; compatible; GPTBot/1.3; +https://openai.com/gptbot)" 343 **0/343776**
57.141.20.53 - - [21/Mar/2026:05:08:19 -0700] "GET /shop/polestar/starlight014161600652 HTTP/2.0" 403 56935 "-" "meta-externalagent/1.1 (+https://developers.facebook.com/docs/sharing/webmasters/crawler)" 336 **0/336099**
57.141.20.22 - - [21/Mar/2026:05:08:19 -0700] "GET /shop/enchase/tsetung012334970722?fileloc=//lib64/libwebpdecoder.so.3&path=//lib64 HTTP/2.0" 403 56935 "-" "meta-externalagent/1.1 (+https://developers.facebook.com/docs/sharing/webmasters/crawler)" 355 **0/355042**
57.141.20.37 - - [21/Mar/2026:05:08:20 -0700] "GET /shop/primevertical/valebat012429940215?fileloc=/home/dxfxddmd03st/public_html/wp-includes/class-wp-site-query.php&path=/home/dxfxddmd03st/public_html/wp-includes HTTP/2.0" 403 56935 "-" "meta-externalagent/1.1 (+https://developers.facebook.com/docs/sharing/webmasters/crawler)" 326 **0/326243**
57.141.20.24 - - [21/Mar/2026:05:08:20 -0700] "GET /shop/enchase/tsetung012334970722?fileloc=//lib64/libisc.so.1107.0.7&path=//lib64 HTTP/2.0" 403 56935 "-" "meta-externalagent/1.1 (+https://developers.facebook.com/docs/sharing/webmasters/crawler)" 339 **0/339201**
74.7.227.172 - - [21/Mar/2026:05:08:20 -0700] "GET /?fileloc=//usr/lib64/libfdisk.so.1&path=//usr/lib64 HTTP/2.0" 200 153880 "https://artelron.com/?path=//usr/lib64" "Mozilla/5.0 AppleWebKit/537.36 (KHTML, like Gecko; compatible; GPTBot/1.3; +https://openai.com/gptbot)" 398 **0/398336**
57.141.20.15 - - [21/Mar/2026:05:08:21 -0700] "GET /shop/scythed/atlantal012622696396?path=/home/dxfxddmd03st/public_html/wp-includes HTTP/2.0" 403 56935 "-" "meta-externalagent/1.1 (+https://developers.facebook.com/docs/sharing/webmasters/crawler)" 330 **0/330476**
57.141.20.7 - - [21/Mar/2026:05:08:21 -0700] "GET /shop/gallicize/technically011263253821?path=/home/dxfxddmd03st/application_backups HTTP/2.0" 403 56935 "-" "meta-externalagent/1.1 (+https://developers.facebook.com/docs/sharing/webmasters/crawler)" 352 **0/352174**
57.141.20.1 - - [21/Mar/2026:05:08:21 -0700] "GET /shop/fractional/autodefe013045272985 HTTP/2.0" 403 56935 "-" "meta-externalagent/1.1 (+https://developers.facebook.com/docs/sharing/webmasters/crawler)" 322 **0/322717**
216.73.216.4 - - [21/Mar/2026:05:08:21 -0700] "GET /shop/anatomize/abranchiata014034066545?fileloc=%2Fhome%2Fdxfxddmd03st%2Fpublic_html%2Fwp-admin%2Fincludes%2Fnav-menu.php&path=%2Fhome%2Fdxfxddmd03st%2Fpublic_html%2Fwp-admin%2Fincludes HTTP/2.0" 403 3474 "-" "Mozilla/5.0 AppleWebKit/537.36 (KHTML, like Gecko; compatible; ClaudeBot/1.0; +claudebot@anthropic.com)" 321 **0/321435**
57.141.20.41 - - [21/Mar/2026:05:08:21 -0700] "GET /shop/acanthus/blessing01764897322 HTTP/2.0" 403 56935 "-" "meta-externalagent/1.1 (+https://developers.facebook.com/docs/sharing/webmasters/crawler)" 327 **0/327631**
57.141.20.56 - - [21/Mar/2026:05:08:22 -0700] "GET /shop/primevertical/valebat012429940215?fileloc=/home/dxfxddmd03st/public_html/wp-includes/admin-bar.php&path=/home/dxfxddmd03st/public_html/wp-includes HTTP/2.0" 403 56935 "-" "meta-externalagent/1.1 (+https://developers.facebook.com/docs/sharing/webmasters/crawler)" 311 **0/311050**
57.141.20.18 - - [21/Mar/2026:05:08:22 -0700] "GET /shop/enchase/tsetung012334970722?fileloc=//lib64/libpcreposix.so.0.0.6&path=//lib64 HTTP/2.0" 403 56935 "-" "meta-externalagent/1.1 (+https://developers.facebook.com/docs/sharing/webmasters/crawler)" 314 **0/314497**
74.7.243.195 - - [21/Mar/2026:05:08:22 -0700] "GET /shop/grammates/lapidify012461466848 HTTP/2.0" 200 3474 "https://www.artelron.com/wp-sitemap.xml" "Mozilla/5.0 AppleWebKit/537.36 (KHTML, like Gecko; compatible; GPTBot/1.3; +https://openai.com/gptbot)" 311 **0/311374**
57.141.20.56 - - [21/Mar/2026:05:08:22 -0700] "GET /shop/enchase/tsetung012334970722?fileloc=//lib64/libev.so.4&path=//lib64 HTTP/2.0" 403 56935 "-" "meta-externalagent/1.1 (+https://developers.facebook.com/docs/sharing/webmasters/crawler)" 311 **0/311639**
57.141.20.59 - - [21/Mar/2026:05:08:23 -0700] "GET /shop/adelaster/parepididymis011639269271?fileloc=/home/dxfxddmd03st/public_html/wp-includes/script-modules.php&path=/home/dxfxddmd03st/public_html/wp-includes HTTP/2.0" 200 22908 "-" "meta-externalagent/1.1 (+https://developers.facebook.com/docs/sharing/webmasters/crawler)" 309 **0/309656**
57.141.20.25 - - [21/Mar/2026:05:08:23 -0700] "GET /shop/adelaster/parepididymis011639269271?fileloc=/home/dxfxddmd03st/public_html/wp-includes/general-template.php&path=/home/dxfxddmd03st/public_html/wp-includes HTTP/2.0" 200 209232 "-" "meta-externalagent/1.1 (+https://developers.facebook.com/docs/sharing/webmasters/crawler)" 323 **0/323055**
74.7.227.172 - - [21/Mar/2026:05:08:23 -0700] "GET /?fileloc=//usr/lib64/libformw.so.6&path=//usr/lib64 HTTP/2.0" 200 32075 "https://artelron.com/?path=//usr/lib64" "Mozilla/5.0 AppleWebKit/537.36 (KHTML, like Gecko; compatible; GPTBot/1.3; +https://openai.com/gptbot)" 337 **0/337051**
57.141.20.3 - - [21/Mar/2026:05:08:24 -0700] "GET /shop/sensualness/periscians012240787982?fileloc=/home/dxfxddmd03st/public_html/wp-load.php&path=/home/dxfxddmd03st/public_html HTTP/2.0" 200 16906 "-" "meta-externalagent/1.1 (+https://developers.facebook.com/docs/sharing/webmasters/crawler)" 320 **0/320769**
57.141.20.38 - - [21/Mar/2026:05:08:24 -0700] "GET /shop/jackatalltrades/euchre014258780159?fileloc=/home/dxfxddmd03st/public_html/xmlrpc.php&path=/home/dxfxddmd03st/public_html HTTP/2.0" 200 16263 "-" "meta-externalagent/1.1 (+https://developers.facebook.com/docs/sharing/webmasters/crawler)" 321 **0/321991**
216.73.216.4 - - [21/Mar/2026:05:08:24 -0700] "GET /shop/ytterbic/miskindle01358741472?path=%2Fhome%2Fdxfxddmd03st%2Fpublic_html%2Fwp-content%2Fplugins%2Fessential-grid HTTP/2.0" 403 3474 "-" "Mozilla/5.0 AppleWebKit/537.36 (KHTML, like Gecko; compatible; ClaudeBot/1.0; +claudebot@anthropic.com)" 333 **0/333962**
57.141.20.59 - - [21/Mar/2026:05:08:24 -0700] "GET /shop/blackjack/coeducational01463544952?fileloc=/home/dxfxddmd03st/public_html/wp-includes/registration.php&path=/home/dxfxddmd03st/public_html/wp-includes HTTP/2.0" 200 12716 "-" "meta-externalagent/1.1 (+https://developers.facebook.com/docs/sharing/webmasters/crawler)" 326 **0/326188**
57.141.20.23 - - [21/Mar/2026:05:08:25 -0700] "GET /shop/primevertical/valebat012429940215?fileloc=/home/dxfxddmd03st/public_html/wp-includes/class-wp-token-map.php&path=/home/dxfxddmd03st/public_html/wp-includes HTTP/2.0" 200 43636 "-" "meta-externalagent/1.1 (+https://developers.facebook.com/docs/sharing/webmasters/crawler)" 319 **0/319524**
57.141.20.1 - - [21/Mar/2026:05:08:25 -0700] "GET /shop/enchase/tsetung012334970722?fileloc=//lib64/libtss2-sys.so.0.0.0&path=//lib64 HTTP/2.0" 200 219863 "-" "meta-externalagent/1.1 (+https://developers.facebook.com/docs/sharing/webmasters/crawler)" 405 **0/405240**
57.141.20.19 - - [21/Mar/2026:05:08:25 -0700] "GET /shop/enchase/tsetung012334970722?fileloc=//lib64/libXdamage.so.1.1.0&path=//lib64 HTTP/2.0" 200 27531 "-" "meta-externalagent/1.1 (+https://developers.facebook.com/docs/sharing/webmasters/crawler)" 354 **0/354219**
74.7.243.195 - - [21/Mar/2026:05:08:25 -0700] "GET /shop/broadside/rowable012196635308 HTTP/2.0" 200 3474 "https://www.artelron.com/wp-sitemap.xml" "Mozilla/5.0 AppleWebKit/537.36 (KHTML, like Gecko; compatible; GPTBot/1.3; +https://openai.com/gptbot)" 340 **0/340814**
57.141.20.55 - - [21/Mar/2026:05:08:25 -0700] "GET /shop/downlooked/delation011806543597?path=/home/dxfxddmd03st/public_html/images HTTP/2.0" 200 17300 "-" "meta-externalagent/1.1 (+https://developers.facebook.com/docs/sharing/webmasters/crawler)" 314 **0/314674**
57.141.20.56 - - [21/Mar/2026:05:08:26 -0700] "GET /shop/albuminiparous/wastethrift011484737388?path=/home/dxfxddmd03st/public_html/wp-admin HTTP/2.0" 200 171679 "-" "meta-externalagent/1.1 (+https://developers.facebook.com/docs/sharing/webmasters/crawler)" 319 **0/319059**
57.141.20.58 - - [21/Mar/2026:05:08:26 -0700] "GET /shop/liard/submultiple01928794959?path=//proc/tty HTTP/2.0" 200 18101 "-" "meta-externalagent/1.1 (+https://developers.facebook.com/docs/sharing/webmasters/crawler)" 320 **0/320047**
57.141.20.38 - - [21/Mar/2026:05:08:26 -0700] "GET /shop/albuminiparous/wastethrift011484737388?fileloc=/home/dxfxddmd03st/public_html/wp-config-sample.php&path=/home/dxfxddmd03st/public_html HTTP/2.0" 200 16117 "-" "meta-externalagent/1.1 (+https://developers.facebook.com/docs/sharing/webmasters/crawler)" 318 **0/318684**
57.141.20.16 - - [21/Mar/2026:05:08:27 -0700] "GET /shop/pontificial/forfeit013597019575?path=/home/dxfxddmd03st/public_html/wp-admin/user HTTP/2.0" 200 33147 "-" "meta-externalagent/1.1 (+https://developers.facebook.com/docs/sharing/webmasters/crawler)" 320 **0/320114**
216.73.216.4 - - [21/Mar/2026:05:08:27 -0700] "GET /shop/hydrangeaceae/pinning014250323977?fileloc=%2Fhome%2Fdxfxddmd03st%2Fpublic_html%2Fwp-includes%2Fblock-editor.php&path=%2Fhome%2Fdxfxddmd03st%2Fpublic_html%2Fwp-includes HTTP/2.0" 403 3474 "-" "Mozilla/5.0 AppleWebKit/537.36 (KHTML, like Gecko; compatible; ClaudeBot/1.0; +claudebot@anthropic.com)" 331 **0/331369**
74.7.227.172 - - [21/Mar/2026:05:08:26 -0700] "GET /?fileloc=//bin/wp&path=//bin HTTP/2.0" 200 1344440 "https://artelron.com/?path=//bin" "Mozilla/5.0 AppleWebKit/537.36 (KHTML, like Gecko; compatible; GPTBot/1.3; +https://openai.com/gptbot)" 893 **0/893586**
57.141.20.25 - - [21/Mar/2026:05:08:27 -0700] "GET /shop/primevertical/valebat012429940215?fileloc=/home/dxfxddmd03st/public_html/wp-includes/class-wp-http-response.php&path=/home/dxfxddmd03st/public_html/wp-includes HTTP/2.0" 200 15522 "-" "meta-externalagent/1.1 (+https://developers.facebook.com/docs/sharing/webmasters/crawler)" 322 **0/322205**
57.141.20.54 - - [21/Mar/2026:05:08:27 -0700] "GET /shop/bracket/diandrous01515559453?fileloc=/home/dxfxddmd03st/public_html/wp-includes/theme-i18n.json&path=/home/dxfxddmd03st/public_html/wp-includes HTTP/2.0" 200 14962 "-" "meta-externalagent/1.1 (+https://developers.facebook.com/docs/sharing/webmasters/crawler)" 355 **0/355014**
57.141.20.35 - - [21/Mar/2026:05:08:28 -0700] "GET /shop/albuminiparous/wastethrift011484737388?fileloc=/home/dxfxddmd03st/public_html/license.txt&path=/home/dxfxddmd03st/public_html HTTP/2.0" 200 32473 "-" "meta-externalagent/1.1 (+https://developers.facebook.com/docs/sharing/webmasters/crawler)" 325 **0/325743**
57.141.20.40 - - [21/Mar/2026:05:08:28 -0700] "GET /shop/albuminiparous/wastethrift011484737388?fileloc=/home/dxfxddmd03st/public_html/wp-signup.php&path=/home/dxfxddmd03st/public_html HTTP/2.0" 200 53921 "-" "meta-externalagent/1.1 (+https://developers.facebook.com/docs/sharing/webmasters/crawler)" 322 **0/322461**
74.7.243.195 - - [21/Mar/2026:05:08:28 -0700] "GET /shop/bogging/tritheite012652847391 HTTP/2.0" 200 3474 "https://www.artelron.com/wp-sitemap.xml" "Mozilla/5.0 AppleWebKit/537.36 (KHTML, like Gecko; compatible; GPTBot/1.3; +https://openai.com/gptbot)" 325 **0/325094**
57.141.20.28 - - [21/Mar/2026:05:08:28 -0700] "GET /shop/helminth/readjustment012904531305?fileloc=/home/dxfxddmd03st/public_html/.htaccess&path=/home/dxfxddmd03st/public_html HTTP/2.0" 200 14487 "-" "meta-externalagent/1.1 (+https://developers.facebook.com/docs/sharing/webmasters/crawler)" 326 **0/326720**
57.141.20.22 - - [21/Mar/2026:05:08:29 -0700] "GET /shop/dislimb/glittering013018838655?fileloc=/home/dxfxddmd03st/public_html/wp-admin/site-health-info.php&path=/home/dxfxddmd03st/public_html/wp-admin HTTP/2.0" 200 17759 "-" "meta-externalagent/1.1 (+https://developers.facebook.com/docs/sharing/webmasters/crawler)" 339 **0/339100**
57.141.20.18 - - [21/Mar/2026:05:08:29 -0700] "GET /shop/adelaster/parepididymis011639269271?fileloc=/home/dxfxddmd03st/public_html/wp-includes/post.php&path=/home/dxfxddmd03st/public_html/wp-includes HTTP/2.0" 200 341111 "-" "meta-externalagent/1.1 (+https://developers.facebook.com/docs/sharing/webmasters/crawler)" 491 **0/491902**
57.141.20.54 - - [21/Mar/2026:05:08:29 -0700] "GET /shop/primevertical/valebat012429940215?fileloc=/home/dxfxddmd03st/public_html/wp-includes/class-wp-recovery-mode-cookie-service.php&path=/home/dxfxddmd03st/public_html/wp-includes HTTP/2.0" 200 19783 "-" "meta-externalagent/1.1 (+https://developers.facebook.com/docs/sharing/webmasters/crawler)" 386 **0/386751**
74.7.227.172 - - [21/Mar/2026:05:08:30 -0700] "GET /?path=//usr/lib64/girepository-1.0 HTTP/2.0" 200 3577 "https://artelron.com/?path=//usr/lib64" "Mozilla/5.0 AppleWebKit/537.36 (KHTML, like Gecko; compatible; GPTBot/1.3; +https://openai.com/gptbot)" 335 **0/335000**
57.141.20.45 - - [21/Mar/2026:05:08:30 -0700] "GET /shop/fugacity/expired012632037479?fileloc=/home/dxfxddmd03st/public_html/wp-admin/menu-header.php&path=/home/dxfxddmd03st/public_html/wp-admin HTTP/2.0" 200 24688 "-" "meta-externalagent/1.1 (+https://developers.facebook.com/docs/sharing/webmasters/crawler)" 350 **0/350838**
57.141.20.44 - - [21/Mar/2026:05:08:30 -0700] "GET /shop/primevertical/valebat012429940215?path=/home/dxfxddmd03st/public_html/wp-includes/customize HTTP/2.0" 200 76045 "-" "meta-externalagent/1.1 (+https://developers.facebook.com/docs/sharing/webmasters/crawler)" 313 **0/313805**
216.73.216.4 - - [21/Mar/2026:05:08:30 -0700] "GET /shop/threatfully/rationalistic012444816102?path=%2Fhome%2Fdxfxddmd03st%2Fpublic_html%2Fwp-includes%2Fjs HTTP/2.0" 403 3474 "-" "Mozilla/5.0 AppleWebKit/537.36 (KHTML, like Gecko; compatible; ClaudeBot/1.0; +claudebot@anthropic.com)" 328 **0/328129**
57.141.20.50 - - [21/Mar/2026:05:08:30 -0700] "GET /shop/primevertical/valebat012429940215?path=/home/dxfxddmd03st/public_html/wp-includes/blocks HTTP/2.0" 200 302840 "-" "meta-externalagent/1.1 (+https://developers.facebook.com/docs/sharing/webmasters/crawler)" 409 **0/409547**
57.141.20.27 - - [21/Mar/2026:05:08:31 -0700] "GET /shop/adelaster/parepididymis011639269271?fileloc=/home/dxfxddmd03st/public_html/wp-includes/bookmark.php&path=/home/dxfxddmd03st/public_html/wp-includes HTTP/2.0" 200 30319 "-" "meta-externalagent/1.1 (+https://developers.facebook.com/docs/sharing/webmasters/crawler)" 323 **0/323506**
57.141.20.19 - - [21/Mar/2026:05:08:31 -0700] "GET /shop/insulsity/perruque012329169835?fileloc=//bin/gtar&path=//bin HTTP/2.0" 200 734242 "-" "meta-externalagent/1.1 (+https://developers.facebook.com/docs/sharing/webmasters/crawler)" 504 **0/504092**
57.141.20.52 - - [21/Mar/2026:05:08:31 -0700] "GET /shop/enchase/tsetung012334970722?fileloc=//lib64/libmysqlclient.so.18&path=//lib64 HTTP/2.0" 200 560630 "-" "meta-externalagent/1.1 (+https://developers.facebook.com/docs/sharing/webmasters/crawler)" 501 **0/501798**
74.7.243.195 - - [21/Mar/2026:05:08:31 -0700] "GET /shop/phalangid/serries012855789843 HTTP/2.0" 200 3474 "https://www.artelron.com/wp-sitemap.xml" "Mozilla/5.0 AppleWebKit/537.36 (KHTML, like Gecko; compatible; GPTBot/1.3; +https://openai.com/gptbot)" 322 **0/322856**
57.141.20.5 - - [21/Mar/2026:05:08:32 -0700] "GET /shop/albuminiparous/wastethrift011484737388?path=/home/dxfxddmd03st/public_html/.tmb HTTP/2.0" 200 22681 "-" "meta-externalagent/1.1 (+https://developers.facebook.com/docs/sharing/webmasters/crawler)" 314 **0/314094**
57.141.20.30 - - [21/Mar/2026:05:08:32 -0700] "GET /shop/enchase/tsetung012334970722?fileloc=//lib64/libisl.so.13&path=//lib64 HTTP/2.0" 200 2320434 "-" "meta-externalagent/1.1 (+https://developers.facebook.com/docs/sharing/webmasters/crawler)" 708 **0/708432**
57.141.20.44 - - [21/Mar/2026:05:08:32 -0700] "GET /shop/bracket/diandrous01515559453?fileloc=/home/dxfxddmd03st/public_html/wp-includes/class-walker-category-dropdown.php&path=/home/dxfxddmd03st/public_html/wp-includes HTTP/2.0" 200 15290 "-" "meta-externalagent/1.1 (+https://developers.facebook.com/docs/sharing/webmasters/crawler)" 316 **0/316775**
74.7.227.172 - - [21/Mar/2026:05:08:33 -0700] "GET /?fileloc=//usr/lib64/libHalf.so.12&path=//usr/lib64 HTTP/2.0" 200 27577 "https://artelron.com/?path=//usr/lib64" "Mozilla/5.0 AppleWebKit/537.36 (KHTML, like Gecko; compatible; GPTBot/1.3; +https://openai.com/gptbot)" 353 **0/353639**
57.141.20.55 - - [21/Mar/2026:05:08:33 -0700] "GET /shop/mazing/moonie012543262677?path=/home/dxfxddmd03st/.pki HTTP/2.0" 200 14114 "-" "meta-externalagent/1.1 (+https://developers.facebook.com/docs/sharing/webmasters/crawler)" 325 **0/325805**
216.73.216.4 - - [21/Mar/2026:05:08:33 -0700] "GET /shop/climatize/offish014261449306?path=%2Fhome%2Fdxfxddmd03st%2Fpublic_html%2Fartelron.com HTTP/2.0" 403 3474 "-" "Mozilla/5.0 AppleWebKit/537.36 (KHTML, like Gecko; compatible; ClaudeBot/1.0; +claudebot@anthropic.com)" 319 **0/319349**
57.141.20.55 - - [21/Mar/2026:05:08:33 -0700] "GET /shop/columbae/columbidae012435741118?fileloc=//bin/xargs&path=//bin HTTP/2.0" 200 126172 "-" "meta-externalagent/1.1 (+https://developers.facebook.com/docs/sharing/webmasters/crawler)" 339 **0/339132**
57.141.20.34 - - [21/Mar/2026:05:08:34 -0700] "GET /shop/enchase/tsetung012334970722?fileloc=//lib64/libutil-2.28.so&path=//lib64 HTTP/2.0" 200 33319 "-" "meta-externalagent/1.1 (+https://developers.facebook.com/docs/sharing/webmasters/crawler)" 322 **0/322355**
57.141.20.49 - - [21/Mar/2026:05:08:34 -0700] "GET /shop/helminth/readjustment012904531305?path=/home/dxfxddmd03st/public_html/wp-admin HTTP/2.0" 200 171679 "-" "meta-externalagent/1.1 (+https://developers.facebook.com/docs/sharing/webmasters/crawler)" 321 **0/321088**
74.7.243.195 - - [21/Mar/2026:05:08:34 -0700] "GET /shop/kyriolexy/moldiest013558242458 HTTP/2.0" 200 3474 "https://www.artelron.com/wp-sitemap.xml" "Mozilla/5.0 AppleWebKit/537.36 (KHTML, like Gecko; compatible; GPTBot/1.3; +https://openai.com/gptbot)" 322 **0/322719**
57.141.20.4 - - [21/Mar/2026:05:08:34 -0700] "GET /shop/adelaster/parepididymis011639269271?fileloc=/home/dxfxddmd03st/public_html/wp-includes/bookmark-template.php&path=/home/dxfxddmd03st/public_html/wp-includes HTTP/2.0" 200 27610 "-" "meta-externalagent/1.1 (+https://developers.facebook.com/docs/sharing/webmasters/crawler)" 324 **0/324735**
57.141.20.56 - - [21/Mar/2026:05:08:34 -0700] "GET /shop/columbae/columbidae012435741118?fileloc=//bin/mysqlcheck&path=//bin HTTP/2.0" 200 5282124 "-" "meta-externalagent/1.1 (+https://developers.facebook.com/docs/sharing/webmasters/crawler)" 799 **0/799371**
57.141.20.15 - - [21/Mar/2026:05:08:35 -0700] "GET /shop/authoritativeness/drossier01168035620?path=/home/dxfxddmd03st/public_html/wp-content HTTP/2.0" 200 28841 "-" "meta-externalagent/1.1 (+https://developers.facebook.com/docs/sharing/webmasters/crawler)" 322 **0/322774**
57.141.20.55 - - [21/Mar/2026:05:08:35 -0700] "GET /shop/dejecture/taplings01618354755?fileloc=/home/dxfxddmd03st/public_html/wp-includes/class-wp-speculation-rules.php&path=/home/dxfxddmd03st/public_html/wp-includes HTTP/2.0" 200 20961 "-" "meta-externalagent/1.1 (+https://developers.facebook.com/docs/sharing/webmasters/crawler)" 326 **0/326163**
57.141.20.21 - - [21/Mar/2026:05:08:35 -0700] "GET /shop/gallicize/technically011263253821?fileloc=/home/dxfxddmd03st/public_html/.htaccess&path=/home/dxfxddmd03st/public_html HTTP/2.0" 200 14487 "-" "meta-externalagent/1.1 (+https://developers.facebook.com/docs/sharing/webmasters/crawler)" 324 **0/324638**
57.141.20.9 - - [21/Mar/2026:05:08:35 -0700] "GET /shop/parabolic/aspire014112237576?path=/home/dxfxddmd03st/application_backups HTTP/2.0" 200 17893 "-" "meta-externalagent/1.1 (+https://developers.facebook.com/docs/sharing/webmasters/crawler)" 328 **0/328540**
74.7.227.172 - - [21/Mar/2026:05:08:36 -0700] "GET /?fileloc=//usr/lib/rpm/rpmrc&path=//usr/lib/rpm HTTP/2.0" 200 5407 "https://artelron.com/?path=//usr/lib/rpm" "Mozilla/5.0 AppleWebKit/537.36 (KHTML, like Gecko; compatible; GPTBot/1.3; +https://openai.com/gptbot)" 329 **0/329662**
57.141.20.47 - - [21/Mar/2026:05:08:36 -0700] "GET /shop/adelaster/parepididymis011639269271?fileloc=/home/dxfxddmd03st/public_html/wp-includes/class-wp-role.php&path=/home/dxfxddmd03st/public_html/wp-includes HTTP/2.0" 200 15050 "-" "meta-externalagent/1.1 (+https://developers.facebook.com/docs/sharing/webmasters/crawler)" 332 **0/332350**
216.73.216.4 - - [21/Mar/2026:05:08:36 -0700] "GET /shop/undershapen/hausse013104132184?path=%2Fhome%2Fdxfxddmd03st%2Fpublic_html%2Fwp-content HTTP/2.0" 403 3474 "-" "Mozilla/5.0 AppleWebKit/537.36 (KHTML, like Gecko; compatible; ClaudeBot/1.0; +claudebot@anthropic.com)" 346 **0/346598**
57.141.20.45 - - [21/Mar/2026:05:08:37 -0700] "GET /shop/primevertical/valebat012429940215?fileloc=/home/dxfxddmd03st/public_html/wp-includes/class-wp-locale-switcher.php&path=/home/dxfxddmd03st/public_html/wp-includes HTTP/2.0" 200 19462 "-" "meta-externalagent/1.1 (+https://developers.facebook.com/docs/sharing/webmasters/crawler)" 320 **0/320006**
57.141.20.21 - - [21/Mar/2026:05:08:37 -0700] "GET /shop/sweethearting/phylloxanthin011560320594?fileloc=/home/dxfxddmd03st/public_html/wp-load.php&path=/home/dxfxddmd03st/public_html HTTP/2.0" 200 16906 "-" "meta-externalagent/1.1 (+https://developers.facebook.com/docs/sharing/webmasters/crawler)" 321 **0/321256**
57.141.20.55 - - [21/Mar/2026:05:08:37 -0700] "GET /shop/persei/explicative01810883709?path=/home/dxfxddmd03st/.sucuriquarantine HTTP/2.0" 200 18725 "-" "meta-externalagent/1.1 (+https://developers.facebook.com/docs/sharing/webmasters/crawler)" 315 **0/315561**
74.7.243.195 - - [21/Mar/2026:05:08:38 -0700] "GET /shop/mopped/refulgency012189622322 HTTP/2.0" 200 3474 "https://www.artelron.com/wp-sitemap.xml" "Mozilla/5.0 AppleWebKit/537.36 (KHTML, like Gecko; compatible; GPTBot/1.3; +https://openai.com/gptbot)" 322 **0/322442**
57.141.20.23 - - [21/Mar/2026:05:08:37 -0700] "GET /shop/enchase/tsetung012334970722?fileloc=//lib64/libkrb5.so.3&path=//lib64 HTTP/2.0" 200 1414716 "-" "meta-externalagent/1.1 (+https://developers.facebook.com/docs/sharing/webmasters/crawler)" 587 **0/587315**
57.141.20.53 - - [21/Mar/2026:05:08:38 -0700] "GET /shop/enchase/tsetung012334970722?fileloc=//lib64/libparted.so.2.0.1&path=//lib64 HTTP/2.0" 200 510385 "-" "meta-externalagent/1.1 (+https://developers.facebook.com/docs/sharing/webmasters/crawler)" 491 **0/491071**
57.141.20.55 - - [21/Mar/2026:05:08:38 -0700] "GET /shop/brinishness/superjacent01859080078?fileloc=/home/dxfxddmd03st/public_html/wp-settings.php&path=/home/dxfxddmd03st/public_html HTTP/2.0" 200 46994 "-" "meta-externalagent/1.1 (+https://developers.facebook.com/docs/sharing/webmasters/crawler)" 329 **0/329457**
57.141.20.12 - - [21/Mar/2026:05:08:38 -0700] "GET /shop/auchenia/nectareousness014118202002?path=/home/dxfxddmd03st/public_html/artelron.com HTTP/2.0" 200 17369 "-" "meta-externalagent/1.1 (+https://developers.facebook.com/docs/sharing/webmasters/crawler)" 317 **0/317495**
74.7.227.172 - - [21/Mar/2026:05:08:39 -0700] "GET /?path=//lib/modules/4.18.0-553.52.1.lve.el8.x86_64/kernel/fs/smbfs_common HTTP/2.0" 200 2655 "https://artelron.com/?path=//lib/modules/4.18.0-553.52.1.lve.el8.x86_64/kernel/fs" "Mozilla/5.0 AppleWebKit/537.36 (KHTML, like Gecko; compatible; GPTBot/1.3; +https://openai.com/gptbot)" 330 **0/330237**
57.141.20.35 - - [21/Mar/2026:05:08:39 -0700] "GET /shop/theosophist/acutus013062628039?fileloc=/home/dxfxddmd03st/public_html/wp-admin/edit.php&path=/home/dxfxddmd03st/public_html/wp-admin HTTP/2.0" 200 37344 "-" "meta-externalagent/1.1 (+https://developers.facebook.com/docs/sharing/webmasters/crawler)" 321 **0/321792**
216.73.216.4 - - [21/Mar/2026:05:08:39 -0700] "GET /shop/scraw/unclothedly01921337301?path=%2F%2Ftmp HTTP/2.0" 403 3474 "-" "Mozilla/5.0 AppleWebKit/537.36 (KHTML, like Gecko; compatible; ClaudeBot/1.0; +claudebot@anthropic.com)" 337 **0/337584**
57.141.20.25 - - [21/Mar/2026:05:08:39 -0700] "GET /shop/daughterinlaw/collet01123261348?path=//opt HTTP/2.0" 200 25674 "-" "meta-externalagent/1.1 (+https://developers.facebook.com/docs/sharing/webmasters/crawler)" 315 **0/315692**
57.141.20.41 - - [21/Mar/2026:05:08:40 -0700] "GET /shop/primevertical/valebat012429940215?fileloc=/home/dxfxddmd03st/public_html/wp-includes/ms-default-constants.php&path=/home/dxfxddmd03st/public_html/wp-includes HTTP/2.0" 200 18138 "-" "meta-externalagent/1.1 (+https://developers.facebook.com/docs/sharing/webmasters/crawler)" 322 **0/322406**
57.141.20.56 - - [21/Mar/2026:05:08:39 -0700] "GET /shop/enchase/tsetung012334970722?fileloc=//lib64/libbabeltrace-ctf.so.1.0.0&path=//lib64 HTTP/2.0" 200 535422 "-" "meta-externalagent/1.1 (+https://developers.facebook.com/docs/sharing/webmasters/crawler)" 496 **0/496503**
57.141.20.15 - - [21/Mar/2026:05:08:40 -0700] "GET /shop/primevertical/valebat012429940215?fileloc=/home/dxfxddmd03st/public_html/wp-includes/class-walker-comment.php&path=/home/dxfxddmd03st/public_html/wp-includes HTTP/2.0" 200 29110 "-" "meta-externalagent/1.1 (+https://developers.facebook.com/docs/sharing/webmasters/crawler)" 318 **0/318990**
57.141.20.44 - - [21/Mar/2026:05:08:40 -0700] "GET /shop/dejecture/taplings01618354755?fileloc=/home/dxfxddmd03st/public_html/wp-includes/nav-menu.php&path=/home/dxfxddmd03st/public_html/wp-includes HTTP/2.0" 200 61653 "-" "meta-externalagent/1.1 (+https://developers.facebook.com/docs/sharing/webmasters/crawler)" 330 **0/330407**
57.141.20.22 - - [21/Mar/2026:05:08:41 -0700] "GET /shop/adelaster/parepididymis011639269271?fileloc=/home/dxfxddmd03st/public_html/wp-includes/class-wp-xmlrpc-server.php&path=/home/dxfxddmd03st/public_html/wp-includes HTTP/2.0" 200 256457 "-" "meta-externalagent/1.1 (+https://developers.facebook.com/docs/sharing/webmasters/crawler)" 394 **0/394700**
74.7.243.195 - - [21/Mar/2026:05:08:41 -0700] "GET /shop/equivalve/acceder012017062198 HTTP/2.0" 200 3474 "https://www.artelron.com/wp-sitemap.xml" "Mozilla/5.0 AppleWebKit/537.36 (KHTML, like Gecko; compatible; GPTBot/1.3; +https://openai.com/gptbot)" 328 **0/328904**
57.141.20.2 - - [21/Mar/2026:05:08:41 -0700] "GET /shop/dejecture/taplings01618354755?fileloc=//.mp&path=/ HTTP/2.0" 200 12235 "-" "meta-externalagent/1.1 (+https://developers.facebook.com/docs/sharing/webmasters/crawler)" 319 **0/319434**
57.141.20.34 - - [21/Mar/2026:05:08:41 -0700] "GET /shop/sweethearting/phylloxanthin011560320594?fileloc=/home/dxfxddmd03st/public_html/yrgnf.php&path=/home/dxfxddmd03st/public_html HTTP/2.0" 200 44871 "-" "meta-externalagent/1.1 (+https://developers.facebook.com/docs/sharing/webmasters/crawler)" 317 **0/317589**
57.141.20.37 - - [21/Mar/2026:05:08:42 -0700] "GET /shop/sweethearting/phylloxanthin011560320594?fileloc=/home/dxfxddmd03st/public_html/license.txt&path=/home/dxfxddmd03st/public_html HTTP/2.0" 200 32473 "-" "meta-externalagent/1.1 (+https://developers.facebook.com/docs/sharing/webmasters/crawler)" 323 **0/323390**
74.7.227.172 - - [21/Mar/2026:05:08:42 -0700] "GET /?fileloc=//usr/sbin/isc-hmac-fixup&path=//usr/sbin HTTP/2.0" 200 6401 "https://artelron.com/?path=//usr/sbin" "Mozilla/5.0 AppleWebKit/537.36 (KHTML, like Gecko; compatible; GPTBot/1.3; +https://openai.com/gptbot)" 329 **0/329443**
57.141.20.13 - - [21/Mar/2026:05:08:42 -0700] "GET /shop/adelaster/parepididymis011639269271?fileloc=/home/dxfxddmd03st/public_html/wp-includes/functions.wp-styles.php&path=/home/dxfxddmd03st/public_html/wp-includes HTTP/2.0" 200 21715 "-" "meta-externalagent/1.1 (+https://developers.facebook.com/docs/sharing/webmasters/crawler)" 321 **0/321378**
216.73.216.4 - - [21/Mar/2026:05:08:42 -0700] "GET /shop/demonstrably/sluttery014037435535?path=%2Fhome%2Fdxfxddmd03st%2Fpublic_html%2Fartelron.com HTTP/2.0" 403 3474 "-" "Mozilla/5.0 AppleWebKit/537.36 (KHTML, like Gecko; compatible; ClaudeBot/1.0; +claudebot@anthropic.com)" 330 **0/330620**
57.141.20.35 - - [21/Mar/2026:05:08:42 -0700] "GET /shop/auchenia/nectareousness014118202002?fileloc=/home/dxfxddmd03st/public_html/wp-cron.php&path=/home/dxfxddmd03st/public_html HTTP/2.0" 200 18353 "-" "meta-externalagent/1.1 (+https://developers.facebook.com/docs/sharing/webmasters/crawler)" 319 **0/319050**
57.141.20.35 - - [21/Mar/2026:05:08:43 -0700] "GET /shop/helminth/readjustment012904531305?fileloc=/home/dxfxddmd03st/public_html/colors.php&path=/home/dxfxddmd03st/public_html HTTP/2.0" 200 145270 "-" "meta-externalagent/1.1 (+https://developers.facebook.com/docs/sharing/webmasters/crawler)" 324 **0/324102**
57.141.20.23 - - [21/Mar/2026:05:08:43 -0700] "GET /shop/adelaster/parepididymis011639269271?fileloc=/home/dxfxddmd03st/public_html/wp-includes/block-template-utils.php&path=/home/dxfxddmd03st/public_html/wp-includes HTTP/2.0" 200 82194 "-" "meta-externalagent/1.1 (+https://developers.facebook.com/docs/sharing/webmasters/crawler)" 317 **0/317539**
57.141.20.9 - - [21/Mar/2026:05:08:43 -0700] "GET /shop/bracket/diandrous01515559453?fileloc=/home/dxfxddmd03st/public_html/wp-includes/registration-functions.php&path=/home/dxfxddmd03st/public_html/wp-includes HTTP/2.0" 200 12726 "-" "meta-externalagent/1.1 (+https://developers.facebook.com/docs/sharing/webmasters/crawler)" 323 **0/323790**
57.141.20.7 - - [21/Mar/2026:05:08:43 -0700] "GET /shop/adelaster/parepididymis011639269271?path=/home/dxfxddmd03st/public_html/wp-includes/Text HTTP/2.0" 200 19035 "-" "meta-externalagent/1.1 (+https://developers.facebook.com/docs/sharing/webmasters/crawler)" 315 **0/315460**
74.7.243.195 - - [21/Mar/2026:05:08:44 -0700] "GET /shop/rufus/albugineous013364274210 HTTP/2.0" 200 3474 "https://www.artelron.com/wp-sitemap.xml" "Mozilla/5.0 AppleWebKit/537.36 (KHTML, like Gecko; compatible; GPTBot/1.3; +https://openai.com/gptbot)" 336 **0/336215**
57.141.20.45 - - [21/Mar/2026:05:08:44 -0700] "GET /shop/adelaster/parepididymis011639269271?fileloc=/home/dxfxddmd03st/public_html/wp-includes/default-filters.php&path=/home/dxfxddmd03st/public_html/wp-includes HTTP/2.0" 200 60313 "-" "meta-externalagent/1.1 (+https://developers.facebook.com/docs/sharing/webmasters/crawler)" 326 **0/326229**
57.141.20.6 - - [21/Mar/2026:05:08:44 -0700] "GET /shop/adelaster/parepididymis011639269271?fileloc=/home/dxfxddmd03st/public_html/wp-includes/class-wp-customize-setting.php&path=/home/dxfxddmd03st/public_html/wp-includes HTTP/2.0" 200 44447 "-" "meta-externalagent/1.1 (+https://developers.facebook.com/docs/sharing/webmasters/crawler)" 326 **0/326212**
57.141.20.29 - - [21/Mar/2026:05:08:45 -0700] "GET /shop/adelaster/parepididymis011639269271?fileloc=/home/dxfxddmd03st/public_html/wp-includes/class-wp-user.php&path=/home/dxfxddmd03st/public_html/wp-includes HTTP/2.0" 200 37169 "-" "meta-externalagent/1.1 (+https://developers.facebook.com/docs/sharing/webmasters/crawler)" 319 **0/319719**
74.7.227.172 - - [21/Mar/2026:05:08:45 -0700] "GET /?path=//usr/lib64/python2.7/json HTTP/2.0" 200 2899 "https://artelron.com/?path=//usr/lib64/python2.7" "Mozilla/5.0 AppleWebKit/537.36 (KHTML, like Gecko; compatible; GPTBot/1.3; +https://openai.com/gptbot)" 325 **0/325670**
216.73.216.4 - - [21/Mar/2026:05:08:45 -0700] "GET /shop/grasscloth/explainable013340050936?path=%2Fhome%2Fdxfxddmd03st%2Fpublic_html HTTP/2.0" 403 3474 "-" "Mozilla/5.0 AppleWebKit/537.36 (KHTML, like Gecko; compatible; ClaudeBot/1.0; +claudebot@anthropic.com)" 332 **0/332153**
57.141.20.57 - - [21/Mar/2026:05:08:45 -0700] "GET /shop/windrowing/discalceate012750793949?fileloc=/home/dxfxddmd03st/public_html/wp-includes/class-wp-url-pattern-prefixer.php&path=/home/dxfxddmd03st/public_html/wp-includes HTTP/2.0" 200 17578 "-" "meta-externalagent/1.1 (+https://developers.facebook.com/docs/sharing/webmasters/crawler)" 326 **0/326714**
57.141.20.55 - - [21/Mar/2026:05:08:45 -0700] "GET /shop/sweethearting/phylloxanthin011560320594?fileloc=/home/dxfxddmd03st/public_html/wp-comments-post.php&path=/home/dxfxddmd03st/public_html HTTP/2.0" 200 15069 "-" "meta-externalagent/1.1 (+https://developers.facebook.com/docs/sharing/webmasters/crawler)" 326 **0/326035**
57.141.20.45 - - [21/Mar/2026:05:08:46 -0700] "GET /shop/adelaster/parepididymis011639269271?fileloc=/home/dxfxddmd03st/public_html/wp-includes/option.php&path=/home/dxfxddmd03st/public_html/wp-includes HTTP/2.0" 200 125446 "-" "meta-externalagent/1.1 (+https://developers.facebook.com/docs/sharing/webmasters/crawler)" 313 **0/313038**
57.141.20.44 - - [21/Mar/2026:05:08:46 -0700] "GET /shop/adelaster/parepididymis011639269271?fileloc=/home/dxfxddmd03st/public_html/wp-includes/class-wp-customize-manager.php&path=/home/dxfxddmd03st/public_html/wp-includes HTTP/2.0" 200 242886 "-" "meta-externalagent/1.1 (+https://developers.facebook.com/docs/sharing/webmasters/crawler)" 401 **0/401646**
57.141.20.16 - - [21/Mar/2026:05:08:46 -0700] "GET /shop/sweethearting/phylloxanthin011560320594?fileloc=/home/dxfxddmd03st/public_html/wp-activate.php&path=/home/dxfxddmd03st/public_html HTTP/2.0" 200 21378 "-" "meta-externalagent/1.1 (+https://developers.facebook.com/docs/sharing/webmasters/crawler)" 311 **0/311322**
57.141.20.55 - - [21/Mar/2026:05:08:47 -0700] "GET /shop/primevertical/valebat012429940215?fileloc=/home/dxfxddmd03st/public_html/wp-includes/class-wpdb.php&path=/home/dxfxddmd03st/public_html/wp-includes HTTP/2.0" 200 141593 "-" "meta-externalagent/1.1 (+https://developers.facebook.com/docs/sharing/webmasters/crawler)" 320 **0/320152**
57.141.20.52 - - [21/Mar/2026:05:08:47 -0700] "GET /shop/primevertical/valebat012429940215?fileloc=/home/dxfxddmd03st/public_html/wp-includes/default-widgets.php&path=/home/dxfxddmd03st/public_html/wp-includes HTTP/2.0" 200 15009 "-" "meta-externalagent/1.1 (+https://developers.facebook.com/docs/sharing/webmasters/crawler)" 313 **0/313203**
74.7.243.195 - - [21/Mar/2026:05:08:47 -0700] "GET /shop/endictment/plummy012374201009 HTTP/2.0" 200 3474 "https://www.artelron.com/wp-sitemap.xml" "Mozilla/5.0 AppleWebKit/537.36 (KHTML, like Gecko; compatible; GPTBot/1.3; +https://openai.com/gptbot)" 348 **0/348194**
57.141.20.35 - - [21/Mar/2026:05:08:47 -0700] "GET /shop/adelaster/parepididymis011639269271?path=/home/dxfxddmd03st/public_html/wp-includes/certificates HTTP/2.0" 200 16140 "-" "meta-externalagent/1.1 (+https://developers.facebook.com/docs/sharing/webmasters/crawler)" 330 **0/330484**
57.141.20.20 - - [21/Mar/2026:05:08:48 -0700] "GET /shop/daughterinlaw/collet01123261348?fileloc=//etc/trustedmailhosts&path=//etc HTTP/2.0" 200 12255 "-" "meta-externalagent/1.1 (+https://developers.facebook.com/docs/sharing/webmasters/crawler)" 332 **0/332801**
57.141.20.49 - - [21/Mar/2026:05:08:48 -0700] "GET /shop/adelaster/parepididymis011639269271?fileloc=/home/dxfxddmd03st/public_html/wp-includes/class-wp-network-query.php&path=/home/dxfxddmd03st/public_html/wp-includes HTTP/2.0" 200 35484 "-" "meta-externalagent/1.1 (+https://developers.facebook.com/docs/sharing/webmasters/crawler)" 353 **0/353601**
216.73.216.4 - - [21/Mar/2026:05:08:48 -0700] "GET /shop/match/redunca012055313608?path=%2Fhome%2Fdxfxddmd03st%2Fpublic_html%2Fwp-includes HTTP/2.0" 403 3474 "-" "Mozilla/5.0 AppleWebKit/537.36 (KHTML, like Gecko; compatible; ClaudeBot/1.0; +claudebot@anthropic.com)" 329 **0/329058**
74.7.227.172 - - [21/Mar/2026:05:08:48 -0700] "GET /?path=//lib/tuned/accelerator-performance HTTP/2.0" 200 2583 "https://artelron.com/?path=//lib/tuned" "Mozilla/5.0 AppleWebKit/537.36 (KHTML, like Gecko; compatible; GPTBot/1.3; +https://openai.com/gptbot)" 313 **0/313243**
57.141.20.44 - - [21/Mar/2026:05:08:48 -0700] "GET /shop/primevertical/valebat012429940215?fileloc=/home/dxfxddmd03st/public_html/wp-includes/ms-default-filters.php&path=/home/dxfxddmd03st/public_html/wp-includes HTTP/2.0" 200 20703 "-" "meta-externalagent/1.1 (+https://developers.facebook.com/docs/sharing/webmasters/crawler)" 321 **0/321362**
57.141.20.14 - - [21/Mar/2026:05:08:49 -0700] "GET /shop/adelaster/parepididymis011639269271?fileloc=/home/dxfxddmd03st/public_html/wp-includes/class-wp-hook.php&path=/home/dxfxddmd03st/public_html/wp-includes HTTP/2.0" 200 29688 "-" "meta-externalagent/1.1 (+https://developers.facebook.com/docs/sharing/webmasters/crawler)" 319 **0/319788**
57.141.20.29 - - [21/Mar/2026:05:08:49 -0700] "GET /shop/auchenia/nectareousness014118202002?fileloc=/home/dxfxddmd03st/public_html/wp-signup.php&path=/home/dxfxddmd03st/public_html HTTP/2.0" 200 53921 "-" "meta-externalagent/1.1 (+https://developers.facebook.com/docs/sharing/webmasters/crawler)" 319 **0/319161**
57.141.20.2 - - [21/Mar/2026:05:08:49 -0700] "GET /shop/helminth/readjustment012904531305?fileloc=/home/dxfxddmd03st/public_html/yrgnf.php&path=/home/dxfxddmd03st/public_html HTTP/2.0" 200 44871 "-" "meta-externalagent/1.1 (+https://developers.facebook.com/docs/sharing/webmasters/crawler)" 315 **0/315794**
57.141.20.1 - - [21/Mar/2026:05:08:50 -0700] "GET /shop/blackjack/coeducational01463544952?fileloc=/home/dxfxddmd03st/public_html/wp-includes/vars.php&path=/home/dxfxddmd03st/public_html/wp-includes HTTP/2.0" 200 20032 "-" "meta-externalagent/1.1 (+https://developers.facebook.com/docs/sharing/webmasters/crawler)" 322 **0/322330**
57.141.20.5 - - [21/Mar/2026:05:08:50 -0700] "GET /shop/shortbreathed/amenorrhoeal01541463365?fileloc=/home/dxfxddmd03st/public_html/readme.html&path=/home/dxfxddmd03st/public_html HTTP/2.0" 200 21726 "-" "meta-externalagent/1.1 (+https://developers.facebook.com/docs/sharing/webmasters/crawler)" 316 **0/316518**
57.141.20.58 - - [21/Mar/2026:05:08:50 -0700] "GET /shop/sweethearting/phylloxanthin011560320594?fileloc=/home/dxfxddmd03st/public_html/robots.txt&path=/home/dxfxddmd03st/public_html HTTP/2.0" 200 12472 "-" "meta-externalagent/1.1 (+https://developers.facebook.com/docs/sharing/webmasters/crawler)" 317 **0/317716**
74.7.243.195 - - [21/Mar/2026:05:08:50 -0700] "GET /shop/scopically/anadem012768524004 HTTP/2.0" 200 3474 "https://www.artelron.com/wp-sitemap.xml" "Mozilla/5.0 AppleWebKit/537.36 (KHTML, like Gecko; compatible; GPTBot/1.3; +https://openai.com/gptbot)" 320 **0/320872**
57.141.20.13 - - [21/Mar/2026:05:08:51 -0700] "GET /shop/euchroic/snored013934575806?fileloc=/home/dxfxddmd03st/public_html/wp-admin/admin.php&path=/home/dxfxddmd03st/public_html/wp-admin HTTP/2.0" 200 26440 "-" "meta-externalagent/1.1 (+https://developers.facebook.com/docs/sharing/webmasters/crawler)" 330 **0/330686**
216.73.216.4 - - [21/Mar/2026:05:08:51 -0700] "GET /shop/ambivalence/indiscerptibility012621253216?path=%2F HTTP/2.0" 403 3474 "-" "Mozilla/5.0 AppleWebKit/537.36 (KHTML, like Gecko; compatible; ClaudeBot/1.0; +claudebot@anthropic.com)" 319 **0/319445**
74.7.227.172 - - [21/Mar/2026:05:08:51 -0700] "GET /?path=//usr/lib64/python2.7/pydoc_data HTTP/2.0" 200 2722 "https://artelron.com/?path=//usr/lib64/python2.7" "Mozilla/5.0 AppleWebKit/537.36 (KHTML, like Gecko; compatible; GPTBot/1.3; +https://openai.com/gptbot)" 330 **0/330101**
57.141.20.12 - - [21/Mar/2026:05:08:51 -0700] "GET /shop/adelaster/parepididymis011639269271?fileloc=/home/dxfxddmd03st/public_html/wp-includes/.htaccess&path=/home/dxfxddmd03st/public_html/wp-includes HTTP/2.0" 200 12625 "-" "meta-externalagent/1.1 (+https://developers.facebook.com/docs/sharing/webmasters/crawler)" 324 **0/324351**
57.141.20.37 - - [21/Mar/2026:05:08:51 -0700] "GET /shop/sweethearting/phylloxanthin011560320594?path=/home/dxfxddmd03st/public_html/moked-hash.co.il HTTP/2.0" 200 53170 "-" "meta-externalagent/1.1 (+https://developers.facebook.com/docs/sharing/webmasters/crawler)" 319 **0/319010**
57.141.20.28 - - [21/Mar/2026:05:08:51 -0700] "GET /shop/auchenia/nectareousness014118202002?fileloc=/home/dxfxddmd03st/public_html/readme.html&path=/home/dxfxddmd03st/public_html HTTP/2.0" 200 21726 "-" "meta-externalagent/1.1 (+https://developers.facebook.com/docs/sharing/webmasters/crawler)" 320 **0/320125**
57.141.20.38 - - [21/Mar/2026:05:08:52 -0700] "GET /shop/adelaster/parepididymis011639269271?fileloc=/home/dxfxddmd03st/public_html/wp-includes/class-wp-list-util.php&path=/home/dxfxddmd03st/public_html/wp-includes HTTP/2.0" 200 20372 "-" "meta-externalagent/1.1 (+https://developers.facebook.com/docs/sharing/webmasters/crawler)" 337 **0/337479**
57.141.20.26 - - [21/Mar/2026:05:08:52 -0700] "GET /shop/adelaster/parepididymis011639269271?fileloc=/home/dxfxddmd03st/public_html/wp-includes/class.wp-styles.php&path=/home/dxfxddmd03st/public_html/wp-includes HTTP/2.0" 200 12867 "-" "meta-externalagent/1.1 (+https://developers.facebook.com/docs/sharing/webmasters/crawler)" 327 **0/327130**
57.141.20.56 - - [21/Mar/2026:05:08:53 -0700] "GET /shop/dispraiser/cottonseed012919625684?path=//lib HTTP/2.0" 200 63487 "-" "meta-externalagent/1.1 (+https://developers.facebook.com/docs/sharing/webmasters/crawler)" 338 **0/338643**
57.141.20.40 - - [21/Mar/2026:05:08:53 -0700] "GET /shop/silundum/tracklessly01977205512?fileloc=/home/dxfxddmd03st/public_html/wp-includes/class-wp-textdomain-registry.php&path=/home/dxfxddmd03st/public_html/wp-includes HTTP/2.0" 200 23581 "-" "meta-externalagent/1.1 (+https://developers.facebook.com/docs/sharing/webmasters/crawler)" 337 **0/337221**
57.141.20.59 - - [21/Mar/2026:05:08:53 -0700] "GET /shop/adelaster/parepididymis011639269271?path=/home/dxfxddmd03st/public_html/wp-includes/interactivity-api HTTP/2.0" 200 19701 "-" "meta-externalagent/1.1 (+https://developers.facebook.com/docs/sharing/webmasters/crawler)" 316 **0/316272**
74.7.243.195 - - [21/Mar/2026:05:08:53 -0700] "GET /shop/saucily/orthodoxy013983243277 HTTP/2.0" 200 3474 "https://www.artelron.com/wp-sitemap.xml" "Mozilla/5.0 AppleWebKit/537.36 (KHTML, like Gecko; compatible; GPTBot/1.3; +https://openai.com/gptbot)" 330 **0/330794**
57.141.20.50 - - [21/Mar/2026:05:08:54 -0700] "GET /shop/adelaster/parepididymis011639269271?fileloc=/home/dxfxddmd03st/public_html/wp-includes/rest-api.php&path=/home/dxfxddmd03st/public_html/wp-includes HTTP/2.0" 200 123170 "-" "meta-externalagent/1.1 (+https://developers.facebook.com/docs/sharing/webmasters/crawler)" 325 **0/325123**
57.141.20.24 - - [21/Mar/2026:05:08:54 -0700] "GET /shop/helminth/readjustment012904531305?fileloc=/home/dxfxddmd03st/public_html/wp-links-opml.php&path=/home/dxfxddmd03st/public_html HTTP/2.0" 200 15446 "-" "meta-externalagent/1.1 (+https://developers.facebook.com/docs/sharing/webmasters/crawler)" 325 **0/325734**
57.141.20.6 - - [21/Mar/2026:05:08:54 -0700] "GET /shop/windrowing/discalceate012750793949?fileloc=/home/dxfxddmd03st/public_html/wp-includes/class-wp-ajax-response.php&path=/home/dxfxddmd03st/public_html/wp-includes HTTP/2.0" 200 18677 "-" "meta-externalagent/1.1 (+https://developers.facebook.com/docs/sharing/webmasters/crawler)" 316 **0/316758**
74.7.227.172 - - [21/Mar/2026:05:08:54 -0700] "GET /?path=//usr/lib/gems HTTP/2.0" 200 2552 "https://artelron.com/?path=//usr/lib" "Mozilla/5.0 AppleWebKit/537.36 (KHTML, like Gecko; compatible; GPTBot/1.3; +https://openai.com/gptbot)" 318 **0/318063**
57.141.20.21 - - [21/Mar/2026:05:08:55 -0700] "GET /shop/adelaster/parepididymis011639269271?fileloc=/home/dxfxddmd03st/public_html/wp-includes/class-wp-simplepie-sanitize-kses.php&path=/home/dxfxddmd03st/public_html/wp-includes HTTP/2.0" 200 14550 "-" "meta-externalagent/1.1 (+https://developers.facebook.com/docs/sharing/webmasters/crawler)" 316 **0/316535**
