74.7.227.172 - - [21/Mar/2026:05:13:54 -0700] "GET /?fileloc=//bin/md5sum&path=//bin HTTP/2.0" 200 19121 "https://artelron.com/?path=//bin" "Mozilla/5.0 AppleWebKit/537.36 (KHTML, like Gecko; compatible; GPTBot/1.3; +https://openai.com/gptbot)" 355 **0/355560**
57.141.20.18 - - [21/Mar/2026:05:13:55 -0700] "GET /shop/gadic/nephthys012992913158?path=//usr HTTP/2.0" 403 56935 "-" "meta-externalagent/1.1 (+https://developers.facebook.com/docs/sharing/webmasters/crawler)" 321 **0/321449**
74.7.243.195 - - [21/Mar/2026:05:13:55 -0700] "GET /shop/accepter/casemated014103696824 HTTP/2.0" 200 3474 "https://www.artelron.com/wp-sitemap.xml" "Mozilla/5.0 AppleWebKit/537.36 (KHTML, like Gecko; compatible; GPTBot/1.3; +https://openai.com/gptbot)" 328 **0/328355**
57.141.20.4 - - [21/Mar/2026:05:13:55 -0700] "GET /shop/breastknot/gratis013565571111?fileloc=/home/dxfxddmd03st/public_html/wp-settings.php&path=/home/dxfxddmd03st/public_html HTTP/2.0" 403 56935 "-" "meta-externalagent/1.1 (+https://developers.facebook.com/docs/sharing/webmasters/crawler)" 314 **0/314570**
57.141.20.37 - - [21/Mar/2026:05:13:55 -0700] "GET /shop/insulsity/perruque012329169835?fileloc=/home/dxfxddmd03st/public_html/wp-admin/css/wp-admin.min.css&path=/home/dxfxddmd03st/public_html/wp-admin/css HTTP/2.0" 403 56935 "-" "meta-externalagent/1.1 (+https://developers.facebook.com/docs/sharing/webmasters/crawler)" 322 **0/322111**
57.141.20.13 - - [21/Mar/2026:05:13:55 -0700] "GET /shop/frith/gigas013793997649?fileloc=/home/dxfxddmd03st/public_html/wp-includes/class-wp-taxonomy.php&path=/home/dxfxddmd03st/public_html/wp-includes HTTP/2.0" 403 56935 "-" "meta-externalagent/1.1 (+https://developers.facebook.com/docs/sharing/webmasters/crawler)" 317 **0/317098**
57.141.20.51 - - [21/Mar/2026:05:13:56 -0700] "GET /shop/silundum/tracklessly01977205512?fileloc=/home/dxfxddmd03st/public_html/wp-includes/script-modules.php&path=/home/dxfxddmd03st/public_html/wp-includes HTTP/2.0" 403 56935 "-" "meta-externalagent/1.1 (+https://developers.facebook.com/docs/sharing/webmasters/crawler)" 323 **0/323928**
57.141.20.39 - - [21/Mar/2026:05:13:56 -0700] "GET /shop/papulous/humiliating0183453587?fileloc=/home/dxfxddmd03st/public_html/wp-admin/admin.php&path=/home/dxfxddmd03st/public_html/wp-admin HTTP/2.0" 403 56935 "-" "meta-externalagent/1.1 (+https://developers.facebook.com/docs/sharing/webmasters/crawler)" 335 **0/335762**
57.141.20.0 - - [21/Mar/2026:05:13:57 -0700] "GET /shop/parabolic/aspire014112237576?path=/home/dxfxddmd03st/.cphorde/vfsroot HTTP/2.0" 403 56935 "-" "meta-externalagent/1.1 (+https://developers.facebook.com/docs/sharing/webmasters/crawler)" 322 **0/322548**
216.73.216.4 - - [21/Mar/2026:05:13:57 -0700] "GET /shop/eyelids/ocherous01706238236 HTTP/2.0" 200 3474 "-" "Mozilla/5.0 AppleWebKit/537.36 (KHTML, like Gecko; compatible; ClaudeBot/1.0; +claudebot@anthropic.com)" 325 **0/325970**
57.141.20.17 - - [21/Mar/2026:05:13:57 -0700] "GET /shop/insulsity/perruque012329169835?fileloc=/home/dxfxddmd03st/public_html/wp-admin/css/themes.min.css&path=/home/dxfxddmd03st/public_html/wp-admin/css HTTP/2.0" 403 56935 "-" "meta-externalagent/1.1 (+https://developers.facebook.com/docs/sharing/webmasters/crawler)" 340 **0/340528**
57.141.20.21 - - [21/Mar/2026:05:13:57 -0700] "GET /shop/rubella/undulary011055212916?fileloc=/home/dxfxddmd03st/public_html/wp-trackback.php&path=/home/dxfxddmd03st/public_html HTTP/2.0" 403 56935 "-" "meta-externalagent/1.1 (+https://developers.facebook.com/docs/sharing/webmasters/crawler)" 351 **0/351216**
57.141.20.55 - - [21/Mar/2026:05:13:57 -0700] "GET /shop/silundum/tracklessly01977205512?fileloc=/home/dxfxddmd03st/public_html/wp-includes/class-wp-exception.php&path=/home/dxfxddmd03st/public_html/wp-includes HTTP/2.0" 403 56935 "-" "meta-externalagent/1.1 (+https://developers.facebook.com/docs/sharing/webmasters/crawler)" 329 **0/329026**
74.7.227.172 - - [21/Mar/2026:05:13:58 -0700] "GET /?path=//usr/lib/tuned/cloudlinux-vz HTTP/2.0" 200 2588 "https://artelron.com/?path=//usr/lib/tuned" "Mozilla/5.0 AppleWebKit/537.36 (KHTML, like Gecko; compatible; GPTBot/1.3; +https://openai.com/gptbot)" 318 **0/318039**
74.7.243.195 - - [21/Mar/2026:05:13:58 -0700] "GET /shop/monembryony/achene013879096192 HTTP/2.0" 200 3474 "https://www.artelron.com/wp-sitemap.xml" "Mozilla/5.0 AppleWebKit/537.36 (KHTML, like Gecko; compatible; GPTBot/1.3; +https://openai.com/gptbot)" 322 **0/322730**
57.141.20.49 - - [21/Mar/2026:05:13:58 -0700] "GET /shop/proselytizing/author012870035397?fileloc=/home/dxfxddmd03st/public_html/wp-config.php&path=/home/dxfxddmd03st/public_html HTTP/2.0" 403 56935 "-" "meta-externalagent/1.1 (+https://developers.facebook.com/docs/sharing/webmasters/crawler)" 314 **0/314484**
57.141.20.28 - - [21/Mar/2026:05:13:58 -0700] "GET /shop/insulsity/perruque012329169835?fileloc=/home/dxfxddmd03st/public_html/wp-admin/css/customize-controls.css&path=/home/dxfxddmd03st/public_html/wp-admin/css HTTP/2.0" 403 56935 "-" "meta-externalagent/1.1 (+https://developers.facebook.com/docs/sharing/webmasters/crawler)" 322 **0/322134**
57.141.20.48 - - [21/Mar/2026:05:13:58 -0700] "GET /shop/insulsity/perruque012329169835?fileloc=/home/dxfxddmd03st/public_html/wp-admin/css/customize-widgets-rtl.min.css&path=/home/dxfxddmd03st/public_html/wp-admin/css HTTP/2.0" 403 56935 "-" "meta-externalagent/1.1 (+https://developers.facebook.com/docs/sharing/webmasters/crawler)" 318 **0/318521**
57.141.20.22 - - [21/Mar/2026:05:13:59 -0700] "GET /shop/insulsity/perruque012329169835?fileloc=/home/dxfxddmd03st/public_html/wp-admin/css/common.min.css&path=/home/dxfxddmd03st/public_html/wp-admin/css HTTP/2.0" 403 56935 "-" "meta-externalagent/1.1 (+https://developers.facebook.com/docs/sharing/webmasters/crawler)" 326 **0/326127**
57.141.20.46 - - [21/Mar/2026:05:13:59 -0700] "GET /shop/frith/gigas013793997649?path=/home/dxfxddmd03st/public_html/artelron.com HTTP/2.0" 403 56935 "-" "meta-externalagent/1.1 (+https://developers.facebook.com/docs/sharing/webmasters/crawler)" 323 **0/323350**
57.141.20.22 - - [21/Mar/2026:05:13:59 -0700] "GET /shop/deepwaisted/asserting012628497267?path=/home/dxfxddmd03st/public_html/.tmb HTTP/2.0" 403 56935 "-" "meta-externalagent/1.1 (+https://developers.facebook.com/docs/sharing/webmasters/crawler)" 321 **0/321971**
216.73.216.4 - - [21/Mar/2026:05:14:00 -0700] "GET /shop/courant/metronomy01288434214 HTTP/2.0" 200 3474 "-" "Mozilla/5.0 AppleWebKit/537.36 (KHTML, like Gecko; compatible; ClaudeBot/1.0; +claudebot@anthropic.com)" 333 **0/333299**
57.141.20.7 - - [21/Mar/2026:05:14:00 -0700] "GET /shop/insulsity/perruque012329169835?fileloc=/home/dxfxddmd03st/public_html/wp-admin/css/themes-rtl.min.css&path=/home/dxfxddmd03st/public_html/wp-admin/css HTTP/2.0" 403 56935 "-" "meta-externalagent/1.1 (+https://developers.facebook.com/docs/sharing/webmasters/crawler)" 332 **0/332611**
57.141.20.38 - - [21/Mar/2026:05:14:00 -0700] "GET /shop/insulsity/perruque012329169835?fileloc=/home/dxfxddmd03st/public_html/wp-admin/css/edit.css&path=/home/dxfxddmd03st/public_html/wp-admin/css HTTP/2.0" 403 56935 "-" "meta-externalagent/1.1 (+https://developers.facebook.com/docs/sharing/webmasters/crawler)" 343 **0/343673**
57.141.20.40 - - [21/Mar/2026:05:14:00 -0700] "GET /shop/insulsity/perruque012329169835?fileloc=/home/dxfxddmd03st/public_html/wp-admin/css/revisions-rtl.css&path=/home/dxfxddmd03st/public_html/wp-admin/css HTTP/2.0" 403 56935 "-" "meta-externalagent/1.1 (+https://developers.facebook.com/docs/sharing/webmasters/crawler)" 330 **0/330936**
57.141.20.36 - - [21/Mar/2026:05:14:01 -0700] "GET /shop/chromoleucite/intervenue013400886737?path=/home/dxfxddmd03st/public_html/cgi-bin HTTP/2.0" 403 56935 "-" "meta-externalagent/1.1 (+https://developers.facebook.com/docs/sharing/webmasters/crawler)" 338 **0/338339**
74.7.227.172 - - [21/Mar/2026:05:14:01 -0700] "GET /?path=//usr/lib/tuned/cloudlinux-latency-performance HTTP/2.0" 200 2596 "https://artelron.com/?path=//usr/lib/tuned" "Mozilla/5.0 AppleWebKit/537.36 (KHTML, like Gecko; compatible; GPTBot/1.3; +https://openai.com/gptbot)" 342 **0/342254**
74.7.243.195 - - [21/Mar/2026:05:14:01 -0700] "GET /shop/tufaceous/petzite012462419339 HTTP/2.0" 200 3474 "https://www.artelron.com/wp-sitemap.xml" "Mozilla/5.0 AppleWebKit/537.36 (KHTML, like Gecko; compatible; GPTBot/1.3; +https://openai.com/gptbot)" 358 **0/358516**
57.141.20.47 - - [21/Mar/2026:05:14:01 -0700] "GET /shop/dannebrog/councilman01974781330?path=/home/dxfxddmd03st/public_html/wp-includes/Requests HTTP/2.0" 403 56935 "-" "meta-externalagent/1.1 (+https://developers.facebook.com/docs/sharing/webmasters/crawler)" 338 **0/338391**
57.141.20.17 - - [21/Mar/2026:05:14:01 -0700] "GET /shop/insulsity/perruque012329169835?fileloc=/home/dxfxddmd03st/public_html/wp-admin/css/install.css&path=/home/dxfxddmd03st/public_html/wp-admin/css HTTP/2.0" 403 56935 "-" "meta-externalagent/1.1 (+https://developers.facebook.com/docs/sharing/webmasters/crawler)" 360 **0/360619**
57.141.20.23 - - [21/Mar/2026:05:14:02 -0700] "GET /shop/insulsity/perruque012329169835?fileloc=/home/dxfxddmd03st/public_html/wp-admin/css/common-rtl.min.css&path=/home/dxfxddmd03st/public_html/wp-admin/css HTTP/2.0" 403 56935 "-" "meta-externalagent/1.1 (+https://developers.facebook.com/docs/sharing/webmasters/crawler)" 352 **0/352494**
57.141.20.1 - - [21/Mar/2026:05:14:02 -0700] "GET /shop/deltafication/sinensis011261089231?fileloc=/home/dxfxddmd03st/public_html/colors.php&path=/home/dxfxddmd03st/public_html HTTP/2.0" 403 56935 "-" "meta-externalagent/1.1 (+https://developers.facebook.com/docs/sharing/webmasters/crawler)" 341 **0/341249**
57.141.20.8 - - [21/Mar/2026:05:14:02 -0700] "GET /shop/insulsity/perruque012329169835?fileloc=/home/dxfxddmd03st/public_html/wp-admin/css/login-rtl.css&path=/home/dxfxddmd03st/public_html/wp-admin/css HTTP/2.0" 403 56935 "-" "meta-externalagent/1.1 (+https://developers.facebook.com/docs/sharing/webmasters/crawler)" 341 **0/341552**
57.141.20.5 - - [21/Mar/2026:05:14:03 -0700] "GET /shop/maritated/cassegrainian011386295105?fileloc=/home/dxfxddmd03st/public_html/index.php&path=/home/dxfxddmd03st/public_html HTTP/2.0" 403 56935 "-" "meta-externalagent/1.1 (+https://developers.facebook.com/docs/sharing/webmasters/crawler)" 372 **0/372234**
57.141.20.52 - - [21/Mar/2026:05:14:03 -0700] "GET /shop/insulsity/perruque012329169835?fileloc=/home/dxfxddmd03st/public_html/wp-admin/css/admin-menu.min.css&path=/home/dxfxddmd03st/public_html/wp-admin/css HTTP/2.0" 403 56935 "-" "meta-externalagent/1.1 (+https://developers.facebook.com/docs/sharing/webmasters/crawler)" 377 **0/377621**
57.141.20.16 - - [21/Mar/2026:05:14:04 -0700] "GET /shop/insulsity/perruque012329169835?fileloc=/home/dxfxddmd03st/public_html/wp-admin/css/deprecated-media-rtl.css&path=/home/dxfxddmd03st/public_html/wp-admin/css HTTP/2.0" 403 56935 "-" "meta-externalagent/1.1 (+https://developers.facebook.com/docs/sharing/webmasters/crawler)" 333 **0/333479**
57.141.20.53 - - [21/Mar/2026:05:14:04 -0700] "GET /shop/hygroscopicity/connecticuter012232822489?fileloc=/home/dxfxddmd03st/public_html/wp-admin/term-private.php&path=/home/dxfxddmd03st/public_html/wp-admin HTTP/2.0" 403 56935 "-" "meta-externalagent/1.1 (+https://developers.facebook.com/docs/sharing/webmasters/crawler)" 354 **0/354839**
74.7.243.195 - - [21/Mar/2026:05:14:04 -0700] "GET /shop/eledone/drabcloth012339801186?path=/home/dxfxddmd03st/public_html/ssl HTTP/2.0" 200 2667 "https://www.artelron.com/shop/eledone/drabcloth012339801186" "Mozilla/5.0 AppleWebKit/537.36 (KHTML, like Gecko; compatible; GPTBot/1.3; +https://openai.com/gptbot)" 336 **0/336054**
74.7.227.172 - - [21/Mar/2026:05:14:04 -0700] "GET /?fileloc=//usr/lib64/libsoftokn3.so&path=//usr/lib64 HTTP/2.0" 200 140190 "https://artelron.com/?path=//usr/lib64" "Mozilla/5.0 AppleWebKit/537.36 (KHTML, like Gecko; compatible; GPTBot/1.3; +https://openai.com/gptbot)" 402 **0/402779**
57.141.20.35 - - [21/Mar/2026:05:14:04 -0700] "GET /shop/similative/artistically011729879418?fileloc=/home/dxfxddmd03st/public_html/wp-admin/update.php&path=/home/dxfxddmd03st/public_html/wp-admin HTTP/2.0" 403 56935 "-" "meta-externalagent/1.1 (+https://developers.facebook.com/docs/sharing/webmasters/crawler)" 336 **0/336988**
57.141.20.43 - - [21/Mar/2026:05:14:05 -0700] "GET /shop/leasow/dissension013505033822?path=/home/dxfxddmd03st/public_html/wp-includes/html-api HTTP/2.0" 403 56935 "-" "meta-externalagent/1.1 (+https://developers.facebook.com/docs/sharing/webmasters/crawler)" 362 **0/362243**
57.141.20.19 - - [21/Mar/2026:05:14:05 -0700] "GET /shop/haycock/preace015350114?path=/home/dxfxddmd03st/public_html HTTP/2.0" 403 56935 "-" "meta-externalagent/1.1 (+https://developers.facebook.com/docs/sharing/webmasters/crawler)" 355 **0/355668**
57.141.20.48 - - [21/Mar/2026:05:14:05 -0700] "GET /shop/insulsity/perruque012329169835?fileloc=/home/dxfxddmd03st/public_html/wp-admin/css/login.css&path=/home/dxfxddmd03st/public_html/wp-admin/css HTTP/2.0" 403 56935 "-" "meta-externalagent/1.1 (+https://developers.facebook.com/docs/sharing/webmasters/crawler)" 348 **0/348920**
57.141.20.7 - - [21/Mar/2026:05:14:05 -0700] "GET /shop/leasow/dissension013505033822?fileloc=/home/dxfxddmd03st/public_html/wp-includes/theme-compat/header-embed.php&path=/home/dxfxddmd03st/public_html/wp-includes/theme-compat HTTP/2.0" 403 56935 "-" "meta-externalagent/1.1 (+https://developers.facebook.com/docs/sharing/webmasters/crawler)" 396 **0/396243**
57.141.20.15 - - [21/Mar/2026:05:14:06 -0700] "GET /shop/insulsity/perruque012329169835?fileloc=/home/dxfxddmd03st/public_html/wp-admin/css/forms.css&path=/home/dxfxddmd03st/public_html/wp-admin/css HTTP/2.0" 403 56935 "-" "meta-externalagent/1.1 (+https://developers.facebook.com/docs/sharing/webmasters/crawler)" 344 **0/344455**
57.141.20.23 - - [21/Mar/2026:05:14:06 -0700] "GET /shop/insulsity/perruque012329169835?fileloc=/home/dxfxddmd03st/public_html/wp-admin/css/edit-rtl.css&path=/home/dxfxddmd03st/public_html/wp-admin/css HTTP/2.0" 403 56935 "-" "meta-externalagent/1.1 (+https://developers.facebook.com/docs/sharing/webmasters/crawler)" 330 **0/330720**
57.141.20.45 - - [21/Mar/2026:05:14:06 -0700] "GET /shop/insulsity/perruque012329169835?fileloc=/home/dxfxddmd03st/public_html/wp-admin/css/code-editor-rtl.css&path=/home/dxfxddmd03st/public_html/wp-admin/css HTTP/2.0" 403 56935 "-" "meta-externalagent/1.1 (+https://developers.facebook.com/docs/sharing/webmasters/crawler)" 339 **0/339179**
57.141.20.18 - - [21/Mar/2026:05:14:07 -0700] "GET /shop/velum/balaniferous012801596335?fileloc=/home/dxfxddmd03st/public_html/wp-signup.php&path=/home/dxfxddmd03st/public_html HTTP/2.0" 403 56935 "-" "meta-externalagent/1.1 (+https://developers.facebook.com/docs/sharing/webmasters/crawler)" 331 **0/331716**
216.73.216.4 - - [21/Mar/2026:05:14:07 -0700] "GET /shop/beldam/hilly011713284881?fileloc=%2Fhome%2Fdxfxddmd03st%2Fpublic_html%2Fwp-admin%2Fmedia.php&path=%2Fhome%2Fdxfxddmd03st%2Fpublic_html%2Fwp-admin HTTP/2.0" 200 2638 "-" "Mozilla/5.0 AppleWebKit/537.36 (KHTML, like Gecko; compatible; ClaudeBot/1.0; +claudebot@anthropic.com)" 337 **0/337383**
57.141.20.44 - - [21/Mar/2026:05:14:07 -0700] "GET /shop/gobius/sprong013664342655?fileloc=/home/dxfxddmd03st/public_html/wp-includes/class-wp-block-templates-registry.php&path=/home/dxfxddmd03st/public_html/wp-includes HTTP/2.0" 403 56935 "-" "meta-externalagent/1.1 (+https://developers.facebook.com/docs/sharing/webmasters/crawler)" 333 **0/333745**
74.7.243.195 - - [21/Mar/2026:05:14:07 -0700] "GET /shop/sclavonic/startup011241995281 HTTP/2.0" 200 3474 "https://www.artelron.com/wp-sitemap.xml" "Mozilla/5.0 AppleWebKit/537.36 (KHTML, like Gecko; compatible; GPTBot/1.3; +https://openai.com/gptbot)" 338 **0/338939**
74.7.227.172 - - [21/Mar/2026:05:14:07 -0700] "GET /?path=//usr/lib/tuned/accelerator-performance HTTP/2.0" 200 2592 "https://artelron.com/?path=//usr/lib/tuned" "Mozilla/5.0 AppleWebKit/537.36 (KHTML, like Gecko; compatible; GPTBot/1.3; +https://openai.com/gptbot)" 361 **0/361736**
57.141.20.49 - - [21/Mar/2026:05:14:07 -0700] "GET /shop/gallicize/technically011263253821?fileloc=/home/dxfxddmd03st/public_html/wp-admin/css/login-rtl.min.css&path=/home/dxfxddmd03st/public_html/wp-admin/css HTTP/2.0" 403 56935 "-" "meta-externalagent/1.1 (+https://developers.facebook.com/docs/sharing/webmasters/crawler)" 346 **0/346089**
57.141.20.23 - - [21/Mar/2026:05:14:08 -0700] "GET /shop/measelry/purim011365399839 HTTP/2.0" 403 56935 "-" "meta-externalagent/1.1 (+https://developers.facebook.com/docs/sharing/webmasters/crawler)" 345 **0/345493**
57.141.20.43 - - [21/Mar/2026:05:14:08 -0700] "GET /shop/bullhrad/cirrhus013919644934?fileloc=/home/dxfxddmd03st/public_html/wp-links-opml.php&path=/home/dxfxddmd03st/public_html HTTP/2.0" 403 56935 "-" "meta-externalagent/1.1 (+https://developers.facebook.com/docs/sharing/webmasters/crawler)" 344 **0/344045**
57.141.20.55 - - [21/Mar/2026:05:14:09 -0700] "GET /shop/sieboldii/troopmeal014133132842?path=/home/dxfxddmd03st/public_html/images HTTP/2.0" 403 56935 "-" "meta-externalagent/1.1 (+https://developers.facebook.com/docs/sharing/webmasters/crawler)" 327 **0/327715**
57.141.20.52 - - [21/Mar/2026:05:14:09 -0700] "GET /shop/gobius/sprong013664342655?fileloc=/home/dxfxddmd03st/public_html/wp-includes/class-wp-customize-panel.php&path=/home/dxfxddmd03st/public_html/wp-includes HTTP/2.0" 403 56935 "-" "meta-externalagent/1.1 (+https://developers.facebook.com/docs/sharing/webmasters/crawler)" 360 **0/360297**
57.141.20.49 - - [21/Mar/2026:05:14:09 -0700] "GET /shop/shortbreathed/amenorrhoeal01541463365?fileloc=/home/dxfxddmd03st/public_html/wp-mail.php&path=/home/dxfxddmd03st/public_html HTTP/2.0" 403 56935 "-" "meta-externalagent/1.1 (+https://developers.facebook.com/docs/sharing/webmasters/crawler)" 326 **0/326799**
57.141.20.50 - - [21/Mar/2026:05:14:09 -0700] "GET /shop/jackatalltrades/euchre014258780159?path=/home/dxfxddmd03st/public_html/wp-includes HTTP/2.0" 403 56935 "-" "meta-externalagent/1.1 (+https://developers.facebook.com/docs/sharing/webmasters/crawler)" 359 **0/359036**
216.73.216.4 - - [21/Mar/2026:05:14:10 -0700] "GET /shop/effigies/whelming012686020113?fileloc=%2Fhome%2Fdxfxddmd03st%2Fpublic_html%2Fwp-includes%2Fkses.php&path=%2Fhome%2Fdxfxddmd03st%2Fpublic_html%2Fwp-includes HTTP/2.0" 200 23196 "-" "Mozilla/5.0 AppleWebKit/537.36 (KHTML, like Gecko; compatible; ClaudeBot/1.0; +claudebot@anthropic.com)" 338 **0/338630**
57.141.20.24 - - [21/Mar/2026:05:14:10 -0700] "GET /shop/parabolic/aspire014112237576?fileloc=/home/dxfxddmd03st/.cphorde/horde.sqlite&path=/home/dxfxddmd03st/.cphorde HTTP/2.0" 403 56935 "-" "meta-externalagent/1.1 (+https://developers.facebook.com/docs/sharing/webmasters/crawler)" 332 **0/332714**
74.7.243.195 - - [21/Mar/2026:05:14:10 -0700] "GET /shop/septane/transfund012769736103 HTTP/2.0" 200 3474 "https://www.artelron.com/wp-sitemap.xml" "Mozilla/5.0 AppleWebKit/537.36 (KHTML, like Gecko; compatible; GPTBot/1.3; +https://openai.com/gptbot)" 322 **0/322450**
74.7.227.172 - - [21/Mar/2026:05:14:10 -0700] "GET /?fileloc=//usr/lib64/libjbig2dec.so.0.0.0&path=//usr/lib64 HTTP/2.0" 200 46218 "https://artelron.com/?path=//usr/lib64" "Mozilla/5.0 AppleWebKit/537.36 (KHTML, like Gecko; compatible; GPTBot/1.3; +https://openai.com/gptbot)" 330 **0/330902**
57.141.20.43 - - [21/Mar/2026:05:14:10 -0700] "GET /shop/leasow/dissension013505033822?fileloc=/home/dxfxddmd03st/public_html/wp-includes/embed-template.php&path=/home/dxfxddmd03st/public_html/wp-includes HTTP/2.0" 403 56935 "-" "meta-externalagent/1.1 (+https://developers.facebook.com/docs/sharing/webmasters/crawler)" 321 **0/321900**
57.141.20.7 - - [21/Mar/2026:05:14:10 -0700] "GET /shop/adelaster/parepididymis011639269271?path=/home/dxfxddmd03st/.subaccounts HTTP/2.0" 403 56935 "-" "meta-externalagent/1.1 (+https://developers.facebook.com/docs/sharing/webmasters/crawler)" 318 **0/318766**
57.141.20.50 - - [21/Mar/2026:05:14:11 -0700] "GET /shop/miswed/oligomer01222819661?fileloc=/home/dxfxddmd03st/public_html/.tmb/.htaccess&path=/home/dxfxddmd03st/public_html/.tmb HTTP/2.0" 403 56935 "-" "meta-externalagent/1.1 (+https://developers.facebook.com/docs/sharing/webmasters/crawler)" 329 **0/329811**
57.141.20.4 - - [21/Mar/2026:05:14:11 -0700] "GET /shop/silundum/tracklessly01977205512?fileloc=/home/dxfxddmd03st/public_html/wp-includes/class-wp-matchesmapregex.php&path=/home/dxfxddmd03st/public_html/wp-includes HTTP/2.0" 403 56935 "-" "meta-externalagent/1.1 (+https://developers.facebook.com/docs/sharing/webmasters/crawler)" 320 **0/320561**
57.141.20.12 - - [21/Mar/2026:05:14:12 -0700] "GET /shop/insulsity/perruque012329169835?fileloc=/home/dxfxddmd03st/public_html/wp-admin/css/media.min.css&path=/home/dxfxddmd03st/public_html/wp-admin/css HTTP/2.0" 403 56935 "-" "meta-externalagent/1.1 (+https://developers.facebook.com/docs/sharing/webmasters/crawler)" 349 **0/349100**
57.141.20.24 - - [21/Mar/2026:05:14:12 -0700] "GET /shop/insulsity/perruque012329169835?fileloc=/home/dxfxddmd03st/public_html/wp-admin/css/code-editor.min.css&path=/home/dxfxddmd03st/public_html/wp-admin/css HTTP/2.0" 403 56935 "-" "meta-externalagent/1.1 (+https://developers.facebook.com/docs/sharing/webmasters/crawler)" 327 **0/327465**
57.141.20.3 - - [21/Mar/2026:05:14:12 -0700] "GET /shop/encyclopaedy/foison0147582057?fileloc=/home/dxfxddmd03st/public_html/wp-includes/class-wp-image-editor.php&path=/home/dxfxddmd03st/public_html/wp-includes HTTP/2.0" 403 56935 "-" "meta-externalagent/1.1 (+https://developers.facebook.com/docs/sharing/webmasters/crawler)" 354 **0/354549**
57.141.20.39 - - [21/Mar/2026:05:14:12 -0700] "GET /shop/saussurea/placitory012511583932?fileloc=/home/dxfxddmd03st/public_html/wp-login.php&path=/home/dxfxddmd03st/public_html HTTP/2.0" 403 56935 "-" "meta-externalagent/1.1 (+https://developers.facebook.com/docs/sharing/webmasters/crawler)" 326 **0/326876**
216.73.216.4 - - [21/Mar/2026:05:14:13 -0700] "GET /shop/shinty/pterygomaxillary012089189794?path=%2Fhome%2Fdxfxddmd03st%2Ftmp HTTP/2.0" 200 3256 "-" "Mozilla/5.0 AppleWebKit/537.36 (KHTML, like Gecko; compatible; ClaudeBot/1.0; +claudebot@anthropic.com)" 320 **0/320039**
57.141.20.8 - - [21/Mar/2026:05:14:13 -0700] "GET /shop/fugacity/expired012632037479?fileloc=/home/dxfxddmd03st/public_html/wp-admin/async-upload.php&path=/home/dxfxddmd03st/public_html/wp-admin HTTP/2.0" 403 56935 "-" "meta-externalagent/1.1 (+https://developers.facebook.com/docs/sharing/webmasters/crawler)" 350 **0/350351**
57.141.20.14 - - [21/Mar/2026:05:14:13 -0700] "GET /shop/insulsity/perruque012329169835?fileloc=/home/dxfxddmd03st/public_html/wp-admin/css/media-rtl.css&path=/home/dxfxddmd03st/public_html/wp-admin/css HTTP/2.0" 403 56935 "-" "meta-externalagent/1.1 (+https://developers.facebook.com/docs/sharing/webmasters/crawler)" 328 **0/328836**
57.141.20.11 - - [21/Mar/2026:05:14:14 -0700] "GET /shop/insulsity/perruque012329169835?fileloc=/home/dxfxddmd03st/public_html/wp-admin/css/code-editor.css&path=/home/dxfxddmd03st/public_html/wp-admin/css HTTP/2.0" 403 56935 "-" "meta-externalagent/1.1 (+https://developers.facebook.com/docs/sharing/webmasters/crawler)" 340 **0/340073**
74.7.227.172 - - [21/Mar/2026:05:14:14 -0700] "GET /?fileloc=//usr/lib64/libxtables.so.12.3.0&path=//usr/lib64 HTTP/2.0" 200 25074 "https://artelron.com/?path=//usr/lib64" "Mozilla/5.0 AppleWebKit/537.36 (KHTML, like Gecko; compatible; GPTBot/1.3; +https://openai.com/gptbot)" 348 **0/348990**
57.141.20.15 - - [21/Mar/2026:05:14:14 -0700] "GET /shop/distinctive/willfully013283809847?fileloc=/home/dxfxddmd03st/public_html/wp-login.php&path=/home/dxfxddmd03st/public_html HTTP/2.0" 403 56935 "-" "meta-externalagent/1.1 (+https://developers.facebook.com/docs/sharing/webmasters/crawler)" 344 **0/344842**
74.7.243.195 - - [21/Mar/2026:05:14:14 -0700] "GET /shop/citrine/dixieland013104055313 HTTP/2.0" 200 3474 "https://www.artelron.com/wp-sitemap.xml" "Mozilla/5.0 AppleWebKit/537.36 (KHTML, like Gecko; compatible; GPTBot/1.3; +https://openai.com/gptbot)" 344 **0/344981**
57.141.20.28 - - [21/Mar/2026:05:14:14 -0700] "GET /shop/gangliform/construe013068592465?fileloc=/home/dxfxddmd03st/public_html/wp-load.php&path=/home/dxfxddmd03st/public_html HTTP/2.0" 403 56935 "-" "meta-externalagent/1.1 (+https://developers.facebook.com/docs/sharing/webmasters/crawler)" 337 **0/337685**
57.141.20.18 - - [21/Mar/2026:05:14:14 -0700] "GET /shop/pontificial/forfeit013597019575?fileloc=/home/dxfxddmd03st/public_html/wp-admin/upgrade-functions.php&path=/home/dxfxddmd03st/public_html/wp-admin HTTP/2.0" 403 56935 "-" "meta-externalagent/1.1 (+https://developers.facebook.com/docs/sharing/webmasters/crawler)" 323 **0/323204**
57.141.20.47 - - [21/Mar/2026:05:14:15 -0700] "GET /shop/chromoleucite/intervenue013400886737?fileloc=/home/dxfxddmd03st/public_html/wp-load.php&path=/home/dxfxddmd03st/public_html HTTP/2.0" 403 56935 "-" "meta-externalagent/1.1 (+https://developers.facebook.com/docs/sharing/webmasters/crawler)" 327 **0/327347**
57.141.20.58 - - [21/Mar/2026:05:14:15 -0700] "GET /shop/blackjack/coeducational01463544952?fileloc=/home/dxfxddmd03st/public_html/wp-includes/class-wp-paused-extensions-storage.php&path=/home/dxfxddmd03st/public_html/wp-includes HTTP/2.0" 403 56935 "-" "meta-externalagent/1.1 (+https://developers.facebook.com/docs/sharing/webmasters/crawler)" 332 **0/332036**
57.141.20.31 - - [21/Mar/2026:05:14:15 -0700] "GET /shop/imprenable/fragile014148668648 HTTP/2.0" 403 56935 "-" "meta-externalagent/1.1 (+https://developers.facebook.com/docs/sharing/webmasters/crawler)" 329 **0/329132**
216.73.216.4 - - [21/Mar/2026:05:14:16 -0700] "GET /shop/stubby/diverseness012266588911?fileloc=%2Fhome%2Fdxfxddmd03st%2Fpublic_html%2Fwp-admin%2Fnav-menus.php&path=%2Fhome%2Fdxfxddmd03st%2Fpublic_html%2Fwp-admin HTTP/2.0" 200 13251 "-" "Mozilla/5.0 AppleWebKit/537.36 (KHTML, like Gecko; compatible; ClaudeBot/1.0; +claudebot@anthropic.com)" 337 **0/337055**
57.141.20.7 - - [21/Mar/2026:05:14:16 -0700] "GET /shop/misproud/unpossess01241550337 HTTP/2.0" 403 56935 "-" "meta-externalagent/1.1 (+https://developers.facebook.com/docs/sharing/webmasters/crawler)" 323 **0/323828**
57.141.20.31 - - [21/Mar/2026:05:14:16 -0700] "GET /shop/columbae/columbidae012435741118?fileloc=//bin/file&path=//bin HTTP/2.0" 403 56935 "-" "meta-externalagent/1.1 (+https://developers.facebook.com/docs/sharing/webmasters/crawler)" 329 **0/329098**
57.141.20.52 - - [21/Mar/2026:05:14:17 -0700] "GET /shop/desecrate/agonist013860335841 HTTP/2.0" 403 56935 "-" "meta-externalagent/1.1 (+https://developers.facebook.com/docs/sharing/webmasters/crawler)" 327 **0/327589**
74.7.227.172 - - [21/Mar/2026:05:14:17 -0700] "GET /?fileloc=//usr/lib64/python2.7/lib-tk/test/runtktests.py&path=//usr/lib64/python2.7/lib-tk/test HTTP/2.0" 200 3186 "https://artelron.com/?path=//usr/lib64/python2.7/lib-tk/test" "Mozilla/5.0 AppleWebKit/537.36 (KHTML, like Gecko; compatible; GPTBot/1.3; +https://openai.com/gptbot)" 320 **0/320289**
57.141.20.54 - - [21/Mar/2026:05:14:17 -0700] "GET /shop/dannebrog/councilman01974781330?fileloc=/home/dxfxddmd03st/public_html/wp-includes/class-wp-http-proxy.php&path=/home/dxfxddmd03st/public_html/wp-includes HTTP/2.0" 403 56935 "-" "meta-externalagent/1.1 (+https://developers.facebook.com/docs/sharing/webmasters/crawler)" 325 **0/325100**
74.7.243.195 - - [21/Mar/2026:05:14:17 -0700] "GET /shop/hobblebush/tummals011079309759 HTTP/2.0" 200 3474 "https://www.artelron.com/wp-sitemap.xml" "Mozilla/5.0 AppleWebKit/537.36 (KHTML, like Gecko; compatible; GPTBot/1.3; +https://openai.com/gptbot)" 699 **0/699136**
57.141.20.41 - - [21/Mar/2026:05:14:17 -0700] "GET /shop/calabozo/morgan013611343298?path=/home/dxfxddmd03st/public_html/wp-content HTTP/2.0" 403 56935 "-" "meta-externalagent/1.1 (+https://developers.facebook.com/docs/sharing/webmasters/crawler)" 330 **0/330166**
57.141.20.55 - - [21/Mar/2026:05:14:18 -0700] "GET /shop/dannebrog/councilman01974781330?fileloc=/home/dxfxddmd03st/public_html/wp-includes/class-wp-token-map.php&path=/home/dxfxddmd03st/public_html/wp-includes HTTP/2.0" 403 56935 "-" "meta-externalagent/1.1 (+https://developers.facebook.com/docs/sharing/webmasters/crawler)" 326 **0/326120**
57.141.20.54 - - [21/Mar/2026:05:14:18 -0700] "GET /shop/enchase/tsetung012334970722?path=/home/dxfxddmd03st/.quarantine HTTP/2.0" 403 56935 "-" "meta-externalagent/1.1 (+https://developers.facebook.com/docs/sharing/webmasters/crawler)" 325 **0/325141**
57.141.20.27 - - [21/Mar/2026:05:14:18 -0700] "GET /shop/encyclopaedy/foison0147582057?fileloc=/home/dxfxddmd03st/public_html/wp-includes/class-wp-theme-json-schema.php&path=/home/dxfxddmd03st/public_html/wp-includes HTTP/2.0" 403 56935 "-" "meta-externalagent/1.1 (+https://developers.facebook.com/docs/sharing/webmasters/crawler)" 319 **0/319050**
57.141.20.1 - - [21/Mar/2026:05:14:18 -0700] "GET /shop/tonguefish/naperian011483525273?fileloc=/home/dxfxddmd03st/public_html/.tmb/l1_d3AtY29udGVudC91cGxvYWRzL2VsZW1lbnRvci90aHVtYnMvaW1hZ2UtMS1jb3B5cmlnaHQtb3BqczJxNXpjcDNpdmlkY2o3OTU0M2V1c3Q4Mm80d3ZpdzZsMnd2ZHZvLmpwZw1589568676.png&path=/home/dxfxddmd03st/public_html/.tmb HTTP/2.0" 403 56935 "-" "meta-externalagent/1.1 (+https://developers.facebook.com/docs/sharing/webmasters/crawler)" 348 **0/348230**
216.73.216.4 - - [21/Mar/2026:05:14:19 -0700] "GET /shop/candlemas/backhanded01667958504?fileloc=%2Fhome%2Fdxfxddmd03st%2Fpublic_html%2Fwp-includes%2Ftheme.json&path=%2Fhome%2Fdxfxddmd03st%2Fpublic_html%2Fwp-includes HTTP/2.0" 200 4569 "-" "Mozilla/5.0 AppleWebKit/537.36 (KHTML, like Gecko; compatible; ClaudeBot/1.0; +claudebot@anthropic.com)" 326 **0/326547**
57.141.20.16 - - [21/Mar/2026:05:14:19 -0700] "GET /shop/insulsity/perruque012329169835?fileloc=/home/dxfxddmd03st/public_html/wp-admin/css/forms-rtl.css&path=/home/dxfxddmd03st/public_html/wp-admin/css HTTP/2.0" 403 56935 "-" "meta-externalagent/1.1 (+https://developers.facebook.com/docs/sharing/webmasters/crawler)" 322 **0/322866**
57.141.20.40 - - [21/Mar/2026:05:14:19 -0700] "GET /shop/kemps/isochasmic013024032377 HTTP/2.0" 403 56935 "-" "meta-externalagent/1.1 (+https://developers.facebook.com/docs/sharing/webmasters/crawler)" 325 **0/325752**
57.141.20.26 - - [21/Mar/2026:05:14:19 -0700] "GET /shop/bleareyed/recoiler012797960022?fileloc=/home/dxfxddmd03st/public_html/wp-login.php&path=/home/dxfxddmd03st/public_html HTTP/2.0" 403 56935 "-" "meta-externalagent/1.1 (+https://developers.facebook.com/docs/sharing/webmasters/crawler)" 337 **0/337185**
57.141.20.2 - - [21/Mar/2026:05:14:20 -0700] "GET /shop/thrivingness/rhopalic013235613478?fileloc=/home/dxfxddmd03st/.lastlogin&path=/home/dxfxddmd03st HTTP/2.0" 403 56935 "-" "meta-externalagent/1.1 (+https://developers.facebook.com/docs/sharing/webmasters/crawler)" 323 **0/323062**
74.7.227.172 - - [21/Mar/2026:05:14:20 -0700] "GET /?path=//usr/lib64/python2.7/lib-tk/test/test_tkinter HTTP/2.0" 200 3178 "https://artelron.com/?path=//usr/lib64/python2.7/lib-tk/test" "Mozilla/5.0 AppleWebKit/537.36 (KHTML, like Gecko; compatible; GPTBot/1.3; +https://openai.com/gptbot)" 320 **0/320216**
74.7.243.195 - - [21/Mar/2026:05:14:20 -0700] "GET /shop/abrogator/clangous011785285057 HTTP/2.0" 200 3474 "https://www.artelron.com/wp-sitemap.xml" "Mozilla/5.0 AppleWebKit/537.36 (KHTML, like Gecko; compatible; GPTBot/1.3; +https://openai.com/gptbot)" 333 **0/333042**
57.141.20.4 - - [21/Mar/2026:05:14:20 -0700] "GET /shop/insobriety/semicolon012473384289 HTTP/2.0" 403 56935 "-" "meta-externalagent/1.1 (+https://developers.facebook.com/docs/sharing/webmasters/crawler)" 355 **0/355568**
57.141.20.18 - - [21/Mar/2026:05:14:20 -0700] "GET /shop/godevil/geanticlinal011170446703?fileloc=/home/dxfxddmd03st/public_html/moked-hash.co.il/wp-includes/class-wp-dependencies.php&path=/home/dxfxddmd03st/public_html/moked-hash.co.il/wp-includes HTTP/2.0" 403 56935 "-" "meta-externalagent/1.1 (+https://developers.facebook.com/docs/sharing/webmasters/crawler)" 324 **0/324069**
57.141.20.8 - - [21/Mar/2026:05:14:21 -0700] "GET /shop/teated/flamelet012504407423?path=/home/dxfxddmd03st/tmp HTTP/2.0" 403 56935 "-" "meta-externalagent/1.1 (+https://developers.facebook.com/docs/sharing/webmasters/crawler)" 330 **0/330037**
57.141.20.55 - - [21/Mar/2026:05:14:21 -0700] "GET /shop/dislimb/glittering013018838655?fileloc=/home/dxfxddmd03st/public_html/wp-admin/widgets.php&path=/home/dxfxddmd03st/public_html/wp-admin HTTP/2.0" 403 56935 "-" "meta-externalagent/1.1 (+https://developers.facebook.com/docs/sharing/webmasters/crawler)" 328 **0/328526**
57.141.20.11 - - [21/Mar/2026:05:14:21 -0700] "GET /shop/godevil/geanticlinal011170446703?fileloc=/home/dxfxddmd03st/public_html/moked-hash.co.il/wp-includes/class-wp-http-curl.php&path=/home/dxfxddmd03st/public_html/moked-hash.co.il/wp-includes HTTP/2.0" 403 56935 "-" "meta-externalagent/1.1 (+https://developers.facebook.com/docs/sharing/webmasters/crawler)" 358 **0/358628**
216.73.216.4 - - [21/Mar/2026:05:14:22 -0700] "GET /shop/absinthin/amethystine012679011578?fileloc=%2Fhome%2Fdxfxddmd03st%2Fpublic_html%2Fwp-includes%2Fclass-feed.php&path=%2Fhome%2Fdxfxddmd03st%2Fpublic_html%2Fwp-includes HTTP/2.0" 200 2504 "-" "Mozilla/5.0 AppleWebKit/537.36 (KHTML, like Gecko; compatible; ClaudeBot/1.0; +claudebot@anthropic.com)" 318 **0/318584**
57.141.20.27 - - [21/Mar/2026:05:14:22 -0700] "GET /shop/godevil/geanticlinal011170446703?fileloc=/home/dxfxddmd03st/public_html/moked-hash.co.il/wp-includes/template.php&path=/home/dxfxddmd03st/public_html/moked-hash.co.il/wp-includes HTTP/2.0" 403 56935 "-" "meta-externalagent/1.1 (+https://developers.facebook.com/docs/sharing/webmasters/crawler)" 314 **0/314690**
57.141.20.53 - - [21/Mar/2026:05:14:22 -0700] "GET /shop/frith/gigas013793997649?path=//opt/ai-bolit HTTP/2.0" 403 56935 "-" "meta-externalagent/1.1 (+https://developers.facebook.com/docs/sharing/webmasters/crawler)" 332 **0/332718**
57.141.20.20 - - [21/Mar/2026:05:14:23 -0700] "GET /shop/earldom/disimpassioned013097060243?fileloc=/home/dxfxddmd03st/public_html/wp-includes/category-template.php&path=/home/dxfxddmd03st/public_html/wp-includes HTTP/2.0" 403 56935 "-" "meta-externalagent/1.1 (+https://developers.facebook.com/docs/sharing/webmasters/crawler)" 343 **0/343060**
57.141.20.12 - - [21/Mar/2026:05:14:23 -0700] "GET /shop/envious/disgracer013119772574?fileloc=/home/dxfxddmd03st/public_html/wp-includes/speculative-loading.php&path=/home/dxfxddmd03st/public_html/wp-includes HTTP/2.0" 403 56935 "-" "meta-externalagent/1.1 (+https://developers.facebook.com/docs/sharing/webmasters/crawler)" 338 **0/338677**
74.7.227.172 - - [21/Mar/2026:05:14:23 -0700] "GET /?path=//usr/lib64/python2.7/lib-tk/test/test_ttk HTTP/2.0" 200 2992 "https://artelron.com/?path=//usr/lib64/python2.7/lib-tk/test" "Mozilla/5.0 AppleWebKit/537.36 (KHTML, like Gecko; compatible; GPTBot/1.3; +https://openai.com/gptbot)" 333 **0/333278**
74.7.243.195 - - [21/Mar/2026:05:14:23 -0700] "GET /shop/pallet/spermatozoa014242110391?path=/home/dxfxddmd03st/public_html/wp-admin HTTP/2.0" 200 5335 "https://www.artelron.com/shop/pallet/spermatozoa014242110391" "Mozilla/5.0 AppleWebKit/537.36 (KHTML, like Gecko; compatible; GPTBot/1.3; +https://openai.com/gptbot)" 329 **0/329268**
57.141.20.1 - - [21/Mar/2026:05:14:23 -0700] "GET /shop/insulsity/perruque012329169835?fileloc=//bin/sha384sum&path=//bin HTTP/2.0" 403 56935 "-" "meta-externalagent/1.1 (+https://developers.facebook.com/docs/sharing/webmasters/crawler)" 321 **0/321079**
57.141.20.22 - - [21/Mar/2026:05:14:24 -0700] "GET /shop/parabolic/aspire014112237576?fileloc=/home/dxfxddmd03st/.bashrc&path=/home/dxfxddmd03st HTTP/2.0" 403 56935 "-" "meta-externalagent/1.1 (+https://developers.facebook.com/docs/sharing/webmasters/crawler)" 336 **0/336898**
57.141.20.40 - - [21/Mar/2026:05:14:24 -0700] "GET /shop/godevil/geanticlinal011170446703?fileloc=/home/dxfxddmd03st/public_html/moked-hash.co.il/wp-includes/post-template.php&path=/home/dxfxddmd03st/public_html/moked-hash.co.il/wp-includes HTTP/2.0" 403 56935 "-" "meta-externalagent/1.1 (+https://developers.facebook.com/docs/sharing/webmasters/crawler)" 330 **0/330810**
57.141.20.26 - - [21/Mar/2026:05:14:25 -0700] "GET /shop/encyclopaedy/foison0147582057?fileloc=/home/dxfxddmd03st/public_html/wp-includes/template.php&path=/home/dxfxddmd03st/public_html/wp-includes HTTP/2.0" 403 56935 "-" "meta-externalagent/1.1 (+https://developers.facebook.com/docs/sharing/webmasters/crawler)" 310 **0/310115**
216.73.216.4 - - [21/Mar/2026:05:14:25 -0700] "GET /shop/alimony/typed013367985690?path=%2Fhome%2Fdxfxddmd03st%2Fpublic_html%2Fartelron.com HTTP/2.0" 200 2679 "-" "Mozilla/5.0 AppleWebKit/537.36 (KHTML, like Gecko; compatible; ClaudeBot/1.0; +claudebot@anthropic.com)" 316 **0/316394**
57.141.20.33 - - [21/Mar/2026:05:14:25 -0700] "GET /shop/gobius/sprong013664342655?fileloc=/home/dxfxddmd03st/public_html/wp-admin/widgets.php&path=/home/dxfxddmd03st/public_html/wp-admin HTTP/2.0" 403 56935 "-" "meta-externalagent/1.1 (+https://developers.facebook.com/docs/sharing/webmasters/crawler)" 318 **0/318305**
57.141.20.55 - - [21/Mar/2026:05:14:25 -0700] "GET /shop/dejecture/taplings01618354755?fileloc=/home/dxfxddmd03st/public_html/wp-includes/class-wp-oembed.php&path=/home/dxfxddmd03st/public_html/wp-includes HTTP/2.0" 403 56935 "-" "meta-externalagent/1.1 (+https://developers.facebook.com/docs/sharing/webmasters/crawler)" 324 **0/324504**
57.141.20.26 - - [21/Mar/2026:05:14:25 -0700] "GET /shop/deepwaisted/asserting012628497267?fileloc=//bin/fc-cat&path=//bin HTTP/2.0" 403 56935 "-" "meta-externalagent/1.1 (+https://developers.facebook.com/docs/sharing/webmasters/crawler)" 321 **0/321197**
57.141.20.49 - - [21/Mar/2026:05:14:26 -0700] "GET /shop/groats/ulonata012172285200?path=/home/dxfxddmd03st/public_html/wp-includes HTTP/2.0" 403 56935 "-" "meta-externalagent/1.1 (+https://developers.facebook.com/docs/sharing/webmasters/crawler)" 324 **0/324682**
57.141.20.35 - - [21/Mar/2026:05:14:26 -0700] "GET /shop/gobius/sprong013664342655?fileloc=/home/dxfxddmd03st/public_html/wp-admin/edit-form-advanced.php&path=/home/dxfxddmd03st/public_html/wp-admin HTTP/2.0" 403 56935 "-" "meta-externalagent/1.1 (+https://developers.facebook.com/docs/sharing/webmasters/crawler)" 326 **0/326970**
57.141.20.51 - - [21/Mar/2026:05:14:26 -0700] "GET /shop/calamities/daneweed013918269328?fileloc=/home/dxfxddmd03st/public_html/wp-admin/options-media.php&path=/home/dxfxddmd03st/public_html/wp-admin HTTP/2.0" 403 56935 "-" "meta-externalagent/1.1 (+https://developers.facebook.com/docs/sharing/webmasters/crawler)" 324 **0/324407**
74.7.243.195 - - [21/Mar/2026:05:14:26 -0700] "GET /shop/mediatory/podiceps013514453074 HTTP/2.0" 200 3474 "https://www.artelron.com/wp-sitemap.xml" "Mozilla/5.0 AppleWebKit/537.36 (KHTML, like Gecko; compatible; GPTBot/1.3; +https://openai.com/gptbot)" 353 **0/353799**
74.7.227.172 - - [21/Mar/2026:05:14:26 -0700] "GET /?path=//usr/lib/grub/i386-pc HTTP/2.0" 200 9979 "https://artelron.com/?path=//usr/lib/grub" "Mozilla/5.0 AppleWebKit/537.36 (KHTML, like Gecko; compatible; GPTBot/1.3; +https://openai.com/gptbot)" 346 **0/346495**
57.141.20.49 - - [21/Mar/2026:05:14:27 -0700] "GET /shop/alternanthera/agminal01590871833?path=/home/dxfxddmd03st/public_html/wp-includes HTTP/2.0" 403 56935 "-" "meta-externalagent/1.1 (+https://developers.facebook.com/docs/sharing/webmasters/crawler)" 346 **0/346142**
57.141.20.48 - - [21/Mar/2026:05:14:27 -0700] "GET /shop/hygroscopicity/connecticuter012232822489?fileloc=/home/dxfxddmd03st/public_html/wp-admin/my-sites.php&path=/home/dxfxddmd03st/public_html/wp-admin HTTP/2.0" 403 56935 "-" "meta-externalagent/1.1 (+https://developers.facebook.com/docs/sharing/webmasters/crawler)" 315 **0/315802**
57.141.20.25 - - [21/Mar/2026:05:14:27 -0700] "GET /shop/blackjack/coeducational01463544952?fileloc=/home/dxfxddmd03st/public_html/wp-includes/category.php&path=/home/dxfxddmd03st/public_html/wp-includes HTTP/2.0" 403 56935 "-" "meta-externalagent/1.1 (+https://developers.facebook.com/docs/sharing/webmasters/crawler)" 345 **0/345159**
57.141.20.57 - - [21/Mar/2026:05:14:27 -0700] "GET /shop/calque/redcoated01196548822?fileloc=/home/dxfxddmd03st/public_html/license.txt&path=/home/dxfxddmd03st/public_html HTTP/2.0" 403 56935 "-" "meta-externalagent/1.1 (+https://developers.facebook.com/docs/sharing/webmasters/crawler)" 328 **0/328456**
216.73.216.4 - - [21/Mar/2026:05:14:28 -0700] "GET /shop/stamen/seton012849817998?fileloc=%2Fhome%2Fdxfxddmd03st%2Fpublic_html%2Fwp-admin%2Fprivacy.php&path=%2Fhome%2Fdxfxddmd03st%2Fpublic_html%2Fwp-admin HTTP/2.0" 200 3333 "-" "Mozilla/5.0 AppleWebKit/537.36 (KHTML, like Gecko; compatible; ClaudeBot/1.0; +claudebot@anthropic.com)" 332 **0/332082**
57.141.20.51 - - [21/Mar/2026:05:14:28 -0700] "GET /shop/papulous/humiliating0183453587?fileloc=/home/dxfxddmd03st/public_html/wp-includes/class-wp.php&path=/home/dxfxddmd03st/public_html/wp-includes HTTP/2.0" 403 56935 "-" "meta-externalagent/1.1 (+https://developers.facebook.com/docs/sharing/webmasters/crawler)" 348 **0/348548**
57.141.20.11 - - [21/Mar/2026:05:14:28 -0700] "GET /shop/thrivingness/rhopalic013235613478?fileloc=/home/dxfxddmd03st/public_html/wp-admin/user-new.php&path=/home/dxfxddmd03st/public_html/wp-admin HTTP/2.0" 403 56935 "-" "meta-externalagent/1.1 (+https://developers.facebook.com/docs/sharing/webmasters/crawler)" 349 **0/349757**
57.141.20.26 - - [21/Mar/2026:05:14:28 -0700] "GET /shop/gormandism/woolliness012098858059?fileloc=/home/dxfxddmd03st/public_html/moked-hash.co.il/wp-login.php&path=/home/dxfxddmd03st/public_html/moked-hash.co.il HTTP/2.0" 403 56935 "-" "meta-externalagent/1.1 (+https://developers.facebook.com/docs/sharing/webmasters/crawler)" 310 **0/310050**
57.141.20.22 - - [21/Mar/2026:05:14:29 -0700] "GET /shop/gobius/sprong013664342655?fileloc=/home/dxfxddmd03st/public_html/wp-admin/customize.php&path=/home/dxfxddmd03st/public_html/wp-admin HTTP/2.0" 403 56935 "-" "meta-externalagent/1.1 (+https://developers.facebook.com/docs/sharing/webmasters/crawler)" 317 **0/317145**
57.141.20.48 - - [21/Mar/2026:05:14:29 -0700] "GET /shop/lingism/ungrateful013091259372?fileloc=/home/dxfxddmd03st/public_html/wp-content/uploads/home-5-slider-Y0PNRd.tmp&path=/home/dxfxddmd03st/public_html/wp-content/uploads HTTP/2.0" 403 56935 "-" "meta-externalagent/1.1 (+https://developers.facebook.com/docs/sharing/webmasters/crawler)" 317 **0/317159**
74.7.227.172 - - [21/Mar/2026:05:14:29 -0700] "GET /?path=//usr/lib64/guile/2.0/ccache/rnrs HTTP/2.0" 200 3222 "https://artelron.com/?path=//usr/lib64/guile/2.0/ccache" "Mozilla/5.0 AppleWebKit/537.36 (KHTML, like Gecko; compatible; GPTBot/1.3; +https://openai.com/gptbot)" 335 **0/335101**
74.7.243.195 - - [21/Mar/2026:05:14:29 -0700] "GET /shop/inenarrable/fowled012113029606 HTTP/2.0" 200 3474 "https://www.artelron.com/wp-sitemap.xml" "Mozilla/5.0 AppleWebKit/537.36 (KHTML, like Gecko; compatible; GPTBot/1.3; +https://openai.com/gptbot)" 340 **0/340125**
57.141.20.19 - - [21/Mar/2026:05:14:30 -0700] "GET /shop/lingism/ungrateful013091259372?path=/home/dxfxddmd03st/public_html/wp-content/uploads/2025 HTTP/2.0" 403 56935 "-" "meta-externalagent/1.1 (+https://developers.facebook.com/docs/sharing/webmasters/crawler)" 346 **0/346477**
57.141.20.7 - - [21/Mar/2026:05:14:30 -0700] "GET /shop/godevil/geanticlinal011170446703?fileloc=/home/dxfxddmd03st/public_html/moked-hash.co.il/wp-includes/class-wp-image-editor-gd.php&path=/home/dxfxddmd03st/public_html/moked-hash.co.il/wp-includes HTTP/2.0" 403 56935 "-" "meta-externalagent/1.1 (+https://developers.facebook.com/docs/sharing/webmasters/crawler)" 321 **0/321290**
57.141.20.22 - - [21/Mar/2026:05:14:30 -0700] "GET /shop/agony/shortwaisted011781830199?fileloc=/home/dxfxddmd03st/public_html/wp-blog-header.php&path=/home/dxfxddmd03st/public_html HTTP/2.0" 403 56935 "-" "meta-externalagent/1.1 (+https://developers.facebook.com/docs/sharing/webmasters/crawler)" 334 **0/334008**
57.141.20.55 - - [21/Mar/2026:05:14:30 -0700] "GET /shop/pneumomelanosis/spearwood01994905908 HTTP/2.0" 403 56935 "-" "meta-externalagent/1.1 (+https://developers.facebook.com/docs/sharing/webmasters/crawler)" 322 **0/322978**
216.73.216.4 - - [21/Mar/2026:05:14:31 -0700] "GET /shop/shinty/pterygomaxillary012089189794?path=%2Fhome%2Fdxfxddmd03st%2Fcache HTTP/2.0" 200 2300 "-" "Mozilla/5.0 AppleWebKit/537.36 (KHTML, like Gecko; compatible; ClaudeBot/1.0; +claudebot@anthropic.com)" 324 **0/324792**
57.141.20.4 - - [21/Mar/2026:05:14:31 -0700] "GET /shop/auditing/farandams01731449990 HTTP/2.0" 403 56935 "-" "meta-externalagent/1.1 (+https://developers.facebook.com/docs/sharing/webmasters/crawler)" 321 **0/321211**
57.141.20.13 - - [21/Mar/2026:05:14:31 -0700] "GET /shop/adelaster/parepididymis011639269271?path=/home/dxfxddmd03st/public_html/wp-includes/customize HTTP/2.0" 403 56935 "-" "meta-externalagent/1.1 (+https://developers.facebook.com/docs/sharing/webmasters/crawler)" 333 **0/333128**
57.141.20.28 - - [21/Mar/2026:05:14:31 -0700] "GET /shop/dannebrog/councilman01974781330?path=/home/dxfxddmd03st/public_html/wp-includes/images HTTP/2.0" 403 56935 "-" "meta-externalagent/1.1 (+https://developers.facebook.com/docs/sharing/webmasters/crawler)" 328 **0/328497**
57.141.20.46 - - [21/Mar/2026:05:14:32 -0700] "GET /shop/opobalsamum/centifidous014237443450?fileloc=/home/dxfxddmd03st/public_html/moked-hash.co.il/.htaccess&path=/home/dxfxddmd03st/public_html/moked-hash.co.il HTTP/2.0" 403 56935 "-" "meta-externalagent/1.1 (+https://developers.facebook.com/docs/sharing/webmasters/crawler)" 323 **0/323672**
57.141.20.8 - - [21/Mar/2026:05:14:32 -0700] "GET /shop/godevil/geanticlinal011170446703?fileloc=/home/dxfxddmd03st/public_html/moked-hash.co.il/wp-includes/class-walker-comment.php&path=/home/dxfxddmd03st/public_html/moked-hash.co.il/wp-includes HTTP/2.0" 403 56935 "-" "meta-externalagent/1.1 (+https://developers.facebook.com/docs/sharing/webmasters/crawler)" 318 **0/318389**
57.141.20.55 - - [21/Mar/2026:05:14:32 -0700] "GET /shop/dejecture/taplings01618354755?path=/home/dxfxddmd03st/public_html/wp-includes/rest-api HTTP/2.0" 403 56935 "-" "meta-externalagent/1.1 (+https://developers.facebook.com/docs/sharing/webmasters/crawler)" 320 **0/320788**
74.7.227.172 - - [21/Mar/2026:05:14:32 -0700] "GET /?fileloc=//usr/lib/tuned/cloudlinux-vz/tuned.conf&path=//usr/lib/tuned/cloudlinux-vz HTTP/2.0" 200 2324 "https://artelron.com/?path=//usr/lib/tuned/cloudlinux-vz" "Mozilla/5.0 AppleWebKit/537.36 (KHTML, like Gecko; compatible; GPTBot/1.3; +https://openai.com/gptbot)" 334 **0/334010**
74.7.243.195 - - [21/Mar/2026:05:14:33 -0700] "GET /shop/grosgrain/pakfong014249027308 HTTP/2.0" 200 3474 "https://www.artelron.com/wp-sitemap.xml" "Mozilla/5.0 AppleWebKit/537.36 (KHTML, like Gecko; compatible; GPTBot/1.3; +https://openai.com/gptbot)" 330 **0/330402**
57.141.20.33 - - [21/Mar/2026:05:14:33 -0700] "GET /shop/concubinarian/inspiration012633249578?path=/home/dxfxddmd03st/public_html/ssl HTTP/2.0" 403 56935 "-" "meta-externalagent/1.1 (+https://developers.facebook.com/docs/sharing/webmasters/crawler)" 318 **0/318324**
57.141.20.17 - - [21/Mar/2026:05:14:33 -0700] "GET /shop/windrowing/discalceate012750793949?fileloc=/home/dxfxddmd03st/public_html/wp-includes/feed-rss.php&path=/home/dxfxddmd03st/public_html/wp-includes HTTP/2.0" 403 56935 "-" "meta-externalagent/1.1 (+https://developers.facebook.com/docs/sharing/webmasters/crawler)" 319 **0/319947**
216.73.216.4 - - [21/Mar/2026:05:14:34 -0700] "GET /shop/draughtsmanship/begirded014286747350?fileloc=%2Fhome%2Fdxfxddmd03st%2Fpublic_html%2Fwp-includes%2Ffeed.php&path=%2Fhome%2Fdxfxddmd03st%2Fpublic_html%2Fwp-includes HTTP/2.0" 200 8768 "-" "Mozilla/5.0 AppleWebKit/537.36 (KHTML, like Gecko; compatible; ClaudeBot/1.0; +claudebot@anthropic.com)" 339 **0/339361**
57.141.20.45 - - [21/Mar/2026:05:14:34 -0700] "GET /shop/similative/artistically011729879418?fileloc=/home/dxfxddmd03st/public_html/wp-includes/theme.json&path=/home/dxfxddmd03st/public_html/wp-includes HTTP/2.0" 403 56935 "-" "meta-externalagent/1.1 (+https://developers.facebook.com/docs/sharing/webmasters/crawler)" 338 **0/338576**
57.141.20.20 - - [21/Mar/2026:05:14:34 -0700] "GET /shop/silundum/tracklessly01977205512?fileloc=/home/dxfxddmd03st/public_html/wp-includes/js/media-editor.min.js&path=/home/dxfxddmd03st/public_html/wp-includes/js HTTP/2.0" 403 56935 "-" "meta-externalagent/1.1 (+https://developers.facebook.com/docs/sharing/webmasters/crawler)" 321 **0/321396**
57.141.20.55 - - [21/Mar/2026:05:14:34 -0700] "GET /shop/insulsity/perruque012329169835?fileloc=/home/dxfxddmd03st/public_html/wp-admin/freedoms.php&path=/home/dxfxddmd03st/public_html/wp-admin HTTP/2.0" 403 56935 "-" "meta-externalagent/1.1 (+https://developers.facebook.com/docs/sharing/webmasters/crawler)" 319 **0/319079**
57.141.20.54 - - [21/Mar/2026:05:14:34 -0700] "GET /shop/dannebrog/councilman01974781330?fileloc=/home/dxfxddmd03st/public_html/wp-includes/class-wp-ajax-response.php&path=/home/dxfxddmd03st/public_html/wp-includes HTTP/2.0" 403 56935 "-" "meta-externalagent/1.1 (+https://developers.facebook.com/docs/sharing/webmasters/crawler)" 315 **0/315554**
57.141.20.58 - - [21/Mar/2026:05:14:35 -0700] "GET /shop/freeswimming/chloro014190113854?fileloc=/home/dxfxddmd03st/public_html/wp-signup.php&path=/home/dxfxddmd03st/public_html HTTP/2.0" 403 56935 "-" "meta-externalagent/1.1 (+https://developers.facebook.com/docs/sharing/webmasters/crawler)" 313 **0/313365**
57.141.20.26 - - [21/Mar/2026:05:14:35 -0700] "GET /shop/freeswimming/chloro014190113854?fileloc=/home/dxfxddmd03st/public_html/wp-config.php&path=/home/dxfxddmd03st/public_html HTTP/2.0" 403 56935 "-" "meta-externalagent/1.1 (+https://developers.facebook.com/docs/sharing/webmasters/crawler)" 333 **0/333774**
