57.141.20.38 - - [21/Mar/2026:05:15:17 -0700] "GET /shop/paynize/sottish011420954520?fileloc=//bin/nproc&path=//bin HTTP/2.0" 403 56935 "-" "meta-externalagent/1.1 (+https://developers.facebook.com/docs/sharing/webmasters/crawler)" 321 **0/321094**
57.141.20.6 - - [21/Mar/2026:05:15:17 -0700] "GET /shop/blemishing/nullifier01547264268?fileloc=/home/dxfxddmd03st/public_html/wp-admin/user-new.php&path=/home/dxfxddmd03st/public_html/wp-admin HTTP/2.0" 403 56935 "-" "meta-externalagent/1.1 (+https://developers.facebook.com/docs/sharing/webmasters/crawler)" 337 **0/337999**
57.141.20.15 - - [21/Mar/2026:05:15:17 -0700] "GET /shop/paynize/sottish011420954520?fileloc=//bin/strace&path=//bin HTTP/2.0" 403 56935 "-" "meta-externalagent/1.1 (+https://developers.facebook.com/docs/sharing/webmasters/crawler)" 351 **0/351992**
57.141.20.55 - - [21/Mar/2026:05:15:17 -0700] "GET /shop/paynize/sottish011420954520?fileloc=//bin/ispell&path=//bin HTTP/2.0" 403 56935 "-" "meta-externalagent/1.1 (+https://developers.facebook.com/docs/sharing/webmasters/crawler)" 337 **0/337096**
57.141.20.40 - - [21/Mar/2026:05:15:18 -0700] "GET /shop/paynize/sottish011420954520?fileloc=//bin/stty&path=//bin HTTP/2.0" 403 56935 "-" "meta-externalagent/1.1 (+https://developers.facebook.com/docs/sharing/webmasters/crawler)" 333 **0/333331**
57.141.20.27 - - [21/Mar/2026:05:15:18 -0700] "GET /shop/silundum/tracklessly01977205512?fileloc=/home/dxfxddmd03st/public_html/wp-includes/js/hoverIntent.js&path=/home/dxfxddmd03st/public_html/wp-includes/js HTTP/2.0" 403 56935 "-" "meta-externalagent/1.1 (+https://developers.facebook.com/docs/sharing/webmasters/crawler)" 330 **0/330926**
216.73.216.4 - - [21/Mar/2026:05:15:19 -0700] "GET /shop/prian/charmel012005787041?path=%2Fhome%2Fdxfxddmd03st HTTP/2.0" 403 3474 "-" "Mozilla/5.0 AppleWebKit/537.36 (KHTML, like Gecko; compatible; ClaudeBot/1.0; +claudebot@anthropic.com)" 320 **0/320799**
57.141.20.47 - - [21/Mar/2026:05:15:19 -0700] "GET /shop/mazing/moonie012543262677?fileloc=/home/dxfxddmd03st/public_html/wp-admin/ms-admin.php&path=/home/dxfxddmd03st/public_html/wp-admin HTTP/2.0" 403 56935 "-" "meta-externalagent/1.1 (+https://developers.facebook.com/docs/sharing/webmasters/crawler)" 343 **0/343622**
57.141.20.6 - - [21/Mar/2026:05:15:19 -0700] "GET /shop/paynize/sottish011420954520?fileloc=//bin/x86_64-redhat-linux-g++&path=//bin HTTP/2.0" 403 56935 "-" "meta-externalagent/1.1 (+https://developers.facebook.com/docs/sharing/webmasters/crawler)" 328 **0/328367**
57.141.20.41 - - [21/Mar/2026:05:15:19 -0700] "GET /shop/atresia/predicrotic012171073101?fileloc=/home/dxfxddmd03st/public_html/.htaccess&path=/home/dxfxddmd03st/public_html HTTP/2.0" 403 56935 "-" "meta-externalagent/1.1 (+https://developers.facebook.com/docs/sharing/webmasters/crawler)" 333 **0/333341**
57.141.20.55 - - [21/Mar/2026:05:15:19 -0700] "GET /shop/paynize/sottish011420954520?fileloc=//bin/ld.bfd&path=//bin HTTP/2.0" 403 56935 "-" "meta-externalagent/1.1 (+https://developers.facebook.com/docs/sharing/webmasters/crawler)" 319 **0/319043**
74.7.243.195 - - [21/Mar/2026:05:15:20 -0700] "GET /shop/banterer/forcipate011448681317 HTTP/2.0" 200 3474 "https://www.artelron.com/wp-sitemap.xml" "Mozilla/5.0 AppleWebKit/537.36 (KHTML, like Gecko; compatible; GPTBot/1.3; +https://openai.com/gptbot)" 338 **0/338704**
74.7.227.172 - - [21/Mar/2026:05:15:20 -0700] "GET /?path=//lib/gcc/x86_64-redhat-linux/8/32 HTTP/2.0" 200 3219 "https://artelron.com/?path=//lib/gcc/x86_64-redhat-linux/8" "Mozilla/5.0 AppleWebKit/537.36 (KHTML, like Gecko; compatible; GPTBot/1.3; +https://openai.com/gptbot)" 341 **0/341053**
57.141.20.17 - - [21/Mar/2026:05:15:20 -0700] "GET /shop/paynize/sottish011420954520?fileloc=//bin/grep&path=//bin HTTP/2.0" 403 56935 "-" "meta-externalagent/1.1 (+https://developers.facebook.com/docs/sharing/webmasters/crawler)" 328 **0/328776**
57.141.20.15 - - [21/Mar/2026:05:15:20 -0700] "GET /shop/paynize/sottish011420954520?fileloc=//bin/base64&path=//bin HTTP/2.0" 403 56935 "-" "meta-externalagent/1.1 (+https://developers.facebook.com/docs/sharing/webmasters/crawler)" 329 **0/329243**
57.141.20.54 - - [21/Mar/2026:05:15:21 -0700] "GET /shop/paynize/sottish011420954520?fileloc=//bin/chgrp&path=//bin HTTP/2.0" 403 56935 "-" "meta-externalagent/1.1 (+https://developers.facebook.com/docs/sharing/webmasters/crawler)" 333 **0/333526**
57.141.20.46 - - [21/Mar/2026:05:15:21 -0700] "GET /shop/melanospermous/backster01685677835?fileloc=/home/dxfxddmd03st/public_html/xmlrpc.php&path=/home/dxfxddmd03st/public_html HTTP/2.0" 403 56935 "-" "meta-externalagent/1.1 (+https://developers.facebook.com/docs/sharing/webmasters/crawler)" 317 **0/317029**
57.141.20.53 - - [21/Mar/2026:05:15:21 -0700] "GET /shop/blemishing/nullifier01547264268?fileloc=/home/dxfxddmd03st/public_html/wp-admin/link.php&path=/home/dxfxddmd03st/public_html/wp-admin HTTP/2.0" 403 56935 "-" "meta-externalagent/1.1 (+https://developers.facebook.com/docs/sharing/webmasters/crawler)" 322 **0/322051**
216.73.216.4 - - [21/Mar/2026:05:15:22 -0700] "GET /shop/warranter/rubescent011744427717?path=%2Fhome%2Fdxfxddmd03st HTTP/2.0" 403 3474 "-" "Mozilla/5.0 AppleWebKit/537.36 (KHTML, like Gecko; compatible; ClaudeBot/1.0; +claudebot@anthropic.com)" 334 **0/334918**
57.141.20.14 - - [21/Mar/2026:05:15:22 -0700] "GET /shop/gormandism/woolliness012098858059?fileloc=/home/dxfxddmd03st/public_html/images/images/index.php&path=/home/dxfxddmd03st/public_html/images/images HTTP/2.0" 403 56935 "-" "meta-externalagent/1.1 (+https://developers.facebook.com/docs/sharing/webmasters/crawler)" 334 **0/334272**
57.141.20.39 - - [21/Mar/2026:05:15:22 -0700] "GET /shop/paynize/sottish011420954520?fileloc=//bin/unzip&path=//bin HTTP/2.0" 403 56935 "-" "meta-externalagent/1.1 (+https://developers.facebook.com/docs/sharing/webmasters/crawler)" 349 **0/349454**
57.141.20.55 - - [21/Mar/2026:05:15:22 -0700] "GET /shop/paynize/sottish011420954520?fileloc=//bin/mysql_find_rows&path=//bin HTTP/2.0" 403 56935 "-" "meta-externalagent/1.1 (+https://developers.facebook.com/docs/sharing/webmasters/crawler)" 344 **0/344203**
74.7.243.195 - - [21/Mar/2026:05:15:23 -0700] "GET /shop/pellitory/pungens013630317833 HTTP/2.0" 200 3474 "https://www.artelron.com/wp-sitemap.xml" "Mozilla/5.0 AppleWebKit/537.36 (KHTML, like Gecko; compatible; GPTBot/1.3; +https://openai.com/gptbot)" 339 **0/339997**
57.141.20.28 - - [21/Mar/2026:05:15:23 -0700] "GET /shop/paynize/sottish011420954520?fileloc=//bin/cksum&path=//bin HTTP/2.0" 403 56935 "-" "meta-externalagent/1.1 (+https://developers.facebook.com/docs/sharing/webmasters/crawler)" 329 **0/329183**
74.7.227.172 - - [21/Mar/2026:05:15:23 -0700] "GET /?path=//usr/lib64/guile/2.0/ccache/rnrs/records HTTP/2.0" 200 2689 "https://artelron.com/?path=//usr/lib64/guile/2.0/ccache/rnrs" "Mozilla/5.0 AppleWebKit/537.36 (KHTML, like Gecko; compatible; GPTBot/1.3; +https://openai.com/gptbot)" 325 **0/325804**
57.141.20.51 - - [21/Mar/2026:05:15:23 -0700] "GET /shop/paynize/sottish011420954520?fileloc=//bin/libtool&path=//bin HTTP/2.0" 403 56935 "-" "meta-externalagent/1.1 (+https://developers.facebook.com/docs/sharing/webmasters/crawler)" 336 **0/336427**
57.141.20.15 - - [21/Mar/2026:05:15:23 -0700] "GET /shop/cerebroscopy/cornball012720116157 HTTP/2.0" 403 56935 "-" "meta-externalagent/1.1 (+https://developers.facebook.com/docs/sharing/webmasters/crawler)" 332 **0/332126**
57.141.20.47 - - [21/Mar/2026:05:15:24 -0700] "GET /shop/calefactive/rutic01763685223?fileloc=/home/dxfxddmd03st/public_html/wp-blog-header.php&path=/home/dxfxddmd03st/public_html HTTP/2.0" 403 56935 "-" "meta-externalagent/1.1 (+https://developers.facebook.com/docs/sharing/webmasters/crawler)" 348 **0/348381**
57.141.20.9 - - [21/Mar/2026:05:15:24 -0700] "GET /shop/enchase/tsetung012334970722?fileloc=/home/dxfxddmd03st/www/wp-includes/nav-menu.php&path=/home/dxfxddmd03st/www/wp-includes HTTP/2.0" 403 56935 "-" "meta-externalagent/1.1 (+https://developers.facebook.com/docs/sharing/webmasters/crawler)" 314 **0/314213**
216.73.216.4 - - [21/Mar/2026:05:15:25 -0700] "GET /shop/cockbrained/frustraneous01884063529?path=%2Fhome HTTP/2.0" 403 3474 "-" "Mozilla/5.0 AppleWebKit/537.36 (KHTML, like Gecko; compatible; ClaudeBot/1.0; +claudebot@anthropic.com)" 309 **0/309760**
57.141.20.16 - - [21/Mar/2026:05:15:25 -0700] "GET /shop/blackjack/coeducational01463544952?fileloc=/home/dxfxddmd03st/public_html/moked-hash.co.il/wp-content/plugins/burst-statistics/class-db-upgrade.php&path=/home/dxfxddmd03st/public_html/moked-hash.co.il/wp-content/plugins/burst-statistics HTTP/2.0" 403 56935 "-" "meta-externalagent/1.1 (+https://developers.facebook.com/docs/sharing/webmasters/crawler)" 314 **0/314612**
57.141.20.15 - - [21/Mar/2026:05:15:25 -0700] "GET /shop/blackjack/coeducational01463544952?fileloc=/home/dxfxddmd03st/public_html/moked-hash.co.il/wp-content/plugins/burst-statistics/class-installer.php&path=/home/dxfxddmd03st/public_html/moked-hash.co.il/wp-content/plugins/burst-statistics HTTP/2.0" 403 56935 "-" "meta-externalagent/1.1 (+https://developers.facebook.com/docs/sharing/webmasters/crawler)" 310 **0/310859**
57.141.20.55 - - [21/Mar/2026:05:15:25 -0700] "GET /shop/causerie/remiges013592267280?fileloc=/home/dxfxddmd03st/public_html/images/.htaccess&path=/home/dxfxddmd03st/public_html/images HTTP/2.0" 403 56935 "-" "meta-externalagent/1.1 (+https://developers.facebook.com/docs/sharing/webmasters/crawler)" 326 **0/326326**
74.7.243.195 - - [21/Mar/2026:05:15:26 -0700] "GET /shop/entered/creaturely014030441731 HTTP/2.0" 200 3474 "https://www.artelron.com/wp-sitemap.xml" "Mozilla/5.0 AppleWebKit/537.36 (KHTML, like Gecko; compatible; GPTBot/1.3; +https://openai.com/gptbot)" 319 **0/319077**
57.141.20.32 - - [21/Mar/2026:05:15:26 -0700] "GET /shop/paynize/sottish011420954520?fileloc=//bin/lessecho&path=//bin HTTP/2.0" 403 56935 "-" "meta-externalagent/1.1 (+https://developers.facebook.com/docs/sharing/webmasters/crawler)" 324 **0/324807**
74.7.227.172 - - [21/Mar/2026:05:15:26 -0700] "GET /?path=//usr/lib64/python2.7/Doc/tools HTTP/2.0" 200 2343 "https://artelron.com/?path=//usr/lib64/python2.7/Doc" "Mozilla/5.0 AppleWebKit/537.36 (KHTML, like Gecko; compatible; GPTBot/1.3; +https://openai.com/gptbot)" 330 **0/330403**
57.141.20.51 - - [21/Mar/2026:05:15:26 -0700] "GET /shop/paynize/sottish011420954520?fileloc=//bin/pod2text&path=//bin HTTP/2.0" 403 56935 "-" "meta-externalagent/1.1 (+https://developers.facebook.com/docs/sharing/webmasters/crawler)" 316 **0/316265**
57.141.20.36 - - [21/Mar/2026:05:15:26 -0700] "GET /shop/paynize/sottish011420954520?fileloc=//bin/gem&path=//bin HTTP/2.0" 403 56935 "-" "meta-externalagent/1.1 (+https://developers.facebook.com/docs/sharing/webmasters/crawler)" 319 **0/319433**
57.141.20.42 - - [21/Mar/2026:05:15:27 -0700] "GET /shop/similative/artistically011729879418?fileloc=/home/dxfxddmd03st/public_html/wp-includes/class-wp-date-query.php&path=/home/dxfxddmd03st/public_html/wp-includes HTTP/2.0" 403 56935 "-" "meta-externalagent/1.1 (+https://developers.facebook.com/docs/sharing/webmasters/crawler)" 331 **0/331756**
57.141.20.26 - - [21/Mar/2026:05:15:27 -0700] "GET /shop/similative/artistically011729879418?fileloc=/home/dxfxddmd03st/public_html/wp-includes/class-wp-theme-json-schema.php&path=/home/dxfxddmd03st/public_html/wp-includes HTTP/2.0" 403 56935 "-" "meta-externalagent/1.1 (+https://developers.facebook.com/docs/sharing/webmasters/crawler)" 349 **0/349123**
216.73.216.4 - - [21/Mar/2026:05:15:28 -0700] "GET /shop/distribute/wotest013135374772?fileloc=%2Fhome%2Fdxfxddmd03st%2Fpublic_html%2Fwp-includes%2Fblocks%2Fwidget-group.php&path=%2Fhome%2Fdxfxddmd03st%2Fpublic_html%2Fwp-includes%2Fblocks HTTP/2.0" 403 3474 "-" "Mozilla/5.0 AppleWebKit/537.36 (KHTML, like Gecko; compatible; ClaudeBot/1.0; +claudebot@anthropic.com)" 320 **0/320295**
57.141.20.18 - - [21/Mar/2026:05:15:28 -0700] "GET /shop/enchase/tsetung012334970722?fileloc=/home/dxfxddmd03st/www/wp-includes/class-wp-classic-to-block-menu-converter.php&path=/home/dxfxddmd03st/www/wp-includes HTTP/2.0" 403 56935 "-" "meta-externalagent/1.1 (+https://developers.facebook.com/docs/sharing/webmasters/crawler)" 328 **0/328094**
57.141.20.57 - - [21/Mar/2026:05:15:28 -0700] "GET /shop/paynize/sottish011420954520?fileloc=//bin/fc-list&path=//bin HTTP/2.0" 403 56935 "-" "meta-externalagent/1.1 (+https://developers.facebook.com/docs/sharing/webmasters/crawler)" 317 **0/317397**
57.141.20.14 - - [21/Mar/2026:05:15:28 -0700] "GET /shop/chitterlings/inextended012103610370?fileloc=/home/dxfxddmd03st/public_html/robots.txt&path=/home/dxfxddmd03st/public_html HTTP/2.0" 403 56935 "-" "meta-externalagent/1.1 (+https://developers.facebook.com/docs/sharing/webmasters/crawler)" 342 **0/342073**
57.141.20.44 - - [21/Mar/2026:05:15:29 -0700] "GET /shop/paynize/sottish011420954520?fileloc=//bin/echo&path=//bin HTTP/2.0" 403 56935 "-" "meta-externalagent/1.1 (+https://developers.facebook.com/docs/sharing/webmasters/crawler)" 324 **0/324450**
74.7.227.172 - - [21/Mar/2026:05:15:29 -0700] "GET /?fileloc=//usr/lib64/libbsock.so&path=//usr/lib64 HTTP/2.0" 200 12102 "https://artelron.com/?path=//usr/lib64" "Mozilla/5.0 AppleWebKit/537.36 (KHTML, like Gecko; compatible; GPTBot/1.3; +https://openai.com/gptbot)" 354 **0/354122**
74.7.243.195 - - [21/Mar/2026:05:15:29 -0700] "GET /shop/virginian/windward012306746787?fileloc=/home/dxfxddmd03st/public_html/colors.php&path=/home/dxfxddmd03st/public_html HTTP/2.0" 200 63458 "https://www.artelron.com/shop/virginian/windward012306746787" "Mozilla/5.0 AppleWebKit/537.36 (KHTML, like Gecko; compatible; GPTBot/1.3; +https://openai.com/gptbot)" 345 **0/345570**
57.141.20.15 - - [21/Mar/2026:05:15:29 -0700] "GET /shop/paynize/sottish011420954520?fileloc=//bin/top&path=//bin HTTP/2.0" 403 56935 "-" "meta-externalagent/1.1 (+https://developers.facebook.com/docs/sharing/webmasters/crawler)" 343 **0/343513**
57.141.20.33 - - [21/Mar/2026:05:15:29 -0700] "GET /shop/paynize/sottish011420954520?fileloc=//bin/podselect&path=//bin HTTP/2.0" 403 56935 "-" "meta-externalagent/1.1 (+https://developers.facebook.com/docs/sharing/webmasters/crawler)" 330 **0/330360**
57.141.20.25 - - [21/Mar/2026:05:15:30 -0700] "GET /shop/paynize/sottish011420954520?fileloc=//bin/zless&path=//bin HTTP/2.0" 403 56935 "-" "meta-externalagent/1.1 (+https://developers.facebook.com/docs/sharing/webmasters/crawler)" 338 **0/338953**
57.141.20.57 - - [21/Mar/2026:05:15:30 -0700] "GET /shop/blackjack/coeducational01463544952?path=/home/dxfxddmd03st/public_html/moked-hash.co.il/wp-content/plugins/burst-statistics/upgrade HTTP/2.0" 403 56935 "-" "meta-externalagent/1.1 (+https://developers.facebook.com/docs/sharing/webmasters/crawler)" 321 **0/321418**
57.141.20.14 - - [21/Mar/2026:05:15:31 -0700] "GET /shop/blackjack/coeducational01463544952?fileloc=/home/dxfxddmd03st/public_html/moked-hash.co.il/wp-content/plugins/burst-statistics/class-notices.php&path=/home/dxfxddmd03st/public_html/moked-hash.co.il/wp-content/plugins/burst-statistics HTTP/2.0" 403 56935 "-" "meta-externalagent/1.1 (+https://developers.facebook.com/docs/sharing/webmasters/crawler)" 318 **0/318839**
57.141.20.37 - - [21/Mar/2026:05:15:31 -0700] "GET /shop/paynize/sottish011420954520?fileloc=//bin/scl_enabled&path=//bin HTTP/2.0" 403 56935 "-" "meta-externalagent/1.1 (+https://developers.facebook.com/docs/sharing/webmasters/crawler)" 316 **0/316081**
57.141.20.49 - - [21/Mar/2026:05:15:31 -0700] "GET /shop/blackjack/coeducational01463544952?path=/home/dxfxddmd03st/public_html/moked-hash.co.il/wp-content/plugins/elementor/includes HTTP/2.0" 403 56935 "-" "meta-externalagent/1.1 (+https://developers.facebook.com/docs/sharing/webmasters/crawler)" 345 **0/345194**
216.73.216.4 - - [21/Mar/2026:05:15:32 -0700] "GET /shop/zygaena/indra012931544349?path=%2Fhome%2Fdxfxddmd03st%2Fpublic_html%2Fmoked-hash.co.il%2F.well-known HTTP/2.0" 403 3474 "-" "Mozilla/5.0 AppleWebKit/537.36 (KHTML, like Gecko; compatible; ClaudeBot/1.0; +claudebot@anthropic.com)" 333 **0/333228**
57.141.20.2 - - [21/Mar/2026:05:15:32 -0700] "GET /shop/encyclopaedy/foison0147582057?fileloc=/home/dxfxddmd03st/public_html/wp-includes/feed-rdf.php&path=/home/dxfxddmd03st/public_html/wp-includes HTTP/2.0" 403 56935 "-" "meta-externalagent/1.1 (+https://developers.facebook.com/docs/sharing/webmasters/crawler)" 434 **0/434493**
74.7.227.172 - - [21/Mar/2026:05:15:32 -0700] "GET /?fileloc=//usr/lib64/libib_util.so&path=//usr/lib64 HTTP/2.0" 200 4636 "https://artelron.com/?path=//usr/lib64" "Mozilla/5.0 AppleWebKit/537.36 (KHTML, like Gecko; compatible; GPTBot/1.3; +https://openai.com/gptbot)" 330 **0/330807**
74.7.243.195 - - [21/Mar/2026:05:15:32 -0700] "GET /shop/hognut/costliness011322426867 HTTP/2.0" 200 3474 "https://www.artelron.com/wp-sitemap.xml" "Mozilla/5.0 AppleWebKit/537.36 (KHTML, like Gecko; compatible; GPTBot/1.3; +https://openai.com/gptbot)" 335 **0/335796**
57.141.20.55 - - [21/Mar/2026:05:15:32 -0700] "GET /shop/paynize/sottish011420954520?fileloc=//bin/diff&path=//bin HTTP/2.0" 403 56935 "-" "meta-externalagent/1.1 (+https://developers.facebook.com/docs/sharing/webmasters/crawler)" 338 **0/338227**
57.141.20.36 - - [21/Mar/2026:05:15:32 -0700] "GET /shop/paynize/sottish011420954520?fileloc=//bin/GET&path=//bin HTTP/2.0" 403 56935 "-" "meta-externalagent/1.1 (+https://developers.facebook.com/docs/sharing/webmasters/crawler)" 326 **0/326389**
57.141.20.11 - - [21/Mar/2026:05:15:33 -0700] "GET /shop/paynize/sottish011420954520?fileloc=//bin/gcc-nm&path=//bin HTTP/2.0" 403 56935 "-" "meta-externalagent/1.1 (+https://developers.facebook.com/docs/sharing/webmasters/crawler)" 323 **0/323547**
57.141.20.15 - - [21/Mar/2026:05:15:33 -0700] "GET /shop/enchase/tsetung012334970722?fileloc=/home/dxfxddmd03st/www/wp-includes/ms-load.php&path=/home/dxfxddmd03st/www/wp-includes HTTP/2.0" 403 56935 "-" "meta-externalagent/1.1 (+https://developers.facebook.com/docs/sharing/webmasters/crawler)" 319 **0/319953**
57.141.20.42 - - [21/Mar/2026:05:15:34 -0700] "GET /shop/paynize/sottish011420954520?fileloc=//bin/bison&path=//bin HTTP/2.0" 403 56935 "-" "meta-externalagent/1.1 (+https://developers.facebook.com/docs/sharing/webmasters/crawler)" 321 **0/321293**
57.141.20.28 - - [21/Mar/2026:05:15:34 -0700] "GET /shop/craniometrical/thyrsoid014062042339?path=/home/dxfxddmd03st/public_html/cgi-bin HTTP/2.0" 403 56935 "-" "meta-externalagent/1.1 (+https://developers.facebook.com/docs/sharing/webmasters/crawler)" 313 **0/313368**
216.73.216.4 - - [21/Mar/2026:05:15:34 -0700] "GET /shop/travelling/larksheel013950663792?fileloc=%2F%2Flib64%2Flibboost_thread.so.1.66.0&path=%2F%2Flib64 HTTP/2.0" 403 3474 "-" "Mozilla/5.0 AppleWebKit/537.36 (KHTML, like Gecko; compatible; ClaudeBot/1.0; +claudebot@anthropic.com)" 331 **0/331113**
57.141.20.9 - - [21/Mar/2026:05:15:34 -0700] "GET /shop/paynize/sottish011420954520?fileloc=//bin/perl&path=//bin HTTP/2.0" 403 56935 "-" "meta-externalagent/1.1 (+https://developers.facebook.com/docs/sharing/webmasters/crawler)" 324 **0/324811**
57.141.20.48 - - [21/Mar/2026:05:15:35 -0700] "GET /shop/paynize/sottish011420954520?fileloc=//bin/cat&path=//bin HTTP/2.0" 403 56935 "-" "meta-externalagent/1.1 (+https://developers.facebook.com/docs/sharing/webmasters/crawler)" 341 **0/341300**
57.141.20.18 - - [21/Mar/2026:05:15:35 -0700] "GET /shop/silundum/tracklessly01977205512?fileloc=/home/dxfxddmd03st/public_html/wp-includes/block-patterns.php&path=/home/dxfxddmd03st/public_html/wp-includes HTTP/2.0" 403 56935 "-" "meta-externalagent/1.1 (+https://developers.facebook.com/docs/sharing/webmasters/crawler)" 326 **0/326150**
185.191.171.8 - - [21/Mar/2026:05:15:35 -0700] "GET /events/list/?tribe-bar-date=2026-12-16 HTTP/1.1" 200 3981 "-" "Mozilla/5.0 (compatible; SemrushBot/7~bl; +http://www.semrush.com/bot.html)" 326 **0/326289**
74.7.243.195 - - [21/Mar/2026:05:15:35 -0700] "GET /shop/tlinkit/mousehole012151026644 HTTP/2.0" 200 3474 "https://www.artelron.com/wp-sitemap.xml" "Mozilla/5.0 AppleWebKit/537.36 (KHTML, like Gecko; compatible; GPTBot/1.3; +https://openai.com/gptbot)" 320 **0/320321**
74.7.227.172 - - [21/Mar/2026:05:15:35 -0700] "GET /?fileloc=//usr/lib64/libcriu.so&path=//usr/lib64 HTTP/2.0" 200 20650 "https://artelron.com/?path=//usr/lib64" "Mozilla/5.0 AppleWebKit/537.36 (KHTML, like Gecko; compatible; GPTBot/1.3; +https://openai.com/gptbot)" 341 **0/341319**
57.141.20.29 - - [21/Mar/2026:05:15:35 -0700] "GET /shop/blackbrowed/permute01194124640?path=/home/dxfxddmd03st/.trash HTTP/2.0" 403 56935 "-" "meta-externalagent/1.1 (+https://developers.facebook.com/docs/sharing/webmasters/crawler)" 329 **0/329505**
57.141.20.28 - - [21/Mar/2026:05:15:36 -0700] "GET /shop/enchase/tsetung012334970722?fileloc=/home/dxfxddmd03st/www/wp-includes/locale.php&path=/home/dxfxddmd03st/www/wp-includes HTTP/2.0" 403 56935 "-" "meta-externalagent/1.1 (+https://developers.facebook.com/docs/sharing/webmasters/crawler)" 341 **0/341046**
57.141.20.31 - - [21/Mar/2026:05:15:36 -0700] "GET /shop/paynize/sottish011420954520?fileloc=//bin/tzselect&path=//bin HTTP/2.0" 403 56935 "-" "meta-externalagent/1.1 (+https://developers.facebook.com/docs/sharing/webmasters/crawler)" 322 **0/322062**
57.141.20.4 - - [21/Mar/2026:05:15:37 -0700] "GET /shop/enchase/tsetung012334970722?fileloc=/home/dxfxddmd03st/www/wp-includes/class-wp-navigation-fallback.php&path=/home/dxfxddmd03st/www/wp-includes HTTP/2.0" 403 56935 "-" "meta-externalagent/1.1 (+https://developers.facebook.com/docs/sharing/webmasters/crawler)" 313 **0/313559**
57.141.20.38 - - [21/Mar/2026:05:15:37 -0700] "GET /shop/enchase/tsetung012334970722?fileloc=/home/dxfxddmd03st/www/wp-includes/class-wp-block-type.php&path=/home/dxfxddmd03st/www/wp-includes HTTP/2.0" 403 56935 "-" "meta-externalagent/1.1 (+https://developers.facebook.com/docs/sharing/webmasters/crawler)" 344 **0/344644**
216.73.216.4 - - [21/Mar/2026:05:15:37 -0700] "GET /shop/mauritianicus/analogal012176932943?fileloc=%2Fhome%2Fdxfxddmd03st%2Fpublic_html%2Fdeleteme.wp1aa48683cd034b939ea5dd3e61316509.php&path=%2Fhome%2Fdxfxddmd03st%2Fpublic_html HTTP/2.0" 403 3474 "-" "Mozilla/5.0 AppleWebKit/537.36 (KHTML, like Gecko; compatible; ClaudeBot/1.0; +claudebot@anthropic.com)" 330 **0/330000**
57.141.20.30 - - [21/Mar/2026:05:15:37 -0700] "GET /shop/paynize/sottish011420954520?fileloc=//bin/gpg-error&path=//bin HTTP/2.0" 403 56935 "-" "meta-externalagent/1.1 (+https://developers.facebook.com/docs/sharing/webmasters/crawler)" 325 **0/325384**
57.141.20.42 - - [21/Mar/2026:05:15:38 -0700] "GET /shop/paynize/sottish011420954520?fileloc=//bin/ssh-keygen&path=//bin HTTP/2.0" 403 56935 "-" "meta-externalagent/1.1 (+https://developers.facebook.com/docs/sharing/webmasters/crawler)" 335 **0/335947**
57.141.20.49 - - [21/Mar/2026:05:15:38 -0700] "GET /shop/paynize/sottish011420954520?fileloc=//bin/ps2pdf14&path=//bin HTTP/2.0" 403 56935 "-" "meta-externalagent/1.1 (+https://developers.facebook.com/docs/sharing/webmasters/crawler)" 346 **0/346818**
57.141.20.30 - - [21/Mar/2026:05:15:38 -0700] "GET /shop/paynize/sottish011420954520?fileloc=//bin/scl_source&path=//bin HTTP/2.0" 403 56935 "-" "meta-externalagent/1.1 (+https://developers.facebook.com/docs/sharing/webmasters/crawler)" 329 **0/329247**
74.7.243.195 - - [21/Mar/2026:05:15:38 -0700] "GET /shop/letterpress/snarly011257300774 HTTP/2.0" 200 3474 "https://www.artelron.com/wp-sitemap.xml" "Mozilla/5.0 AppleWebKit/537.36 (KHTML, like Gecko; compatible; GPTBot/1.3; +https://openai.com/gptbot)" 325 **0/325755**
74.7.227.172 - - [21/Mar/2026:05:15:38 -0700] "GET /?fileloc=//usr/lib64/libsepol.so&path=//usr/lib64 HTTP/2.0" 200 272271 "https://artelron.com/?path=//usr/lib64" "Mozilla/5.0 AppleWebKit/537.36 (KHTML, like Gecko; compatible; GPTBot/1.3; +https://openai.com/gptbot)" 432 **0/432187**
57.141.20.1 - - [21/Mar/2026:05:15:39 -0700] "GET /shop/paynize/sottish011420954520?fileloc=//bin/tr&path=//bin HTTP/2.0" 403 56935 "-" "meta-externalagent/1.1 (+https://developers.facebook.com/docs/sharing/webmasters/crawler)" 345 **0/345314**
57.141.20.51 - - [21/Mar/2026:05:15:39 -0700] "GET /shop/paynize/sottish011420954520?fileloc=//bin/bzless&path=//bin HTTP/2.0" 403 56935 "-" "meta-externalagent/1.1 (+https://developers.facebook.com/docs/sharing/webmasters/crawler)" 338 **0/338725**
57.141.20.55 - - [21/Mar/2026:05:15:39 -0700] "GET /shop/paynize/sottish011420954520?fileloc=//bin/pgrep&path=//bin HTTP/2.0" 403 56935 "-" "meta-externalagent/1.1 (+https://developers.facebook.com/docs/sharing/webmasters/crawler)" 315 **0/315142**
57.141.20.59 - - [21/Mar/2026:05:15:40 -0700] "GET /shop/umbrageously/orfrays01782415915 HTTP/2.0" 403 56935 "-" "meta-externalagent/1.1 (+https://developers.facebook.com/docs/sharing/webmasters/crawler)" 310 **0/310048**
216.73.216.4 - - [21/Mar/2026:05:15:40 -0700] "GET /shop/rehearse/thirtytwomo014290381959?fileloc=%2F%2Fetc%2Fscreenrc&path=%2F%2Fetc HTTP/2.0" 403 3474 "-" "Mozilla/5.0 AppleWebKit/537.36 (KHTML, like Gecko; compatible; ClaudeBot/1.0; +claudebot@anthropic.com)" 318 **0/318053**
57.141.20.35 - - [21/Mar/2026:05:15:40 -0700] "GET /shop/enchase/tsetung012334970722?path=/home/dxfxddmd03st/www/wp-includes/widgets HTTP/2.0" 403 56935 "-" "meta-externalagent/1.1 (+https://developers.facebook.com/docs/sharing/webmasters/crawler)" 319 **0/319702**
57.141.20.17 - - [21/Mar/2026:05:15:41 -0700] "GET /shop/paynize/sottish011420954520?fileloc=//bin/tbl&path=//bin HTTP/2.0" 403 56935 "-" "meta-externalagent/1.1 (+https://developers.facebook.com/docs/sharing/webmasters/crawler)" 320 **0/320289**
57.141.20.59 - - [21/Mar/2026:05:15:41 -0700] "GET /shop/paynize/sottish011420954520?fileloc=//bin/perldoc&path=//bin HTTP/2.0" 403 56935 "-" "meta-externalagent/1.1 (+https://developers.facebook.com/docs/sharing/webmasters/crawler)" 331 **0/331182**
57.141.20.49 - - [21/Mar/2026:05:15:41 -0700] "GET /shop/enchase/tsetung012334970722?fileloc=/home/dxfxddmd03st/www/wp-includes/class-wp-plugin-dependencies.php&path=/home/dxfxddmd03st/www/wp-includes HTTP/2.0" 403 56935 "-" "meta-externalagent/1.1 (+https://developers.facebook.com/docs/sharing/webmasters/crawler)" 316 **0/316147**
74.7.243.195 - - [21/Mar/2026:05:15:42 -0700] "GET /shop/passioned/widowing013823541479 HTTP/2.0" 200 3474 "https://www.artelron.com/wp-sitemap.xml" "Mozilla/5.0 AppleWebKit/537.36 (KHTML, like Gecko; compatible; GPTBot/1.3; +https://openai.com/gptbot)" 343 **0/343314**
57.141.20.6 - - [21/Mar/2026:05:15:42 -0700] "GET /shop/paynize/sottish011420954520?fileloc=//bin/git&path=//bin HTTP/2.0" 403 56935 "-" "meta-externalagent/1.1 (+https://developers.facebook.com/docs/sharing/webmasters/crawler)" 324 **0/324995**
74.7.227.172 - - [21/Mar/2026:05:15:42 -0700] "GET /?fileloc=//usr/lib64/libperl.so&path=//usr/lib64 HTTP/2.0" 200 771927 "https://artelron.com/?path=//usr/lib64" "Mozilla/5.0 AppleWebKit/537.36 (KHTML, like Gecko; compatible; GPTBot/1.3; +https://openai.com/gptbot)" 651 **0/651334**
57.141.20.1 - - [21/Mar/2026:05:15:42 -0700] "GET /shop/inrail/subhyaloid012920837783?path=/home/dxfxddmd03st/.sucuriquarantine HTTP/2.0" 403 56935 "-" "meta-externalagent/1.1 (+https://developers.facebook.com/docs/sharing/webmasters/crawler)" 329 **0/329078**
57.141.20.36 - - [21/Mar/2026:05:15:42 -0700] "GET /shop/paynize/sottish011420954520?fileloc=//bin/install&path=//bin HTTP/2.0" 403 56935 "-" "meta-externalagent/1.1 (+https://developers.facebook.com/docs/sharing/webmasters/crawler)" 339 **0/339969**
57.141.20.42 - - [21/Mar/2026:05:15:43 -0700] "GET /shop/enchase/tsetung012334970722?fileloc=/home/dxfxddmd03st/www/wp-includes/formatting.php&path=/home/dxfxddmd03st/www/wp-includes HTTP/2.0" 403 56935 "-" "meta-externalagent/1.1 (+https://developers.facebook.com/docs/sharing/webmasters/crawler)" 319 **0/319943**
57.141.20.24 - - [21/Mar/2026:05:15:43 -0700] "GET /shop/paynize/sottish011420954520?fileloc=//bin/python3.6m&path=//bin HTTP/2.0" 403 56935 "-" "meta-externalagent/1.1 (+https://developers.facebook.com/docs/sharing/webmasters/crawler)" 338 **0/338318**
216.73.216.4 - - [21/Mar/2026:05:15:43 -0700] "GET /shop/lingula/attestation01648325037?fileloc=%2Fhome%2Fdxfxddmd03st%2Fpublic_html%2Flicense.txt&path=%2Fhome%2Fdxfxddmd03st%2Fpublic_html HTTP/2.0" 403 3474 "-" "Mozilla/5.0 AppleWebKit/537.36 (KHTML, like Gecko; compatible; ClaudeBot/1.0; +claudebot@anthropic.com)" 328 **0/328194**
57.141.20.39 - - [21/Mar/2026:05:15:44 -0700] "GET /shop/paynize/sottish011420954520?fileloc=//bin/autoscan&path=//bin HTTP/2.0" 403 56935 "-" "meta-externalagent/1.1 (+https://developers.facebook.com/docs/sharing/webmasters/crawler)" 354 **0/354954**
57.141.20.43 - - [21/Mar/2026:05:15:44 -0700] "GET /shop/paynize/sottish011420954520?fileloc=//bin/whoami&path=//bin HTTP/2.0" 403 56935 "-" "meta-externalagent/1.1 (+https://developers.facebook.com/docs/sharing/webmasters/crawler)" 334 **0/334426**
57.141.20.37 - - [21/Mar/2026:05:15:44 -0700] "GET /shop/paynize/sottish011420954520?fileloc=//bin/make-dummy-cert&path=//bin HTTP/2.0" 403 56935 "-" "meta-externalagent/1.1 (+https://developers.facebook.com/docs/sharing/webmasters/crawler)" 323 **0/323621**
74.7.227.172 - - [21/Mar/2026:05:15:45 -0700] "GET /?fileloc=//usr/lib64/libcurses.so&path=//usr/lib64 HTTP/2.0" 200 2272 "https://artelron.com/?path=//usr/lib64" "Mozilla/5.0 AppleWebKit/537.36 (KHTML, like Gecko; compatible; GPTBot/1.3; +https://openai.com/gptbot)" 328 **0/328264**
57.141.20.56 - - [21/Mar/2026:05:15:45 -0700] "GET /shop/paynize/sottish011420954520?fileloc=//bin/ifnames&path=//bin HTTP/2.0" 403 56935 "-" "meta-externalagent/1.1 (+https://developers.facebook.com/docs/sharing/webmasters/crawler)" 350 **0/350429**
74.7.243.195 - - [21/Mar/2026:05:15:45 -0700] "GET /shop/ireland/thyrohyoid012621168614 HTTP/2.0" 200 3474 "https://www.artelron.com/wp-sitemap.xml" "Mozilla/5.0 AppleWebKit/537.36 (KHTML, like Gecko; compatible; GPTBot/1.3; +https://openai.com/gptbot)" 342 **0/342002**
57.141.20.36 - - [21/Mar/2026:05:15:45 -0700] "GET /shop/paynize/sottish011420954520?fileloc=//bin/captoinfo&path=//bin HTTP/2.0" 403 56935 "-" "meta-externalagent/1.1 (+https://developers.facebook.com/docs/sharing/webmasters/crawler)" 330 **0/330904**
57.141.20.55 - - [21/Mar/2026:05:15:45 -0700] "GET /shop/paynize/sottish011420954520?fileloc=//bin/clear&path=//bin HTTP/2.0" 403 56935 "-" "meta-externalagent/1.1 (+https://developers.facebook.com/docs/sharing/webmasters/crawler)" 310 **0/310721**
57.141.20.3 - - [21/Mar/2026:05:15:46 -0700] "GET /shop/paynize/sottish011420954520?fileloc=//bin/python2&path=//bin HTTP/2.0" 403 56935 "-" "meta-externalagent/1.1 (+https://developers.facebook.com/docs/sharing/webmasters/crawler)" 331 **0/331071**
57.141.20.51 - - [21/Mar/2026:05:15:46 -0700] "GET /shop/paynize/sottish011420954520?fileloc=//bin/piconv&path=//bin HTTP/2.0" 403 56935 "-" "meta-externalagent/1.1 (+https://developers.facebook.com/docs/sharing/webmasters/crawler)" 329 **0/329032**
216.73.216.4 - - [21/Mar/2026:05:15:46 -0700] "GET /shop/remarry/nebulosity011277813427?fileloc=%2Fhome%2Fdxfxddmd03st%2Fpublic_html%2Fdeleteme.wp1aa48683cd034b939ea5dd3e61316509.php&path=%2Fhome%2Fdxfxddmd03st%2Fpublic_html HTTP/2.0" 200 2284 "-" "Mozilla/5.0 AppleWebKit/537.36 (KHTML, like Gecko; compatible; ClaudeBot/1.0; +claudebot@anthropic.com)" 324 **0/324179**
57.141.20.4 - - [21/Mar/2026:05:15:47 -0700] "GET /shop/mawks/tonsured013819923114?fileloc=/home/dxfxddmd03st/public_html/readme.html&path=/home/dxfxddmd03st/public_html HTTP/2.0" 403 56935 "-" "meta-externalagent/1.1 (+https://developers.facebook.com/docs/sharing/webmasters/crawler)" 331 **0/331176**
57.141.20.27 - - [21/Mar/2026:05:15:47 -0700] "GET /shop/paynize/sottish011420954520?fileloc=//bin/gs&path=//bin HTTP/2.0" 403 56935 "-" "meta-externalagent/1.1 (+https://developers.facebook.com/docs/sharing/webmasters/crawler)" 333 **0/333930**
57.141.20.11 - - [21/Mar/2026:05:15:47 -0700] "GET /shop/paynize/sottish011420954520?fileloc=//bin/readlink&path=//bin HTTP/2.0" 403 56935 "-" "meta-externalagent/1.1 (+https://developers.facebook.com/docs/sharing/webmasters/crawler)" 366 **0/366620**
57.141.20.11 - - [21/Mar/2026:05:15:48 -0700] "GET /shop/paynize/sottish011420954520?fileloc=//bin/strings&path=//bin HTTP/2.0" 403 56935 "-" "meta-externalagent/1.1 (+https://developers.facebook.com/docs/sharing/webmasters/crawler)" 333 **0/333457**
74.7.243.195 - - [21/Mar/2026:05:15:48 -0700] "GET /shop/arthrotome/ternary011722550781?path=/home/dxfxddmd03st/public_html/cgi-bin HTTP/2.0" 200 2643 "https://www.artelron.com/shop/arthrotome/ternary011722550781" "Mozilla/5.0 AppleWebKit/537.36 (KHTML, like Gecko; compatible; GPTBot/1.3; +https://openai.com/gptbot)" 324 **0/324920**
57.141.20.33 - - [21/Mar/2026:05:15:48 -0700] "GET /shop/paynize/sottish011420954520?fileloc=//bin/cut&path=//bin HTTP/2.0" 403 56935 "-" "meta-externalagent/1.1 (+https://developers.facebook.com/docs/sharing/webmasters/crawler)" 329 **0/329064**
74.7.227.172 - - [21/Mar/2026:05:15:48 -0700] "GET /?fileloc=//usr/lib64/libplc4.so&path=//usr/lib64 HTTP/2.0" 200 9969 "https://artelron.com/?path=//usr/lib64" "Mozilla/5.0 AppleWebKit/537.36 (KHTML, like Gecko; compatible; GPTBot/1.3; +https://openai.com/gptbot)" 341 **0/341635**
57.141.20.27 - - [21/Mar/2026:05:15:48 -0700] "GET /shop/paynize/sottish011420954520?fileloc=//bin/geoiplookup6&path=//bin HTTP/2.0" 403 56935 "-" "meta-externalagent/1.1 (+https://developers.facebook.com/docs/sharing/webmasters/crawler)" 340 **0/340475**
57.141.20.47 - - [21/Mar/2026:05:15:49 -0700] "GET /shop/paynize/sottish011420954520?fileloc=//bin/passwd&path=//bin HTTP/2.0" 403 56935 "-" "meta-externalagent/1.1 (+https://developers.facebook.com/docs/sharing/webmasters/crawler)" 354 **0/354573**
216.73.216.4 - - [21/Mar/2026:05:15:49 -0700] "GET /shop/symmetry/centonism01476025970?fileloc=%2Fhome%2Fdxfxddmd03st%2Fpublic_html%2Fmoked-hash.co.il%2Fwp-load.php&path=%2Fhome%2Fdxfxddmd03st%2Fpublic_html%2Fmoked-hash.co.il HTTP/2.0" 200 3873 "-" "Mozilla/5.0 AppleWebKit/537.36 (KHTML, like Gecko; compatible; ClaudeBot/1.0; +claudebot@anthropic.com)" 328 **0/328226**
57.141.20.46 - - [21/Mar/2026:05:15:49 -0700] "GET /shop/paynize/sottish011420954520?fileloc=//bin/gpg-agent&path=//bin HTTP/2.0" 403 56935 "-" "meta-externalagent/1.1 (+https://developers.facebook.com/docs/sharing/webmasters/crawler)" 323 **0/323388**
57.141.20.36 - - [21/Mar/2026:05:15:50 -0700] "GET /shop/paynize/sottish011420954520?fileloc=//bin/more&path=//bin HTTP/2.0" 403 56935 "-" "meta-externalagent/1.1 (+https://developers.facebook.com/docs/sharing/webmasters/crawler)" 335 **0/335592**
57.141.20.49 - - [21/Mar/2026:05:15:50 -0700] "GET /shop/enchase/tsetung012334970722?fileloc=/home/dxfxddmd03st/www/wp-includes/registration-functions.php&path=/home/dxfxddmd03st/www/wp-includes HTTP/2.0" 403 56935 "-" "meta-externalagent/1.1 (+https://developers.facebook.com/docs/sharing/webmasters/crawler)" 322 **0/322796**
57.141.20.19 - - [21/Mar/2026:05:15:50 -0700] "GET /shop/paynize/sottish011420954520?fileloc=//bin/xargs&path=//bin HTTP/2.0" 403 56935 "-" "meta-externalagent/1.1 (+https://developers.facebook.com/docs/sharing/webmasters/crawler)" 320 **0/320921**
57.141.20.50 - - [21/Mar/2026:05:15:51 -0700] "GET /shop/paynize/sottish011420954520?fileloc=//bin/fc-cat&path=//bin HTTP/2.0" 403 56935 "-" "meta-externalagent/1.1 (+https://developers.facebook.com/docs/sharing/webmasters/crawler)" 319 **0/319886**
57.141.20.16 - - [21/Mar/2026:05:15:51 -0700] "GET /shop/paynize/sottish011420954520?fileloc=//bin/factor&path=//bin HTTP/2.0" 403 56935 "-" "meta-externalagent/1.1 (+https://developers.facebook.com/docs/sharing/webmasters/crawler)" 321 **0/321808**
57.141.20.59 - - [21/Mar/2026:05:15:51 -0700] "GET /shop/paynize/sottish011420954520?fileloc=//bin/ps2pdf12&path=//bin HTTP/2.0" 403 56935 "-" "meta-externalagent/1.1 (+https://developers.facebook.com/docs/sharing/webmasters/crawler)" 312 **0/312910**
74.7.227.172 - - [21/Mar/2026:05:15:51 -0700] "GET /?fileloc=//usr/lib64/liblscapi.so&path=//usr/lib64 HTTP/2.0" 200 47265 "https://artelron.com/?path=//usr/lib64" "Mozilla/5.0 AppleWebKit/537.36 (KHTML, like Gecko; compatible; GPTBot/1.3; +https://openai.com/gptbot)" 345 **0/345040**
57.141.20.37 - - [21/Mar/2026:05:15:52 -0700] "GET /shop/similative/artistically011729879418?fileloc=/home/dxfxddmd03st/public_html/wp-includes/class-wp-block-bindings-source.php&path=/home/dxfxddmd03st/public_html/wp-includes HTTP/2.0" 403 56935 "-" "meta-externalagent/1.1 (+https://developers.facebook.com/docs/sharing/webmasters/crawler)" 339 **0/339728**
57.141.20.15 - - [21/Mar/2026:05:15:52 -0700] "GET /shop/paynize/sottish011420954520?fileloc=//bin/chown&path=//bin HTTP/2.0" 403 56935 "-" "meta-externalagent/1.1 (+https://developers.facebook.com/docs/sharing/webmasters/crawler)" 320 **0/320185**
216.73.216.4 - - [21/Mar/2026:05:15:52 -0700] "GET /shop/agrarium/waffle011939877671?fileloc=%2F%2Flib64%2Frcrt1.o&path=%2F%2Flib64 HTTP/2.0" 200 3601 "-" "Mozilla/5.0 AppleWebKit/537.36 (KHTML, like Gecko; compatible; ClaudeBot/1.0; +claudebot@anthropic.com)" 325 **0/325769**
57.141.20.35 - - [21/Mar/2026:05:15:53 -0700] "GET /shop/enchase/tsetung012334970722?fileloc=/home/dxfxddmd03st/www/wp-includes/class-wp-block-parser-frame.php&path=/home/dxfxddmd03st/www/wp-includes HTTP/2.0" 403 56935 "-" "meta-externalagent/1.1 (+https://developers.facebook.com/docs/sharing/webmasters/crawler)" 358 **0/358674**
57.141.20.55 - - [21/Mar/2026:05:15:53 -0700] "GET /shop/enchase/tsetung012334970722?fileloc=/home/dxfxddmd03st/www/wp-includes/class-wp-text-diff-renderer-inline.php&path=/home/dxfxddmd03st/www/wp-includes HTTP/2.0" 403 56935 "-" "meta-externalagent/1.1 (+https://developers.facebook.com/docs/sharing/webmasters/crawler)" 350 **0/350127**
74.7.243.195 - - [21/Mar/2026:05:15:51 -0700] "GET /shop/douse/epidermidal014025475220 HTTP/2.0" 200 3474 "https://www.artelron.com/wp-sitemap.xml" "Mozilla/5.0 AppleWebKit/537.36 (KHTML, like Gecko; compatible; GPTBot/1.3; +https://openai.com/gptbot)" 3043 **3/3043702**
57.141.20.3 - - [21/Mar/2026:05:15:54 -0700] "GET /shop/paynize/sottish011420954520?fileloc=//bin/dd&path=//bin HTTP/2.0" 403 56935 "-" "meta-externalagent/1.1 (+https://developers.facebook.com/docs/sharing/webmasters/crawler)" 337 **0/337213**
74.7.243.195 - - [21/Mar/2026:05:15:54 -0700] "GET /shop/stavewood/butment013963118683 HTTP/2.0" 200 3474 "https://www.artelron.com/wp-sitemap.xml" "Mozilla/5.0 AppleWebKit/537.36 (KHTML, like Gecko; compatible; GPTBot/1.3; +https://openai.com/gptbot)" 326 **0/326318**
57.141.20.21 - - [21/Mar/2026:05:15:54 -0700] "GET /shop/paynize/sottish011420954520?fileloc=//bin/tclsh&path=//bin HTTP/2.0" 403 56935 "-" "meta-externalagent/1.1 (+https://developers.facebook.com/docs/sharing/webmasters/crawler)" 335 **0/335125**
74.7.227.172 - - [21/Mar/2026:05:15:54 -0700] "GET /?fileloc=//usr/lib64/libresolv.so&path=//usr/lib64 HTTP/2.0" 200 38927 "https://artelron.com/?path=//usr/lib64" "Mozilla/5.0 AppleWebKit/537.36 (KHTML, like Gecko; compatible; GPTBot/1.3; +https://openai.com/gptbot)" 371 **0/371812**
57.141.20.9 - - [21/Mar/2026:05:15:55 -0700] "GET /shop/umbrina/argilloareenaceous011363071726?path=/home/dxfxddmd03st/public_html/wp-content/uploads HTTP/2.0" 403 56935 "-" "meta-externalagent/1.1 (+https://developers.facebook.com/docs/sharing/webmasters/crawler)" 326 **0/326731**
57.141.20.4 - - [21/Mar/2026:05:15:55 -0700] "GET /shop/paynize/sottish011420954520?fileloc=//bin/tty&path=//bin HTTP/2.0" 403 56935 "-" "meta-externalagent/1.1 (+https://developers.facebook.com/docs/sharing/webmasters/crawler)" 335 **0/335033**
57.141.20.32 - - [21/Mar/2026:05:15:55 -0700] "GET /shop/paynize/sottish011420954520?fileloc=//bin/setterm&path=//bin HTTP/2.0" 403 56935 "-" "meta-externalagent/1.1 (+https://developers.facebook.com/docs/sharing/webmasters/crawler)" 315 **0/315013**
57.141.20.41 - - [21/Mar/2026:05:15:55 -0700] "GET /shop/paynize/sottish011420954520?fileloc=//bin/tee&path=//bin HTTP/2.0" 403 56935 "-" "meta-externalagent/1.1 (+https://developers.facebook.com/docs/sharing/webmasters/crawler)" 327 **0/327604**
216.73.216.4 - - [21/Mar/2026:05:15:55 -0700] "GET /shop/examinant/anthracnose01881439964?fileloc=%2Fhome%2Fdxfxddmd03st%2Fpublic_html%2F.tmb%2F.htaccess&path=%2Fhome%2Fdxfxddmd03st%2Fpublic_html%2F.tmb HTTP/2.0" 200 2365 "-" "Mozilla/5.0 AppleWebKit/537.36 (KHTML, like Gecko; compatible; ClaudeBot/1.0; +claudebot@anthropic.com)" 307 **0/307253**
57.141.20.59 - - [21/Mar/2026:05:15:56 -0700] "GET /shop/mazing/moonie012543262677?fileloc=/home/dxfxddmd03st/public_html/.htaccess&path=/home/dxfxddmd03st/public_html HTTP/2.0" 403 56935 "-" "meta-externalagent/1.1 (+https://developers.facebook.com/docs/sharing/webmasters/crawler)" 314 **0/314457**
57.141.20.55 - - [21/Mar/2026:05:15:56 -0700] "GET /shop/enchase/tsetung012334970722?fileloc=/home/dxfxddmd03st/www/wp-includes/class-wp-network-query.php&path=/home/dxfxddmd03st/www/wp-includes HTTP/2.0" 403 56935 "-" "meta-externalagent/1.1 (+https://developers.facebook.com/docs/sharing/webmasters/crawler)" 312 **0/312050**
57.141.20.21 - - [21/Mar/2026:05:15:56 -0700] "GET /shop/adventuress/menas011998087663?path=/home/dxfxddmd03st/public_html/wp-admin HTTP/2.0" 403 56935 "-" "meta-externalagent/1.1 (+https://developers.facebook.com/docs/sharing/webmasters/crawler)" 313 **0/313758**
57.141.20.7 - - [21/Mar/2026:05:15:56 -0700] "GET /shop/paynize/sottish011420954520?fileloc=//bin/uniq&path=//bin HTTP/2.0" 403 56935 "-" "meta-externalagent/1.1 (+https://developers.facebook.com/docs/sharing/webmasters/crawler)" 334 **0/334060**
57.141.20.56 - - [21/Mar/2026:05:15:57 -0700] "GET /shop/nitrobenzol/mozetta011007016547?fileloc=/home/dxfxddmd03st/public_html/wp-includes/error-protection.php&path=/home/dxfxddmd03st/public_html/wp-includes HTTP/2.0" 403 56935 "-" "meta-externalagent/1.1 (+https://developers.facebook.com/docs/sharing/webmasters/crawler)" 333 **0/333317**
74.7.243.195 - - [21/Mar/2026:05:15:57 -0700] "GET /shop/bodes/overshadowed013154857683 HTTP/2.0" 200 3474 "https://www.artelron.com/wp-sitemap.xml" "Mozilla/5.0 AppleWebKit/537.36 (KHTML, like Gecko; compatible; GPTBot/1.3; +https://openai.com/gptbot)" 315 **0/315160**
57.141.20.10 - - [21/Mar/2026:05:15:57 -0700] "GET /shop/paynize/sottish011420954520?fileloc=//bin/cal&path=//bin HTTP/2.0" 403 56935 "-" "meta-externalagent/1.1 (+https://developers.facebook.com/docs/sharing/webmasters/crawler)" 324 **0/324085**
74.7.227.172 - - [21/Mar/2026:05:15:58 -0700] "GET /?path=//usr/lib64/python3.6/lib-dynload HTTP/2.0" 200 4366 "https://artelron.com/?path=//usr/lib64/python3.6" "Mozilla/5.0 AppleWebKit/537.36 (KHTML, like Gecko; compatible; GPTBot/1.3; +https://openai.com/gptbot)" 340 **0/340485**
57.141.20.26 - - [21/Mar/2026:05:15:58 -0700] "GET /shop/along/marjorana01767321536?fileloc=/home/dxfxddmd03st/.myimunify_id&path=/home/dxfxddmd03st HTTP/2.0" 403 56935 "-" "meta-externalagent/1.1 (+https://developers.facebook.com/docs/sharing/webmasters/crawler)" 329 **0/329501**
57.141.20.35 - - [21/Mar/2026:05:15:58 -0700] "GET /shop/enchase/tsetung012334970722?fileloc=/home/dxfxddmd03st/www/wp-includes/class-walker-nav-menu.php&path=/home/dxfxddmd03st/www/wp-includes HTTP/2.0" 403 56935 "-" "meta-externalagent/1.1 (+https://developers.facebook.com/docs/sharing/webmasters/crawler)" 312 **0/312335**
216.73.216.4 - - [21/Mar/2026:05:15:58 -0700] "GET /shop/coction/hadron014148402549?fileloc=%2Fhome%2Fdxfxddmd03st%2Fpublic_html%2Fimages%2F.htaccess&path=%2Fhome%2Fdxfxddmd03st%2Fpublic_html%2Fimages HTTP/2.0" 200 2367 "-" "Mozilla/5.0 AppleWebKit/537.36 (KHTML, like Gecko; compatible; ClaudeBot/1.0; +claudebot@anthropic.com)" 314 **0/314455**
57.141.20.33 - - [21/Mar/2026:05:15:58 -0700] "GET /shop/paynize/sottish011420954520?fileloc=//bin/md5sum&path=//bin HTTP/2.0" 403 56935 "-" "meta-externalagent/1.1 (+https://developers.facebook.com/docs/sharing/webmasters/crawler)" 326 **0/326284**
57.141.20.54 - - [21/Mar/2026:05:15:59 -0700] "GET /shop/enchase/tsetung012334970722?path=/home/dxfxddmd03st/www/wp-includes/theme-compat HTTP/2.0" 403 56935 "-" "meta-externalagent/1.1 (+https://developers.facebook.com/docs/sharing/webmasters/crawler)" 316 **0/316025**
57.141.20.26 - - [21/Mar/2026:05:15:59 -0700] "GET /shop/windrowing/discalceate012750793949?fileloc=/home/dxfxddmd03st/public_html/wp-includes/class-wp-network.php&path=/home/dxfxddmd03st/public_html/wp-includes HTTP/2.0" 403 56935 "-" "meta-externalagent/1.1 (+https://developers.facebook.com/docs/sharing/webmasters/crawler)" 325 **0/325329**
57.141.20.27 - - [21/Mar/2026:05:16:00 -0700] "GET /shop/enchase/tsetung012334970722?fileloc=/home/dxfxddmd03st/www/wp-includes/abilities-api.php&path=/home/dxfxddmd03st/www/wp-includes HTTP/2.0" 403 56935 "-" "meta-externalagent/1.1 (+https://developers.facebook.com/docs/sharing/webmasters/crawler)" 341 **0/341358**
57.141.20.18 - - [21/Mar/2026:05:16:00 -0700] "GET /shop/paynize/sottish011420954520?fileloc=//bin/mail&path=//bin HTTP/2.0" 403 56935 "-" "meta-externalagent/1.1 (+https://developers.facebook.com/docs/sharing/webmasters/crawler)" 336 **0/336009**
74.7.243.195 - - [21/Mar/2026:05:16:00 -0700] "GET /shop/chantress/interrer014058695341 HTTP/2.0" 200 3474 "https://www.artelron.com/wp-sitemap.xml" "Mozilla/5.0 AppleWebKit/537.36 (KHTML, like Gecko; compatible; GPTBot/1.3; +https://openai.com/gptbot)" 332 **0/332156**
57.141.20.25 - - [21/Mar/2026:05:16:00 -0700] "GET /shop/paynize/sottish011420954520?fileloc=//bin/gcc&path=//bin HTTP/2.0" 403 56935 "-" "meta-externalagent/1.1 (+https://developers.facebook.com/docs/sharing/webmasters/crawler)" 343 **0/343376**
57.141.20.46 - - [21/Mar/2026:05:16:01 -0700] "GET /shop/fizgig/hydrodynamometer011463186495?fileloc=/home/dxfxddmd03st/public_html/wp-trackback.php&path=/home/dxfxddmd03st/public_html HTTP/2.0" 403 56935 "-" "meta-externalagent/1.1 (+https://developers.facebook.com/docs/sharing/webmasters/crawler)" 357 **0/357029**
74.7.227.172 - - [21/Mar/2026:05:16:01 -0700] "GET /?path=//usr/lib/locale HTTP/2.0" 200 3485 "https://artelron.com/?path=//usr/lib" "Mozilla/5.0 AppleWebKit/537.36 (KHTML, like Gecko; compatible; GPTBot/1.3; +https://openai.com/gptbot)" 366 **0/366240**
57.141.20.41 - - [21/Mar/2026:05:16:01 -0700] "GET /shop/calque/redcoated01196548822?path=/home/dxfxddmd03st/.pki HTTP/2.0" 403 56935 "-" "meta-externalagent/1.1 (+https://developers.facebook.com/docs/sharing/webmasters/crawler)" 371 **0/371850**
216.73.216.4 - - [21/Mar/2026:05:16:01 -0700] "GET /shop/gametophyte/mistitle014120100493?fileloc=%2Fhome%2Fdxfxddmd03st%2Fpublic_html%2Frobots.txt&path=%2Fhome%2Fdxfxddmd03st%2Fpublic_html HTTP/2.0" 200 2305 "-" "Mozilla/5.0 AppleWebKit/537.36 (KHTML, like Gecko; compatible; ClaudeBot/1.0; +claudebot@anthropic.com)" 357 **0/357355**
57.141.20.49 - - [21/Mar/2026:05:16:01 -0700] "GET /shop/enchase/tsetung012334970722?fileloc=/home/dxfxddmd03st/www/wp-includes/post-thumbnail-template.php&path=/home/dxfxddmd03st/www/wp-includes HTTP/2.0" 403 56935 "-" "meta-externalagent/1.1 (+https://developers.facebook.com/docs/sharing/webmasters/crawler)" 377 **0/377972**
57.141.20.38 - - [21/Mar/2026:05:16:02 -0700] "GET /shop/deltafication/sinensis011261089231?path=//etc/cpanel HTTP/2.0" 403 56935 "-" "meta-externalagent/1.1 (+https://developers.facebook.com/docs/sharing/webmasters/crawler)" 400 **0/400516**
57.141.20.53 - - [21/Mar/2026:05:16:02 -0700] "GET /shop/enchase/tsetung012334970722?fileloc=/home/dxfxddmd03st/www/wp-includes/comment.php&path=/home/dxfxddmd03st/www/wp-includes HTTP/2.0" 403 56935 "-" "meta-externalagent/1.1 (+https://developers.facebook.com/docs/sharing/webmasters/crawler)" 371 **0/371494**
57.141.20.23 - - [21/Mar/2026:05:16:03 -0700] "GET /shop/enchase/tsetung012334970722?path=/home/dxfxddmd03st/www/wp-includes/certificates HTTP/2.0" 403 56935 "-" "meta-externalagent/1.1 (+https://developers.facebook.com/docs/sharing/webmasters/crawler)" 361 **0/361512**
57.141.20.49 - - [21/Mar/2026:05:16:03 -0700] "GET /shop/paynize/sottish011420954520?fileloc=//bin/xsubpp&path=//bin HTTP/2.0" 403 56935 "-" "meta-externalagent/1.1 (+https://developers.facebook.com/docs/sharing/webmasters/crawler)" 328 **0/328372**
57.141.20.36 - - [21/Mar/2026:05:16:03 -0700] "GET /shop/paynize/sottish011420954520?fileloc=//bin/ex&path=//bin HTTP/2.0" 403 56935 "-" "meta-externalagent/1.1 (+https://developers.facebook.com/docs/sharing/webmasters/crawler)" 320 **0/320150**
74.7.243.195 - - [21/Mar/2026:05:16:04 -0700] "GET /shop/emblanch/alabamian011817520290 HTTP/2.0" 200 3474 "https://www.artelron.com/wp-sitemap.xml" "Mozilla/5.0 AppleWebKit/537.36 (KHTML, like Gecko; compatible; GPTBot/1.3; +https://openai.com/gptbot)" 317 **0/317776**
57.141.20.8 - - [21/Mar/2026:05:16:04 -0700] "GET /shop/paynize/sottish011420954520?fileloc=//bin/aclocal-1.16&path=//bin HTTP/2.0" 403 56935 "-" "meta-externalagent/1.1 (+https://developers.facebook.com/docs/sharing/webmasters/crawler)" 331 **0/331752**
74.7.227.172 - - [21/Mar/2026:05:16:04 -0700] "GET /?path=//usr/lib/kernel HTTP/2.0" 200 2553 "https://artelron.com/?path=//usr/lib" "Mozilla/5.0 AppleWebKit/537.36 (KHTML, like Gecko; compatible; GPTBot/1.3; +https://openai.com/gptbot)" 349 **0/349954**
57.141.20.11 - - [21/Mar/2026:05:16:04 -0700] "GET /shop/enchase/tsetung012334970722?fileloc=/home/dxfxddmd03st/www/wp-includes/class-wp-http-ixr-client.php&path=/home/dxfxddmd03st/www/wp-includes HTTP/2.0" 403 56935 "-" "meta-externalagent/1.1 (+https://developers.facebook.com/docs/sharing/webmasters/crawler)" 332 **0/332503**
216.73.216.4 - - [21/Mar/2026:05:16:04 -0700] "GET /shop/trachydosaurus/interjectionally012933289488?fileloc=%2Fhome%2Fdxfxddmd03st%2Fpublic_html%2Frobots.txt&path=%2Fhome%2Fdxfxddmd03st%2Fpublic_html HTTP/2.0" 200 2305 "-" "Mozilla/5.0 AppleWebKit/537.36 (KHTML, like Gecko; compatible; ClaudeBot/1.0; +claudebot@anthropic.com)" 324 **0/324915**
