74.7.227.172 - - [21/Mar/2026:05:16:48 -0700] "GET /?fileloc=//usr/lib64/python2.7/test/__init__.pyo&path=//usr/lib64/python2.7/test HTTP/2.0" 200 2367 "https://artelron.com/?path=//usr/lib64/python2.7/test" "Mozilla/5.0 AppleWebKit/537.36 (KHTML, like Gecko; compatible; GPTBot/1.3; +https://openai.com/gptbot)" 338 **0/338710**
57.141.20.46 - - [21/Mar/2026:05:16:48 -0700] "GET /shop/mazing/moonie012543262677?path=/home/dxfxddmd03st/public_html/wp-admin/user HTTP/2.0" 403 56935 "-" "meta-externalagent/1.1 (+https://developers.facebook.com/docs/sharing/webmasters/crawler)" 341 **0/341438**
74.7.243.195 - - [21/Mar/2026:05:16:48 -0700] "GET /shop/kinology/thornhead012340753677 HTTP/2.0" 200 3474 "https://www.artelron.com/wp-sitemap.xml" "Mozilla/5.0 AppleWebKit/537.36 (KHTML, like Gecko; compatible; GPTBot/1.3; +https://openai.com/gptbot)" 347 **0/347668**
57.141.20.47 - - [21/Mar/2026:05:16:48 -0700] "GET /shop/frith/gigas013793997649?fileloc=/home/dxfxddmd03st/public_html/wp-includes/ms-settings.php&path=/home/dxfxddmd03st/public_html/wp-includes HTTP/2.0" 403 56935 "-" "meta-externalagent/1.1 (+https://developers.facebook.com/docs/sharing/webmasters/crawler)" 370 **0/370982**
57.141.20.55 - - [21/Mar/2026:05:16:49 -0700] "GET /shop/discover/pales012104822453?path=/home/dxfxddmd03st/public_html/moked-hash.co.il HTTP/2.0" 403 56935 "-" "meta-externalagent/1.1 (+https://developers.facebook.com/docs/sharing/webmasters/crawler)" 323 **0/323202**
57.141.20.6 - - [21/Mar/2026:05:16:49 -0700] "GET /shop/enchase/tsetung012334970722?fileloc=/home/dxfxddmd03st/www/wp-includes/class-wp-locale-switcher.php&path=/home/dxfxddmd03st/www/wp-includes HTTP/2.0" 403 56935 "-" "meta-externalagent/1.1 (+https://developers.facebook.com/docs/sharing/webmasters/crawler)" 335 **0/335304**
216.73.216.4 - - [21/Mar/2026:05:16:49 -0700] "GET /shop/justice/pessimistical013638360197?fileloc=%2Fhome%2Fdxfxddmd03st%2Fpublic_html%2Flicense.txt&path=%2Fhome%2Fdxfxddmd03st%2Fpublic_html HTTP/2.0" 200 9308 "-" "Mozilla/5.0 AppleWebKit/537.36 (KHTML, like Gecko; compatible; ClaudeBot/1.0; +claudebot@anthropic.com)" 343 **0/343576**
57.141.20.41 - - [21/Mar/2026:05:16:50 -0700] "GET /shop/enchase/tsetung012334970722?fileloc=/home/dxfxddmd03st/www/wp-includes/ms-default-filters.php&path=/home/dxfxddmd03st/www/wp-includes HTTP/2.0" 403 56935 "-" "meta-externalagent/1.1 (+https://developers.facebook.com/docs/sharing/webmasters/crawler)" 318 **0/318063**
57.141.20.28 - - [21/Mar/2026:05:16:50 -0700] "GET /shop/persei/explicative01810883709?path=/home/dxfxddmd03st/.cl.selector HTTP/2.0" 403 56935 "-" "meta-externalagent/1.1 (+https://developers.facebook.com/docs/sharing/webmasters/crawler)" 321 **0/321403**
57.141.20.55 - - [21/Mar/2026:05:16:50 -0700] "GET /shop/enchase/tsetung012334970722?fileloc=/home/dxfxddmd03st/www/wp-includes/class-wp-duotone.php&path=/home/dxfxddmd03st/www/wp-includes HTTP/2.0" 403 56935 "-" "meta-externalagent/1.1 (+https://developers.facebook.com/docs/sharing/webmasters/crawler)" 348 **0/348484**
57.141.20.4 - - [21/Mar/2026:05:16:51 -0700] "GET /shop/pleasurably/nutting01734826679?fileloc=/home/dxfxddmd03st/public_html/wp-blog-header.php&path=/home/dxfxddmd03st/public_html HTTP/2.0" 403 56935 "-" "meta-externalagent/1.1 (+https://developers.facebook.com/docs/sharing/webmasters/crawler)" 336 **0/336776**
57.141.20.25 - - [21/Mar/2026:05:16:51 -0700] "GET /shop/frankfee/thames011187801757?fileloc=/home/dxfxddmd03st/error_log&path=/home/dxfxddmd03st HTTP/2.0" 403 56935 "-" "meta-externalagent/1.1 (+https://developers.facebook.com/docs/sharing/webmasters/crawler)" 317 **0/317974**
57.141.20.25 - - [21/Mar/2026:05:16:51 -0700] "GET /shop/silundum/tracklessly01977205512?fileloc=/home/dxfxddmd03st/public_html/wp-includes/js/customize-loader.min.js&path=/home/dxfxddmd03st/public_html/wp-includes/js HTTP/2.0" 403 56935 "-" "meta-externalagent/1.1 (+https://developers.facebook.com/docs/sharing/webmasters/crawler)" 326 **0/326637**
74.7.243.195 - - [21/Mar/2026:05:16:51 -0700] "GET /shop/saxifragant/chest011838856967 HTTP/2.0" 200 3474 "https://www.artelron.com/wp-sitemap.xml" "Mozilla/5.0 AppleWebKit/537.36 (KHTML, like Gecko; compatible; GPTBot/1.3; +https://openai.com/gptbot)" 328 **0/328423**
57.141.20.44 - - [21/Mar/2026:05:16:51 -0700] "GET /shop/blemishing/nullifier01547264268?fileloc=/home/dxfxddmd03st/public_html/wp-admin/customize.php&path=/home/dxfxddmd03st/public_html/wp-admin HTTP/2.0" 403 56935 "-" "meta-externalagent/1.1 (+https://developers.facebook.com/docs/sharing/webmasters/crawler)" 331 **0/331098**
74.7.227.172 - - [21/Mar/2026:05:16:52 -0700] "GET /?fileloc=//usr/lib64/python3.6/email/__pycache__/header.cpython-36.opt-1.pyc&path=//usr/lib64/python3.6/email/__pycache__ HTTP/2.0" 200 9747 "https://artelron.com/?path=//usr/lib64/python3.6/email/__pycache__" "Mozilla/5.0 AppleWebKit/537.36 (KHTML, like Gecko; compatible; GPTBot/1.3; +https://openai.com/gptbot)" 340 **0/340508**
57.141.20.51 - - [21/Mar/2026:05:16:52 -0700] "GET /shop/enchase/tsetung012334970722?fileloc=/home/dxfxddmd03st/www/wp-includes/script-loader.php&path=/home/dxfxddmd03st/www/wp-includes HTTP/2.0" 403 56935 "-" "meta-externalagent/1.1 (+https://developers.facebook.com/docs/sharing/webmasters/crawler)" 327 **0/327388**
216.73.216.4 - - [21/Mar/2026:05:16:52 -0700] "GET /shop/agrarium/waffle011939877671?fileloc=%2F%2Flib64%2Flibevent_pthreads-2.1.so.6.0.2&path=%2F%2Flib64 HTTP/2.0" 200 5742 "-" "Mozilla/5.0 AppleWebKit/537.36 (KHTML, like Gecko; compatible; ClaudeBot/1.0; +claudebot@anthropic.com)" 325 **0/325012**
57.141.20.49 - - [21/Mar/2026:05:16:52 -0700] "GET /shop/leasow/dissension013505033822?fileloc=/home/dxfxddmd03st/public_html/wp-includes/block-template-utils.php&path=/home/dxfxddmd03st/public_html/wp-includes HTTP/2.0" 403 56935 "-" "meta-externalagent/1.1 (+https://developers.facebook.com/docs/sharing/webmasters/crawler)" 321 **0/321388**
57.141.20.13 - - [21/Mar/2026:05:16:52 -0700] "GET /shop/similative/artistically011729879418?fileloc=/home/dxfxddmd03st/public_html/wp-includes/class-pop3.php&path=/home/dxfxddmd03st/public_html/wp-includes HTTP/2.0" 403 56935 "-" "meta-externalagent/1.1 (+https://developers.facebook.com/docs/sharing/webmasters/crawler)" 317 **0/317248**
57.141.20.19 - - [21/Mar/2026:05:16:53 -0700] "GET /shop/blemishing/nullifier01547264268?path=/home/dxfxddmd03st/public_html/wp-admin/user HTTP/2.0" 403 56935 "-" "meta-externalagent/1.1 (+https://developers.facebook.com/docs/sharing/webmasters/crawler)" 324 **0/324983**
57.141.20.12 - - [21/Mar/2026:05:16:53 -0700] "GET /shop/scortatory/ocneria013961106237?fileloc=/home/dxfxddmd03st/public_html/license.txt&path=/home/dxfxddmd03st/public_html HTTP/2.0" 403 56935 "-" "meta-externalagent/1.1 (+https://developers.facebook.com/docs/sharing/webmasters/crawler)" 374 **0/374620**
57.141.20.15 - - [21/Mar/2026:05:16:53 -0700] "GET /shop/enchase/tsetung012334970722?fileloc=/home/dxfxddmd03st/www/wp-includes/class-simplepie.php&path=/home/dxfxddmd03st/www/wp-includes HTTP/2.0" 403 56935 "-" "meta-externalagent/1.1 (+https://developers.facebook.com/docs/sharing/webmasters/crawler)" 338 **0/338808**
57.141.20.18 - - [21/Mar/2026:05:16:54 -0700] "GET /shop/azotite/urate0182241504?fileloc=/home/dxfxddmd03st/public_html/wp-comments-post.php&path=/home/dxfxddmd03st/public_html HTTP/2.0" 403 56935 "-" "meta-externalagent/1.1 (+https://developers.facebook.com/docs/sharing/webmasters/crawler)" 319 **0/319440**
57.141.20.1 - - [21/Mar/2026:05:16:54 -0700] "GET /shop/dispraiser/cottonseed012919625684?fileloc=//sbin/tsig-keygen&path=//sbin HTTP/2.0" 403 56935 "-" "meta-externalagent/1.1 (+https://developers.facebook.com/docs/sharing/webmasters/crawler)" 333 **0/333860**
74.7.243.195 - - [21/Mar/2026:05:16:54 -0700] "GET /shop/sufferable/levulin013401917365 HTTP/2.0" 200 3474 "https://www.artelron.com/wp-sitemap.xml" "Mozilla/5.0 AppleWebKit/537.36 (KHTML, like Gecko; compatible; GPTBot/1.3; +https://openai.com/gptbot)" 327 **0/327729**
57.141.20.15 - - [21/Mar/2026:05:16:54 -0700] "GET /shop/arabism/bridesmen01744772728?fileloc=/home/dxfxddmd03st/public_html/wp-links-opml.php&path=/home/dxfxddmd03st/public_html HTTP/2.0" 403 56935 "-" "meta-externalagent/1.1 (+https://developers.facebook.com/docs/sharing/webmasters/crawler)" 328 **0/328659**
74.7.227.172 - - [21/Mar/2026:05:16:55 -0700] "GET /?fileloc=//usr/lib64/python2.7/test/__init__.pyc&path=//usr/lib64/python2.7/test HTTP/2.0" 200 2367 "https://artelron.com/?path=//usr/lib64/python2.7/test" "Mozilla/5.0 AppleWebKit/537.36 (KHTML, like Gecko; compatible; GPTBot/1.3; +https://openai.com/gptbot)" 326 **0/326919**
57.141.20.5 - - [21/Mar/2026:05:16:55 -0700] "GET /shop/hygroscopicity/connecticuter012232822489?fileloc=/home/dxfxddmd03st/public_html/wp-cron.php&path=/home/dxfxddmd03st/public_html HTTP/2.0" 403 56935 "-" "meta-externalagent/1.1 (+https://developers.facebook.com/docs/sharing/webmasters/crawler)" 322 **0/322126**
57.141.20.52 - - [21/Mar/2026:05:16:55 -0700] "GET /shop/enchase/tsetung012334970722?fileloc=/home/dxfxddmd03st/www/wp-includes/category.php&path=/home/dxfxddmd03st/www/wp-includes HTTP/2.0" 403 56935 "-" "meta-externalagent/1.1 (+https://developers.facebook.com/docs/sharing/webmasters/crawler)" 319 **0/319112**
216.73.216.4 - - [21/Mar/2026:05:16:55 -0700] "GET /shop/capitata/blimbing011130753812?fileloc=%2F%2Flib64%2Flibibverbs.so.1.14.48.0&path=%2F%2Flib64 HTTP/2.0" 200 51896 "-" "Mozilla/5.0 AppleWebKit/537.36 (KHTML, like Gecko; compatible; ClaudeBot/1.0; +claudebot@anthropic.com)" 352 **0/352551**
57.141.20.49 - - [21/Mar/2026:05:16:55 -0700] "GET /shop/enchase/tsetung012334970722?fileloc=/home/dxfxddmd03st/www/wp-includes/class-http.php&path=/home/dxfxddmd03st/www/wp-includes HTTP/2.0" 403 56935 "-" "meta-externalagent/1.1 (+https://developers.facebook.com/docs/sharing/webmasters/crawler)" 309 **0/309784**
57.141.20.12 - - [21/Mar/2026:05:16:56 -0700] "GET /shop/subliminal/prattling01564012173?fileloc=/home/dxfxddmd03st/public_html/yrgnf.php&path=/home/dxfxddmd03st/public_html HTTP/2.0" 403 56935 "-" "meta-externalagent/1.1 (+https://developers.facebook.com/docs/sharing/webmasters/crawler)" 339 **0/339433**
57.141.20.29 - - [21/Mar/2026:05:16:56 -0700] "GET /shop/mawks/tonsured013819923114?fileloc=/home/dxfxddmd03st/public_html/xmlrpc.php&path=/home/dxfxddmd03st/public_html HTTP/2.0" 403 56935 "-" "meta-externalagent/1.1 (+https://developers.facebook.com/docs/sharing/webmasters/crawler)" 307 **0/307238**
62.216.205.226 - - [21/Mar/2026:05:16:57 -0700] "GET /robots.txt HTTP/1.1" 200 82 "-" "Mozilla/5.0 (compatible; MJ12bot/v1.4.8; http://mj12bot.com/)" 5 **0/5313**
57.141.20.11 - - [21/Mar/2026:05:16:57 -0700] "GET /shop/paynize/sottish011420954520?fileloc=//bin/mariadb-access&path=//bin HTTP/2.0" 403 56935 "-" "meta-externalagent/1.1 (+https://developers.facebook.com/docs/sharing/webmasters/crawler)" 320 **0/320860**
57.141.20.32 - - [21/Mar/2026:05:16:57 -0700] "GET /shop/columbae/columbidae012435741118?fileloc=//bin/gm&path=//bin HTTP/2.0" 403 56935 "-" "meta-externalagent/1.1 (+https://developers.facebook.com/docs/sharing/webmasters/crawler)" 313 **0/313698**
57.141.20.30 - - [21/Mar/2026:05:16:57 -0700] "GET /shop/columbae/columbidae012435741118?fileloc=//bin/git-upload-pack&path=//bin HTTP/2.0" 403 56935 "-" "meta-externalagent/1.1 (+https://developers.facebook.com/docs/sharing/webmasters/crawler)" 326 **0/326122**
57.141.20.2 - - [21/Mar/2026:05:16:58 -0700] "GET /shop/dejecture/taplings01618354755?path=/home/dxfxddmd03st/public_html/wp-includes/IXR HTTP/2.0" 403 56935 "-" "meta-externalagent/1.1 (+https://developers.facebook.com/docs/sharing/webmasters/crawler)" 341 **0/341626**
74.7.243.195 - - [21/Mar/2026:05:16:58 -0700] "GET /shop/pantingly/fracid013239231843 HTTP/2.0" 200 3474 "https://www.artelron.com/wp-sitemap.xml" "Mozilla/5.0 AppleWebKit/537.36 (KHTML, like Gecko; compatible; GPTBot/1.3; +https://openai.com/gptbot)" 312 **0/312381**
57.141.20.41 - - [21/Mar/2026:05:16:58 -0700] "GET /shop/admiralty/drawbolt011724078531?fileloc=/home/dxfxddmd03st/public_html/wp-signup.php&path=/home/dxfxddmd03st/public_html HTTP/2.0" 403 56935 "-" "meta-externalagent/1.1 (+https://developers.facebook.com/docs/sharing/webmasters/crawler)" 323 **0/323339**
74.7.227.172 - - [21/Mar/2026:05:16:58 -0700] "GET /?path=//usr/lib64/python2.7/Demo HTTP/2.0" 200 3120 "https://artelron.com/?path=//usr/lib64/python2.7" "Mozilla/5.0 AppleWebKit/537.36 (KHTML, like Gecko; compatible; GPTBot/1.3; +https://openai.com/gptbot)" 319 **0/319245**
57.141.20.29 - - [21/Mar/2026:05:16:58 -0700] "GET /shop/indicted/pilotism011563956891?fileloc=/home/dxfxddmd03st/public_html/wp-settings.php&path=/home/dxfxddmd03st/public_html HTTP/2.0" 403 56935 "-" "meta-externalagent/1.1 (+https://developers.facebook.com/docs/sharing/webmasters/crawler)" 320 **0/320122**
57.141.20.42 - - [21/Mar/2026:05:16:59 -0700] "GET /shop/enchase/tsetung012334970722?fileloc=//lib64/libtermcap.so&path=//lib64 HTTP/2.0" 403 56935 "-" "meta-externalagent/1.1 (+https://developers.facebook.com/docs/sharing/webmasters/crawler)" 348 **0/348260**
57.141.20.50 - - [21/Mar/2026:05:16:59 -0700] "GET /shop/liard/submultiple01928794959?fileloc=/home/dxfxddmd03st/public_html/wp-links-opml.php&path=/home/dxfxddmd03st/public_html HTTP/2.0" 403 56935 "-" "meta-externalagent/1.1 (+https://developers.facebook.com/docs/sharing/webmasters/crawler)" 308 **0/308852**
57.141.20.44 - - [21/Mar/2026:05:16:59 -0700] "GET /shop/breastknot/gratis013565571111?fileloc=/home/dxfxddmd03st/public_html/wp-cron.php&path=/home/dxfxddmd03st/public_html HTTP/2.0" 403 56935 "-" "meta-externalagent/1.1 (+https://developers.facebook.com/docs/sharing/webmasters/crawler)" 324 **0/324062**
57.141.20.58 - - [21/Mar/2026:05:17:00 -0700] "GET /shop/blemishing/nullifier01547264268?fileloc=/home/dxfxddmd03st/public_html/wp-activate.php&path=/home/dxfxddmd03st/public_html HTTP/2.0" 403 56935 "-" "meta-externalagent/1.1 (+https://developers.facebook.com/docs/sharing/webmasters/crawler)" 354 **0/354217**
216.73.216.4 - - [21/Mar/2026:05:17:00 -0700] "GET /shop/sheaf/deposal012663056337?fileloc=%2Fhome%2Fdxfxddmd03st%2Fpublic_html%2Fwp-includes%2Ffunctions.wp-styles.php&path=%2Fhome%2Fdxfxddmd03st%2Fpublic_html%2Fwp-includes HTTP/2.0" 200 4512 "-" "Mozilla/5.0 AppleWebKit/537.36 (KHTML, like Gecko; compatible; ClaudeBot/1.0; +claudebot@anthropic.com)" 342 **0/342910**
57.141.20.55 - - [21/Mar/2026:05:17:00 -0700] "GET /shop/melanospermous/backster01685677835?fileloc=/home/dxfxddmd03st/public_html/readme.html&path=/home/dxfxddmd03st/public_html HTTP/2.0" 403 56935 "-" "meta-externalagent/1.1 (+https://developers.facebook.com/docs/sharing/webmasters/crawler)" 336 **0/336651**
57.141.20.31 - - [21/Mar/2026:05:17:00 -0700] "GET /shop/fugere/capitulary013279221059?fileloc=/home/dxfxddmd03st/public_html/wp-config.php&path=/home/dxfxddmd03st/public_html HTTP/2.0" 403 56935 "-" "meta-externalagent/1.1 (+https://developers.facebook.com/docs/sharing/webmasters/crawler)" 337 **0/337569**
57.141.20.56 - - [21/Mar/2026:05:17:00 -0700] "GET /shop/bracket/diandrous01515559453?fileloc=/home/dxfxddmd03st/public_html/wp-includes/global-styles-and-settings.php&path=/home/dxfxddmd03st/public_html/wp-includes HTTP/2.0" 403 56935 "-" "meta-externalagent/1.1 (+https://developers.facebook.com/docs/sharing/webmasters/crawler)" 331 **0/331689**
62.216.205.226 - - [21/Mar/2026:05:17:01 -0700] "GET /?fileloc=/home/dxfxddmd03st/public_html/.htaccess&path=/home/dxfxddmd03st/public_html HTTP/1.1" 200 3035 "-" "Mozilla/5.0 (compatible; MJ12bot/v1.4.8; http://mj12bot.com/)" 326 **0/326920**
57.141.20.49 - - [21/Mar/2026:05:17:01 -0700] "GET /shop/parabolic/aspire014112237576?fileloc=/home/dxfxddmd03st/.md5sum&path=/home/dxfxddmd03st HTTP/2.0" 403 56935 "-" "meta-externalagent/1.1 (+https://developers.facebook.com/docs/sharing/webmasters/crawler)" 338 **0/338931**
74.7.243.195 - - [21/Mar/2026:05:17:01 -0700] "GET /shop/phonetism/briony013264715897 HTTP/2.0" 200 3474 "https://www.artelron.com/wp-sitemap.xml" "Mozilla/5.0 AppleWebKit/537.36 (KHTML, like Gecko; compatible; GPTBot/1.3; +https://openai.com/gptbot)" 360 **0/360260**
57.141.20.21 - - [21/Mar/2026:05:17:01 -0700] "GET /shop/enchase/tsetung012334970722?fileloc=/home/dxfxddmd03st/www/wp-includes/class-wp-recovery-mode-email-service.php&path=/home/dxfxddmd03st/www/wp-includes HTTP/2.0" 403 56935 "-" "meta-externalagent/1.1 (+https://developers.facebook.com/docs/sharing/webmasters/crawler)" 386 **0/386169**
74.7.227.172 - - [21/Mar/2026:05:17:01 -0700] "GET /?fileloc=//usr/lib/rpm/pythondistdeps.py&path=//usr/lib/rpm HTTP/2.0" 200 5078 "https://artelron.com/?path=//usr/lib/rpm" "Mozilla/5.0 AppleWebKit/537.36 (KHTML, like Gecko; compatible; GPTBot/1.3; +https://openai.com/gptbot)" 386 **0/386487**
62.216.205.226 - - [21/Mar/2026:05:17:02 -0700] "GET /robots.txt HTTP/1.1" 200 82 "-" "Mozilla/5.0 (compatible; MJ12bot/v1.4.8; http://mj12bot.com/)" 10 **0/10380**
57.141.20.1 - - [21/Mar/2026:05:17:02 -0700] "GET /shop/mantoux/swordbill011753758424?fileloc=/home/dxfxddmd03st/public_html/wp-config-sample.php&path=/home/dxfxddmd03st/public_html HTTP/2.0" 403 56935 "-" "meta-externalagent/1.1 (+https://developers.facebook.com/docs/sharing/webmasters/crawler)" 372 **0/372489**
57.141.20.38 - - [21/Mar/2026:05:17:02 -0700] "GET /shop/silundum/tracklessly01977205512?fileloc=/home/dxfxddmd03st/public_html/wp-includes/class-wp-embed.php&path=/home/dxfxddmd03st/public_html/wp-includes HTTP/2.0" 403 56935 "-" "meta-externalagent/1.1 (+https://developers.facebook.com/docs/sharing/webmasters/crawler)" 366 **0/366858**
57.141.20.13 - - [21/Mar/2026:05:17:02 -0700] "GET /shop/papulous/humiliating0183453587?fileloc=/home/dxfxddmd03st/public_html/wp-admin/admin-footer.php&path=/home/dxfxddmd03st/public_html/wp-admin HTTP/2.0" 403 56935 "-" "meta-externalagent/1.1 (+https://developers.facebook.com/docs/sharing/webmasters/crawler)" 375 **0/375856**
216.73.216.4 - - [21/Mar/2026:05:17:02 -0700] "GET /shop/illision/clocks012725376303?fileloc=%2Fhome%2Fdxfxddmd03st%2Fpublic_html%2Fwp-includes%2Fhttp.php&path=%2Fhome%2Fdxfxddmd03st%2Fpublic_html%2Fwp-includes HTTP/2.0" 200 7479 "-" "Mozilla/5.0 AppleWebKit/537.36 (KHTML, like Gecko; compatible; ClaudeBot/1.0; +claudebot@anthropic.com)" 339 **0/339881**
57.141.20.0 - - [21/Mar/2026:05:17:03 -0700] "GET /shop/stigmas/reglementary013795209732?fileloc=/home/dxfxddmd03st/public_html/wp-trackback.php&path=/home/dxfxddmd03st/public_html HTTP/2.0" 403 56935 "-" "meta-externalagent/1.1 (+https://developers.facebook.com/docs/sharing/webmasters/crawler)" 374 **0/374013**
57.141.20.54 - - [21/Mar/2026:05:17:03 -0700] "GET /shop/primevertical/valebat012429940215?fileloc=/home/dxfxddmd03st/public_html/wp-admin/setup-config.php&path=/home/dxfxddmd03st/public_html/wp-admin HTTP/2.0" 403 56935 "-" "meta-externalagent/1.1 (+https://developers.facebook.com/docs/sharing/webmasters/crawler)" 365 **0/365910**
57.141.20.4 - - [21/Mar/2026:05:17:03 -0700] "GET /shop/nitrobenzol/mozetta011007016547?fileloc=/home/dxfxddmd03st/public_html/wp-includes/pluggable-deprecated.php&path=/home/dxfxddmd03st/public_html/wp-includes HTTP/2.0" 403 56935 "-" "meta-externalagent/1.1 (+https://developers.facebook.com/docs/sharing/webmasters/crawler)" 457 **0/457045**
57.141.20.47 - - [21/Mar/2026:05:17:04 -0700] "GET /shop/accourt/nonadsorbent012025602950 HTTP/2.0" 403 56935 "-" "meta-externalagent/1.1 (+https://developers.facebook.com/docs/sharing/webmasters/crawler)" 351 **0/351817**
57.141.20.12 - - [21/Mar/2026:05:17:04 -0700] "GET /shop/anorthite/manurage011041119522 HTTP/2.0" 403 56935 "-" "meta-externalagent/1.1 (+https://developers.facebook.com/docs/sharing/webmasters/crawler)" 356 **0/356675**
57.141.20.42 - - [21/Mar/2026:05:17:04 -0700] "GET /shop/enchase/tsetung012334970722?fileloc=/home/dxfxddmd03st/www/wp-includes/class-wp-oembed-controller.php&path=/home/dxfxddmd03st/www/wp-includes HTTP/2.0" 403 56935 "-" "meta-externalagent/1.1 (+https://developers.facebook.com/docs/sharing/webmasters/crawler)" 333 **0/333271**
74.7.243.195 - - [21/Mar/2026:05:17:04 -0700] "GET /shop/fluitans/uzbecks014070249492 HTTP/2.0" 200 3474 "https://www.artelron.com/wp-sitemap.xml" "Mozilla/5.0 AppleWebKit/537.36 (KHTML, like Gecko; compatible; GPTBot/1.3; +https://openai.com/gptbot)" 325 **0/325221**
74.7.227.172 - - [21/Mar/2026:05:17:04 -0700] "GET /?fileloc=//lib/kdump/kdump-lib.sh&path=//lib/kdump HTTP/2.0" 200 12454 "https://artelron.com/?path=//lib/kdump" "Mozilla/5.0 AppleWebKit/537.36 (KHTML, like Gecko; compatible; GPTBot/1.3; +https://openai.com/gptbot)" 336 **0/336668**
57.141.20.47 - - [21/Mar/2026:05:17:04 -0700] "GET /shop/peaky/subcostal01438668063 HTTP/2.0" 403 56935 "-" "meta-externalagent/1.1 (+https://developers.facebook.com/docs/sharing/webmasters/crawler)" 330 **0/330237**
57.141.20.9 - - [21/Mar/2026:05:17:05 -0700] "GET /shop/faintheartedness/scillain01546052153 HTTP/2.0" 403 56935 "-" "meta-externalagent/1.1 (+https://developers.facebook.com/docs/sharing/webmasters/crawler)" 320 **0/320530**
57.141.20.0 - - [21/Mar/2026:05:17:05 -0700] "GET /shop/frith/gigas013793997649?fileloc=/home/dxfxddmd03st/public_html/wp-includes/fonts.php&path=/home/dxfxddmd03st/public_html/wp-includes HTTP/2.0" 403 56935 "-" "meta-externalagent/1.1 (+https://developers.facebook.com/docs/sharing/webmasters/crawler)" 330 **0/330234**
216.73.216.4 - - [21/Mar/2026:05:17:05 -0700] "GET /shop/renown/steadfastly012806543911?fileloc=%2Fhome%2Fdxfxddmd03st%2Fpublic_html%2Fwp-admin%2Fcss%2Flogin-rtl.css&path=%2Fhome%2Fdxfxddmd03st%2Fpublic_html%2Fwp-admin%2Fcss HTTP/2.0" 200 4524 "-" "Mozilla/5.0 AppleWebKit/537.36 (KHTML, like Gecko; compatible; ClaudeBot/1.0; +claudebot@anthropic.com)" 329 **0/329159**
62.216.205.226 - - [21/Mar/2026:05:17:05 -0700] "GET /online-on-line-casino-mit-deutscher-lizenz-test-bonus-vergleich/feed/?fileloc=//bin/test&path=//bin HTTP/1.1" 200 22347 "-" "Mozilla/5.0 (compatible; MJ12bot/v1.4.8; http://mj12bot.com/)" 341 **0/341093**
57.141.20.52 - - [21/Mar/2026:05:17:06 -0700] "GET /shop/exulcerative/inimicous011123887747?fileloc=/home/dxfxddmd03st/public_html/colors.php&path=/home/dxfxddmd03st/public_html HTTP/2.0" 403 56935 "-" "meta-externalagent/1.1 (+https://developers.facebook.com/docs/sharing/webmasters/crawler)" 334 **0/334577**
57.141.20.34 - - [21/Mar/2026:05:17:06 -0700] "GET /shop/envious/disgracer013119772574?fileloc=/home/dxfxddmd03st/public_html/wp-includes/ms-settings.php&path=/home/dxfxddmd03st/public_html/wp-includes HTTP/2.0" 403 56935 "-" "meta-externalagent/1.1 (+https://developers.facebook.com/docs/sharing/webmasters/crawler)" 328 **0/328905**
57.141.20.38 - - [21/Mar/2026:05:17:06 -0700] "GET /shop/saussurea/placitory012511583932?fileloc=/home/dxfxddmd03st/public_html/colors.php&path=/home/dxfxddmd03st/public_html HTTP/2.0" 403 56935 "-" "meta-externalagent/1.1 (+https://developers.facebook.com/docs/sharing/webmasters/crawler)" 325 **0/325780**
57.141.20.34 - - [21/Mar/2026:05:17:06 -0700] "GET /shop/frith/gigas013793997649?fileloc=/home/dxfxddmd03st/public_html/wp-includes/class-wp-image-editor-imagick.php&path=/home/dxfxddmd03st/public_html/wp-includes HTTP/2.0" 403 56935 "-" "meta-externalagent/1.1 (+https://developers.facebook.com/docs/sharing/webmasters/crawler)" 322 **0/322995**
57.141.20.34 - - [21/Mar/2026:05:17:07 -0700] "GET /shop/umbles/catamite014089343458?path=/home/dxfxddmd03st/public_html/wp-includes HTTP/2.0" 403 56935 "-" "meta-externalagent/1.1 (+https://developers.facebook.com/docs/sharing/webmasters/crawler)" 328 **0/328417**
57.141.20.39 - - [21/Mar/2026:05:17:07 -0700] "GET /shop/superiorly/irritation011957067803?fileloc=/home/dxfxddmd03st/public_html/xmlrpc.php&path=/home/dxfxddmd03st/public_html HTTP/2.0" 403 56935 "-" "meta-externalagent/1.1 (+https://developers.facebook.com/docs/sharing/webmasters/crawler)" 327 **0/327965**
74.7.243.195 - - [21/Mar/2026:05:17:07 -0700] "GET /shop/whimbrel/sandish012787254680 HTTP/2.0" 200 3474 "https://www.artelron.com/wp-sitemap.xml" "Mozilla/5.0 AppleWebKit/537.36 (KHTML, like Gecko; compatible; GPTBot/1.3; +https://openai.com/gptbot)" 350 **0/350553**
74.7.227.172 - - [21/Mar/2026:05:17:08 -0700] "GET /?fileloc=//lib/dracut/skipcpio&path=//lib/dracut HTTP/2.0" 200 5598 "https://artelron.com/?path=//lib/dracut" "Mozilla/5.0 AppleWebKit/537.36 (KHTML, like Gecko; compatible; GPTBot/1.3; +https://openai.com/gptbot)" 338 **0/338634**
57.141.20.36 - - [21/Mar/2026:05:17:08 -0700] "GET /shop/enchase/tsetung012334970722?fileloc=/home/dxfxddmd03st/www/wp-includes/class-wp-dependency.php&path=/home/dxfxddmd03st/www/wp-includes HTTP/2.0" 403 56935 "-" "meta-externalagent/1.1 (+https://developers.facebook.com/docs/sharing/webmasters/crawler)" 344 **0/344250**
57.141.20.21 - - [21/Mar/2026:05:17:08 -0700] "GET /shop/loricae/acetarious0132487694?fileloc=/home/dxfxddmd03st/public_html/wp-config.php&path=/home/dxfxddmd03st/public_html HTTP/2.0" 403 56935 "-" "meta-externalagent/1.1 (+https://developers.facebook.com/docs/sharing/webmasters/crawler)" 330 **0/330302**
57.141.20.24 - - [21/Mar/2026:05:17:08 -0700] "GET /shop/handwriting/stormcock011876422001?fileloc=/home/dxfxddmd03st/public_html/wp-cron.php&path=/home/dxfxddmd03st/public_html HTTP/2.0" 403 56935 "-" "meta-externalagent/1.1 (+https://developers.facebook.com/docs/sharing/webmasters/crawler)" 337 **0/337415**
216.73.216.4 - - [21/Mar/2026:05:17:08 -0700] "GET /shop/illision/clocks012725376303?fileloc=%2Fhome%2Fdxfxddmd03st%2Fpublic_html%2Fwp-includes%2Fclass-phpass.php&path=%2Fhome%2Fdxfxddmd03st%2Fpublic_html%2Fwp-includes HTTP/2.0" 200 4640 "-" "Mozilla/5.0 AppleWebKit/537.36 (KHTML, like Gecko; compatible; ClaudeBot/1.0; +claudebot@anthropic.com)" 323 **0/323425**
57.141.20.16 - - [21/Mar/2026:05:17:09 -0700] "GET /shop/frankfee/thames011187801757?fileloc=/home/dxfxddmd03st/public_html/index.php&path=/home/dxfxddmd03st/public_html HTTP/2.0" 403 56935 "-" "meta-externalagent/1.1 (+https://developers.facebook.com/docs/sharing/webmasters/crawler)" 325 **0/325032**
57.141.20.31 - - [21/Mar/2026:05:17:09 -0700] "GET /shop/paynize/sottish011420954520?fileloc=//bin/zipinfo&path=//bin HTTP/2.0" 403 56935 "-" "meta-externalagent/1.1 (+https://developers.facebook.com/docs/sharing/webmasters/crawler)" 327 **0/327282**
57.141.20.1 - - [21/Mar/2026:05:17:09 -0700] "GET /shop/enchase/tsetung012334970722?fileloc=/home/dxfxddmd03st/www/wp-includes/class-wp-matchesmapregex.php&path=/home/dxfxddmd03st/www/wp-includes HTTP/2.0" 403 56935 "-" "meta-externalagent/1.1 (+https://developers.facebook.com/docs/sharing/webmasters/crawler)" 329 **0/329701**
62.216.205.226 - - [21/Mar/2026:05:17:09 -0700] "GET /online-on-line-casino-mit-deutscher-lizenz-test-bonus-vergleich/feed/?fileloc=//bin/timeout&path=//bin HTTP/1.1" 200 18470 "-" "Mozilla/5.0 (compatible; MJ12bot/v1.4.8; http://mj12bot.com/)" 340 **0/340098**
57.141.20.39 - - [21/Mar/2026:05:17:09 -0700] "GET /shop/leppy/aurantii012260730741 HTTP/2.0" 403 56935 "-" "meta-externalagent/1.1 (+https://developers.facebook.com/docs/sharing/webmasters/crawler)" 343 **0/343500**
57.141.20.17 - - [21/Mar/2026:05:17:10 -0700] "GET /shop/circumstance/rescuer011734631745 HTTP/2.0" 403 56935 "-" "meta-externalagent/1.1 (+https://developers.facebook.com/docs/sharing/webmasters/crawler)" 331 **0/331448**
57.141.20.12 - - [21/Mar/2026:05:17:10 -0700] "GET /shop/deepwaisted/asserting012628497267?fileloc=//bin/sprof&path=//bin HTTP/2.0" 403 56935 "-" "meta-externalagent/1.1 (+https://developers.facebook.com/docs/sharing/webmasters/crawler)" 317 **0/317318**
74.7.243.195 - - [21/Mar/2026:05:17:11 -0700] "GET /shop/radioscopy/hosannas01435157510 HTTP/2.0" 200 3474 "https://www.artelron.com/wp-sitemap.xml" "Mozilla/5.0 AppleWebKit/537.36 (KHTML, like Gecko; compatible; GPTBot/1.3; +https://openai.com/gptbot)" 330 **0/330745**
74.7.227.172 - - [21/Mar/2026:05:17:11 -0700] "GET /?fileloc=//bin/isosize&path=//bin HTTP/2.0" 200 11848 "https://artelron.com/?path=//bin" "Mozilla/5.0 AppleWebKit/537.36 (KHTML, like Gecko; compatible; GPTBot/1.3; +https://openai.com/gptbot)" 326 **0/326601**
57.141.20.21 - - [21/Mar/2026:05:17:11 -0700] "GET /shop/deepwaisted/asserting012628497267?fileloc=//bin/identify&path=//bin HTTP/2.0" 403 56935 "-" "meta-externalagent/1.1 (+https://developers.facebook.com/docs/sharing/webmasters/crawler)" 319 **0/319452**
57.141.20.57 - - [21/Mar/2026:05:17:11 -0700] "GET /shop/gospeller/swordbill011807755696?path=/home/dxfxddmd03st/public_html/cgi-bin HTTP/2.0" 403 56935 "-" "meta-externalagent/1.1 (+https://developers.facebook.com/docs/sharing/webmasters/crawler)" 322 **0/322448**
57.141.20.7 - - [21/Mar/2026:05:17:11 -0700] "GET /shop/similative/artistically011729879418?fileloc=/home/dxfxddmd03st/public_html/wp-includes/class-wp-customize-panel.php&path=/home/dxfxddmd03st/public_html/wp-includes HTTP/2.0" 403 56935 "-" "meta-externalagent/1.1 (+https://developers.facebook.com/docs/sharing/webmasters/crawler)" 321 **0/321193**
216.73.216.4 - - [21/Mar/2026:05:17:11 -0700] "GET /shop/fiddling/suspiral013010538297?path=%2F%2Fetc%2Fimunify360 HTTP/2.0" 200 2551 "-" "Mozilla/5.0 AppleWebKit/537.36 (KHTML, like Gecko; compatible; ClaudeBot/1.0; +claudebot@anthropic.com)" 332 **0/332782**
57.141.20.25 - - [21/Mar/2026:05:17:12 -0700] "GET /shop/aurist/gratis013619568383?fileloc=/home/dxfxddmd03st/public_html/.htaccess&path=/home/dxfxddmd03st/public_html HTTP/2.0" 403 56935 "-" "meta-externalagent/1.1 (+https://developers.facebook.com/docs/sharing/webmasters/crawler)" 326 **0/326942**
57.141.20.54 - - [21/Mar/2026:05:17:12 -0700] "GET /shop/exquisitively/crete011458434168?path=/home/dxfxddmd03st/ssl HTTP/2.0" 403 56935 "-" "meta-externalagent/1.1 (+https://developers.facebook.com/docs/sharing/webmasters/crawler)" 334 **0/334727**
57.141.20.32 - - [21/Mar/2026:05:17:12 -0700] "GET /shop/alkalimetric/herpetology012024390851?fileloc=/home/dxfxddmd03st/public_html/.htaccess&path=/home/dxfxddmd03st/public_html HTTP/2.0" 403 56935 "-" "meta-externalagent/1.1 (+https://developers.facebook.com/docs/sharing/webmasters/crawler)" 324 **0/324021**
57.141.20.52 - - [21/Mar/2026:05:17:13 -0700] "GET /shop/steady/calvaria011602552537 HTTP/2.0" 403 56935 "-" "meta-externalagent/1.1 (+https://developers.facebook.com/docs/sharing/webmasters/crawler)" 326 **0/326913**
57.141.20.31 - - [21/Mar/2026:05:17:13 -0700] "GET /shop/leasow/dissension013505033822?fileloc=/home/dxfxddmd03st/public_html/wp-includes/class-simplepie.php&path=/home/dxfxddmd03st/public_html/wp-includes HTTP/2.0" 403 56935 "-" "meta-externalagent/1.1 (+https://developers.facebook.com/docs/sharing/webmasters/crawler)" 334 **0/334967**
62.216.205.226 - - [21/Mar/2026:05:17:13 -0700] "GET /online-on-line-casino-mit-deutscher-lizenz-test-bonus-vergleich/feed/?fileloc=//bin/tset&path=//bin HTTP/1.1" 200 11631 "-" "Mozilla/5.0 (compatible; MJ12bot/v1.4.8; http://mj12bot.com/)" 321 **0/321454**
57.141.20.55 - - [21/Mar/2026:05:17:13 -0700] "GET /shop/leasow/dissension013505033822?fileloc=/home/dxfxddmd03st/public_html/wp-includes/PHPMailer/PHPMailer.php&path=/home/dxfxddmd03st/public_html/wp-includes/PHPMailer HTTP/2.0" 403 56935 "-" "meta-externalagent/1.1 (+https://developers.facebook.com/docs/sharing/webmasters/crawler)" 333 **0/333712**
57.141.20.30 - - [21/Mar/2026:05:17:14 -0700] "GET /shop/irrepleviable/omaha01273394804 HTTP/2.0" 403 56935 "-" "meta-externalagent/1.1 (+https://developers.facebook.com/docs/sharing/webmasters/crawler)" 324 **0/324429**
74.7.243.195 - - [21/Mar/2026:05:17:14 -0700] "GET /shop/postmen/foolishness01465787711 HTTP/2.0" 200 3474 "https://www.artelron.com/wp-sitemap.xml" "Mozilla/5.0 AppleWebKit/537.36 (KHTML, like Gecko; compatible; GPTBot/1.3; +https://openai.com/gptbot)" 337 **0/337282**
74.7.227.172 - - [21/Mar/2026:05:17:14 -0700] "GET /?fileloc=//bin/apropos&path=//bin HTTP/2.0" 200 22096 "https://artelron.com/?path=//bin" "Mozilla/5.0 AppleWebKit/537.36 (KHTML, like Gecko; compatible; GPTBot/1.3; +https://openai.com/gptbot)" 348 **0/348142**
57.141.20.18 - - [21/Mar/2026:05:17:14 -0700] "GET /shop/misbeseem/bidental012898730434 HTTP/2.0" 403 56935 "-" "meta-externalagent/1.1 (+https://developers.facebook.com/docs/sharing/webmasters/crawler)" 322 **0/322643**
57.141.20.41 - - [21/Mar/2026:05:17:14 -0700] "GET /shop/espace/rickrack01509595027 HTTP/2.0" 403 56935 "-" "meta-externalagent/1.1 (+https://developers.facebook.com/docs/sharing/webmasters/crawler)" 321 **0/321046**
216.73.216.4 - - [21/Mar/2026:05:17:14 -0700] "GET /shop/illision/clocks012725376303?fileloc=%2Fhome%2Fdxfxddmd03st%2Fpublic_html%2Fwp-includes%2Fclass-simplepie.php&path=%2Fhome%2Fdxfxddmd03st%2Fpublic_html%2Fwp-includes HTTP/2.0" 200 2526 "-" "Mozilla/5.0 AppleWebKit/537.36 (KHTML, like Gecko; compatible; ClaudeBot/1.0; +claudebot@anthropic.com)" 327 **0/327825**
57.141.20.19 - - [21/Mar/2026:05:17:15 -0700] "GET /shop/paynize/sottish011420954520?fileloc=//bin/autoupdate&path=//bin HTTP/2.0" 403 56935 "-" "meta-externalagent/1.1 (+https://developers.facebook.com/docs/sharing/webmasters/crawler)" 335 **0/335954**
57.141.20.29 - - [21/Mar/2026:05:17:15 -0700] "GET /shop/gadic/nephthys012992913158?fileloc=/home/dxfxddmd03st/public_html/wp-config.php&path=/home/dxfxddmd03st/public_html HTTP/2.0" 403 56935 "-" "meta-externalagent/1.1 (+https://developers.facebook.com/docs/sharing/webmasters/crawler)" 366 **0/366135**
57.141.20.40 - - [21/Mar/2026:05:17:15 -0700] "GET /shop/blackjack/coeducational01463544952?fileloc=/home/dxfxddmd03st/public_html/moked-hash.co.il/wp-content/plugins/elementor/changelog.txt&path=/home/dxfxddmd03st/public_html/moked-hash.co.il/wp-content/plugins/elementor HTTP/2.0" 403 56935 "-" "meta-externalagent/1.1 (+https://developers.facebook.com/docs/sharing/webmasters/crawler)" 342 **0/342382**
57.141.20.55 - - [21/Mar/2026:05:17:16 -0700] "GET /shop/paynize/sottish011420954520?fileloc=//bin/hostname&path=//bin HTTP/2.0" 403 56935 "-" "meta-externalagent/1.1 (+https://developers.facebook.com/docs/sharing/webmasters/crawler)" 327 **0/327504**
57.141.20.55 - - [21/Mar/2026:05:17:16 -0700] "GET /shop/paynize/sottish011420954520?fileloc=//bin/who&path=//bin HTTP/2.0" 403 56935 "-" "meta-externalagent/1.1 (+https://developers.facebook.com/docs/sharing/webmasters/crawler)" 315 **0/315488**
57.141.20.27 - - [21/Mar/2026:05:17:16 -0700] "GET /shop/uncontestable/synalepha013719126664 HTTP/2.0" 403 56935 "-" "meta-externalagent/1.1 (+https://developers.facebook.com/docs/sharing/webmasters/crawler)" 321 **0/321400**
57.141.20.43 - - [21/Mar/2026:05:17:17 -0700] "GET /shop/paynize/sottish011420954520?fileloc=//bin/sha1sum&path=//bin HTTP/2.0" 403 56935 "-" "meta-externalagent/1.1 (+https://developers.facebook.com/docs/sharing/webmasters/crawler)" 331 **0/331067**
74.7.243.195 - - [21/Mar/2026:05:17:17 -0700] "GET /shop/quass/valeritrine012417859251?path=/ HTTP/2.0" 200 2906 "https://www.artelron.com/shop/quass/valeritrine012417859251" "Mozilla/5.0 AppleWebKit/537.36 (KHTML, like Gecko; compatible; GPTBot/1.3; +https://openai.com/gptbot)" 320 **0/320752**
57.141.20.25 - - [21/Mar/2026:05:17:17 -0700] "GET /shop/windrowing/discalceate012750793949?fileloc=/home/dxfxddmd03st/public_html/wp-includes/feed-rss2-comments.php&path=/home/dxfxddmd03st/public_html/wp-includes HTTP/2.0" 403 56935 "-" "meta-externalagent/1.1 (+https://developers.facebook.com/docs/sharing/webmasters/crawler)" 346 **0/346482**
57.141.20.45 - - [21/Mar/2026:05:17:17 -0700] "GET /shop/cache/rearing014203996118?fileloc=/home/dxfxddmd03st/public_html/colors.php&path=/home/dxfxddmd03st/public_html HTTP/2.0" 403 56935 "-" "meta-externalagent/1.1 (+https://developers.facebook.com/docs/sharing/webmasters/crawler)" 354 **0/354863**
57.141.20.9 - - [21/Mar/2026:05:17:17 -0700] "GET /shop/similative/artistically011729879418?fileloc=/home/dxfxddmd03st/public_html/wp-includes/ms-site.php&path=/home/dxfxddmd03st/public_html/wp-includes HTTP/2.0" 403 56935 "-" "meta-externalagent/1.1 (+https://developers.facebook.com/docs/sharing/webmasters/crawler)" 314 **0/314351**
62.216.205.226 - - [21/Mar/2026:05:17:17 -0700] "GET /online-on-line-casino-mit-deutscher-lizenz-test-bonus-vergleich/feed/?fileloc=//bin/tsort&path=//bin HTTP/1.1" 200 17168 "-" "Mozilla/5.0 (compatible; MJ12bot/v1.4.8; http://mj12bot.com/)" 351 **0/351523**
216.73.216.4 - - [21/Mar/2026:05:17:17 -0700] "GET /shop/sheaf/deposal012663056337?fileloc=%2Fhome%2Fdxfxddmd03st%2Fpublic_html%2Fwp-includes%2Fclass-phpass.php&path=%2Fhome%2Fdxfxddmd03st%2Fpublic_html%2Fwp-includes HTTP/2.0" 200 4640 "-" "Mozilla/5.0 AppleWebKit/537.36 (KHTML, like Gecko; compatible; ClaudeBot/1.0; +claudebot@anthropic.com)" 344 **0/344150**
74.7.227.172 - - [21/Mar/2026:05:17:17 -0700] "GET /?fileloc=//bin/replace&path=//bin HTTP/2.0" 200 519866 "https://artelron.com/?path=//bin" "Mozilla/5.0 AppleWebKit/537.36 (KHTML, like Gecko; compatible; GPTBot/1.3; +https://openai.com/gptbot)" 652 **0/652625**
57.141.20.30 - - [21/Mar/2026:05:17:18 -0700] "GET /shop/gobius/sprong013664342655?path=/home/dxfxddmd03st/public_html/wp-includes/customize HTTP/2.0" 403 56935 "-" "meta-externalagent/1.1 (+https://developers.facebook.com/docs/sharing/webmasters/crawler)" 340 **0/340134**
57.141.20.18 - - [21/Mar/2026:05:17:18 -0700] "GET /shop/paynize/sottish011420954520?fileloc=//bin/h2xs&path=//bin HTTP/2.0" 403 56935 "-" "meta-externalagent/1.1 (+https://developers.facebook.com/docs/sharing/webmasters/crawler)" 318 **0/318136**
57.141.20.7 - - [21/Mar/2026:05:17:19 -0700] "GET /shop/paynize/sottish011420954520?fileloc=//bin/tput&path=//bin HTTP/2.0" 403 56935 "-" "meta-externalagent/1.1 (+https://developers.facebook.com/docs/sharing/webmasters/crawler)" 312 **0/312502**
57.141.20.25 - - [21/Mar/2026:05:17:19 -0700] "GET /shop/windrowing/discalceate012750793949?fileloc=/home/dxfxddmd03st/public_html/wp-includes/post-template.php&path=/home/dxfxddmd03st/public_html/wp-includes HTTP/2.0" 403 56935 "-" "meta-externalagent/1.1 (+https://developers.facebook.com/docs/sharing/webmasters/crawler)" 323 **0/323636**
57.141.20.12 - - [21/Mar/2026:05:17:19 -0700] "GET /shop/dannebrog/councilman01974781330?path=/home/dxfxddmd03st/public_html/cgi-bin HTTP/2.0" 403 56935 "-" "meta-externalagent/1.1 (+https://developers.facebook.com/docs/sharing/webmasters/crawler)" 319 **0/319123**
57.141.20.51 - - [21/Mar/2026:05:17:19 -0700] "GET /shop/encyclopaedy/foison0147582057?fileloc=/home/dxfxddmd03st/public_html/wp-includes/.htaccess&path=/home/dxfxddmd03st/public_html/wp-includes HTTP/2.0" 403 56935 "-" "meta-externalagent/1.1 (+https://developers.facebook.com/docs/sharing/webmasters/crawler)" 317 **0/317535**
74.7.243.195 - - [21/Mar/2026:05:17:20 -0700] "GET /shop/hairs/plesiosaurian01323833932 HTTP/2.0" 200 3474 "https://www.artelron.com/wp-sitemap.xml" "Mozilla/5.0 AppleWebKit/537.36 (KHTML, like Gecko; compatible; GPTBot/1.3; +https://openai.com/gptbot)" 329 **0/329309**
57.141.20.40 - - [21/Mar/2026:05:17:20 -0700] "GET /shop/paynize/sottish011420954520?fileloc=//bin/gcov-dump&path=//bin HTTP/2.0" 403 56935 "-" "meta-externalagent/1.1 (+https://developers.facebook.com/docs/sharing/webmasters/crawler)" 312 **0/312694**
57.141.20.31 - - [21/Mar/2026:05:17:20 -0700] "GET /shop/paynize/sottish011420954520?fileloc=//bin/pre-grohtml&path=//bin HTTP/2.0" 403 56935 "-" "meta-externalagent/1.1 (+https://developers.facebook.com/docs/sharing/webmasters/crawler)" 324 **0/324021**
74.7.227.172 - - [21/Mar/2026:05:17:20 -0700] "GET /?fileloc=//bin/lftpget&path=//bin HTTP/2.0" 200 2880 "https://artelron.com/?path=//bin" "Mozilla/5.0 AppleWebKit/537.36 (KHTML, like Gecko; compatible; GPTBot/1.3; +https://openai.com/gptbot)" 319 **0/319660**
216.73.216.4 - - [21/Mar/2026:05:17:20 -0700] "GET /shop/illision/clocks012725376303?fileloc=%2Fhome%2Fdxfxddmd03st%2Fpublic_html%2Fwp-includes%2Fstyle-engine.php&path=%2Fhome%2Fdxfxddmd03st%2Fpublic_html%2Fwp-includes HTTP/2.0" 403 3474 "-" "Mozilla/5.0 AppleWebKit/537.36 (KHTML, like Gecko; compatible; ClaudeBot/1.0; +claudebot@anthropic.com)" 319 **0/319175**
57.141.20.55 - - [21/Mar/2026:05:17:21 -0700] "GET /shop/paynize/sottish011420954520?fileloc=//bin/login&path=//bin HTTP/2.0" 403 56935 "-" "meta-externalagent/1.1 (+https://developers.facebook.com/docs/sharing/webmasters/crawler)" 339 **0/339210**
57.141.20.26 - - [21/Mar/2026:05:17:21 -0700] "GET /shop/unfriendly/dulciloquy013968023138?path=/home/dxfxddmd03st/.spamassassin HTTP/2.0" 403 56935 "-" "meta-externalagent/1.1 (+https://developers.facebook.com/docs/sharing/webmasters/crawler)" 318 **0/318682**
57.141.20.55 - - [21/Mar/2026:05:17:21 -0700] "GET /shop/blackjack/coeducational01463544952?fileloc=/home/dxfxddmd03st/public_html/wp-includes/class-wp-dependencies.php&path=/home/dxfxddmd03st/public_html/wp-includes HTTP/2.0" 403 56935 "-" "meta-externalagent/1.1 (+https://developers.facebook.com/docs/sharing/webmasters/crawler)" 324 **0/324030**
57.141.20.54 - - [21/Mar/2026:05:17:21 -0700] "GET /shop/liparidae/burbolt01666551124?path=/home/dxfxddmd03st/public_html/moked-hash.co.il HTTP/2.0" 403 56935 "-" "meta-externalagent/1.1 (+https://developers.facebook.com/docs/sharing/webmasters/crawler)" 323 **0/323972**
62.216.205.226 - - [21/Mar/2026:05:17:21 -0700] "GET /online-on-line-casino-mit-deutscher-lizenz-test-bonus-vergleich/feed/?fileloc=//bin/tzselect&path=//bin HTTP/1.1" 200 8214 "-" "Mozilla/5.0 (compatible; MJ12bot/v1.4.8; http://mj12bot.com/)" 334 **0/334249**
57.141.20.42 - - [21/Mar/2026:05:17:22 -0700] "GET /shop/blackjack/coeducational01463544952?fileloc=/home/dxfxddmd03st/public_html/wp-includes/http.php&path=/home/dxfxddmd03st/public_html/wp-includes HTTP/2.0" 403 56935 "-" "meta-externalagent/1.1 (+https://developers.facebook.com/docs/sharing/webmasters/crawler)" 314 **0/314506**
57.141.20.42 - - [21/Mar/2026:05:17:22 -0700] "GET /shop/liard/submultiple01928794959?path=//lib/sysctl.d HTTP/2.0" 403 56935 "-" "meta-externalagent/1.1 (+https://developers.facebook.com/docs/sharing/webmasters/crawler)" 316 **0/316320**
57.141.20.33 - - [21/Mar/2026:05:17:23 -0700] "GET /shop/fugacity/expired012632037479?fileloc=/home/dxfxddmd03st/public_html/wp-admin/options-privacy.php&path=/home/dxfxddmd03st/public_html/wp-admin HTTP/2.0" 403 56935 "-" "meta-externalagent/1.1 (+https://developers.facebook.com/docs/sharing/webmasters/crawler)" 316 **0/316419**
74.7.243.195 - - [21/Mar/2026:05:17:23 -0700] "GET /shop/drossy/pollan012153191250 HTTP/2.0" 200 3474 "https://www.artelron.com/wp-sitemap.xml" "Mozilla/5.0 AppleWebKit/537.36 (KHTML, like Gecko; compatible; GPTBot/1.3; +https://openai.com/gptbot)" 317 **0/317575**
57.141.20.20 - - [21/Mar/2026:05:17:23 -0700] "GET /shop/myriorama/proteolysis011009440745?path=/home/dxfxddmd03st/public_html/artelron.com HTTP/2.0" 403 56935 "-" "meta-externalagent/1.1 (+https://developers.facebook.com/docs/sharing/webmasters/crawler)" 308 **0/308054**
57.141.20.9 - - [21/Mar/2026:05:17:23 -0700] "GET /shop/calamities/daneweed013918269328?fileloc=/home/dxfxddmd03st/public_html/wp-admin/users.php&path=/home/dxfxddmd03st/public_html/wp-admin HTTP/2.0" 403 56935 "-" "meta-externalagent/1.1 (+https://developers.facebook.com/docs/sharing/webmasters/crawler)" 324 **0/324738**
216.73.216.4 - - [21/Mar/2026:05:17:23 -0700] "GET /shop/sheaf/deposal012663056337?fileloc=%2Fhome%2Fdxfxddmd03st%2Fpublic_html%2Fwp-includes%2Fclass-simplepie.php&path=%2Fhome%2Fdxfxddmd03st%2Fpublic_html%2Fwp-includes HTTP/2.0" 403 3474 "-" "Mozilla/5.0 AppleWebKit/537.36 (KHTML, like Gecko; compatible; ClaudeBot/1.0; +claudebot@anthropic.com)" 324 **0/324482**
74.7.227.172 - - [21/Mar/2026:05:17:23 -0700] "GET /?fileloc=//bin/openssl&path=//bin HTTP/2.0" 200 242364 "https://artelron.com/?path=//bin" "Mozilla/5.0 AppleWebKit/537.36 (KHTML, like Gecko; compatible; GPTBot/1.3; +https://openai.com/gptbot)" 422 **0/422022**
57.141.20.32 - - [21/Mar/2026:05:17:24 -0700] "GET /shop/earldom/disimpassioned013097060243?fileloc=/home/dxfxddmd03st/public_html/wp-includes/vars.php&path=/home/dxfxddmd03st/public_html/wp-includes HTTP/2.0" 403 56935 "-" "meta-externalagent/1.1 (+https://developers.facebook.com/docs/sharing/webmasters/crawler)" 318 **0/318425**
57.141.20.34 - - [21/Mar/2026:05:17:24 -0700] "GET /shop/adelaster/parepididymis011639269271?fileloc=/home/dxfxddmd03st/public_html/wp-includes/class-wp-http-curl.php&path=/home/dxfxddmd03st/public_html/wp-includes HTTP/2.0" 403 56935 "-" "meta-externalagent/1.1 (+https://developers.facebook.com/docs/sharing/webmasters/crawler)" 333 **0/333220**
57.141.20.34 - - [21/Mar/2026:05:17:25 -0700] "GET /shop/embolus/explorable01473327478?fileloc=/home/dxfxddmd03st/public_html/wp-config.php&path=/home/dxfxddmd03st/public_html HTTP/2.0" 403 56935 "-" "meta-externalagent/1.1 (+https://developers.facebook.com/docs/sharing/webmasters/crawler)" 323 **0/323667**
57.141.20.4 - - [21/Mar/2026:05:17:25 -0700] "GET /shop/hindi/lepidote012475548879?fileloc=/home/dxfxddmd03st/public_html/wp-admin/upgrade.php&path=/home/dxfxddmd03st/public_html/wp-admin HTTP/2.0" 403 56935 "-" "meta-externalagent/1.1 (+https://developers.facebook.com/docs/sharing/webmasters/crawler)" 328 **0/328047**
57.141.20.8 - - [21/Mar/2026:05:17:25 -0700] "GET /shop/primevertical/valebat012429940215?fileloc=/home/dxfxddmd03st/public_html/wp-includes/class-wp-duotone.php&path=/home/dxfxddmd03st/public_html/wp-includes HTTP/2.0" 403 56935 "-" "meta-externalagent/1.1 (+https://developers.facebook.com/docs/sharing/webmasters/crawler)" 328 **0/328297**
57.141.20.27 - - [21/Mar/2026:05:17:25 -0700] "GET /shop/deltafication/sinensis011261089231?fileloc=//etc/virc&path=//etc HTTP/2.0" 403 56935 "-" "meta-externalagent/1.1 (+https://developers.facebook.com/docs/sharing/webmasters/crawler)" 333 **0/333825**
57.141.20.52 - - [21/Mar/2026:05:17:25 -0700] "GET /shop/earldom/disimpassioned013097060243?fileloc=/home/dxfxddmd03st/public_html/wp-includes/class-wp-exception.php&path=/home/dxfxddmd03st/public_html/wp-includes HTTP/2.0" 403 56935 "-" "meta-externalagent/1.1 (+https://developers.facebook.com/docs/sharing/webmasters/crawler)" 318 **0/318311**
62.216.205.226 - - [21/Mar/2026:05:17:25 -0700] "GET /online-on-line-casino-mit-deutscher-lizenz-test-bonus-vergleich/feed/?fileloc=//bin/uapi&path=//bin HTTP/1.1" 200 2878 "-" "Mozilla/5.0 (compatible; MJ12bot/v1.4.8; http://mj12bot.com/)" 312 **0/312810**
57.141.20.57 - - [21/Mar/2026:05:17:26 -0700] "GET /shop/negroloid/oleraceus013205793933?fileloc=/home/dxfxddmd03st/public_html/moked-hash.co.il/wp-signup.php&path=/home/dxfxddmd03st/public_html/moked-hash.co.il HTTP/2.0" 403 56935 "-" "meta-externalagent/1.1 (+https://developers.facebook.com/docs/sharing/webmasters/crawler)" 322 **0/322977**
74.7.243.195 - - [21/Mar/2026:05:17:26 -0700] "GET /shop/adroit/stolae012717817703 HTTP/2.0" 200 3474 "https://www.artelron.com/wp-sitemap.xml" "Mozilla/5.0 AppleWebKit/537.36 (KHTML, like Gecko; compatible; GPTBot/1.3; +https://openai.com/gptbot)" 324 **0/324113**
57.141.20.48 - - [21/Mar/2026:05:17:26 -0700] "GET /shop/gallicize/technically011263253821?fileloc=/home/dxfxddmd03st/public_html/wp-admin/css/site-icon-rtl.css&path=/home/dxfxddmd03st/public_html/wp-admin/css HTTP/2.0" 403 56935 "-" "meta-externalagent/1.1 (+https://developers.facebook.com/docs/sharing/webmasters/crawler)" 317 **0/317403**
216.73.216.4 - - [21/Mar/2026:05:17:26 -0700] "GET /shop/drollest/capellane01972723286?path=%2Fhome%2Fdxfxddmd03st%2Fwww%2F.tmb HTTP/2.0" 403 3474 "-" "Mozilla/5.0 AppleWebKit/537.36 (KHTML, like Gecko; compatible; ClaudeBot/1.0; +claudebot@anthropic.com)" 333 **0/333876**
57.141.20.55 - - [21/Mar/2026:05:17:27 -0700] "GET /shop/enchase/tsetung012334970722?fileloc=/home/dxfxddmd03st/www/wp-includes/class.wp-dependencies.php&path=/home/dxfxddmd03st/www/wp-includes HTTP/2.0" 403 56935 "-" "meta-externalagent/1.1 (+https://developers.facebook.com/docs/sharing/webmasters/crawler)" 335 **0/335038**
74.7.227.172 - - [21/Mar/2026:05:17:27 -0700] "GET /?fileloc=//bin/objcopy&path=//bin HTTP/2.0" 200 95243 "https://artelron.com/?path=//bin" "Mozilla/5.0 AppleWebKit/537.36 (KHTML, like Gecko; compatible; GPTBot/1.3; +https://openai.com/gptbot)" 379 **0/379239**
57.141.20.6 - - [21/Mar/2026:05:17:27 -0700] "GET /shop/godevil/geanticlinal011170446703?fileloc=/home/dxfxddmd03st/public_html/moked-hash.co.il/wp-includes/class-wp-theme-json-data.php&path=/home/dxfxddmd03st/public_html/moked-hash.co.il/wp-includes HTTP/2.0" 403 56935 "-" "meta-externalagent/1.1 (+https://developers.facebook.com/docs/sharing/webmasters/crawler)" 320 **0/320305**
57.141.20.50 - - [21/Mar/2026:05:17:27 -0700] "GET /shop/godevil/geanticlinal011170446703?fileloc=/home/dxfxddmd03st/public_html/moked-hash.co.il/wp-includes/wp-diff.php&path=/home/dxfxddmd03st/public_html/moked-hash.co.il/wp-includes HTTP/2.0" 403 56935 "-" "meta-externalagent/1.1 (+https://developers.facebook.com/docs/sharing/webmasters/crawler)" 327 **0/327357**
57.141.20.20 - - [21/Mar/2026:05:17:28 -0700] "GET /shop/godevil/geanticlinal011170446703?fileloc=/home/dxfxddmd03st/public_html/moked-hash.co.il/wp-includes/cache-compat.php&path=/home/dxfxddmd03st/public_html/moked-hash.co.il/wp-includes HTTP/2.0" 403 56935 "-" "meta-externalagent/1.1 (+https://developers.facebook.com/docs/sharing/webmasters/crawler)" 331 **0/331902**
57.141.20.8 - - [21/Mar/2026:05:17:28 -0700] "GET /shop/godevil/geanticlinal011170446703?fileloc=/home/dxfxddmd03st/public_html/moked-hash.co.il/wp-includes/class-wp-block-bindings-registry.php&path=/home/dxfxddmd03st/public_html/moked-hash.co.il/wp-includes HTTP/2.0" 403 56935 "-" "meta-externalagent/1.1 (+https://developers.facebook.com/docs/sharing/webmasters/crawler)" 351 **0/351186**
