74.7.227.172 - - [21/Mar/2026:05:09:36 -0700] "GET /?fileloc=//usr/lib64/libmount.so.1&path=//usr/lib64 HTTP/2.0" 200 138318 "https://artelron.com/?path=//usr/lib64" "Mozilla/5.0 AppleWebKit/537.36 (KHTML, like Gecko; compatible; GPTBot/1.3; +https://openai.com/gptbot)" 391 **0/391781**
57.141.20.24 - - [21/Mar/2026:05:09:36 -0700] "GET /shop/gallicize/technically011263253821?fileloc=/home/dxfxddmd03st/public_html/wp-admin/css/code-editor.min.css&path=/home/dxfxddmd03st/public_html/wp-admin/css HTTP/2.0" 403 56935 "-" "meta-externalagent/1.1 (+https://developers.facebook.com/docs/sharing/webmasters/crawler)" 348 **0/348786**
57.141.20.51 - - [21/Mar/2026:05:09:36 -0700] "GET /shop/diamond/angelus011215480567?path=/home/dxfxddmd03st/public_html/artelron.com HTTP/2.0" 403 56935 "-" "meta-externalagent/1.1 (+https://developers.facebook.com/docs/sharing/webmasters/crawler)" 344 **0/344687**
57.141.20.20 - - [21/Mar/2026:05:09:36 -0700] "GET /shop/hygroscopicity/connecticuter012232822489?fileloc=/home/dxfxddmd03st/public_html/wp-admin/erase-personal-data.php&path=/home/dxfxddmd03st/public_html/wp-admin HTTP/2.0" 403 56935 "-" "meta-externalagent/1.1 (+https://developers.facebook.com/docs/sharing/webmasters/crawler)" 319 **0/319660**
57.141.20.57 - - [21/Mar/2026:05:09:37 -0700] "GET /shop/alkalimetric/herpetology012024390851?path=/home/dxfxddmd03st/public_html/ssl HTTP/2.0" 403 56935 "-" "meta-externalagent/1.1 (+https://developers.facebook.com/docs/sharing/webmasters/crawler)" 310 **0/310828**
57.141.20.6 - - [21/Mar/2026:05:09:37 -0700] "GET /shop/breastknot/gratis013565571111?fileloc=/home/dxfxddmd03st/public_html/wp-signup.php&path=/home/dxfxddmd03st/public_html HTTP/2.0" 403 56935 "-" "meta-externalagent/1.1 (+https://developers.facebook.com/docs/sharing/webmasters/crawler)" 323 **0/323778**
57.141.20.55 - - [21/Mar/2026:05:09:37 -0700] "GET /shop/frankfee/thames011187801757?path=/home/dxfxddmd03st/www HTTP/2.0" 403 56935 "-" "meta-externalagent/1.1 (+https://developers.facebook.com/docs/sharing/webmasters/crawler)" 438 **0/438410**
74.7.243.195 - - [21/Mar/2026:05:09:37 -0700] "GET /shop/bulldozed/arcubus011276654696?path=/home HTTP/2.0" 200 2529 "https://www.artelron.com/shop/bulldozed/arcubus011276654696" "Mozilla/5.0 AppleWebKit/537.36 (KHTML, like Gecko; compatible; GPTBot/1.3; +https://openai.com/gptbot)" 318 **0/318388**
57.141.20.38 - - [21/Mar/2026:05:09:38 -0700] "GET /shop/gallicize/technically011263253821?fileloc=/home/dxfxddmd03st/public_html/wp-admin/css/farbtastic.css&path=/home/dxfxddmd03st/public_html/wp-admin/css HTTP/2.0" 403 56935 "-" "meta-externalagent/1.1 (+https://developers.facebook.com/docs/sharing/webmasters/crawler)" 323 **0/323808**
57.141.20.27 - - [21/Mar/2026:05:09:38 -0700] "GET /shop/facundity/sperate014274923098?fileloc=/home/dxfxddmd03st/public_html/wp-mail.php&path=/home/dxfxddmd03st/public_html HTTP/2.0" 403 56935 "-" "meta-externalagent/1.1 (+https://developers.facebook.com/docs/sharing/webmasters/crawler)" 316 **0/316096**
216.73.216.4 - - [21/Mar/2026:05:09:38 -0700] "GET /shop/deoxygenate/stonechacker01897269550?fileloc=%2Fhome%2Fdxfxddmd03st%2Fpublic_html%2Fwp-includes%2Fuser.php&path=%2Fhome%2Fdxfxddmd03st%2Fpublic_html%2Fwp-includes HTTP/2.0" 200 38261 "-" "Mozilla/5.0 AppleWebKit/537.36 (KHTML, like Gecko; compatible; ClaudeBot/1.0; +claudebot@anthropic.com)" 340 **0/340117**
57.141.20.15 - - [21/Mar/2026:05:09:38 -0700] "GET /shop/alkalimetric/herpetology012024390851?fileloc=/home/dxfxddmd03st/public_html/yrgnf.php&path=/home/dxfxddmd03st/public_html HTTP/2.0" 403 56935 "-" "meta-externalagent/1.1 (+https://developers.facebook.com/docs/sharing/webmasters/crawler)" 321 **0/321853**
74.7.227.172 - - [21/Mar/2026:05:09:39 -0700] "GET /?fileloc=//usr/lib64/libjpeg.so.62&path=//usr/lib64 HTTP/2.0" 200 104519 "https://artelron.com/?path=//usr/lib64" "Mozilla/5.0 AppleWebKit/537.36 (KHTML, like Gecko; compatible; GPTBot/1.3; +https://openai.com/gptbot)" 383 **0/383383**
57.141.20.44 - - [21/Mar/2026:05:09:39 -0700] "GET /shop/gallicize/technically011263253821?fileloc=/home/dxfxddmd03st/public_html/wp-admin/css/color-picker-rtl.min.css&path=/home/dxfxddmd03st/public_html/wp-admin/css HTTP/2.0" 403 56935 "-" "meta-externalagent/1.1 (+https://developers.facebook.com/docs/sharing/webmasters/crawler)" 325 **0/325939**
57.141.20.40 - - [21/Mar/2026:05:09:39 -0700] "GET /shop/alkalimetric/herpetology012024390851?fileloc=/home/dxfxddmd03st/public_html/wp-settings.php&path=/home/dxfxddmd03st/public_html HTTP/2.0" 403 56935 "-" "meta-externalagent/1.1 (+https://developers.facebook.com/docs/sharing/webmasters/crawler)" 324 **0/324755**
57.141.20.21 - - [21/Mar/2026:05:09:40 -0700] "GET /shop/adelaster/parepididymis011639269271?fileloc=/home/dxfxddmd03st/public_html/wp-includes/cron.php&path=/home/dxfxddmd03st/public_html/wp-includes HTTP/2.0" 403 56935 "-" "meta-externalagent/1.1 (+https://developers.facebook.com/docs/sharing/webmasters/crawler)" 311 **0/311147**
57.141.20.12 - - [21/Mar/2026:05:09:40 -0700] "GET /shop/gallicize/technically011263253821?fileloc=/home/dxfxddmd03st/public_html/wp-admin/css/media.css&path=/home/dxfxddmd03st/public_html/wp-admin/css HTTP/2.0" 403 56935 "-" "meta-externalagent/1.1 (+https://developers.facebook.com/docs/sharing/webmasters/crawler)" 308 **0/308993**
74.7.243.195 - - [21/Mar/2026:05:09:41 -0700] "GET /shop/fissural/radicans013726892390 HTTP/2.0" 200 3474 "https://www.artelron.com/wp-sitemap.xml" "Mozilla/5.0 AppleWebKit/537.36 (KHTML, like Gecko; compatible; GPTBot/1.3; +https://openai.com/gptbot)" 320 **0/320457**
57.141.20.19 - - [21/Mar/2026:05:09:41 -0700] "GET /shop/primevertical/valebat012429940215?fileloc=/home/dxfxddmd03st/public_html/wp-includes/category.php&path=/home/dxfxddmd03st/public_html/wp-includes HTTP/2.0" 403 56935 "-" "meta-externalagent/1.1 (+https://developers.facebook.com/docs/sharing/webmasters/crawler)" 319 **0/319757**
57.141.20.57 - - [21/Mar/2026:05:09:41 -0700] "GET /shop/primevertical/valebat012429940215?fileloc=/home/dxfxddmd03st/public_html/wp-includes/l10n.php&path=/home/dxfxddmd03st/public_html/wp-includes HTTP/2.0" 403 56935 "-" "meta-externalagent/1.1 (+https://developers.facebook.com/docs/sharing/webmasters/crawler)" 313 **0/313815**
57.141.20.29 - - [21/Mar/2026:05:09:41 -0700] "GET /shop/deltafication/sinensis011261089231?path=/home/dxfxddmd03st/public_html/wp-admin/js HTTP/2.0" 403 56935 "-" "meta-externalagent/1.1 (+https://developers.facebook.com/docs/sharing/webmasters/crawler)" 319 **0/319296**
216.73.216.4 - - [21/Mar/2026:05:09:41 -0700] "GET /shop/willsomeness/coercitive012836302817?path=%2Fhome%2Fdxfxddmd03st%2Fpublic_html%2Fwp-admin%2Fjs HTTP/2.0" 200 5273 "-" "Mozilla/5.0 AppleWebKit/537.36 (KHTML, like Gecko; compatible; ClaudeBot/1.0; +claudebot@anthropic.com)" 330 **0/330948**
57.141.20.53 - - [21/Mar/2026:05:09:42 -0700] "GET /shop/diamond/angelus011215480567?path=/home/dxfxddmd03st/public_html HTTP/2.0" 403 56935 "-" "meta-externalagent/1.1 (+https://developers.facebook.com/docs/sharing/webmasters/crawler)" 314 **0/314804**
74.7.227.172 - - [21/Mar/2026:05:09:42 -0700] "GET /?fileloc=//bin/animate&path=//bin HTTP/2.0" 200 5424 "https://artelron.com/?path=//bin" "Mozilla/5.0 AppleWebKit/537.36 (KHTML, like Gecko; compatible; GPTBot/1.3; +https://openai.com/gptbot)" 317 **0/317350**
57.141.20.55 - - [21/Mar/2026:05:09:42 -0700] "GET /shop/adelaster/parepididymis011639269271?fileloc=/home/dxfxddmd03st/public_html/wp-includes/class-wp-text-diff-renderer-inline.php&path=/home/dxfxddmd03st/public_html/wp-includes HTTP/2.0" 403 56935 "-" "meta-externalagent/1.1 (+https://developers.facebook.com/docs/sharing/webmasters/crawler)" 329 **0/329585**
57.141.20.25 - - [21/Mar/2026:05:09:42 -0700] "GET /shop/gallicize/technically011263253821?fileloc=/home/dxfxddmd03st/public_html/wp-admin/css/forms.min.css&path=/home/dxfxddmd03st/public_html/wp-admin/css HTTP/2.0" 403 56935 "-" "meta-externalagent/1.1 (+https://developers.facebook.com/docs/sharing/webmasters/crawler)" 330 **0/330471**
57.141.20.2 - - [21/Mar/2026:05:09:43 -0700] "GET /shop/alkalimetric/herpetology012024390851?path=/home HTTP/2.0" 403 56935 "-" "meta-externalagent/1.1 (+https://developers.facebook.com/docs/sharing/webmasters/crawler)" 326 **0/326929**
57.141.20.55 - - [21/Mar/2026:05:09:43 -0700] "GET /shop/hindi/lepidote012475548879?fileloc=/home/dxfxddmd03st/public_html/wp-admin/options.php&path=/home/dxfxddmd03st/public_html/wp-admin HTTP/2.0" 403 56935 "-" "meta-externalagent/1.1 (+https://developers.facebook.com/docs/sharing/webmasters/crawler)" 337 **0/337390**
57.141.20.19 - - [21/Mar/2026:05:09:43 -0700] "GET /shop/pisciculturist/hexametric012756940178 HTTP/2.0" 403 56935 "-" "meta-externalagent/1.1 (+https://developers.facebook.com/docs/sharing/webmasters/crawler)" 312 **0/312904**
74.7.243.195 - - [21/Mar/2026:05:09:44 -0700] "GET /shop/languid/vermilion011249171790 HTTP/2.0" 200 3474 "https://www.artelron.com/wp-sitemap.xml" "Mozilla/5.0 AppleWebKit/537.36 (KHTML, like Gecko; compatible; GPTBot/1.3; +https://openai.com/gptbot)" 331 **0/331384**
57.141.20.32 - - [21/Mar/2026:05:09:44 -0700] "GET /shop/deepwaisted/asserting012628497267?fileloc=//bin/mariadb-secure-installation&path=//bin HTTP/2.0" 403 56935 "-" "meta-externalagent/1.1 (+https://developers.facebook.com/docs/sharing/webmasters/crawler)" 326 **0/326812**
216.73.216.4 - - [21/Mar/2026:05:09:44 -0700] "GET /shop/stepdaughter/braziliensis01870534915?fileloc=%2Fhome%2Fdxfxddmd03st%2Fpublic_html%2Fwp-includes%2Fclass.wp-scripts.php&path=%2Fhome%2Fdxfxddmd03st%2Fpublic_html%2Fwp-includes HTTP/2.0" 200 2454 "-" "Mozilla/5.0 AppleWebKit/537.36 (KHTML, like Gecko; compatible; ClaudeBot/1.0; +claudebot@anthropic.com)" 335 **0/335069**
57.141.20.46 - - [21/Mar/2026:05:09:44 -0700] "GET /shop/didactic/evocation012923261997?fileloc=/home/dxfxddmd03st/.inplace&path=/home/dxfxddmd03st HTTP/2.0" 403 56935 "-" "meta-externalagent/1.1 (+https://developers.facebook.com/docs/sharing/webmasters/crawler)" 322 **0/322817**
57.141.20.13 - - [21/Mar/2026:05:09:45 -0700] "GET /shop/blemishing/nullifier01547264268?path=/home/dxfxddmd03st/.htpasswds HTTP/2.0" 403 56935 "-" "meta-externalagent/1.1 (+https://developers.facebook.com/docs/sharing/webmasters/crawler)" 326 **0/326504**
74.7.227.172 - - [21/Mar/2026:05:09:45 -0700] "GET /?path=//usr/lib64/python2.7/unittest/test HTTP/2.0" 200 3508 "https://artelron.com/?path=//usr/lib64/python2.7/unittest" "Mozilla/5.0 AppleWebKit/537.36 (KHTML, like Gecko; compatible; GPTBot/1.3; +https://openai.com/gptbot)" 325 **0/325866**
57.141.20.52 - - [21/Mar/2026:05:09:45 -0700] "GET /shop/bibliolater/mussulmanish014239867664 HTTP/2.0" 403 56935 "-" "meta-externalagent/1.1 (+https://developers.facebook.com/docs/sharing/webmasters/crawler)" 314 **0/314518**
57.141.20.26 - - [21/Mar/2026:05:09:45 -0700] "GET /shop/alkalimetric/herpetology012024390851?fileloc=/home/dxfxddmd03st/public_html/wp-blog-header.php&path=/home/dxfxddmd03st/public_html HTTP/2.0" 403 56935 "-" "meta-externalagent/1.1 (+https://developers.facebook.com/docs/sharing/webmasters/crawler)" 311 **0/311525**
57.141.20.19 - - [21/Mar/2026:05:09:46 -0700] "GET /shop/columbae/columbidae012435741118?fileloc=//bin/infocmp&path=//bin HTTP/2.0" 403 56935 "-" "meta-externalagent/1.1 (+https://developers.facebook.com/docs/sharing/webmasters/crawler)" 316 **0/316596**
57.141.20.55 - - [21/Mar/2026:05:09:46 -0700] "GET /shop/diamond/angelus011215480567?path=/home/dxfxddmd03st/public_html/moked-hash.co.il HTTP/2.0" 403 56935 "-" "meta-externalagent/1.1 (+https://developers.facebook.com/docs/sharing/webmasters/crawler)" 345 **0/345913**
57.141.20.31 - - [21/Mar/2026:05:09:46 -0700] "GET /shop/alkalimetric/herpetology012024390851?fileloc=/home/dxfxddmd03st/public_html/xmlrpc.php&path=/home/dxfxddmd03st/public_html HTTP/2.0" 403 56935 "-" "meta-externalagent/1.1 (+https://developers.facebook.com/docs/sharing/webmasters/crawler)" 336 **0/336190**
74.7.243.195 - - [21/Mar/2026:05:09:47 -0700] "GET /shop/seabord/clanswoman012372036403 HTTP/2.0" 200 3474 "https://www.artelron.com/wp-sitemap.xml" "Mozilla/5.0 AppleWebKit/537.36 (KHTML, like Gecko; compatible; GPTBot/1.3; +https://openai.com/gptbot)" 323 **0/323232**
57.141.20.3 - - [21/Mar/2026:05:09:47 -0700] "GET /shop/solary/lobelin011637893665 HTTP/2.0" 403 56935 "-" "meta-externalagent/1.1 (+https://developers.facebook.com/docs/sharing/webmasters/crawler)" 315 **0/315282**
216.73.216.4 - - [21/Mar/2026:05:09:47 -0700] "GET /shop/debouched/siren013935521806?path=%2Fhome%2Fdxfxddmd03st%2Fpublic_html%2Fwp-includes%2Fblocks HTTP/2.0" 200 7213 "-" "Mozilla/5.0 AppleWebKit/537.36 (KHTML, like Gecko; compatible; ClaudeBot/1.0; +claudebot@anthropic.com)" 334 **0/334709**
57.141.20.55 - - [21/Mar/2026:05:09:47 -0700] "GET /shop/gallicize/technically011263253821?fileloc=/home/dxfxddmd03st/public_html/wp-admin/css/edit-rtl.css&path=/home/dxfxddmd03st/public_html/wp-admin/css HTTP/2.0" 403 56935 "-" "meta-externalagent/1.1 (+https://developers.facebook.com/docs/sharing/webmasters/crawler)" 327 **0/327198**
57.141.20.41 - - [21/Mar/2026:05:09:48 -0700] "GET /shop/gobius/sprong013664342655?fileloc=/home/dxfxddmd03st/public_html/wp-includes/class-wp-term.php&path=/home/dxfxddmd03st/public_html/wp-includes HTTP/2.0" 403 56935 "-" "meta-externalagent/1.1 (+https://developers.facebook.com/docs/sharing/webmasters/crawler)" 319 **0/319551**
57.141.20.46 - - [21/Mar/2026:05:09:48 -0700] "GET /shop/gobius/sprong013664342655?fileloc=/home/dxfxddmd03st/public_html/wp-includes/ms-default-constants.php&path=/home/dxfxddmd03st/public_html/wp-includes HTTP/2.0" 403 56935 "-" "meta-externalagent/1.1 (+https://developers.facebook.com/docs/sharing/webmasters/crawler)" 342 **0/342650**
74.7.227.172 - - [21/Mar/2026:05:09:48 -0700] "GET /?fileloc=//bin/zipnote&path=//bin HTTP/2.0" 200 40724 "https://artelron.com/?path=//bin" "Mozilla/5.0 AppleWebKit/537.36 (KHTML, like Gecko; compatible; GPTBot/1.3; +https://openai.com/gptbot)" 342 **0/342124**
57.141.20.54 - - [21/Mar/2026:05:09:48 -0700] "GET /shop/lingism/ungrateful013091259372?fileloc=//proc/2395450/timerslack_ns&path=//proc/2395450 HTTP/2.0" 403 56935 "-" "meta-externalagent/1.1 (+https://developers.facebook.com/docs/sharing/webmasters/crawler)" 326 **0/326782**
57.141.20.10 - - [21/Mar/2026:05:09:49 -0700] "GET /shop/diamond/angelus011215480567?fileloc=/home/dxfxddmd03st/public_html/robots.txt&path=/home/dxfxddmd03st/public_html HTTP/2.0" 403 56935 "-" "meta-externalagent/1.1 (+https://developers.facebook.com/docs/sharing/webmasters/crawler)" 320 **0/320952**
57.141.20.1 - - [21/Mar/2026:05:09:49 -0700] "GET /shop/thrivingness/rhopalic013235613478?path=/home/dxfxddmd03st/public_html/wp-content/plugins/really-simple-ssl HTTP/2.0" 403 56935 "-" "meta-externalagent/1.1 (+https://developers.facebook.com/docs/sharing/webmasters/crawler)" 333 **0/333860**
57.141.20.20 - - [21/Mar/2026:05:09:49 -0700] "GET /shop/dispraiser/cottonseed012919625684?path=//usr/bin HTTP/2.0" 403 56935 "-" "meta-externalagent/1.1 (+https://developers.facebook.com/docs/sharing/webmasters/crawler)" 320 **0/320499**
57.141.20.27 - - [21/Mar/2026:05:09:50 -0700] "GET /shop/envious/disgracer013119772574?fileloc=/home/dxfxddmd03st/public_html/wp-includes/bookmark-template.php&path=/home/dxfxddmd03st/public_html/wp-includes HTTP/2.0" 403 56935 "-" "meta-externalagent/1.1 (+https://developers.facebook.com/docs/sharing/webmasters/crawler)" 333 **0/333289**
74.7.243.195 - - [21/Mar/2026:05:09:50 -0700] "GET /shop/hardily/loquacity011281243500 HTTP/2.0" 200 3474 "https://www.artelron.com/wp-sitemap.xml" "Mozilla/5.0 AppleWebKit/537.36 (KHTML, like Gecko; compatible; GPTBot/1.3; +https://openai.com/gptbot)" 328 **0/328683**
57.141.20.22 - - [21/Mar/2026:05:09:50 -0700] "GET /shop/primevertical/valebat012429940215?fileloc=/home/dxfxddmd03st/public_html/wp-includes/load.php&path=/home/dxfxddmd03st/public_html/wp-includes HTTP/2.0" 403 56935 "-" "meta-externalagent/1.1 (+https://developers.facebook.com/docs/sharing/webmasters/crawler)" 324 **0/324590**
216.73.216.4 - - [21/Mar/2026:05:09:50 -0700] "GET /shop/purity/myelon01389812822?path=%2Fhome%2Fdxfxddmd03st%2Fpublic_html%2Fwp-admin%2Fnetwork HTTP/2.0" 200 3464 "-" "Mozilla/5.0 AppleWebKit/537.36 (KHTML, like Gecko; compatible; ClaudeBot/1.0; +claudebot@anthropic.com)" 312 **0/312994**
57.141.20.53 - - [21/Mar/2026:05:09:51 -0700] "GET /shop/gallicize/technically011263253821?fileloc=/home/dxfxddmd03st/public_html/wp-admin/css/nav-menus.min.css&path=/home/dxfxddmd03st/public_html/wp-admin/css HTTP/2.0" 403 56935 "-" "meta-externalagent/1.1 (+https://developers.facebook.com/docs/sharing/webmasters/crawler)" 324 **0/324757**
57.141.20.2 - - [21/Mar/2026:05:09:51 -0700] "GET /shop/gallicize/technically011263253821?fileloc=/home/dxfxddmd03st/public_html/wp-admin/css/farbtastic-rtl.min.css&path=/home/dxfxddmd03st/public_html/wp-admin/css HTTP/2.0" 403 56935 "-" "meta-externalagent/1.1 (+https://developers.facebook.com/docs/sharing/webmasters/crawler)" 335 **0/335117**
74.7.227.172 - - [21/Mar/2026:05:09:51 -0700] "GET /?fileloc=//bin/enchant&path=//bin HTTP/2.0" 200 8736 "https://artelron.com/?path=//bin" "Mozilla/5.0 AppleWebKit/537.36 (KHTML, like Gecko; compatible; GPTBot/1.3; +https://openai.com/gptbot)" 325 **0/325858**
57.141.20.54 - - [21/Mar/2026:05:09:52 -0700] "GET /shop/spittle/hemstitching013964482926?path=/home/dxfxddmd03st/.subaccounts HTTP/2.0" 403 56935 "-" "meta-externalagent/1.1 (+https://developers.facebook.com/docs/sharing/webmasters/crawler)" 343 **0/343185**
57.141.20.12 - - [21/Mar/2026:05:09:52 -0700] "GET /shop/shimmering/changeover01655997926 HTTP/2.0" 403 56935 "-" "meta-externalagent/1.1 (+https://developers.facebook.com/docs/sharing/webmasters/crawler)" 330 **0/330762**
57.141.20.10 - - [21/Mar/2026:05:09:52 -0700] "GET /shop/epical/catalog013894768045?path=/home/dxfxddmd03st/public_html/artelron.com HTTP/2.0" 403 56935 "-" "meta-externalagent/1.1 (+https://developers.facebook.com/docs/sharing/webmasters/crawler)" 315 **0/315664**
57.141.20.57 - - [21/Mar/2026:05:09:53 -0700] "GET /shop/similative/artistically011729879418?fileloc=/home/dxfxddmd03st/public_html/wp-load.php&path=/home/dxfxddmd03st/public_html HTTP/2.0" 403 56935 "-" "meta-externalagent/1.1 (+https://developers.facebook.com/docs/sharing/webmasters/crawler)" 316 **0/316986**
57.141.20.56 - - [21/Mar/2026:05:09:53 -0700] "GET /shop/alkalimetric/herpetology012024390851?path=/home/dxfxddmd03st/public_html/wp-includes HTTP/2.0" 403 56935 "-" "meta-externalagent/1.1 (+https://developers.facebook.com/docs/sharing/webmasters/crawler)" 333 **0/333427**
74.7.243.195 - - [21/Mar/2026:05:09:53 -0700] "GET /shop/harmoniphon/debel013927247153 HTTP/2.0" 200 3474 "https://www.artelron.com/wp-sitemap.xml" "Mozilla/5.0 AppleWebKit/537.36 (KHTML, like Gecko; compatible; GPTBot/1.3; +https://openai.com/gptbot)" 337 **0/337802**
57.141.20.49 - - [21/Mar/2026:05:09:53 -0700] "GET /shop/reprobacy/sigmas013139292202?fileloc=/home/dxfxddmd03st/public_html/wp-mail.php&path=/home/dxfxddmd03st/public_html HTTP/2.0" 403 56935 "-" "meta-externalagent/1.1 (+https://developers.facebook.com/docs/sharing/webmasters/crawler)" 356 **0/356821**
216.73.216.4 - - [21/Mar/2026:05:09:53 -0700] "GET /shop/feverous/tabidness011818807572?fileloc=%2Fhome%2Fdxfxddmd03st%2Fpublic_html%2Fwp-includes%2Fclass-oembed.php&path=%2Fhome%2Fdxfxddmd03st%2Fpublic_html%2Fwp-includes HTTP/2.0" 200 2488 "-" "Mozilla/5.0 AppleWebKit/537.36 (KHTML, like Gecko; compatible; ClaudeBot/1.0; +claudebot@anthropic.com)" 339 **0/339358**
57.141.20.32 - - [21/Mar/2026:05:09:53 -0700] "GET /shop/envious/disgracer013119772574?fileloc=/home/dxfxddmd03st/public_html/wp-includes/class-wp-site.php&path=/home/dxfxddmd03st/public_html/wp-includes HTTP/2.0" 403 56935 "-" "meta-externalagent/1.1 (+https://developers.facebook.com/docs/sharing/webmasters/crawler)" 336 **0/336325**
57.141.20.59 - - [21/Mar/2026:05:09:54 -0700] "GET /shop/liard/submultiple01928794959?path=//lib/.build-id/37 HTTP/2.0" 403 56935 "-" "meta-externalagent/1.1 (+https://developers.facebook.com/docs/sharing/webmasters/crawler)" 323 **0/323937**
57.141.20.55 - - [21/Mar/2026:05:09:54 -0700] "GET /shop/monographic/bellicous012871247496?path=/home/dxfxddmd03st/public_html/cgi-bin HTTP/2.0" 403 56935 "-" "meta-externalagent/1.1 (+https://developers.facebook.com/docs/sharing/webmasters/crawler)" 328 **0/328120**
57.141.20.19 - - [21/Mar/2026:05:09:54 -0700] "GET /shop/enchase/tsetung012334970722?fileloc=/home/dxfxddmd03st/www/images/.htaccess&path=/home/dxfxddmd03st/www/images HTTP/2.0" 403 56935 "-" "meta-externalagent/1.1 (+https://developers.facebook.com/docs/sharing/webmasters/crawler)" 318 **0/318115**
74.7.227.172 - - [21/Mar/2026:05:09:54 -0700] "GET /?fileloc=//bin/infocmp&path=//bin HTTP/2.0" 200 26854 "https://artelron.com/?path=//bin" "Mozilla/5.0 AppleWebKit/537.36 (KHTML, like Gecko; compatible; GPTBot/1.3; +https://openai.com/gptbot)" 349 **0/349753**
57.141.20.26 - - [21/Mar/2026:05:09:55 -0700] "GET /shop/adelaster/parepididymis011639269271?fileloc=/home/dxfxddmd03st/public_html/wp-includes/taxonomy.php&path=/home/dxfxddmd03st/public_html/wp-includes HTTP/2.0" 403 56935 "-" "meta-externalagent/1.1 (+https://developers.facebook.com/docs/sharing/webmasters/crawler)" 325 **0/325549**
57.141.20.28 - - [21/Mar/2026:05:09:55 -0700] "GET /shop/columbae/columbidae012435741118?fileloc=//bin/fc-scan&path=//bin HTTP/2.0" 403 56935 "-" "meta-externalagent/1.1 (+https://developers.facebook.com/docs/sharing/webmasters/crawler)" 339 **0/339105**
57.141.20.34 - - [21/Mar/2026:05:09:56 -0700] "GET /shop/fugere/capitulary013279221059?path=/home/dxfxddmd03st/public_html/wp-content/plugins HTTP/2.0" 403 56935 "-" "meta-externalagent/1.1 (+https://developers.facebook.com/docs/sharing/webmasters/crawler)" 365 **0/365856**
57.141.20.15 - - [21/Mar/2026:05:09:56 -0700] "GET /shop/alkalimetric/herpetology012024390851?path=/home/dxfxddmd03st HTTP/2.0" 403 56935 "-" "meta-externalagent/1.1 (+https://developers.facebook.com/docs/sharing/webmasters/crawler)" 332 **0/332302**
74.7.243.195 - - [21/Mar/2026:05:09:56 -0700] "GET /shop/putamen/pyronomics012691892238?path=/home/dxfxddmd03st/public_html/wp-includes HTTP/2.0" 200 9998 "https://www.artelron.com/shop/putamen/pyronomics012691892238" "Mozilla/5.0 AppleWebKit/537.36 (KHTML, like Gecko; compatible; GPTBot/1.3; +https://openai.com/gptbot)" 351 **0/351695**
57.141.20.9 - - [21/Mar/2026:05:09:56 -0700] "GET /shop/columbae/columbidae012435741118?fileloc=//bin/printf&path=//bin HTTP/2.0" 403 56935 "-" "meta-externalagent/1.1 (+https://developers.facebook.com/docs/sharing/webmasters/crawler)" 326 **0/326766**
216.73.216.4 - - [21/Mar/2026:05:09:56 -0700] "GET /shop/transparently/preadmonish011820036757?fileloc=%2Fhome%2Fdxfxddmd03st%2Fpublic_html%2Fwp-admin%2Fwidgets-form.php&path=%2Fhome%2Fdxfxddmd03st%2Fpublic_html%2Fwp-admin HTTP/2.0" 200 8178 "-" "Mozilla/5.0 AppleWebKit/537.36 (KHTML, like Gecko; compatible; ClaudeBot/1.0; +claudebot@anthropic.com)" 339 **0/339416**
57.141.20.25 - - [21/Mar/2026:05:09:57 -0700] "GET /shop/scribing/dominicans012905906943?fileloc=/home/dxfxddmd03st/public_html/wp-admin/ms-upgrade-network.php&path=/home/dxfxddmd03st/public_html/wp-admin HTTP/2.0" 403 56935 "-" "meta-externalagent/1.1 (+https://developers.facebook.com/docs/sharing/webmasters/crawler)" 324 **0/324686**
57.141.20.37 - - [21/Mar/2026:05:09:57 -0700] "GET /shop/columbae/columbidae012435741118?fileloc=//bin/python2.7&path=//bin HTTP/2.0" 403 56935 "-" "meta-externalagent/1.1 (+https://developers.facebook.com/docs/sharing/webmasters/crawler)" 317 **0/317742**
74.7.227.172 - - [21/Mar/2026:05:09:57 -0700] "GET /?fileloc=//bin/zipinfo&path=//bin HTTP/2.0" 200 85001 "https://artelron.com/?path=//bin" "Mozilla/5.0 AppleWebKit/537.36 (KHTML, like Gecko; compatible; GPTBot/1.3; +https://openai.com/gptbot)" 365 **0/365982**
57.141.20.12 - - [21/Mar/2026:05:09:58 -0700] "GET /shop/columbae/columbidae012435741118?fileloc=//bin/geoiplookup&path=//bin HTTP/2.0" 200 39131 "-" "meta-externalagent/1.1 (+https://developers.facebook.com/docs/sharing/webmasters/crawler)" 319 **0/319609**
57.141.20.1 - - [21/Mar/2026:05:09:58 -0700] "GET /shop/columbae/columbidae012435741118?fileloc=//bin/renice&path=//bin HTTP/2.0" 200 32978 "-" "meta-externalagent/1.1 (+https://developers.facebook.com/docs/sharing/webmasters/crawler)" 332 **0/332141**
57.141.20.5 - - [21/Mar/2026:05:09:58 -0700] "GET /shop/encyclopaedy/foison0147582057?fileloc=/home/dxfxddmd03st/public_html/wp-includes/session.php&path=/home/dxfxddmd03st/public_html/wp-includes HTTP/2.0" 200 12769 "-" "meta-externalagent/1.1 (+https://developers.facebook.com/docs/sharing/webmasters/crawler)" 359 **0/359349**
57.141.20.35 - - [21/Mar/2026:05:09:59 -0700] "GET /shop/encyclopaedy/foison0147582057?fileloc=/home/dxfxddmd03st/public_html/wp-includes/class-wp-http-response.php&path=/home/dxfxddmd03st/public_html/wp-includes HTTP/2.0" 200 15522 "-" "meta-externalagent/1.1 (+https://developers.facebook.com/docs/sharing/webmasters/crawler)" 332 **0/332056**
57.141.20.35 - - [21/Mar/2026:05:09:59 -0700] "GET /shop/adelaster/parepididymis011639269271?fileloc=/home/dxfxddmd03st/public_html/wp-includes/class-wp-walker.php&path=/home/dxfxddmd03st/public_html/wp-includes HTTP/2.0" 200 26160 "-" "meta-externalagent/1.1 (+https://developers.facebook.com/docs/sharing/webmasters/crawler)" 314 **0/314014**
74.7.243.195 - - [21/Mar/2026:05:09:59 -0700] "GET /shop/brownwort/amniotic013261339208 HTTP/2.0" 200 3474 "https://www.artelron.com/wp-sitemap.xml" "Mozilla/5.0 AppleWebKit/537.36 (KHTML, like Gecko; compatible; GPTBot/1.3; +https://openai.com/gptbot)" 328 **0/328323**
57.141.20.0 - - [21/Mar/2026:05:09:59 -0700] "GET /shop/monographic/bellicous012871247496?path=/home/dxfxddmd03st/public_html/wp-admin HTTP/2.0" 200 171679 "-" "meta-externalagent/1.1 (+https://developers.facebook.com/docs/sharing/webmasters/crawler)" 338 **0/338076**
216.73.216.4 - - [21/Mar/2026:05:09:59 -0700] "GET /shop/hereon/periapt012322709013?fileloc=%2Fhome%2Fdxfxddmd03st%2Fpublic_html%2Fwp-includes%2Fwidgets.php&path=%2Fhome%2Fdxfxddmd03st%2Fpublic_html%2Fwp-includes HTTP/2.0" 200 17831 "-" "Mozilla/5.0 AppleWebKit/537.36 (KHTML, like Gecko; compatible; ClaudeBot/1.0; +claudebot@anthropic.com)" 349 **0/349590**
57.141.20.9 - - [21/Mar/2026:05:10:00 -0700] "GET /shop/gobius/sprong013664342655?fileloc=/home/dxfxddmd03st/public_html/wp-includes/ms-settings.php&path=/home/dxfxddmd03st/public_html/wp-includes HTTP/2.0" 200 16963 "-" "meta-externalagent/1.1 (+https://developers.facebook.com/docs/sharing/webmasters/crawler)" 337 **0/337008**
57.141.20.30 - - [21/Mar/2026:05:10:00 -0700] "GET /shop/monographic/bellicous012871247496?fileloc=/home/dxfxddmd03st/public_html/wp-activate.php&path=/home/dxfxddmd03st/public_html HTTP/2.0" 200 21378 "-" "meta-externalagent/1.1 (+https://developers.facebook.com/docs/sharing/webmasters/crawler)" 320 **0/320293**
57.141.20.9 - - [21/Mar/2026:05:10:00 -0700] "GET /shop/villa/deflowered013429581758 HTTP/2.0" 200 56935 "-" "meta-externalagent/1.1 (+https://developers.facebook.com/docs/sharing/webmasters/crawler)" 337 **0/337184**
74.7.227.172 - - [21/Mar/2026:05:10:00 -0700] "GET /?fileloc=//bin/xmllint&path=//bin HTTP/2.0" 200 25550 "https://artelron.com/?path=//bin" "Mozilla/5.0 AppleWebKit/537.36 (KHTML, like Gecko; compatible; GPTBot/1.3; +https://openai.com/gptbot)" 337 **0/337868**
57.141.20.38 - - [21/Mar/2026:05:10:01 -0700] "GET /shop/filliped/acocanthera011643858075 HTTP/2.0" 200 56935 "-" "meta-externalagent/1.1 (+https://developers.facebook.com/docs/sharing/webmasters/crawler)" 329 **0/329146**
57.141.20.57 - - [21/Mar/2026:05:10:01 -0700] "GET /shop/deltafication/sinensis011261089231?fileloc=//etc/mailips&path=//etc HTTP/2.0" 200 12246 "-" "meta-externalagent/1.1 (+https://developers.facebook.com/docs/sharing/webmasters/crawler)" 409 **0/409994**
57.141.20.19 - - [21/Mar/2026:05:10:02 -0700] "GET /shop/avium/marina011896924318 HTTP/2.0" 200 56935 "-" "meta-externalagent/1.1 (+https://developers.facebook.com/docs/sharing/webmasters/crawler)" 361 **0/361818**
57.141.20.45 - - [21/Mar/2026:05:10:02 -0700] "GET /shop/calcedonic/lilac012182627252 HTTP/2.0" 200 56935 "-" "meta-externalagent/1.1 (+https://developers.facebook.com/docs/sharing/webmasters/crawler)" 429 **0/429202**
57.141.20.42 - - [21/Mar/2026:05:10:02 -0700] "GET /shop/myriorama/proteolysis011009440745?fileloc=/home/dxfxddmd03st/public_html/index.php&path=/home/dxfxddmd03st/public_html HTTP/2.0" 200 33839 "-" "meta-externalagent/1.1 (+https://developers.facebook.com/docs/sharing/webmasters/crawler)" 381 **0/381029**
216.73.216.4 - - [21/Mar/2026:05:10:02 -0700] "GET /shop/repair/hottentot011434743995 HTTP/2.0" 200 3474 "-" "Mozilla/5.0 AppleWebKit/537.36 (KHTML, like Gecko; compatible; ClaudeBot/1.0; +claudebot@anthropic.com)" 431 **0/431998**
74.7.243.195 - - [21/Mar/2026:05:10:02 -0700] "GET /shop/organ/anaesthesia012891401765 HTTP/2.0" 200 3474 "https://www.artelron.com/wp-sitemap.xml" "Mozilla/5.0 AppleWebKit/537.36 (KHTML, like Gecko; compatible; GPTBot/1.3; +https://openai.com/gptbot)" 376 **0/376478**
57.141.20.22 - - [21/Mar/2026:05:10:03 -0700] "GET /shop/jealous/selectness012830227636 HTTP/2.0" 200 56935 "-" "meta-externalagent/1.1 (+https://developers.facebook.com/docs/sharing/webmasters/crawler)" 461 **0/461521**
57.141.20.51 - - [21/Mar/2026:05:10:03 -0700] "GET /shop/ungula/sugared011386131582 HTTP/2.0" 200 56935 "-" "meta-externalagent/1.1 (+https://developers.facebook.com/docs/sharing/webmasters/crawler)" 371 **0/371734**
57.141.20.21 - - [21/Mar/2026:05:10:03 -0700] "GET /shop/spittle/hemstitching013964482926?path=/home/dxfxddmd03st/etc HTTP/2.0" 200 17044 "-" "meta-externalagent/1.1 (+https://developers.facebook.com/docs/sharing/webmasters/crawler)" 369 **0/369168**
85.208.96.194 - - [21/Mar/2026:05:10:04 -0700] "GET /events/2025-03-14/ HTTP/1.1" 200 3981 "-" "Mozilla/5.0 (compatible; SemrushBot/7~bl; +http://www.semrush.com/bot.html)" 386 **0/386517**
74.7.227.172 - - [21/Mar/2026:05:10:04 -0700] "GET /?fileloc=//bin/libtool&path=//bin HTTP/2.0" 200 88878 "https://artelron.com/?path=//bin" "Mozilla/5.0 AppleWebKit/537.36 (KHTML, like Gecko; compatible; GPTBot/1.3; +https://openai.com/gptbot)" 413 **0/413215**
57.141.20.24 - - [21/Mar/2026:05:10:04 -0700] "GET /shop/frankfee/thames011187801757?path=/home/dxfxddmd03st/.sucuriquarantine HTTP/2.0" 200 18725 "-" "meta-externalagent/1.1 (+https://developers.facebook.com/docs/sharing/webmasters/crawler)" 354 **0/354394**
57.141.20.38 - - [21/Mar/2026:05:10:04 -0700] "GET /shop/encyclopaedy/foison0147582057?fileloc=/home/dxfxddmd03st/public_html/wp-includes/class-smtp.php&path=/home/dxfxddmd03st/public_html/wp-includes HTTP/2.0" 200 12991 "-" "meta-externalagent/1.1 (+https://developers.facebook.com/docs/sharing/webmasters/crawler)" 372 **0/372235**
57.141.20.19 - - [21/Mar/2026:05:10:04 -0700] "GET /shop/gobius/sprong013664342655?fileloc=/home/dxfxddmd03st/public_html/wp-includes/class-wp-http-requests-hooks.php&path=/home/dxfxddmd03st/public_html/wp-includes HTTP/2.0" 200 14576 "-" "meta-externalagent/1.1 (+https://developers.facebook.com/docs/sharing/webmasters/crawler)" 357 **0/357357**
57.141.20.33 - - [21/Mar/2026:05:10:05 -0700] "GET /shop/gallicize/technically011263253821?fileloc=/home/dxfxddmd03st/public_html/wp-admin/css/site-health.min.css&path=/home/dxfxddmd03st/public_html/wp-admin/css HTTP/2.0" 200 18029 "-" "meta-externalagent/1.1 (+https://developers.facebook.com/docs/sharing/webmasters/crawler)" 336 **0/336136**
57.141.20.55 - - [21/Mar/2026:05:10:05 -0700] "GET /shop/lingism/ungrateful013091259372?path=//proc/sys/fs HTTP/2.0" 200 69658 "-" "meta-externalagent/1.1 (+https://developers.facebook.com/docs/sharing/webmasters/crawler)" 371 **0/371968**
216.73.216.4 - - [21/Mar/2026:05:10:05 -0700] "GET /shop/sciatical/facileness013665184029?path=%2Fhome%2Fdxfxddmd03st%2Fpublic_html%2Fwp-includes%2Fassets HTTP/2.0" 200 2838 "-" "Mozilla/5.0 AppleWebKit/537.36 (KHTML, like Gecko; compatible; ClaudeBot/1.0; +claudebot@anthropic.com)" 390 **0/390507**
57.141.20.27 - - [21/Mar/2026:05:10:05 -0700] "GET /shop/ireful/sixes01318214484 HTTP/2.0" 200 56935 "-" "meta-externalagent/1.1 (+https://developers.facebook.com/docs/sharing/webmasters/crawler)" 351 **0/351239**
74.7.243.195 - - [21/Mar/2026:05:10:06 -0700] "GET /shop/nonfinite/bellona014091749724 HTTP/2.0" 200 3474 "https://www.artelron.com/wp-sitemap.xml" "Mozilla/5.0 AppleWebKit/537.36 (KHTML, like Gecko; compatible; GPTBot/1.3; +https://openai.com/gptbot)" 417 **0/417266**
57.141.20.55 - - [21/Mar/2026:05:10:06 -0700] "GET /shop/epical/catalog013894768045?path=/home HTTP/2.0" 200 13987 "-" "meta-externalagent/1.1 (+https://developers.facebook.com/docs/sharing/webmasters/crawler)" 333 **0/333795**
57.141.20.18 - - [21/Mar/2026:05:10:06 -0700] "GET /shop/windrowing/discalceate012750793949?fileloc=/home/dxfxddmd03st/public_html/wp-includes/http.php&path=/home/dxfxddmd03st/public_html/wp-includes HTTP/2.0" 200 39610 "-" "meta-externalagent/1.1 (+https://developers.facebook.com/docs/sharing/webmasters/crawler)" 403 **0/403766**
57.141.20.15 - - [21/Mar/2026:05:10:07 -0700] "GET /shop/exquisitively/crete011458434168?fileloc=/home/dxfxddmd03st/public_html/wp-config.php&path=/home/dxfxddmd03st/public_html HTTP/2.0" 200 16929 "-" "meta-externalagent/1.1 (+https://developers.facebook.com/docs/sharing/webmasters/crawler)" 337 **0/337150**
57.141.20.52 - - [21/Mar/2026:05:10:07 -0700] "GET /shop/dannebrog/councilman01974781330?path=/home/dxfxddmd03st/public_html/wp-includes/sodium_compat HTTP/2.0" 200 25327 "-" "meta-externalagent/1.1 (+https://developers.facebook.com/docs/sharing/webmasters/crawler)" 341 **0/341839**
74.7.227.172 - - [21/Mar/2026:05:10:07 -0700] "GET /?path=//usr/lib64/python3.12/ctypes HTTP/2.0" 200 2830 "https://artelron.com/?path=//usr/lib64/python3.12" "Mozilla/5.0 AppleWebKit/537.36 (KHTML, like Gecko; compatible; GPTBot/1.3; +https://openai.com/gptbot)" 358 **0/358931**
57.141.20.15 - - [21/Mar/2026:05:10:07 -0700] "GET /shop/loricae/acetarious0132487694?fileloc=/home/dxfxddmd03st/public_html/wp-admin/options-discussion.php&path=/home/dxfxddmd03st/public_html/wp-admin HTTP/2.0" 200 34696 "-" "meta-externalagent/1.1 (+https://developers.facebook.com/docs/sharing/webmasters/crawler)" 351 **0/351663**
57.141.20.45 - - [21/Mar/2026:05:10:08 -0700] "GET /shop/similative/artistically011729879418?fileloc=/home/dxfxddmd03st/public_html/wp-includes/ms-default-constants.php&path=/home/dxfxddmd03st/public_html/wp-includes HTTP/2.0" 200 18138 "-" "meta-externalagent/1.1 (+https://developers.facebook.com/docs/sharing/webmasters/crawler)" 333 **0/333561**
57.141.20.13 - - [21/Mar/2026:05:10:08 -0700] "GET /shop/fallibly/droving01617142672?fileloc=/home/dxfxddmd03st/public_html/wp-settings.php&path=/home/dxfxddmd03st/public_html HTTP/2.0" 200 46994 "-" "meta-externalagent/1.1 (+https://developers.facebook.com/docs/sharing/webmasters/crawler)" 357 **0/357873**
216.73.216.4 - - [21/Mar/2026:05:10:08 -0700] "GET /shop/moola/lemnia012080286598?path=%2Fhome%2Fdxfxddmd03st%2Fpublic_html%2Fwp-admin%2Fincludes HTTP/2.0" 200 5700 "-" "Mozilla/5.0 AppleWebKit/537.36 (KHTML, like Gecko; compatible; ClaudeBot/1.0; +claudebot@anthropic.com)" 355 **0/355793**
57.141.20.30 - - [21/Mar/2026:05:10:08 -0700] "GET /shop/brinishness/superjacent01859080078?fileloc=/home/dxfxddmd03st/public_html/wp-login.php&path=/home/dxfxddmd03st/public_html HTTP/2.0" 200 74946 "-" "meta-externalagent/1.1 (+https://developers.facebook.com/docs/sharing/webmasters/crawler)" 347 **0/347424**
57.141.20.2 - - [21/Mar/2026:05:10:09 -0700] "GET /shop/addendum/preached011183212953?path=/home/dxfxddmd03st/public_html/cgi-bin HTTP/2.0" 200 15766 "-" "meta-externalagent/1.1 (+https://developers.facebook.com/docs/sharing/webmasters/crawler)" 332 **0/332759**
57.141.20.13 - - [21/Mar/2026:05:10:09 -0700] "GET /shop/dislimb/glittering013018838655?fileloc=/home/dxfxddmd03st/public_html/wp-admin/users.php&path=/home/dxfxddmd03st/public_html/wp-admin HTTP/2.0" 200 42453 "-" "meta-externalagent/1.1 (+https://developers.facebook.com/docs/sharing/webmasters/crawler)" 332 **0/332709**
74.7.243.195 - - [21/Mar/2026:05:10:09 -0700] "GET /shop/mousse/saponifier013715338239 HTTP/2.0" 200 3474 "https://www.artelron.com/wp-sitemap.xml" "Mozilla/5.0 AppleWebKit/537.36 (KHTML, like Gecko; compatible; GPTBot/1.3; +https://openai.com/gptbot)" 391 **0/391836**
57.141.20.10 - - [21/Mar/2026:05:10:09 -0700] "GET /shop/helminth/readjustment012904531305?path=/home/dxfxddmd03st/public_html/wp-includes HTTP/2.0" 200 451303 "-" "meta-externalagent/1.1 (+https://developers.facebook.com/docs/sharing/webmasters/crawler)" 522 **0/522500**
57.141.20.39 - - [21/Mar/2026:05:10:10 -0700] "GET /shop/dejecture/taplings01618354755?fileloc=/home/dxfxddmd03st/public_html/wp-includes/class-wp-http-curl.php&path=/home/dxfxddmd03st/public_html/wp-includes HTTP/2.0" 200 27159 "-" "meta-externalagent/1.1 (+https://developers.facebook.com/docs/sharing/webmasters/crawler)" 335 **0/335249**
57.141.20.3 - - [21/Mar/2026:05:10:10 -0700] "GET /shop/maritated/cassegrainian011386295105?path=/home/dxfxddmd03st/public_html/wp-admin/includes HTTP/2.0" 200 189516 "-" "meta-externalagent/1.1 (+https://developers.facebook.com/docs/sharing/webmasters/crawler)" 421 **0/421006**
57.141.20.3 - - [21/Mar/2026:05:10:10 -0700] "GET /shop/inrail/subhyaloid012920837783?fileloc=/home/dxfxddmd03st/.bash_profile.rpmnew&path=/home/dxfxddmd03st HTTP/2.0" 200 12501 "-" "meta-externalagent/1.1 (+https://developers.facebook.com/docs/sharing/webmasters/crawler)" 353 **0/353104**
74.7.227.172 - - [21/Mar/2026:05:10:10 -0700] "GET /?fileloc=//bin/mariadb-conv&path=//bin HTTP/2.0" 200 545006 "https://artelron.com/?path=//bin" "Mozilla/5.0 AppleWebKit/537.36 (KHTML, like Gecko; compatible; GPTBot/1.3; +https://openai.com/gptbot)" 701 **0/701352**
57.141.20.42 - - [21/Mar/2026:05:10:11 -0700] "GET /shop/silundum/tracklessly01977205512?fileloc=/home/dxfxddmd03st/public_html/wp-includes/class-wp-block-parser-block.php&path=/home/dxfxddmd03st/public_html/wp-includes HTTP/2.0" 200 15202 "-" "meta-externalagent/1.1 (+https://developers.facebook.com/docs/sharing/webmasters/crawler)" 334 **0/334173**
52.167.144.19 - - [21/Mar/2026:05:10:10 -0700] "GET /shop/authentication/cooeeing182775063749 HTTP/2.0" 200 26486 "-" "Mozilla/5.0 AppleWebKit/537.36 (KHTML, like Gecko; compatible; bingbot/2.0; +http://www.bing.com/bingbot.htm) Chrome/116.0.1938.76 Safari/537.36" 675 **0/675029**
57.141.20.30 - - [21/Mar/2026:05:10:11 -0700] "GET /shop/windrowing/discalceate012750793949?fileloc=/home/dxfxddmd03st/public_html/wp-includes/js/wp-lists.min.js&path=/home/dxfxddmd03st/public_html/wp-includes/js HTTP/2.0" 200 21806 "-" "meta-externalagent/1.1 (+https://developers.facebook.com/docs/sharing/webmasters/crawler)" 356 **0/356469**
57.141.20.41 - - [21/Mar/2026:05:10:11 -0700] "GET /shop/adelaster/parepididymis011639269271?fileloc=/home/dxfxddmd03st/public_html/wp-includes/nav-menu.php&path=/home/dxfxddmd03st/public_html/wp-includes HTTP/2.0" 200 61653 "-" "meta-externalagent/1.1 (+https://developers.facebook.com/docs/sharing/webmasters/crawler)" 366 **0/366529**
216.73.216.4 - - [21/Mar/2026:05:10:11 -0700] "GET /shop/megampere/gentianella012286403628 HTTP/2.0" 200 3474 "-" "Mozilla/5.0 AppleWebKit/537.36 (KHTML, like Gecko; compatible; ClaudeBot/1.0; +claudebot@anthropic.com)" 341 **0/341154**
57.141.20.53 - - [21/Mar/2026:05:10:12 -0700] "GET /shop/windrowing/discalceate012750793949?fileloc=/home/dxfxddmd03st/public_html/wp-includes/js/customize-preview.min.js&path=/home/dxfxddmd03st/public_html/wp-includes/js HTTP/2.0" 200 25669 "-" "meta-externalagent/1.1 (+https://developers.facebook.com/docs/sharing/webmasters/crawler)" 348 **0/348620**
57.141.20.25 - - [21/Mar/2026:05:10:12 -0700] "GET /shop/exquisitively/crete011458434168?fileloc=/home/dxfxddmd03st/public_html/wp-activate.php&path=/home/dxfxddmd03st/public_html HTTP/2.0" 200 21378 "-" "meta-externalagent/1.1 (+https://developers.facebook.com/docs/sharing/webmasters/crawler)" 387 **0/387279**
74.7.243.195 - - [21/Mar/2026:05:10:12 -0700] "GET /shop/namable/psalteria011820896963 HTTP/2.0" 200 3474 "https://www.artelron.com/wp-sitemap.xml" "Mozilla/5.0 AppleWebKit/537.36 (KHTML, like Gecko; compatible; GPTBot/1.3; +https://openai.com/gptbot)" 340 **0/340436**
57.141.20.14 - - [21/Mar/2026:05:10:12 -0700] "GET /shop/blewit/entomologist01877221901 HTTP/2.0" 200 56935 "-" "meta-externalagent/1.1 (+https://developers.facebook.com/docs/sharing/webmasters/crawler)" 346 **0/346026**
57.141.20.21 - - [21/Mar/2026:05:10:13 -0700] "GET /shop/helminth/readjustment012904531305?fileloc=/home/dxfxddmd03st/public_html/xmlrpc.php&path=/home/dxfxddmd03st/public_html HTTP/2.0" 200 16263 "-" "meta-externalagent/1.1 (+https://developers.facebook.com/docs/sharing/webmasters/crawler)" 336 **0/336427**
57.141.20.5 - - [21/Mar/2026:05:10:13 -0700] "GET /shop/sanquine/stundist013729468748?path=//home HTTP/2.0" 200 13991 "-" "meta-externalagent/1.1 (+https://developers.facebook.com/docs/sharing/webmasters/crawler)" 333 **0/333398**
74.7.227.172 - - [21/Mar/2026:05:10:13 -0700] "GET /?fileloc=//bin/pre-grohtml&path=//bin HTTP/2.0" 200 43332 "https://artelron.com/?path=//bin" "Mozilla/5.0 AppleWebKit/537.36 (KHTML, like Gecko; compatible; GPTBot/1.3; +https://openai.com/gptbot)" 369 **0/369287**
57.141.20.15 - - [21/Mar/2026:05:10:13 -0700] "GET /shop/silundum/tracklessly01977205512?path=/home/dxfxddmd03st/public_html/wp-includes/Requests/src HTTP/2.0" 200 51994 "-" "meta-externalagent/1.1 (+https://developers.facebook.com/docs/sharing/webmasters/crawler)" 367 **0/367245**
57.141.20.35 - - [21/Mar/2026:05:10:14 -0700] "GET /shop/blackjack/coeducational01463544952?fileloc=/home/dxfxddmd03st/public_html/wp-includes/template.php&path=/home/dxfxddmd03st/public_html/wp-includes HTTP/2.0" 200 51450 "-" "meta-externalagent/1.1 (+https://developers.facebook.com/docs/sharing/webmasters/crawler)" 362 **0/362690**
57.141.20.52 - - [21/Mar/2026:05:10:14 -0700] "GET /shop/parabolic/aspire014112237576?fileloc=//etc/security/limits.conf&path=//etc/security HTTP/2.0" 200 14811 "-" "meta-externalagent/1.1 (+https://developers.facebook.com/docs/sharing/webmasters/crawler)" 344 **0/344627**
216.73.216.4 - - [21/Mar/2026:05:10:14 -0700] "GET /shop/parsnip/frizz013023766278?path=%2F%2Fopt HTTP/2.0" 200 2784 "-" "Mozilla/5.0 AppleWebKit/537.36 (KHTML, like Gecko; compatible; ClaudeBot/1.0; +claudebot@anthropic.com)" 352 **0/352126**
57.141.20.22 - - [21/Mar/2026:05:10:14 -0700] "GET /shop/bespotting/externalism011852757195?fileloc=/home/dxfxddmd03st/public_html/wp-login.php&path=/home/dxfxddmd03st/public_html HTTP/2.0" 200 74946 "-" "meta-externalagent/1.1 (+https://developers.facebook.com/docs/sharing/webmasters/crawler)" 365 **0/365558**
57.141.20.57 - - [21/Mar/2026:05:10:15 -0700] "GET /shop/gospeller/swordbill011807755696?fileloc=/home/dxfxddmd03st/public_html/xmlrpc.php&path=/home/dxfxddmd03st/public_html HTTP/2.0" 200 16263 "-" "meta-externalagent/1.1 (+https://developers.facebook.com/docs/sharing/webmasters/crawler)" 341 **0/341557**
57.141.20.57 - - [21/Mar/2026:05:10:15 -0700] "GET /shop/klein/tearer011800742694?path=//opt HTTP/2.0" 200 25674 "-" "meta-externalagent/1.1 (+https://developers.facebook.com/docs/sharing/webmasters/crawler)" 334 **0/334093**
57.141.20.49 - - [21/Mar/2026:05:10:15 -0700] "GET /shop/sanquine/stundist013729468748?path=//usr/selector.etc HTTP/2.0" 200 14140 "-" "meta-externalagent/1.1 (+https://developers.facebook.com/docs/sharing/webmasters/crawler)" 342 **0/342350**
74.7.243.195 - - [21/Mar/2026:05:10:15 -0700] "GET /shop/woodmeil/geometer011645659391 HTTP/2.0" 200 3474 "https://www.artelron.com/wp-sitemap.xml" "Mozilla/5.0 AppleWebKit/537.36 (KHTML, like Gecko; compatible; GPTBot/1.3; +https://openai.com/gptbot)" 338 **0/338982**
57.141.20.53 - - [21/Mar/2026:05:10:16 -0700] "GET /shop/blamefully/riparious011636681566?fileloc=/home/dxfxddmd03st/public_html/license.txt&path=/home/dxfxddmd03st/public_html HTTP/2.0" 200 32473 "-" "meta-externalagent/1.1 (+https://developers.facebook.com/docs/sharing/webmasters/crawler)" 339 **0/339920**
57.141.20.47 - - [21/Mar/2026:05:10:15 -0700] "GET /shop/dejecture/taplings01618354755?fileloc=/home/dxfxddmd03st/public_html/wp-includes/bookmark-template.php&path=/home/dxfxddmd03st/public_html/wp-includes HTTP/2.0" 200 27610 "-" "meta-externalagent/1.1 (+https://developers.facebook.com/docs/sharing/webmasters/crawler)" 363 **0/363712**
74.7.227.172 - - [21/Mar/2026:05:10:16 -0700] "GET /?fileloc=//bin/ssh-keyscan&path=//bin HTTP/2.0" 200 153244 "https://artelron.com/?path=//bin" "Mozilla/5.0 AppleWebKit/537.36 (KHTML, like Gecko; compatible; GPTBot/1.3; +https://openai.com/gptbot)" 446 **0/446086**
57.141.20.14 - - [21/Mar/2026:05:10:16 -0700] "GET /shop/dejecture/taplings01618354755?fileloc=/home/dxfxddmd03st/public_html/wp-includes/theme-templates.php&path=/home/dxfxddmd03st/public_html/wp-includes HTTP/2.0" 200 19277 "-" "meta-externalagent/1.1 (+https://developers.facebook.com/docs/sharing/webmasters/crawler)" 385 **0/385312**
57.141.20.16 - - [21/Mar/2026:05:10:17 -0700] "GET /shop/hydrocorallia/douanier011172870885?fileloc=/home/dxfxddmd03st/public_html/license.txt&path=/home/dxfxddmd03st/public_html HTTP/2.0" 200 32473 "-" "meta-externalagent/1.1 (+https://developers.facebook.com/docs/sharing/webmasters/crawler)" 344 **0/344818**
57.141.20.10 - - [21/Mar/2026:05:10:17 -0700] "GET /shop/thermoregulator/deionized013191470226?fileloc=/home/dxfxddmd03st/public_html/wp-links-opml.php&path=/home/dxfxddmd03st/public_html HTTP/2.0" 200 15446 "-" "meta-externalagent/1.1 (+https://developers.facebook.com/docs/sharing/webmasters/crawler)" 345 **0/345812**
57.141.20.14 - - [21/Mar/2026:05:10:17 -0700] "GET /shop/dejecture/taplings01618354755?fileloc=/home/dxfxddmd03st/public_html/wp-includes/class-wp-user-query.php&path=/home/dxfxddmd03st/public_html/wp-includes HTTP/2.0" 200 62900 "-" "meta-externalagent/1.1 (+https://developers.facebook.com/docs/sharing/webmasters/crawler)" 339 **0/339849**
216.73.216.4 - - [21/Mar/2026:05:10:17 -0700] "GET /shop/weakkneed/equilibrious01369123432?fileloc=%2Fhome%2Fdxfxddmd03st%2Fpublic_html%2Fxmlrpc.php&path=%2Fhome%2Fdxfxddmd03st%2Fpublic_html HTTP/2.0" 200 3651 "-" "Mozilla/5.0 AppleWebKit/537.36 (KHTML, like Gecko; compatible; ClaudeBot/1.0; +claudebot@anthropic.com)" 395 **0/395765**
57.141.20.12 - - [21/Mar/2026:05:10:18 -0700] "GET /shop/deepwaisted/asserting012628497267?fileloc=//bin/lftp&path=//bin HTTP/2.0" 200 122220 "-" "meta-externalagent/1.1 (+https://developers.facebook.com/docs/sharing/webmasters/crawler)" 334 **0/334939**
74.7.243.195 - - [21/Mar/2026:05:10:18 -0700] "GET /shop/languid/vermilion011249171790?path=/home/dxfxddmd03st/public_html HTTP/2.0" 200 3474 "https://www.artelron.com/shop/languid/vermilion011249171790" "Mozilla/5.0 AppleWebKit/537.36 (KHTML, like Gecko; compatible; GPTBot/1.3; +https://openai.com/gptbot)" 364 **0/364998**
57.141.20.57 - - [21/Mar/2026:05:10:18 -0700] "GET /shop/dejecture/taplings01618354755?path=/home/dxfxddmd03st/public_html/wp-includes/images HTTP/2.0" 200 63477 "-" "meta-externalagent/1.1 (+https://developers.facebook.com/docs/sharing/webmasters/crawler)" 348 **0/348967**
57.141.20.29 - - [21/Mar/2026:05:10:18 -0700] "GET /shop/gormandism/woolliness012098858059?fileloc=/home/dxfxddmd03st/public_html/moked-hash.co.il/error_log&path=/home/dxfxddmd03st/public_html/moked-hash.co.il HTTP/2.0" 200 19400412 "-" "meta-externalagent/1.1 (+https://developers.facebook.com/docs/sharing/webmasters/crawler)" 1380 **1/1380009**
57.141.20.52 - - [21/Mar/2026:05:10:19 -0700] "GET /shop/gallicize/technically011263253821?fileloc=/home/dxfxddmd03st/public_html/wp-settings.php&path=/home/dxfxddmd03st/public_html HTTP/2.0" 200 46994 "-" "meta-externalagent/1.1 (+https://developers.facebook.com/docs/sharing/webmasters/crawler)" 342 **0/342189**
57.141.20.55 - - [21/Mar/2026:05:10:19 -0700] "GET /shop/papilonacea/stylography011638057172 HTTP/2.0" 200 56935 "-" "meta-externalagent/1.1 (+https://developers.facebook.com/docs/sharing/webmasters/crawler)" 330 **0/330048**
57.141.20.11 - - [21/Mar/2026:05:10:19 -0700] "GET /shop/silky/undecked01124473447 HTTP/2.0" 200 56935 "-" "meta-externalagent/1.1 (+https://developers.facebook.com/docs/sharing/webmasters/crawler)" 335 **0/335408**
74.7.227.172 - - [21/Mar/2026:05:10:19 -0700] "GET /?fileloc=//usr/lib64/python2.7/unittest/test/support.pyc&path=//usr/lib64/python2.7/unittest/test HTTP/2.0" 200 3798 "https://artelron.com/?path=//usr/lib64/python2.7/unittest/test" "Mozilla/5.0 AppleWebKit/537.36 (KHTML, like Gecko; compatible; GPTBot/1.3; +https://openai.com/gptbot)" 321 **0/321437**
57.141.20.28 - - [21/Mar/2026:05:10:20 -0700] "GET /shop/paragogic/painfully014130968268 HTTP/2.0" 200 56935 "-" "meta-externalagent/1.1 (+https://developers.facebook.com/docs/sharing/webmasters/crawler)" 329 **0/329874**
57.141.20.23 - - [21/Mar/2026:05:10:20 -0700] "GET /shop/wafer/skeletonizing013941588776 HTTP/2.0" 200 56935 "-" "meta-externalagent/1.1 (+https://developers.facebook.com/docs/sharing/webmasters/crawler)" 348 **0/348210**
216.73.216.4 - - [21/Mar/2026:05:10:20 -0700] "GET /shop/nemaeus/bezzle011576408564?fileloc=%2Fhome%2Fdxfxddmd03st%2Fpublic_html%2Fwp-load.php&path=%2Fhome%2Fdxfxddmd03st%2Fpublic_html HTTP/2.0" 200 3852 "-" "Mozilla/5.0 AppleWebKit/537.36 (KHTML, like Gecko; compatible; ClaudeBot/1.0; +claudebot@anthropic.com)" 341 **0/341028**
57.141.20.15 - - [21/Mar/2026:05:10:20 -0700] "GET /shop/saussurea/placitory012511583932?path=//bin HTTP/2.0" 200 713654 "-" "meta-externalagent/1.1 (+https://developers.facebook.com/docs/sharing/webmasters/crawler)" 512 **0/512298**
