74.7.227.172 - - [21/Mar/2026:05:30:15 -0700] "GET /?fileloc=//usr/bin/[&path=//usr/bin HTTP/2.0" 200 23478 "https://artelron.com/?path=//usr/bin" "Mozilla/5.0 AppleWebKit/537.36 (KHTML, like Gecko; compatible; GPTBot/1.3; +https://openai.com/gptbot)" 340 **0/340224**
57.141.20.51 - - [21/Mar/2026:05:30:16 -0700] "GET /shop/blackjack/coeducational01463544952?fileloc=/home/dxfxddmd03st/public_html/wp-includes/class-wp-theme-json-data.php&path=/home/dxfxddmd03st/public_html/wp-includes HTTP/2.0" 200 14367 "-" "meta-externalagent/1.1 (+https://developers.facebook.com/docs/sharing/webmasters/crawler)" 325 **0/325907**
57.141.20.55 - - [21/Mar/2026:05:30:16 -0700] "GET /shop/similative/artistically011729879418?fileloc=/home/dxfxddmd03st/public_html/wp-includes/block-bindings.php&path=/home/dxfxddmd03st/public_html/wp-includes HTTP/2.0" 200 20547 "-" "meta-externalagent/1.1 (+https://developers.facebook.com/docs/sharing/webmasters/crawler)" 356 **0/356380**
57.141.20.0 - - [21/Mar/2026:05:30:17 -0700] "GET /shop/paynize/sottish011420954520?fileloc=//bin/gnroff&path=//bin HTTP/2.0" 200 15830 "-" "meta-externalagent/1.1 (+https://developers.facebook.com/docs/sharing/webmasters/crawler)" 377 **0/377117**
57.141.20.55 - - [21/Mar/2026:05:30:17 -0700] "GET /shop/conductance/etiolating01638037938?path=/home/dxfxddmd03st/public_html/.tmb HTTP/2.0" 200 22681 "-" "meta-externalagent/1.1 (+https://developers.facebook.com/docs/sharing/webmasters/crawler)" 350 **0/350902**
57.141.20.59 - - [21/Mar/2026:05:30:17 -0700] "GET /shop/purchased/skilligalee012250177543?fileloc=/home/dxfxddmd03st/public_html/wp-admin/user-edit.php&path=/home/dxfxddmd03st/public_html/wp-admin HTTP/2.0" 200 64962 "-" "meta-externalagent/1.1 (+https://developers.facebook.com/docs/sharing/webmasters/crawler)" 369 **0/369834**
57.141.20.32 - - [21/Mar/2026:05:30:17 -0700] "GET /shop/lingism/ungrateful013091259372?fileloc=//proc/irq/70/smp_affinity_list&path=//proc/irq/70 HTTP/2.0" 200 12340 "-" "meta-externalagent/1.1 (+https://developers.facebook.com/docs/sharing/webmasters/crawler)" 348 **0/348296**
57.141.20.50 - - [21/Mar/2026:05:30:18 -0700] "GET /shop/similative/artistically011729879418?fileloc=/home/dxfxddmd03st/public_html/wp-includes/wp-db.php&path=/home/dxfxddmd03st/public_html/wp-includes HTTP/2.0" 200 12984 "-" "meta-externalagent/1.1 (+https://developers.facebook.com/docs/sharing/webmasters/crawler)" 454 **0/454787**
216.73.216.4 - - [21/Mar/2026:05:30:18 -0700] "GET /shop/copyright/misluck01434813258?fileloc=%2Fhome%2Fdxfxddmd03st%2Fpublic_html%2Fwp-load.php&path=%2Fhome%2Fdxfxddmd03st%2Fpublic_html HTTP/2.0" 200 3852 "-" "Mozilla/5.0 AppleWebKit/537.36 (KHTML, like Gecko; compatible; ClaudeBot/1.0; +claudebot@anthropic.com)" 373 **0/373311**
57.141.20.33 - - [21/Mar/2026:05:30:18 -0700] "GET /shop/earldom/disimpassioned013097060243?fileloc=/home/dxfxddmd03st/public_html/wp-includes/class-simplepie.php&path=/home/dxfxddmd03st/public_html/wp-includes HTTP/2.0" 200 12982 "-" "meta-externalagent/1.1 (+https://developers.facebook.com/docs/sharing/webmasters/crawler)" 353 **0/353448**
74.7.243.195 - - [21/Mar/2026:05:30:18 -0700] "GET /shop/applotted/robbin013408930367 HTTP/2.0" 200 3474 "https://www.artelron.com/wp-sitemap.xml" "Mozilla/5.0 AppleWebKit/537.36 (KHTML, like Gecko; compatible; GPTBot/1.3; +https://openai.com/gptbot)" 439 **0/439204**
74.7.227.172 - - [21/Mar/2026:05:30:19 -0700] "GET /?path=//lib/locale/en_GB.iso885915/LC_MESSAGES HTTP/2.0" 200 2608 "https://artelron.com/?path=//lib/locale/en_GB.iso885915" "Mozilla/5.0 AppleWebKit/537.36 (KHTML, like Gecko; compatible; GPTBot/1.3; +https://openai.com/gptbot)" 363 **0/363012**
57.141.20.44 - - [21/Mar/2026:05:30:19 -0700] "GET /shop/synovial/stellaris012476760978 HTTP/2.0" 200 56935 "-" "meta-externalagent/1.1 (+https://developers.facebook.com/docs/sharing/webmasters/crawler)" 384 **0/384114**
57.141.20.51 - - [21/Mar/2026:05:30:19 -0700] "GET /shop/earldom/disimpassioned013097060243?fileloc=/home/dxfxddmd03st/public_html/wp-includes/https-migration.php&path=/home/dxfxddmd03st/public_html/wp-includes HTTP/2.0" 200 17571 "-" "meta-externalagent/1.1 (+https://developers.facebook.com/docs/sharing/webmasters/crawler)" 349 **0/349745**
57.141.20.27 - - [21/Mar/2026:05:30:19 -0700] "GET /shop/similative/artistically011729879418?fileloc=/home/dxfxddmd03st/public_html/wp-admin/install-helper.php&path=/home/dxfxddmd03st/public_html/wp-admin HTTP/2.0" 200 19846 "-" "meta-externalagent/1.1 (+https://developers.facebook.com/docs/sharing/webmasters/crawler)" 370 **0/370825**
57.141.20.38 - - [21/Mar/2026:05:30:20 -0700] "GET /shop/stigmas/reglementary013795209732?fileloc=/home/dxfxddmd03st/public_html/yrgnf.php&path=/home/dxfxddmd03st/public_html HTTP/2.0" 200 44871 "-" "meta-externalagent/1.1 (+https://developers.facebook.com/docs/sharing/webmasters/crawler)" 367 **0/367486**
57.141.20.59 - - [21/Mar/2026:05:30:20 -0700] "GET /shop/loricae/acetarious0132487694?fileloc=/home/dxfxddmd03st/public_html/wp-admin/freedoms.php&path=/home/dxfxddmd03st/public_html/wp-admin HTTP/2.0" 200 18926 "-" "meta-externalagent/1.1 (+https://developers.facebook.com/docs/sharing/webmasters/crawler)" 333 **0/333444**
57.141.20.21 - - [21/Mar/2026:05:30:20 -0700] "GET /shop/drachme/unwieldiness011340308734?fileloc=/home/dxfxddmd03st/public_html/license.txt&path=/home/dxfxddmd03st/public_html HTTP/2.0" 200 32473 "-" "meta-externalagent/1.1 (+https://developers.facebook.com/docs/sharing/webmasters/crawler)" 360 **0/360423**
57.141.20.21 - - [21/Mar/2026:05:30:21 -0700] "GET /shop/presupposal/bottlegreen011258665017?fileloc=/home/dxfxddmd03st/public_html/wp-config-sample.php&path=/home/dxfxddmd03st/public_html HTTP/2.0" 200 16117 "-" "meta-externalagent/1.1 (+https://developers.facebook.com/docs/sharing/webmasters/crawler)" 377 **0/377805**
57.141.20.33 - - [21/Mar/2026:05:30:21 -0700] "GET /shop/blackbrowed/permute01194124640?path=/home/dxfxddmd03st/public_html/cgi-bin/cgi-bin HTTP/2.0" 200 19033 "-" "meta-externalagent/1.1 (+https://developers.facebook.com/docs/sharing/webmasters/crawler)" 341 **0/341987**
216.73.216.4 - - [21/Mar/2026:05:30:21 -0700] "GET /shop/outrage/orcharding012493777280?fileloc=%2Fhome%2Fdxfxddmd03st%2Fpublic_html%2Fwp-activate.php&path=%2Fhome%2Fdxfxddmd03st%2Fpublic_html HTTP/2.0" 200 4671 "-" "Mozilla/5.0 AppleWebKit/537.36 (KHTML, like Gecko; compatible; ClaudeBot/1.0; +claudebot@anthropic.com)" 385 **0/385985**
57.141.20.59 - - [21/Mar/2026:05:30:21 -0700] "GET /shop/blemishing/nullifier01547264268?path=/home/dxfxddmd03st/public_ftp HTTP/2.0" 200 14156 "-" "meta-externalagent/1.1 (+https://developers.facebook.com/docs/sharing/webmasters/crawler)" 327 **0/327930**
74.7.243.195 - - [21/Mar/2026:05:30:22 -0700] "GET /shop/bread/projection011744050981 HTTP/2.0" 200 3474 "https://www.artelron.com/wp-sitemap.xml" "Mozilla/5.0 AppleWebKit/537.36 (KHTML, like Gecko; compatible; GPTBot/1.3; +https://openai.com/gptbot)" 400 **0/400196**
57.141.20.55 - - [21/Mar/2026:05:30:22 -0700] "GET /shop/switcheroo/bheesty012238786899?fileloc=/home/dxfxddmd03st/public_html/wp-config-sample.php&path=/home/dxfxddmd03st/public_html HTTP/2.0" 200 16117 "-" "meta-externalagent/1.1 (+https://developers.facebook.com/docs/sharing/webmasters/crawler)" 408 **0/408837**
74.7.227.172 - - [21/Mar/2026:05:30:22 -0700] "GET /?fileloc=//usr/lib64/python2.7/test/script_helper.py&path=//usr/lib64/python2.7/test HTTP/2.0" 200 2306 "https://artelron.com/?path=//usr/lib64/python2.7/test" "Mozilla/5.0 AppleWebKit/537.36 (KHTML, like Gecko; compatible; GPTBot/1.3; +https://openai.com/gptbot)" 369 **0/369759**
57.141.20.18 - - [21/Mar/2026:05:30:22 -0700] "GET /shop/dejecture/taplings01618354755?path=/home/dxfxddmd03st/.quarantine HTTP/2.0" 200 19102 "-" "meta-externalagent/1.1 (+https://developers.facebook.com/docs/sharing/webmasters/crawler)" 357 **0/357795**
57.141.20.45 - - [21/Mar/2026:05:30:22 -0700] "GET /shop/dejecture/taplings01618354755?path=/home/dxfxddmd03st/.gnupg HTTP/2.0" 200 18676 "-" "meta-externalagent/1.1 (+https://developers.facebook.com/docs/sharing/webmasters/crawler)" 348 **0/348460**
57.141.20.27 - - [21/Mar/2026:05:30:23 -0700] "GET /shop/chalking/mendaciousness013617144169?fileloc=/home/dxfxddmd03st/public_html/wp-activate.php&path=/home/dxfxddmd03st/public_html HTTP/2.0" 200 21378 "-" "meta-externalagent/1.1 (+https://developers.facebook.com/docs/sharing/webmasters/crawler)" 353 **0/353168**
57.141.20.55 - - [21/Mar/2026:05:30:23 -0700] "GET /shop/insulsity/perruque012329169835?fileloc=/home/dxfxddmd03st/public_html/wp-admin/css/login.min.css&path=/home/dxfxddmd03st/public_html/wp-admin/css HTTP/2.0" 200 18944 "-" "meta-externalagent/1.1 (+https://developers.facebook.com/docs/sharing/webmasters/crawler)" 362 **0/362830**
57.141.20.54 - - [21/Mar/2026:05:30:23 -0700] "GET /shop/maritated/cassegrainian011386295105?fileloc=/home/dxfxddmd03st/public_html/wp-activate.php&path=/home/dxfxddmd03st/public_html HTTP/2.0" 200 21378 "-" "meta-externalagent/1.1 (+https://developers.facebook.com/docs/sharing/webmasters/crawler)" 335 **0/335903**
57.141.20.25 - - [21/Mar/2026:05:30:24 -0700] "GET /shop/papulous/humiliating0183453587?fileloc=/home/dxfxddmd03st/public_html/wp-includes/class-wp-customize-control.php&path=/home/dxfxddmd03st/public_html/wp-includes HTTP/2.0" 200 42191 "-" "meta-externalagent/1.1 (+https://developers.facebook.com/docs/sharing/webmasters/crawler)" 317 **0/317507**
216.73.216.4 - - [21/Mar/2026:05:30:24 -0700] "GET /shop/deliriousness/hypogaeous013656482036?fileloc=%2Fhome%2Fdxfxddmd03st%2Fpublic_html%2Fwp-includes%2Fwidgets.php&path=%2Fhome%2Fdxfxddmd03st%2Fpublic_html%2Fwp-includes HTTP/2.0" 200 17831 "-" "Mozilla/5.0 AppleWebKit/537.36 (KHTML, like Gecko; compatible; ClaudeBot/1.0; +claudebot@anthropic.com)" 353 **0/353325**
57.141.20.45 - - [21/Mar/2026:05:30:24 -0700] "GET /shop/bleareyed/recoiler012797960022?path=/home/dxfxddmd03st/public_html/cgi-bin HTTP/2.0" 200 15766 "-" "meta-externalagent/1.1 (+https://developers.facebook.com/docs/sharing/webmasters/crawler)" 321 **0/321602**
74.7.243.195 - - [21/Mar/2026:05:30:25 -0700] "GET /shop/daymare/colorist012442736172 HTTP/2.0" 200 3474 "https://www.artelron.com/wp-sitemap.xml" "Mozilla/5.0 AppleWebKit/537.36 (KHTML, like Gecko; compatible; GPTBot/1.3; +https://openai.com/gptbot)" 343 **0/343953**
74.7.227.172 - - [21/Mar/2026:05:30:25 -0700] "GET /?fileloc=//usr/lib64/python2.7/test/script_helper.pyc&path=//usr/lib64/python2.7/test HTTP/2.0" 200 2403 "https://artelron.com/?path=//usr/lib64/python2.7/test" "Mozilla/5.0 AppleWebKit/537.36 (KHTML, like Gecko; compatible; GPTBot/1.3; +https://openai.com/gptbot)" 338 **0/338564**
57.141.20.53 - - [21/Mar/2026:05:30:25 -0700] "GET /shop/gallicize/technically011263253821?fileloc=/home/dxfxddmd03st/.myimunify_id&path=/home/dxfxddmd03st HTTP/2.0" 200 12420 "-" "meta-externalagent/1.1 (+https://developers.facebook.com/docs/sharing/webmasters/crawler)" 338 **0/338861**
57.141.20.41 - - [21/Mar/2026:05:30:25 -0700] "GET /shop/disfigurement/slimily012708561974?fileloc=/home/dxfxddmd03st/public_html/wp-blog-header.php&path=/home/dxfxddmd03st/public_html HTTP/2.0" 200 12772 "-" "meta-externalagent/1.1 (+https://developers.facebook.com/docs/sharing/webmasters/crawler)" 345 **0/345473**
57.141.20.12 - - [21/Mar/2026:05:30:25 -0700] "GET /shop/cornicular/slavs013839440575?path=/home/dxfxddmd03st/public_html/wp-content HTTP/2.0" 200 28841 "-" "meta-externalagent/1.1 (+https://developers.facebook.com/docs/sharing/webmasters/crawler)" 315 **0/315275**
57.141.20.2 - - [21/Mar/2026:05:30:26 -0700] "GET /shop/windrowing/discalceate012750793949?fileloc=/home/dxfxddmd03st/public_html/wp-includes/js/wp-embed-template.min.js&path=/home/dxfxddmd03st/public_html/wp-includes/js HTTP/2.0" 200 16567 "-" "meta-externalagent/1.1 (+https://developers.facebook.com/docs/sharing/webmasters/crawler)" 356 **0/356472**
57.141.20.58 - - [21/Mar/2026:05:30:26 -0700] "GET /shop/gobius/sprong013664342655?fileloc=/home/dxfxddmd03st/public_html/wp-includes/class-wp-block-patterns-registry.php&path=/home/dxfxddmd03st/public_html/wp-includes HTTP/2.0" 200 24191 "-" "meta-externalagent/1.1 (+https://developers.facebook.com/docs/sharing/webmasters/crawler)" 324 **0/324456**
57.141.20.55 - - [21/Mar/2026:05:30:26 -0700] "GET /shop/windrowing/discalceate012750793949?fileloc=/home/dxfxddmd03st/public_html/wp-includes/js/media-audiovideo.js&path=/home/dxfxddmd03st/public_html/wp-includes/js HTTP/2.0" 200 39180 "-" "meta-externalagent/1.1 (+https://developers.facebook.com/docs/sharing/webmasters/crawler)" 334 **0/334995**
57.141.20.17 - - [21/Mar/2026:05:30:26 -0700] "GET /shop/silundum/tracklessly01977205512?fileloc=/home/dxfxddmd03st/public_html/wp-includes/registration.php&path=/home/dxfxddmd03st/public_html/wp-includes HTTP/2.0" 200 12716 "-" "meta-externalagent/1.1 (+https://developers.facebook.com/docs/sharing/webmasters/crawler)" 381 **0/381531**
57.141.20.23 - - [21/Mar/2026:05:30:27 -0700] "GET /shop/chalking/mendaciousness013617144169?fileloc=/home/dxfxddmd03st/public_html/moked-hash.co.il/license.txt&path=/home/dxfxddmd03st/public_html/moked-hash.co.il HTTP/2.0" 200 32575 "-" "meta-externalagent/1.1 (+https://developers.facebook.com/docs/sharing/webmasters/crawler)" 357 **0/357167**
216.73.216.4 - - [21/Mar/2026:05:30:27 -0700] "GET /shop/remonetization/coluber011021109173?fileloc=%2Fhome%2Fdxfxddmd03st%2Fpublic_html%2Fwp-includes%2Fl10n.php&path=%2Fhome%2Fdxfxddmd03st%2Fpublic_html%2Fwp-includes HTTP/2.0" 200 14886 "-" "Mozilla/5.0 AppleWebKit/537.36 (KHTML, like Gecko; compatible; ClaudeBot/1.0; +claudebot@anthropic.com)" 339 **0/339002**
57.141.20.38 - - [21/Mar/2026:05:30:27 -0700] "GET /shop/fluorated/mermis012901154616?fileloc=/home/dxfxddmd03st/public_html/wp-trackback.php&path=/home/dxfxddmd03st/public_html HTTP/2.0" 200 18506 "-" "meta-externalagent/1.1 (+https://developers.facebook.com/docs/sharing/webmasters/crawler)" 350 **0/350147**
57.141.20.55 - - [21/Mar/2026:05:30:28 -0700] "GET /shop/parabolic/aspire014112237576?path=//opt HTTP/2.0" 200 25674 "-" "meta-externalagent/1.1 (+https://developers.facebook.com/docs/sharing/webmasters/crawler)" 388 **0/388721**
57.141.20.8 - - [21/Mar/2026:05:30:28 -0700] "GET /shop/columbae/columbidae012435741118?fileloc=/home/dxfxddmd03st/public_html/wp-mail.php&path=/home/dxfxddmd03st/public_html HTTP/2.0" 200 22288 "-" "meta-externalagent/1.1 (+https://developers.facebook.com/docs/sharing/webmasters/crawler)" 340 **0/340377**
74.7.243.195 - - [21/Mar/2026:05:30:28 -0700] "GET /shop/enfilade/tempers013578367068 HTTP/2.0" 200 3474 "https://www.artelron.com/wp-sitemap.xml" "Mozilla/5.0 AppleWebKit/537.36 (KHTML, like Gecko; compatible; GPTBot/1.3; +https://openai.com/gptbot)" 338 **0/338582**
74.7.227.172 - - [21/Mar/2026:05:30:28 -0700] "GET /?fileloc=//usr/lib64/python2.7/test/script_helper.pyo&path=//usr/lib64/python2.7/test HTTP/2.0" 200 2403 "https://artelron.com/?path=//usr/lib64/python2.7/test" "Mozilla/5.0 AppleWebKit/537.36 (KHTML, like Gecko; compatible; GPTBot/1.3; +https://openai.com/gptbot)" 353 **0/353078**
57.141.20.28 - - [21/Mar/2026:05:30:28 -0700] "GET /shop/freeswimming/chloro014190113854?path=/home/dxfxddmd03st/public_html/images HTTP/2.0" 200 17300 "-" "meta-externalagent/1.1 (+https://developers.facebook.com/docs/sharing/webmasters/crawler)" 388 **0/388436**
57.141.20.14 - - [21/Mar/2026:05:30:28 -0700] "GET /shop/loricae/acetarious0132487694?fileloc=/home/dxfxddmd03st/public_html/moked-hash.co.il/wp-trackback.php&path=/home/dxfxddmd03st/public_html/moked-hash.co.il HTTP/2.0" 200 18496 "-" "meta-externalagent/1.1 (+https://developers.facebook.com/docs/sharing/webmasters/crawler)" 345 **0/345505**
57.141.20.39 - - [21/Mar/2026:05:30:29 -0700] "GET /shop/hermitage/astrocytoma012155931115 HTTP/2.0" 200 56935 "-" "meta-externalagent/1.1 (+https://developers.facebook.com/docs/sharing/webmasters/crawler)" 327 **0/327585**
57.141.20.40 - - [21/Mar/2026:05:30:29 -0700] "GET /shop/parabolic/aspire014112237576?path=/home/dxfxddmd03st/home HTTP/2.0" 200 14142 "-" "meta-externalagent/1.1 (+https://developers.facebook.com/docs/sharing/webmasters/crawler)" 340 **0/340524**
57.141.20.52 - - [21/Mar/2026:05:30:29 -0700] "GET /shop/dejecture/taplings01618354755?fileloc=/home/dxfxddmd03st/public_html/wp-includes/class-wp-token-map.php&path=/home/dxfxddmd03st/public_html/wp-includes HTTP/2.0" 200 43636 "-" "meta-externalagent/1.1 (+https://developers.facebook.com/docs/sharing/webmasters/crawler)" 350 **0/350518**
57.141.20.2 - - [21/Mar/2026:05:30:30 -0700] "GET /shop/chalking/mendaciousness013617144169?fileloc=/home/dxfxddmd03st/public_html/wp-blog-header.php&path=/home/dxfxddmd03st/public_html HTTP/2.0" 200 12772 "-" "meta-externalagent/1.1 (+https://developers.facebook.com/docs/sharing/webmasters/crawler)" 364 **0/364024**
57.141.20.34 - - [21/Mar/2026:05:30:30 -0700] "GET /shop/persei/explicative01810883709?fileloc=/home/dxfxddmd03st/favicon.ico&path=/home/dxfxddmd03st HTTP/2.0" 200 38485 "-" "meta-externalagent/1.1 (+https://developers.facebook.com/docs/sharing/webmasters/crawler)" 336 **0/336498**
216.73.216.4 - - [21/Mar/2026:05:30:30 -0700] "GET /shop/vortexes/fogies01323489680?fileloc=%2F%2Flib64%2F.libcrypt.so.1.1.0.hmac&path=%2F%2Flib64 HTTP/2.0" 200 2304 "-" "Mozilla/5.0 AppleWebKit/537.36 (KHTML, like Gecko; compatible; ClaudeBot/1.0; +claudebot@anthropic.com)" 318 **0/318169**
57.141.20.49 - - [21/Mar/2026:05:30:31 -0700] "GET /shop/blackjack/coeducational01463544952?fileloc=/home/dxfxddmd03st/public_html/wp-includes/feed-rss2.php&path=/home/dxfxddmd03st/public_html/wp-includes HTTP/2.0" 200 17336 "-" "meta-externalagent/1.1 (+https://developers.facebook.com/docs/sharing/webmasters/crawler)" 351 **0/351343**
57.141.20.35 - - [21/Mar/2026:05:30:31 -0700] "GET /shop/gallicize/technically011263253821?path=/home/dxfxddmd03st/public_html/wp-admin/css/colors HTTP/2.0" 200 30814 "-" "meta-externalagent/1.1 (+https://developers.facebook.com/docs/sharing/webmasters/crawler)" 315 **0/315019**
74.7.243.195 - - [21/Mar/2026:05:30:31 -0700] "GET /shop/rabbet/advocated013078964208 HTTP/2.0" 200 3474 "https://www.artelron.com/wp-sitemap.xml" "Mozilla/5.0 AppleWebKit/537.36 (KHTML, like Gecko; compatible; GPTBot/1.3; +https://openai.com/gptbot)" 364 **0/364487**
74.7.227.172 - - [21/Mar/2026:05:30:31 -0700] "GET /?path=//lib/modules/4.18.0-553.52.1.lve.el8.x86_64/kernel/drivers HTTP/2.0" 200 4040 "https://artelron.com/?path=//lib/modules/4.18.0-553.52.1.lve.el8.x86_64/kernel" "Mozilla/5.0 AppleWebKit/537.36 (KHTML, like Gecko; compatible; GPTBot/1.3; +https://openai.com/gptbot)" 378 **0/378765**
57.141.20.47 - - [21/Mar/2026:05:30:31 -0700] "GET /shop/scribing/dominicans012905906943?fileloc=/home/dxfxddmd03st/public_html/wp-admin/media-upload.php&path=/home/dxfxddmd03st/public_html/wp-admin HTTP/2.0" 200 16779 "-" "meta-externalagent/1.1 (+https://developers.facebook.com/docs/sharing/webmasters/crawler)" 398 **0/398753**
57.141.20.30 - - [21/Mar/2026:05:30:31 -0700] "GET /shop/sanquine/stundist013729468748?path=//run/sepermit HTTP/2.0" 200 12706 "-" "meta-externalagent/1.1 (+https://developers.facebook.com/docs/sharing/webmasters/crawler)" 556 **0/556831**
57.141.20.39 - - [21/Mar/2026:05:30:32 -0700] "GET /shop/insulsity/perruque012329169835?fileloc=/home/dxfxddmd03st/public_html/wp-admin/network/user-edit.php&path=/home/dxfxddmd03st/public_html/wp-admin/network HTTP/2.0" 200 12831 "-" "meta-externalagent/1.1 (+https://developers.facebook.com/docs/sharing/webmasters/crawler)" 564 **0/564169**
57.141.20.41 - - [21/Mar/2026:05:30:32 -0700] "GET /shop/sieboldii/troopmeal014133132842?fileloc=//bin/zegrep&path=//bin HTTP/2.0" 200 12284 "-" "meta-externalagent/1.1 (+https://developers.facebook.com/docs/sharing/webmasters/crawler)" 440 **0/440456**
57.141.20.27 - - [21/Mar/2026:05:30:32 -0700] "GET /shop/nitrobenzol/mozetta011007016547?fileloc=/home/dxfxddmd03st/public_html/wp-includes/ms-functions.php&path=/home/dxfxddmd03st/public_html/wp-includes HTTP/2.0" 200 112115 "-" "meta-externalagent/1.1 (+https://developers.facebook.com/docs/sharing/webmasters/crawler)" 351 **0/351418**
57.141.20.58 - - [21/Mar/2026:05:30:33 -0700] "GET /shop/silundum/tracklessly01977205512?fileloc=/home/dxfxddmd03st/public_html/wp-mail.php&path=/home/dxfxddmd03st/public_html HTTP/2.0" 200 22288 "-" "meta-externalagent/1.1 (+https://developers.facebook.com/docs/sharing/webmasters/crawler)" 365 **0/365668**
57.141.20.42 - - [21/Mar/2026:05:30:33 -0700] "GET /shop/scribing/dominicans012905906943?fileloc=/home/dxfxddmd03st/public_html/wp-admin/widgets-form.php&path=/home/dxfxddmd03st/public_html/wp-admin HTTP/2.0" 200 37444 "-" "meta-externalagent/1.1 (+https://developers.facebook.com/docs/sharing/webmasters/crawler)" 418 **0/418658**
57.141.20.54 - - [21/Mar/2026:05:30:33 -0700] "GET /shop/paynize/sottish011420954520?fileloc=//bin/bzcmp&path=//bin HTTP/2.0" 200 14738 "-" "meta-externalagent/1.1 (+https://developers.facebook.com/docs/sharing/webmasters/crawler)" 335 **0/335829**
216.73.216.4 - - [21/Mar/2026:05:30:33 -0700] "GET /shop/underback/glowered011210393407?fileloc=%2Fhome%2Fdxfxddmd03st%2Fpublic_html%2Fwp-settings.php&path=%2Fhome%2Fdxfxddmd03st%2Fpublic_html HTTP/2.0" 200 8335 "-" "Mozilla/5.0 AppleWebKit/537.36 (KHTML, like Gecko; compatible; ClaudeBot/1.0; +claudebot@anthropic.com)" 556 **0/556172**
57.141.20.56 - - [21/Mar/2026:05:30:34 -0700] "GET /shop/swords/esculent012758152261?path=/home/dxfxddmd03st/public_html/images HTTP/2.0" 200 17300 "-" "meta-externalagent/1.1 (+https://developers.facebook.com/docs/sharing/webmasters/crawler)" 332 **0/332262**
57.141.20.26 - - [21/Mar/2026:05:30:34 -0700] "GET /shop/scribing/dominicans012905906943?fileloc=/home/dxfxddmd03st/public_html/license.txt&path=/home/dxfxddmd03st/public_html HTTP/2.0" 200 32473 "-" "meta-externalagent/1.1 (+https://developers.facebook.com/docs/sharing/webmasters/crawler)" 318 **0/318188**
74.7.243.195 - - [21/Mar/2026:05:30:34 -0700] "GET /shop/lothario/misuser012297405688 HTTP/2.0" 200 3474 "https://www.artelron.com/wp-sitemap.xml" "Mozilla/5.0 AppleWebKit/537.36 (KHTML, like Gecko; compatible; GPTBot/1.3; +https://openai.com/gptbot)" 330 **0/330228**
74.7.227.172 - - [21/Mar/2026:05:30:34 -0700] "GET /?fileloc=//lib/systemd/systemd-fsck&path=//lib/systemd HTTP/2.0" 200 9811 "https://artelron.com/?path=//lib/systemd" "Mozilla/5.0 AppleWebKit/537.36 (KHTML, like Gecko; compatible; GPTBot/1.3; +https://openai.com/gptbot)" 319 **0/319382**
57.141.20.55 - - [21/Mar/2026:05:30:34 -0700] "GET /shop/along/marjorana01767321536?path=/home/dxfxddmd03st/tmp HTTP/2.0" 200 38352 "-" "meta-externalagent/1.1 (+https://developers.facebook.com/docs/sharing/webmasters/crawler)" 778 **0/778411**
57.141.20.1 - - [21/Mar/2026:05:30:35 -0700] "GET /shop/chalking/mendaciousness013617144169?fileloc=/home/dxfxddmd03st/public_html/moked-hash.co.il/wp-activate.php&path=/home/dxfxddmd03st/public_html/moked-hash.co.il HTTP/2.0" 200 21521 "-" "meta-externalagent/1.1 (+https://developers.facebook.com/docs/sharing/webmasters/crawler)" 499 **0/499679**
57.141.20.20 - - [21/Mar/2026:05:30:35 -0700] "GET /shop/pastorling/churrworm013828657064?fileloc=/home/dxfxddmd03st/public_html/wp-links-opml.php&path=/home/dxfxddmd03st/public_html HTTP/2.0" 200 15446 "-" "meta-externalagent/1.1 (+https://developers.facebook.com/docs/sharing/webmasters/crawler)" 594 **0/594089**
57.141.20.36 - - [21/Mar/2026:05:30:35 -0700] "GET /shop/geostatic/trembled013685842855 HTTP/2.0" 200 56935 "-" "meta-externalagent/1.1 (+https://developers.facebook.com/docs/sharing/webmasters/crawler)" 332 **0/332182**
57.141.20.33 - - [21/Mar/2026:05:30:36 -0700] "GET /shop/liripoop/pantagraph01240338238 HTTP/2.0" 200 56935 "-" "meta-externalagent/1.1 (+https://developers.facebook.com/docs/sharing/webmasters/crawler)" 336 **0/336673**
57.141.20.34 - - [21/Mar/2026:05:30:36 -0700] "GET /shop/saussurea/placitory012511583932?fileloc=/home/dxfxddmd03st/public_html/index.php&path=/home/dxfxddmd03st/public_html HTTP/2.0" 200 33839 "-" "meta-externalagent/1.1 (+https://developers.facebook.com/docs/sharing/webmasters/crawler)" 315 **0/315480**
216.73.216.4 - - [21/Mar/2026:05:30:36 -0700] "GET /shop/insuperableness/unmoralized01570640983?fileloc=%2Fhome%2Fdxfxddmd03st%2Fpublic_html%2Fwp-includes%2Fsession.php&path=%2Fhome%2Fdxfxddmd03st%2Fpublic_html%2Fwp-includes HTTP/2.0" 200 2412 "-" "Mozilla/5.0 AppleWebKit/537.36 (KHTML, like Gecko; compatible; ClaudeBot/1.0; +claudebot@anthropic.com)" 322 **0/322278**
57.141.20.2 - - [21/Mar/2026:05:30:36 -0700] "GET /shop/silundum/tracklessly01977205512?fileloc=/home/dxfxddmd03st/public_html/wp-includes/functions.wp-scripts.php&path=/home/dxfxddmd03st/public_html/wp-includes HTTP/2.0" 200 29094 "-" "meta-externalagent/1.1 (+https://developers.facebook.com/docs/sharing/webmasters/crawler)" 345 **0/345674**
57.141.20.34 - - [21/Mar/2026:05:30:37 -0700] "GET /shop/envious/disgracer013119772574?fileloc=/home/dxfxddmd03st/public_html/wp-includes/meta.php&path=/home/dxfxddmd03st/public_html/wp-includes HTTP/2.0" 200 83217 "-" "meta-externalagent/1.1 (+https://developers.facebook.com/docs/sharing/webmasters/crawler)" 347 **0/347039**
57.141.20.14 - - [21/Mar/2026:05:30:37 -0700] "GET /shop/envious/disgracer013119772574?fileloc=/home/dxfxddmd03st/public_html/wp-includes/l10n.php&path=/home/dxfxddmd03st/public_html/wp-includes HTTP/2.0" 200 85999 "-" "meta-externalagent/1.1 (+https://developers.facebook.com/docs/sharing/webmasters/crawler)" 348 **0/348393**
74.7.243.195 - - [21/Mar/2026:05:30:37 -0700] "GET /shop/betide/hemelytra013171605588 HTTP/2.0" 200 3474 "https://www.artelron.com/wp-sitemap.xml" "Mozilla/5.0 AppleWebKit/537.36 (KHTML, like Gecko; compatible; GPTBot/1.3; +https://openai.com/gptbot)" 318 **0/318642**
74.7.227.172 - - [21/Mar/2026:05:30:37 -0700] "GET /?fileloc=//lib/systemd/portablectl&path=//lib/systemd HTTP/2.0" 200 15433 "https://artelron.com/?path=//lib/systemd" "Mozilla/5.0 AppleWebKit/537.36 (KHTML, like Gecko; compatible; GPTBot/1.3; +https://openai.com/gptbot)" 349 **0/349331**
57.141.20.55 - - [21/Mar/2026:05:30:37 -0700] "GET /shop/tumidly/marmoratum013693201199 HTTP/2.0" 200 56935 "-" "meta-externalagent/1.1 (+https://developers.facebook.com/docs/sharing/webmasters/crawler)" 420 **0/420287**
57.141.20.57 - - [21/Mar/2026:05:30:38 -0700] "GET /shop/downgyved/tussar011831861913 HTTP/2.0" 200 56935 "-" "meta-externalagent/1.1 (+https://developers.facebook.com/docs/sharing/webmasters/crawler)" 320 **0/320676**
57.141.20.55 - - [21/Mar/2026:05:30:38 -0700] "GET /shop/dangle/denize01957426260?fileloc=/home/dxfxddmd03st/public_html/license.txt&path=/home/dxfxddmd03st/public_html HTTP/2.0" 200 32473 "-" "meta-externalagent/1.1 (+https://developers.facebook.com/docs/sharing/webmasters/crawler)" 319 **0/319564**
57.141.20.15 - - [21/Mar/2026:05:30:38 -0700] "GET /shop/splendid/highminded011138211470?fileloc=/home/dxfxddmd03st/public_html/wp-links-opml.php&path=/home/dxfxddmd03st/public_html HTTP/2.0" 200 15446 "-" "meta-externalagent/1.1 (+https://developers.facebook.com/docs/sharing/webmasters/crawler)" 323 **0/323447**
57.141.20.9 - - [21/Mar/2026:05:30:39 -0700] "GET /shop/diamond/angelus011215480567?fileloc=/home/dxfxddmd03st/public_html/colors.php&path=/home/dxfxddmd03st/public_html HTTP/2.0" 200 145270 "-" "meta-externalagent/1.1 (+https://developers.facebook.com/docs/sharing/webmasters/crawler)" 355 **0/355637**
57.141.20.37 - - [21/Mar/2026:05:30:39 -0700] "GET /shop/alkalimetric/herpetology012024390851?fileloc=/home/dxfxddmd03st/public_html/wp-trackback.php&path=/home/dxfxddmd03st/public_html HTTP/2.0" 200 18506 "-" "meta-externalagent/1.1 (+https://developers.facebook.com/docs/sharing/webmasters/crawler)" 405 **0/405781**
216.73.216.4 - - [21/Mar/2026:05:30:39 -0700] "GET /shop/audiovisual/squinteyed013958001816?fileloc=%2Fhome%2Fdxfxddmd03st%2Fpublic_html%2Fwp-includes%2Fshortcodes.php&path=%2Fhome%2Fdxfxddmd03st%2Fpublic_html%2Fwp-includes HTTP/2.0" 200 8741 "-" "Mozilla/5.0 AppleWebKit/537.36 (KHTML, like Gecko; compatible; ClaudeBot/1.0; +claudebot@anthropic.com)" 328 **0/328714**
57.141.20.57 - - [21/Mar/2026:05:30:40 -0700] "GET /shop/outandout/horsewoman013165986172 HTTP/2.0" 200 56935 "-" "meta-externalagent/1.1 (+https://developers.facebook.com/docs/sharing/webmasters/crawler)" 319 **0/319471**
57.141.20.24 - - [21/Mar/2026:05:30:40 -0700] "GET /shop/tinman/brotheler011710196267?fileloc=/home/dxfxddmd03st/public_html/wp-admin/authorize-application.php&path=/home/dxfxddmd03st/public_html/wp-admin HTTP/2.0" 200 25004 "-" "meta-externalagent/1.1 (+https://developers.facebook.com/docs/sharing/webmasters/crawler)" 345 **0/345845**
57.141.20.48 - - [21/Mar/2026:05:30:40 -0700] "GET /shop/paynize/sottish011420954520?fileloc=//bin/tar&path=//bin HTTP/2.0" 200 734241 "-" "meta-externalagent/1.1 (+https://developers.facebook.com/docs/sharing/webmasters/crawler)" 527 **0/527193**
57.141.20.55 - - [21/Mar/2026:05:30:40 -0700] "GET /shop/tortoiseshell/undershot013641023175 HTTP/2.0" 200 56935 "-" "meta-externalagent/1.1 (+https://developers.facebook.com/docs/sharing/webmasters/crawler)" 326 **0/326612**
74.7.243.195 - - [21/Mar/2026:05:30:41 -0700] "GET /shop/zeros/trigeminal012881619239 HTTP/2.0" 200 3474 "https://www.artelron.com/wp-sitemap.xml" "Mozilla/5.0 AppleWebKit/537.36 (KHTML, like Gecko; compatible; GPTBot/1.3; +https://openai.com/gptbot)" 327 **0/327984**
74.7.227.172 - - [21/Mar/2026:05:30:41 -0700] "GET /?path=//usr/lib64/python3.6/curses/__pycache__ HTTP/2.0" 200 2934 "https://artelron.com/?path=//usr/lib64/python3.6/curses" "Mozilla/5.0 AppleWebKit/537.36 (KHTML, like Gecko; compatible; GPTBot/1.3; +https://openai.com/gptbot)" 332 **0/332962**
57.141.20.13 - - [21/Mar/2026:05:30:41 -0700] "GET /shop/tribunician/offended012240951505?path=/home/dxfxddmd03st/public_html/.tmb HTTP/2.0" 200 22681 "-" "meta-externalagent/1.1 (+https://developers.facebook.com/docs/sharing/webmasters/crawler)" 329 **0/329810**
57.141.20.55 - - [21/Mar/2026:05:30:41 -0700] "GET /shop/leasow/dissension013505033822?fileloc=/home/dxfxddmd03st/public_html/wp-includes/general-template.php&path=/home/dxfxddmd03st/public_html/wp-includes HTTP/2.0" 200 209232 "-" "meta-externalagent/1.1 (+https://developers.facebook.com/docs/sharing/webmasters/crawler)" 331 **0/331871**
57.141.20.14 - - [21/Mar/2026:05:30:41 -0700] "GET /shop/paynize/sottish011420954520?path=/home/dxfxddmd03st/public_html/wp-admin HTTP/2.0" 200 171679 "-" "meta-externalagent/1.1 (+https://developers.facebook.com/docs/sharing/webmasters/crawler)" 343 **0/343072**
57.141.20.45 - - [21/Mar/2026:05:30:42 -0700] "GET /shop/paynize/sottish011420954520?fileloc=//bin/bash&path=//bin HTTP/2.0" 200 1782007 "-" "meta-externalagent/1.1 (+https://developers.facebook.com/docs/sharing/webmasters/crawler)" 622 **0/622337**
57.141.20.50 - - [21/Mar/2026:05:30:42 -0700] "GET /shop/saltier/bracketing013690431659 HTTP/2.0" 200 56935 "-" "meta-externalagent/1.1 (+https://developers.facebook.com/docs/sharing/webmasters/crawler)" 356 **0/356973**
216.73.216.4 - - [21/Mar/2026:05:30:42 -0700] "GET /shop/cortisone/fearfulness01797461016?fileloc=%2F%2Fbin%2Fps2ps&path=%2F%2Fbin HTTP/2.0" 200 2638 "-" "Mozilla/5.0 AppleWebKit/537.36 (KHTML, like Gecko; compatible; ClaudeBot/1.0; +claudebot@anthropic.com)" 347 **0/347462**
57.141.20.35 - - [21/Mar/2026:05:30:42 -0700] "GET /shop/guideress/obtusely012542050594 HTTP/2.0" 200 56935 "-" "meta-externalagent/1.1 (+https://developers.facebook.com/docs/sharing/webmasters/crawler)" 330 **0/330805**
57.141.20.19 - - [21/Mar/2026:05:30:43 -0700] "GET /shop/deepwaisted/asserting012628497267?fileloc=//bin/date&path=//bin HTTP/2.0" 200 179119 "-" "meta-externalagent/1.1 (+https://developers.facebook.com/docs/sharing/webmasters/crawler)" 343 **0/343995**
57.141.20.49 - - [21/Mar/2026:05:30:43 -0700] "GET /shop/parabolic/aspire014112237576?path=//run/cagefs HTTP/2.0" 200 14100 "-" "meta-externalagent/1.1 (+https://developers.facebook.com/docs/sharing/webmasters/crawler)" 342 **0/342203**
57.141.20.8 - - [21/Mar/2026:05:30:43 -0700] "GET /shop/insulsity/perruque012329169835?path=//var/cache HTTP/2.0" 200 16794 "-" "meta-externalagent/1.1 (+https://developers.facebook.com/docs/sharing/webmasters/crawler)" 361 **0/361577**
57.141.20.34 - - [21/Mar/2026:05:30:44 -0700] "GET /shop/hygroscopicity/connecticuter012232822489?fileloc=/home/dxfxddmd03st/.bash_logout&path=/home/dxfxddmd03st HTTP/2.0" 200 12433 "-" "meta-externalagent/1.1 (+https://developers.facebook.com/docs/sharing/webmasters/crawler)" 365 **0/365776**
74.7.243.195 - - [21/Mar/2026:05:30:44 -0700] "GET /shop/halftime/lindera012909361769 HTTP/2.0" 200 3474 "https://www.artelron.com/wp-sitemap.xml" "Mozilla/5.0 AppleWebKit/537.36 (KHTML, like Gecko; compatible; GPTBot/1.3; +https://openai.com/gptbot)" 390 **0/390159**
74.7.227.172 - - [21/Mar/2026:05:30:44 -0700] "GET /?fileloc=//usr/lib64/libpciaccess.so.0.11.1&path=//usr/lib64 HTTP/2.0" 200 17068 "https://artelron.com/?path=//usr/lib64" "Mozilla/5.0 AppleWebKit/537.36 (KHTML, like Gecko; compatible; GPTBot/1.3; +https://openai.com/gptbot)" 477 **0/477336**
57.141.20.47 - - [21/Mar/2026:05:30:44 -0700] "GET /shop/enchase/tsetung012334970722?fileloc=//lib64/libodbcmyS.so.2&path=//lib64 HTTP/2.0" 200 25880 "-" "meta-externalagent/1.1 (+https://developers.facebook.com/docs/sharing/webmasters/crawler)" 333 **0/333466**
57.141.20.45 - - [21/Mar/2026:05:30:45 -0700] "GET /shop/thrivingness/rhopalic013235613478?fileloc=/home/dxfxddmd03st/public_html/wp-admin/link-parse-opml.php&path=/home/dxfxddmd03st/public_html/wp-admin HTTP/2.0" 200 15567 "-" "meta-externalagent/1.1 (+https://developers.facebook.com/docs/sharing/webmasters/crawler)" 347 **0/347173**
57.141.20.57 - - [21/Mar/2026:05:30:45 -0700] "GET /shop/calamities/daneweed013918269328?fileloc=/home/dxfxddmd03st/public_html/wp-admin/admin-post.php&path=/home/dxfxddmd03st/public_html/wp-admin HTTP/2.0" 200 14666 "-" "meta-externalagent/1.1 (+https://developers.facebook.com/docs/sharing/webmasters/crawler)" 354 **0/354729**
57.141.20.21 - - [21/Mar/2026:05:30:45 -0700] "GET /shop/enchase/tsetung012334970722?fileloc=//lib64/libelf.so.1&path=//lib64 HTTP/2.0" 200 180588 "-" "meta-externalagent/1.1 (+https://developers.facebook.com/docs/sharing/webmasters/crawler)" 379 **0/379987**
57.141.20.42 - - [21/Mar/2026:05:30:45 -0700] "GET /shop/miswed/oligomer01222819661?fileloc=/home/dxfxddmd03st/public_html/index.php&path=/home/dxfxddmd03st/public_html HTTP/2.0" 200 33839 "-" "meta-externalagent/1.1 (+https://developers.facebook.com/docs/sharing/webmasters/crawler)" 329 **0/329369**
57.141.20.15 - - [21/Mar/2026:05:30:46 -0700] "GET /shop/dannebrog/councilman01974781330?fileloc=/home/dxfxddmd03st/public_html/wp-includes/bookmark.php&path=/home/dxfxddmd03st/public_html/wp-includes HTTP/2.0" 200 30319 "-" "meta-externalagent/1.1 (+https://developers.facebook.com/docs/sharing/webmasters/crawler)" 329 **0/329899**
57.141.20.42 - - [21/Mar/2026:05:30:46 -0700] "GET /shop/enchase/tsetung012334970722?fileloc=//lib64/libnssdbm3.so&path=//lib64 HTTP/2.0" 200 238966 "-" "meta-externalagent/1.1 (+https://developers.facebook.com/docs/sharing/webmasters/crawler)" 492 **0/492260**
57.141.20.19 - - [21/Mar/2026:05:30:46 -0700] "GET /shop/universalness/suboesophageal011326215324?fileloc=/home/dxfxddmd03st/public_html/robots.txt&path=/home/dxfxddmd03st/public_html HTTP/2.0" 200 12472 "-" "meta-externalagent/1.1 (+https://developers.facebook.com/docs/sharing/webmasters/crawler)" 347 **0/347534**
57.141.20.46 - - [21/Mar/2026:05:30:47 -0700] "GET /shop/calamities/daneweed013918269328?fileloc=/home/dxfxddmd03st/public_html/wp-admin/install.php&path=/home/dxfxddmd03st/public_html/wp-admin HTTP/2.0" 200 35626 "-" "meta-externalagent/1.1 (+https://developers.facebook.com/docs/sharing/webmasters/crawler)" 367 **0/367899**
74.7.243.195 - - [21/Mar/2026:05:30:47 -0700] "GET /shop/luteola/makebelief01556683520?path=/home/dxfxddmd03st/public_html/images HTTP/2.0" 200 2686 "https://www.artelron.com/shop/luteola/makebelief01556683520" "Mozilla/5.0 AppleWebKit/537.36 (KHTML, like Gecko; compatible; GPTBot/1.3; +https://openai.com/gptbot)" 368 **0/368838**
74.7.227.172 - - [21/Mar/2026:05:30:47 -0700] "GET /?fileloc=//usr/lib64/python3.6/__pycache__/opcode.cpython-36.pyc&path=//usr/lib64/python3.6/__pycache__ HTTP/2.0" 200 4639 "https://artelron.com/?path=//usr/lib64/python3.6/__pycache__" "Mozilla/5.0 AppleWebKit/537.36 (KHTML, like Gecko; compatible; GPTBot/1.3; +https://openai.com/gptbot)" 337 **0/337963**
57.141.20.10 - - [21/Mar/2026:05:30:47 -0700] "GET /shop/blackjack/coeducational01463544952?fileloc=/home/dxfxddmd03st/public_html/wp-includes/option.php&path=/home/dxfxddmd03st/public_html/wp-includes HTTP/2.0" 200 125446 "-" "meta-externalagent/1.1 (+https://developers.facebook.com/docs/sharing/webmasters/crawler)" 330 **0/330195**
57.141.20.57 - - [21/Mar/2026:05:30:48 -0700] "GET /shop/liard/submultiple01928794959?path=//lib/gcc HTTP/2.0" 200 14052 "-" "meta-externalagent/1.1 (+https://developers.facebook.com/docs/sharing/webmasters/crawler)" 352 **0/352971**
57.141.20.55 - - [21/Mar/2026:05:30:48 -0700] "GET /shop/gobius/sprong013664342655?fileloc=/home/dxfxddmd03st/public_html/wp-includes/link-template.php&path=/home/dxfxddmd03st/public_html/wp-includes HTTP/2.0" 403 56935 "-" "meta-externalagent/1.1 (+https://developers.facebook.com/docs/sharing/webmasters/crawler)" 325 **0/325519**
57.141.20.24 - - [21/Mar/2026:05:30:48 -0700] "GET /shop/isolator/proteron011878846183?fileloc=/home/dxfxddmd03st/public_html/wp-config-sample.php&path=/home/dxfxddmd03st/public_html HTTP/2.0" 403 56935 "-" "meta-externalagent/1.1 (+https://developers.facebook.com/docs/sharing/webmasters/crawler)" 337 **0/337874**
57.141.20.25 - - [21/Mar/2026:05:30:48 -0700] "GET /shop/crocidura/british013574912226?fileloc=/home/dxfxddmd03st/public_html/wp-cron.php&path=/home/dxfxddmd03st/public_html HTTP/2.0" 403 56935 "-" "meta-externalagent/1.1 (+https://developers.facebook.com/docs/sharing/webmasters/crawler)" 327 **0/327116**
216.73.216.4 - - [21/Mar/2026:05:30:49 -0700] "GET /shop/detachment/squashy011905043147?fileloc=%2Fhome%2Fdxfxddmd03st%2Fpublic_html%2Fwp-blog-header.php&path=%2Fhome%2Fdxfxddmd03st%2Fpublic_html HTTP/2.0" 200 2445 "-" "Mozilla/5.0 AppleWebKit/537.36 (KHTML, like Gecko; compatible; ClaudeBot/1.0; +claudebot@anthropic.com)" 316 **0/316179**
57.141.20.27 - - [21/Mar/2026:05:30:49 -0700] "GET /shop/irrorating/harpies013846357460?fileloc=/home/dxfxddmd03st/public_html/wp-admin/index.php&path=/home/dxfxddmd03st/public_html/wp-admin HTTP/2.0" 403 56935 "-" "meta-externalagent/1.1 (+https://developers.facebook.com/docs/sharing/webmasters/crawler)" 344 **0/344659**
57.141.20.49 - - [21/Mar/2026:05:30:49 -0700] "GET /shop/gobius/sprong013664342655?path=/home/dxfxddmd03st/public_html/wp-includes/IXR HTTP/2.0" 403 56935 "-" "meta-externalagent/1.1 (+https://developers.facebook.com/docs/sharing/webmasters/crawler)" 332 **0/332129**
57.141.20.59 - - [21/Mar/2026:05:30:49 -0700] "GET /shop/deltafication/sinensis011261089231?path=//etc/alternatives HTTP/2.0" 403 56935 "-" "meta-externalagent/1.1 (+https://developers.facebook.com/docs/sharing/webmasters/crawler)" 348 **0/348409**
57.141.20.55 - - [21/Mar/2026:05:30:50 -0700] "GET /shop/similative/artistically011729879418?path=//run HTTP/2.0" 403 56935 "-" "meta-externalagent/1.1 (+https://developers.facebook.com/docs/sharing/webmasters/crawler)" 336 **0/336446**
74.7.243.195 - - [21/Mar/2026:05:30:50 -0700] "GET /shop/proximally/craft012230082640 HTTP/2.0" 200 3474 "https://www.artelron.com/wp-sitemap.xml" "Mozilla/5.0 AppleWebKit/537.36 (KHTML, like Gecko; compatible; GPTBot/1.3; +https://openai.com/gptbot)" 315 **0/315944**
57.141.20.43 - - [21/Mar/2026:05:30:50 -0700] "GET /shop/loricae/acetarious0132487694?fileloc=/home/dxfxddmd03st/public_html/wp-admin/admin.php&path=/home/dxfxddmd03st/public_html/wp-admin HTTP/2.0" 403 56935 "-" "meta-externalagent/1.1 (+https://developers.facebook.com/docs/sharing/webmasters/crawler)" 316 **0/316068**
74.7.227.172 - - [21/Mar/2026:05:30:50 -0700] "GET /?fileloc=//usr/lib64/python3.6/__pycache__/sched.cpython-36.opt-1.pyc&path=//usr/lib64/python3.6/__pycache__ HTTP/2.0" 200 5276 "https://artelron.com/?path=//usr/lib64/python3.6/__pycache__" "Mozilla/5.0 AppleWebKit/537.36 (KHTML, like Gecko; compatible; GPTBot/1.3; +https://openai.com/gptbot)" 321 **0/321085**
57.141.20.33 - - [21/Mar/2026:05:30:50 -0700] "GET /shop/loricae/acetarious0132487694?fileloc=/home/dxfxddmd03st/public_html/wp-admin/ms-admin.php&path=/home/dxfxddmd03st/public_html/wp-admin HTTP/2.0" 403 56935 "-" "meta-externalagent/1.1 (+https://developers.facebook.com/docs/sharing/webmasters/crawler)" 322 **0/322755**
57.141.20.20 - - [21/Mar/2026:05:30:51 -0700] "GET /shop/liard/submultiple01928794959?path=//lib/.build-id/7d HTTP/2.0" 403 56935 "-" "meta-externalagent/1.1 (+https://developers.facebook.com/docs/sharing/webmasters/crawler)" 317 **0/317551**
57.141.20.54 - - [21/Mar/2026:05:30:51 -0700] "GET /shop/gobius/sprong013664342655?fileloc=/home/dxfxddmd03st/public_html/wp-includes/class-wp-block-metadata-registry.php&path=/home/dxfxddmd03st/public_html/wp-includes HTTP/2.0" 403 56935 "-" "meta-externalagent/1.1 (+https://developers.facebook.com/docs/sharing/webmasters/crawler)" 326 **0/326538**
57.141.20.9 - - [21/Mar/2026:05:30:51 -0700] "GET /shop/flugelman/quadragesimal011309467419?fileloc=/home/dxfxddmd03st/public_html/wp-blog-header.php&path=/home/dxfxddmd03st/public_html HTTP/2.0" 403 56935 "-" "meta-externalagent/1.1 (+https://developers.facebook.com/docs/sharing/webmasters/crawler)" 320 **0/320039**
216.73.216.4 - - [21/Mar/2026:05:30:51 -0700] "GET /shop/vortexes/fogies01323489680?fileloc=%2F%2Flib64%2Flibext2fs.so.2&path=%2F%2Flib64 HTTP/2.0" 200 172374 "-" "Mozilla/5.0 AppleWebKit/537.36 (KHTML, like Gecko; compatible; ClaudeBot/1.0; +claudebot@anthropic.com)" 390 **0/390623**
57.141.20.24 - - [21/Mar/2026:05:30:52 -0700] "GET /shop/serphyllum/bedote011556780382?fileloc=/home/dxfxddmd03st/public_html/wp-signup.php&path=/home/dxfxddmd03st/public_html HTTP/2.0" 403 56935 "-" "meta-externalagent/1.1 (+https://developers.facebook.com/docs/sharing/webmasters/crawler)" 308 **0/308908**
57.141.20.20 - - [21/Mar/2026:05:30:52 -0700] "GET /shop/facundity/sperate014274923098?path=/home/dxfxddmd03st/public_html/ssl HTTP/2.0" 403 56935 "-" "meta-externalagent/1.1 (+https://developers.facebook.com/docs/sharing/webmasters/crawler)" 309 **0/309405**
57.141.20.15 - - [21/Mar/2026:05:30:52 -0700] "GET /shop/subliminal/prattling01564012173?path=/home/dxfxddmd03st/public_html/.tmb HTTP/2.0" 403 56935 "-" "meta-externalagent/1.1 (+https://developers.facebook.com/docs/sharing/webmasters/crawler)" 371 **0/371538**
57.141.20.13 - - [21/Mar/2026:05:30:53 -0700] "GET /shop/thrivingness/rhopalic013235613478?path=/home/dxfxddmd03st/.appdata HTTP/2.0" 403 56935 "-" "meta-externalagent/1.1 (+https://developers.facebook.com/docs/sharing/webmasters/crawler)" 391 **0/391992**
74.7.243.195 - - [21/Mar/2026:05:30:53 -0700] "GET /shop/molestie/exciter012663400589 HTTP/2.0" 200 3474 "https://www.artelron.com/wp-sitemap.xml" "Mozilla/5.0 AppleWebKit/537.36 (KHTML, like Gecko; compatible; GPTBot/1.3; +https://openai.com/gptbot)" 369 **0/369092**
74.7.227.172 - - [21/Mar/2026:05:30:53 -0700] "GET /?fileloc=//usr/lib64/python3.6/__pycache__/fnmatch.cpython-36.opt-1.pyc&path=//usr/lib64/python3.6/__pycache__ HTTP/2.0" 200 3869 "https://artelron.com/?path=//usr/lib64/python3.6/__pycache__" "Mozilla/5.0 AppleWebKit/537.36 (KHTML, like Gecko; compatible; GPTBot/1.3; +https://openai.com/gptbot)" 531 **0/531922**
57.141.20.34 - - [21/Mar/2026:05:30:53 -0700] "GET /shop/silundum/tracklessly01977205512?fileloc=/home/dxfxddmd03st/public_html/wp-includes/class-wp-http-encoding.php&path=/home/dxfxddmd03st/public_html/wp-includes HTTP/2.0" 403 56935 "-" "meta-externalagent/1.1 (+https://developers.facebook.com/docs/sharing/webmasters/crawler)" 494 **0/494817**
57.141.20.37 - - [21/Mar/2026:05:30:54 -0700] "GET /shop/purchased/skilligalee012250177543?fileloc=/home/dxfxddmd03st/public_html/wp-config-sample.php&path=/home/dxfxddmd03st/public_html HTTP/2.0" 403 56935 "-" "meta-externalagent/1.1 (+https://developers.facebook.com/docs/sharing/webmasters/crawler)" 679 **0/679886**
57.141.20.3 - - [21/Mar/2026:05:30:54 -0700] "GET /shop/liparidae/burbolt01666551124?fileloc=/home/dxfxddmd03st/public_html/wp-blog-header.php&path=/home/dxfxddmd03st/public_html HTTP/2.0" 403 56935 "-" "meta-externalagent/1.1 (+https://developers.facebook.com/docs/sharing/webmasters/crawler)" 748 **0/748374**
57.141.20.24 - - [21/Mar/2026:05:30:54 -0700] "GET /shop/euchroic/snored013934575806?fileloc=/home/dxfxddmd03st/public_html/wp-admin/post.php&path=/home/dxfxddmd03st/public_html/wp-admin HTTP/2.0" 403 56935 "-" "meta-externalagent/1.1 (+https://developers.facebook.com/docs/sharing/webmasters/crawler)" 354 **0/354329**
216.73.216.4 - - [21/Mar/2026:05:30:54 -0700] "GET /shop/believing/bonds01639403389?fileloc=%2Fhome%2Fdxfxddmd03st%2Fpublic_html%2Findex.php&path=%2Fhome%2Fdxfxddmd03st%2Fpublic_html HTTP/2.0" 200 9837 "-" "Mozilla/5.0 AppleWebKit/537.36 (KHTML, like Gecko; compatible; ClaudeBot/1.0; +claudebot@anthropic.com)" 418 **0/418058**
57.141.20.40 - - [21/Mar/2026:05:30:55 -0700] "GET /shop/gallicize/technically011263253821?fileloc=/home/dxfxddmd03st/public_html/wp-admin/css/install-rtl.css&path=/home/dxfxddmd03st/public_html/wp-admin/css HTTP/2.0" 403 56935 "-" "meta-externalagent/1.1 (+https://developers.facebook.com/docs/sharing/webmasters/crawler)" 367 **0/367653**
57.141.20.44 - - [21/Mar/2026:05:30:55 -0700] "GET /shop/silundum/tracklessly01977205512?fileloc=/home/dxfxddmd03st/public_html/wp-includes/js/wp-emoji.js&path=/home/dxfxddmd03st/public_html/wp-includes/js HTTP/2.0" 403 56935 "-" "meta-externalagent/1.1 (+https://developers.facebook.com/docs/sharing/webmasters/crawler)" 394 **0/394257**
57.141.20.55 - - [21/Mar/2026:05:30:55 -0700] "GET /shop/articulating/paver012670729226?path=//var HTTP/2.0" 403 56935 "-" "meta-externalagent/1.1 (+https://developers.facebook.com/docs/sharing/webmasters/crawler)" 359 **0/359721**
57.141.20.10 - - [21/Mar/2026:05:30:55 -0700] "GET /shop/enchase/tsetung012334970722?fileloc=/home/dxfxddmd03st/www/wp-includes/class-phpass.php&path=/home/dxfxddmd03st/www/wp-includes HTTP/2.0" 403 56935 "-" "meta-externalagent/1.1 (+https://developers.facebook.com/docs/sharing/webmasters/crawler)" 345 **0/345457**
57.141.20.30 - - [21/Mar/2026:05:30:56 -0700] "GET /shop/didactic/evocation012923261997?path=/home/dxfxddmd03st/public_html/wp-includes HTTP/2.0" 403 56935 "-" "meta-externalagent/1.1 (+https://developers.facebook.com/docs/sharing/webmasters/crawler)" 335 **0/335404**
57.141.20.11 - - [21/Mar/2026:05:30:56 -0700] "GET /shop/similative/artistically011729879418?fileloc=/home/dxfxddmd03st/public_html/wp-admin/plugin-install.php&path=/home/dxfxddmd03st/public_html/wp-admin HTTP/2.0" 403 56935 "-" "meta-externalagent/1.1 (+https://developers.facebook.com/docs/sharing/webmasters/crawler)" 306 **0/306720**
74.7.227.172 - - [21/Mar/2026:05:30:56 -0700] "GET /?path=//usr/lib64/perl5/asm-generic HTTP/2.0" 200 2806 "https://artelron.com/?path=//usr/lib64/perl5" "Mozilla/5.0 AppleWebKit/537.36 (KHTML, like Gecko; compatible; GPTBot/1.3; +https://openai.com/gptbot)" 324 **0/324037**
74.7.243.195 - - [21/Mar/2026:05:30:56 -0700] "GET /shop/trevet/denigrate012315876756 HTTP/2.0" 200 3474 "https://www.artelron.com/wp-sitemap.xml" "Mozilla/5.0 AppleWebKit/537.36 (KHTML, like Gecko; compatible; GPTBot/1.3; +https://openai.com/gptbot)" 699 **0/699939**
57.141.20.21 - - [21/Mar/2026:05:30:56 -0700] "GET /shop/scribing/dominicans012905906943?fileloc=/home/dxfxddmd03st/public_html/wp-admin/term-private.php&path=/home/dxfxddmd03st/public_html/wp-admin HTTP/2.0" 403 56935 "-" "meta-externalagent/1.1 (+https://developers.facebook.com/docs/sharing/webmasters/crawler)" 639 **0/639111**
57.141.20.55 - - [21/Mar/2026:05:30:57 -0700] "GET /shop/thickkneed/elocutionist012861906413 HTTP/2.0" 403 56935 "-" "meta-externalagent/1.1 (+https://developers.facebook.com/docs/sharing/webmasters/crawler)" 625 **0/625001**
57.141.20.7 - - [21/Mar/2026:05:30:57 -0700] "GET /shop/disgruntle/steganophthalmia013537924666 HTTP/2.0" 403 56935 "-" "meta-externalagent/1.1 (+https://developers.facebook.com/docs/sharing/webmasters/crawler)" 391 **0/391306**
57.141.20.42 - - [21/Mar/2026:05:30:57 -0700] "GET /shop/horticulture/pourveyance013658541752 HTTP/2.0" 403 56935 "-" "meta-externalagent/1.1 (+https://developers.facebook.com/docs/sharing/webmasters/crawler)" 387 **0/387576**
216.73.216.4 - - [21/Mar/2026:05:30:57 -0700] "GET /shop/euphoric/vested013037815359?fileloc=%2Fhome%2Fdxfxddmd03st%2Fpublic_html%2Fwp-config-sample.php&path=%2Fhome%2Fdxfxddmd03st%2Fpublic_html HTTP/2.0" 403 3474 "-" "Mozilla/5.0 AppleWebKit/537.36 (KHTML, like Gecko; compatible; ClaudeBot/1.0; +claudebot@anthropic.com)" 334 **0/334266**
57.141.20.53 - - [21/Mar/2026:05:30:58 -0700] "GET /shop/blackjack/coeducational01463544952?path=//sbin HTTP/2.0" 403 56935 "-" "meta-externalagent/1.1 (+https://developers.facebook.com/docs/sharing/webmasters/crawler)" 365 **0/365341**
57.141.20.40 - - [21/Mar/2026:05:30:58 -0700] "GET /shop/innumerous/calenture011220069371?path=/home/dxfxddmd03st/public_html/wp-content HTTP/2.0" 403 56935 "-" "meta-externalagent/1.1 (+https://developers.facebook.com/docs/sharing/webmasters/crawler)" 347 **0/347527**
57.141.20.26 - - [21/Mar/2026:05:30:58 -0700] "GET /shop/mazing/moonie012543262677?fileloc=/home/dxfxddmd03st/public_html/wp-admin/.htaccess&path=/home/dxfxddmd03st/public_html/wp-admin HTTP/2.0" 403 56935 "-" "meta-externalagent/1.1 (+https://developers.facebook.com/docs/sharing/webmasters/crawler)" 345 **0/345155**
