57.141.20.55 - - [21/Mar/2026:05:31:39 -0700] "GET /shop/similative/artistically011729879418?fileloc=/home/dxfxddmd03st/public_html/wp-admin/export.php&path=/home/dxfxddmd03st/public_html/wp-admin HTTP/2.0" 403 56935 "-" "meta-externalagent/1.1 (+https://developers.facebook.com/docs/sharing/webmasters/crawler)" 319 **0/319246**
57.141.20.25 - - [21/Mar/2026:05:31:39 -0700] "GET /shop/unfriendly/dulciloquy013968023138?fileloc=/home/dxfxddmd03st/public_html/wp-admin/media-new.php&path=/home/dxfxddmd03st/public_html/wp-admin HTTP/2.0" 403 56935 "-" "meta-externalagent/1.1 (+https://developers.facebook.com/docs/sharing/webmasters/crawler)" 318 **0/318634**
216.73.216.4 - - [21/Mar/2026:05:31:39 -0700] "GET /shop/nicking/denouncement011842481765?fileloc=%2Fhome%2Fdxfxddmd03st%2Fpublic_html%2Fwp-admin%2Fmedia.php&path=%2Fhome%2Fdxfxddmd03st%2Fpublic_html%2Fwp-admin HTTP/2.0" 200 2638 "-" "Mozilla/5.0 AppleWebKit/537.36 (KHTML, like Gecko; compatible; ClaudeBot/1.0; +claudebot@anthropic.com)" 321 **0/321267**
57.141.20.31 - - [21/Mar/2026:05:31:40 -0700] "GET /shop/lingism/ungrateful013091259372?fileloc=//proc/sched_debug&path=//proc HTTP/2.0" 403 56935 "-" "meta-externalagent/1.1 (+https://developers.facebook.com/docs/sharing/webmasters/crawler)" 315 **0/315204**
57.141.20.46 - - [21/Mar/2026:05:31:40 -0700] "GET /shop/dannebrog/councilman01974781330?path=/home/dxfxddmd03st/public_html/wp-includes/widgets HTTP/2.0" 403 56935 "-" "meta-externalagent/1.1 (+https://developers.facebook.com/docs/sharing/webmasters/crawler)" 319 **0/319154**
57.141.20.55 - - [21/Mar/2026:05:31:40 -0700] "GET /shop/archierey/apprize012501030734 HTTP/2.0" 403 56935 "-" "meta-externalagent/1.1 (+https://developers.facebook.com/docs/sharing/webmasters/crawler)" 327 **0/327516**
74.7.243.195 - - [21/Mar/2026:05:31:40 -0700] "GET /shop/unargued/doughty012736288771 HTTP/2.0" 200 3474 "https://www.artelron.com/wp-sitemap.xml" "Mozilla/5.0 AppleWebKit/537.36 (KHTML, like Gecko; compatible; GPTBot/1.3; +https://openai.com/gptbot)" 320 **0/320453**
74.7.227.172 - - [21/Mar/2026:05:31:40 -0700] "GET /?fileloc=//bin/ln&path=//bin HTTP/2.0" 200 30390 "https://artelron.com/?path=//bin" "Mozilla/5.0 AppleWebKit/537.36 (KHTML, like Gecko; compatible; GPTBot/1.3; +https://openai.com/gptbot)" 330 **0/330728**
57.141.20.33 - - [21/Mar/2026:05:31:41 -0700] "GET /shop/fizgig/hydrodynamometer011463186495?path=/home/dxfxddmd03st/public_html/wp-content HTTP/2.0" 403 56935 "-" "meta-externalagent/1.1 (+https://developers.facebook.com/docs/sharing/webmasters/crawler)" 454 **0/454943**
57.141.20.2 - - [21/Mar/2026:05:31:41 -0700] "GET /shop/sieboldii/troopmeal014133132842?fileloc=//bin/scl_enabled&path=//bin HTTP/2.0" 403 56935 "-" "meta-externalagent/1.1 (+https://developers.facebook.com/docs/sharing/webmasters/crawler)" 354 **0/354570**
57.141.20.38 - - [21/Mar/2026:05:31:41 -0700] "GET /shop/enchase/tsetung012334970722?fileloc=/home/dxfxddmd03st/www/wp-includes/class-wp-term-query.php&path=/home/dxfxddmd03st/www/wp-includes HTTP/2.0" 403 56935 "-" "meta-externalagent/1.1 (+https://developers.facebook.com/docs/sharing/webmasters/crawler)" 319 **0/319340**
57.141.20.50 - - [21/Mar/2026:05:31:42 -0700] "GET /shop/gobius/sprong013664342655?fileloc=/home/dxfxddmd03st/public_html/wp-admin/options-permalink.php&path=/home/dxfxddmd03st/public_html/wp-admin HTTP/2.0" 403 56935 "-" "meta-externalagent/1.1 (+https://developers.facebook.com/docs/sharing/webmasters/crawler)" 317 **0/317739**
57.141.20.7 - - [21/Mar/2026:05:31:42 -0700] "GET /shop/deepwaisted/asserting012628497267?fileloc=/home/dxfxddmd03st/public_html/wp-cron.php&path=/home/dxfxddmd03st/public_html HTTP/2.0" 403 56935 "-" "meta-externalagent/1.1 (+https://developers.facebook.com/docs/sharing/webmasters/crawler)" 317 **0/317930**
216.73.216.4 - - [21/Mar/2026:05:31:42 -0700] "GET /shop/copsewood/accismus01571021533?fileloc=%2Fhome%2Fdxfxddmd03st%2Fpublic_html%2Fwp-admin%2Fms-options.php&path=%2Fhome%2Fdxfxddmd03st%2Fpublic_html%2Fwp-admin HTTP/2.0" 200 2408 "-" "Mozilla/5.0 AppleWebKit/537.36 (KHTML, like Gecko; compatible; ClaudeBot/1.0; +claudebot@anthropic.com)" 318 **0/318095**
57.141.20.13 - - [21/Mar/2026:05:31:43 -0700] "GET /shop/insulsity/perruque012329169835?path=/home/dxfxddmd03st/logs HTTP/2.0" 403 56935 "-" "meta-externalagent/1.1 (+https://developers.facebook.com/docs/sharing/webmasters/crawler)" 314 **0/314321**
57.141.20.37 - - [21/Mar/2026:05:31:43 -0700] "GET /shop/tinman/brotheler011710196267?fileloc=/home/dxfxddmd03st/public_html/wp-admin/users.php&path=/home/dxfxddmd03st/public_html/wp-admin HTTP/2.0" 403 56935 "-" "meta-externalagent/1.1 (+https://developers.facebook.com/docs/sharing/webmasters/crawler)" 328 **0/328300**
57.141.20.15 - - [21/Mar/2026:05:31:43 -0700] "GET /shop/brinishness/superjacent01859080078?path=/home/dxfxddmd03st/public_html/wp-admin HTTP/2.0" 403 56935 "-" "meta-externalagent/1.1 (+https://developers.facebook.com/docs/sharing/webmasters/crawler)" 326 **0/326184**
57.141.20.52 - - [21/Mar/2026:05:31:43 -0700] "GET /shop/burdenous/happed011099356184?fileloc=/home/dxfxddmd03st/public_html/wp-mail.php&path=/home/dxfxddmd03st/public_html HTTP/2.0" 403 56935 "-" "meta-externalagent/1.1 (+https://developers.facebook.com/docs/sharing/webmasters/crawler)" 315 **0/315050**
74.7.227.172 - - [21/Mar/2026:05:31:44 -0700] "GET /?path=//lib/modules/4.18.0-553.52.1.lve.el8.x86_64/kernel/drivers/crypto/qat HTTP/2.0" 200 2771 "https://artelron.com/?path=//lib/modules/4.18.0-553.52.1.lve.el8.x86_64/kernel/drivers/crypto" "Mozilla/5.0 AppleWebKit/537.36 (KHTML, like Gecko; compatible; GPTBot/1.3; +https://openai.com/gptbot)" 331 **0/331669**
74.7.243.195 - - [21/Mar/2026:05:31:44 -0700] "GET /shop/flotsam/watchmen014099108036 HTTP/2.0" 200 3474 "https://www.artelron.com/wp-sitemap.xml" "Mozilla/5.0 AppleWebKit/537.36 (KHTML, like Gecko; compatible; GPTBot/1.3; +https://openai.com/gptbot)" 313 **0/313110**
57.141.20.55 - - [21/Mar/2026:05:31:44 -0700] "GET /shop/scribing/dominicans012905906943?fileloc=/home/dxfxddmd03st/public_html/wp-admin/includes/class-wp-posts-list-table.php&path=/home/dxfxddmd03st/public_html/wp-admin/includes HTTP/2.0" 403 56935 "-" "meta-externalagent/1.1 (+https://developers.facebook.com/docs/sharing/webmasters/crawler)" 319 **0/319143**
57.141.20.46 - - [21/Mar/2026:05:31:44 -0700] "GET /shop/pithole/bespice012400260338 HTTP/2.0" 403 56935 "-" "meta-externalagent/1.1 (+https://developers.facebook.com/docs/sharing/webmasters/crawler)" 334 **0/334938**
57.141.20.11 - - [21/Mar/2026:05:31:44 -0700] "GET /shop/blackjack/coeducational01463544952?fileloc=/home/dxfxddmd03st/public_html/wp-includes/class-walker-nav-menu.php&path=/home/dxfxddmd03st/public_html/wp-includes HTTP/2.0" 403 56935 "-" "meta-externalagent/1.1 (+https://developers.facebook.com/docs/sharing/webmasters/crawler)" 315 **0/315346**
57.141.20.54 - - [21/Mar/2026:05:31:45 -0700] "GET /shop/blackjack/coeducational01463544952?fileloc=/home/dxfxddmd03st/public_html/wp-mail.php&path=/home/dxfxddmd03st/public_html HTTP/2.0" 403 56935 "-" "meta-externalagent/1.1 (+https://developers.facebook.com/docs/sharing/webmasters/crawler)" 319 **0/319638**
57.141.20.12 - - [21/Mar/2026:05:31:45 -0700] "GET /shop/palliative/opobalsam011584852157 HTTP/2.0" 403 56935 "-" "meta-externalagent/1.1 (+https://developers.facebook.com/docs/sharing/webmasters/crawler)" 331 **0/331839**
216.73.216.4 - - [21/Mar/2026:05:31:45 -0700] "GET /shop/clean/superiority01519882142?fileloc=%2Fhome%2Fdxfxddmd03st%2Fpublic_html%2Fwp-activate.php&path=%2Fhome%2Fdxfxddmd03st%2Fpublic_html HTTP/2.0" 200 4671 "-" "Mozilla/5.0 AppleWebKit/537.36 (KHTML, like Gecko; compatible; ClaudeBot/1.0; +claudebot@anthropic.com)" 316 **0/316274**
57.141.20.21 - - [21/Mar/2026:05:31:45 -0700] "GET /shop/euchroic/snored013934575806?fileloc=/home/dxfxddmd03st/public_html/wp-admin/site-editor.php&path=/home/dxfxddmd03st/public_html/wp-admin HTTP/2.0" 403 56935 "-" "meta-externalagent/1.1 (+https://developers.facebook.com/docs/sharing/webmasters/crawler)" 336 **0/336941**
57.141.20.58 - - [21/Mar/2026:05:31:46 -0700] "GET /shop/whites/sluttery01892363887?path=/home/dxfxddmd03st/public_html/ssl HTTP/2.0" 403 56935 "-" "meta-externalagent/1.1 (+https://developers.facebook.com/docs/sharing/webmasters/crawler)" 317 **0/317147**
57.141.20.30 - - [21/Mar/2026:05:31:46 -0700] "GET /shop/universalness/suboesophageal011326215324?fileloc=/home/dxfxddmd03st/public_html/wp-login.php&path=/home/dxfxddmd03st/public_html HTTP/2.0" 403 56935 "-" "meta-externalagent/1.1 (+https://developers.facebook.com/docs/sharing/webmasters/crawler)" 322 **0/322623**
57.141.20.1 - - [21/Mar/2026:05:31:46 -0700] "GET /shop/extremum/crimsonfronted0129111005?path=//bin HTTP/2.0" 403 56935 "-" "meta-externalagent/1.1 (+https://developers.facebook.com/docs/sharing/webmasters/crawler)" 329 **0/329393**
57.141.20.0 - - [21/Mar/2026:05:31:47 -0700] "GET /shop/monographic/bellicous012871247496?fileloc=/home/dxfxddmd03st/public_html/wp-mail.php&path=/home/dxfxddmd03st/public_html HTTP/2.0" 403 56935 "-" "meta-externalagent/1.1 (+https://developers.facebook.com/docs/sharing/webmasters/crawler)" 322 **0/322155**
74.7.243.195 - - [21/Mar/2026:05:31:47 -0700] "GET /shop/disinhume/murphy012445160370 HTTP/2.0" 200 3474 "https://www.artelron.com/wp-sitemap.xml" "Mozilla/5.0 AppleWebKit/537.36 (KHTML, like Gecko; compatible; GPTBot/1.3; +https://openai.com/gptbot)" 316 **0/316503**
57.141.20.55 - - [21/Mar/2026:05:31:47 -0700] "GET /shop/hygroscopicity/connecticuter012232822489?fileloc=/home/dxfxddmd03st/public_html/wp-admin/index.php&path=/home/dxfxddmd03st/public_html/wp-admin HTTP/2.0" 403 56935 "-" "meta-externalagent/1.1 (+https://developers.facebook.com/docs/sharing/webmasters/crawler)" 309 **0/309797**
74.7.227.172 - - [21/Mar/2026:05:31:47 -0700] "GET /?path=//lib/modules/4.18.0-553.52.1.lve.el8.x86_64/kernel/drivers/crypto/ccp HTTP/2.0" 200 2655 "https://artelron.com/?path=//lib/modules/4.18.0-553.52.1.lve.el8.x86_64/kernel/drivers/crypto" "Mozilla/5.0 AppleWebKit/537.36 (KHTML, like Gecko; compatible; GPTBot/1.3; +https://openai.com/gptbot)" 326 **0/326705**
57.141.20.45 - - [21/Mar/2026:05:31:47 -0700] "GET /shop/silundum/tracklessly01977205512?fileloc=/home/dxfxddmd03st/public_html/wp-includes/class-json.php&path=/home/dxfxddmd03st/public_html/wp-includes HTTP/2.0" 403 56935 "-" "meta-externalagent/1.1 (+https://developers.facebook.com/docs/sharing/webmasters/crawler)" 327 **0/327124**
57.141.20.42 - - [21/Mar/2026:05:31:48 -0700] "GET /shop/coaster/seasoner013547265765?fileloc=/home/dxfxddmd03st/public_html/xmlrpc.php&path=/home/dxfxddmd03st/public_html HTTP/2.0" 200 16263 "-" "meta-externalagent/1.1 (+https://developers.facebook.com/docs/sharing/webmasters/crawler)" 328 **0/328721**
57.141.20.55 - - [21/Mar/2026:05:31:48 -0700] "GET /shop/insulsity/perruque012329169835?fileloc=/home/dxfxddmd03st/public_html/wp-admin/css/farbtastic.min.css&path=/home/dxfxddmd03st/public_html/wp-admin/css HTTP/2.0" 200 13085 "-" "meta-externalagent/1.1 (+https://developers.facebook.com/docs/sharing/webmasters/crawler)" 317 **0/317143**
216.73.216.4 - - [21/Mar/2026:05:31:48 -0700] "GET /shop/sarplar/complied01844445911?fileloc=%2Fhome%2Fdxfxddmd03st%2Fpublic_html%2Fwp-activate.php&path=%2Fhome%2Fdxfxddmd03st%2Fpublic_html HTTP/2.0" 200 4671 "-" "Mozilla/5.0 AppleWebKit/537.36 (KHTML, like Gecko; compatible; ClaudeBot/1.0; +claudebot@anthropic.com)" 323 **0/323940**
57.141.20.10 - - [21/Mar/2026:05:31:49 -0700] "GET /shop/velum/balaniferous012801596335?fileloc=/home/dxfxddmd03st/public_html/wp-admin/ms-delete-site.php&path=/home/dxfxddmd03st/public_html/wp-admin HTTP/2.0" 200 17900 "-" "meta-externalagent/1.1 (+https://developers.facebook.com/docs/sharing/webmasters/crawler)" 338 **0/338287**
57.141.20.19 - - [21/Mar/2026:05:31:49 -0700] "GET /shop/silundum/tracklessly01977205512?fileloc=/home/dxfxddmd03st/public_html/wp-config.php&path=/home/dxfxddmd03st/public_html HTTP/2.0" 200 16929 "-" "meta-externalagent/1.1 (+https://developers.facebook.com/docs/sharing/webmasters/crawler)" 316 **0/316222**
57.141.20.50 - - [21/Mar/2026:05:31:49 -0700] "GET /shop/myriorama/proteolysis011009440745?fileloc=/home/dxfxddmd03st/public_html/wp-links-opml.php&path=/home/dxfxddmd03st/public_html HTTP/2.0" 200 15446 "-" "meta-externalagent/1.1 (+https://developers.facebook.com/docs/sharing/webmasters/crawler)" 328 **0/328495**
57.141.20.42 - - [21/Mar/2026:05:31:49 -0700] "GET /shop/fatiferous/reillumination013970447320?fileloc=/home/dxfxddmd03st/public_html/wp-signup.php&path=/home/dxfxddmd03st/public_html HTTP/2.0" 200 53921 "-" "meta-externalagent/1.1 (+https://developers.facebook.com/docs/sharing/webmasters/crawler)" 332 **0/332704**
57.141.20.12 - - [21/Mar/2026:05:31:50 -0700] "GET /shop/lithoid/diversifier012867707284 HTTP/2.0" 200 56935 "-" "meta-externalagent/1.1 (+https://developers.facebook.com/docs/sharing/webmasters/crawler)" 321 **0/321888**
74.7.243.195 - - [21/Mar/2026:05:31:50 -0700] "GET /shop/overglide/lacing011078097660 HTTP/2.0" 200 3474 "https://www.artelron.com/wp-sitemap.xml" "Mozilla/5.0 AppleWebKit/537.36 (KHTML, like Gecko; compatible; GPTBot/1.3; +https://openai.com/gptbot)" 330 **0/330943**
74.7.227.172 - - [21/Mar/2026:05:31:50 -0700] "GET /?fileloc=//bin/cc&path=//bin HTTP/2.0" 200 438889 "https://artelron.com/?path=//bin" "Mozilla/5.0 AppleWebKit/537.36 (KHTML, like Gecko; compatible; GPTBot/1.3; +https://openai.com/gptbot)" 485 **0/485505**
57.141.20.42 - - [21/Mar/2026:05:31:50 -0700] "GET /shop/chessmen/cooeying011524545149 HTTP/2.0" 200 56935 "-" "meta-externalagent/1.1 (+https://developers.facebook.com/docs/sharing/webmasters/crawler)" 318 **0/318491**
57.141.20.4 - - [21/Mar/2026:05:31:50 -0700] "GET /shop/velum/balaniferous012801596335?fileloc=/home/dxfxddmd03st/public_html/wp-admin/authorize-application.php&path=/home/dxfxddmd03st/public_html/wp-admin HTTP/2.0" 200 25004 "-" "meta-externalagent/1.1 (+https://developers.facebook.com/docs/sharing/webmasters/crawler)" 322 **0/322105**
57.141.20.42 - - [21/Mar/2026:05:31:50 -0700] "GET /shop/blackjack/coeducational01463544952?path=/home/dxfxddmd03st/public_html/moked-hash.co.il/wp-content/uploads/rsssl HTTP/2.0" 200 14805 "-" "meta-externalagent/1.1 (+https://developers.facebook.com/docs/sharing/webmasters/crawler)" 340 **0/340625**
57.141.20.37 - - [21/Mar/2026:05:31:51 -0700] "GET /shop/moresk/ballistics014159221846?path=/home/dxfxddmd03st/public_html/wp-includes HTTP/2.0" 200 451303 "-" "meta-externalagent/1.1 (+https://developers.facebook.com/docs/sharing/webmasters/crawler)" 405 **0/405626**
57.141.20.2 - - [21/Mar/2026:05:31:51 -0700] "GET /shop/rescinding/discompliance011241406064 HTTP/2.0" 200 56935 "-" "meta-externalagent/1.1 (+https://developers.facebook.com/docs/sharing/webmasters/crawler)" 317 **0/317072**
216.73.216.4 - - [21/Mar/2026:05:31:51 -0700] "GET /shop/bituminous/mallenders013504663081?path=%2Fhome%2Fdxfxddmd03st%2Fpublic_html%2Fmoked-hash.co.il%2Fwp-admin%2Fuser HTTP/2.0" 200 2879 "-" "Mozilla/5.0 AppleWebKit/537.36 (KHTML, like Gecko; compatible; ClaudeBot/1.0; +claudebot@anthropic.com)" 321 **0/321816**
57.141.20.42 - - [21/Mar/2026:05:31:52 -0700] "GET /shop/glamor/pratinocola013499232919?path=/home/dxfxddmd03st/application_backups HTTP/2.0" 200 17893 "-" "meta-externalagent/1.1 (+https://developers.facebook.com/docs/sharing/webmasters/crawler)" 326 **0/326897**
57.141.20.39 - - [21/Mar/2026:05:31:52 -0700] "GET /shop/enchase/tsetung012334970722?fileloc=//lib64/libmnl.so.0&path=//lib64 HTTP/2.0" 200 45691 "-" "meta-externalagent/1.1 (+https://developers.facebook.com/docs/sharing/webmasters/crawler)" 327 **0/327678**
57.141.20.51 - - [21/Mar/2026:05:31:52 -0700] "GET /shop/insulsity/perruque012329169835?fileloc=/home/dxfxddmd03st/public_html/wp-admin/export.php&path=/home/dxfxddmd03st/public_html/wp-admin HTTP/2.0" 200 27792 "-" "meta-externalagent/1.1 (+https://developers.facebook.com/docs/sharing/webmasters/crawler)" 329 **0/329979**
57.141.20.47 - - [21/Mar/2026:05:31:52 -0700] "GET /shop/fugacity/expired012632037479?fileloc=/home/dxfxddmd03st/public_html/colors.php&path=/home/dxfxddmd03st/public_html HTTP/2.0" 200 145270 "-" "meta-externalagent/1.1 (+https://developers.facebook.com/docs/sharing/webmasters/crawler)" 330 **0/330689**
57.141.20.28 - - [21/Mar/2026:05:31:53 -0700] "GET /shop/enchase/tsetung012334970722?fileloc=/home/dxfxddmd03st/public_html/wp-trackback.php&path=/home/dxfxddmd03st/public_html HTTP/2.0" 200 18506 "-" "meta-externalagent/1.1 (+https://developers.facebook.com/docs/sharing/webmasters/crawler)" 316 **0/316646**
74.7.243.195 - - [21/Mar/2026:05:31:53 -0700] "GET /shop/broach/octogonal013631529948 HTTP/2.0" 200 3474 "https://www.artelron.com/wp-sitemap.xml" "Mozilla/5.0 AppleWebKit/537.36 (KHTML, like Gecko; compatible; GPTBot/1.3; +https://openai.com/gptbot)" 333 **0/333732**
57.141.20.20 - - [21/Mar/2026:05:31:53 -0700] "GET /shop/umbrina/argilloareenaceous011363071726?fileloc=/home/dxfxddmd03st/public_html/yrgnf.php&path=/home/dxfxddmd03st/public_html HTTP/2.0" 200 44871 "-" "meta-externalagent/1.1 (+https://developers.facebook.com/docs/sharing/webmasters/crawler)" 329 **0/329147**
57.141.20.7 - - [21/Mar/2026:05:31:54 -0700] "GET /shop/paynize/sottish011420954520?fileloc=/home/dxfxddmd03st/public_html/moked-hash.co.il/wp-login.php&path=/home/dxfxddmd03st/public_html/moked-hash.co.il HTTP/2.0" 200 75007 "-" "meta-externalagent/1.1 (+https://developers.facebook.com/docs/sharing/webmasters/crawler)" 340 **0/340231**
57.141.20.55 - - [21/Mar/2026:05:31:54 -0700] "GET /shop/earldom/disimpassioned013097060243?fileloc=/home/dxfxddmd03st/public_html/wp-includes/class-wp-network-query.php&path=/home/dxfxddmd03st/public_html/wp-includes HTTP/2.0" 200 35484 "-" "meta-externalagent/1.1 (+https://developers.facebook.com/docs/sharing/webmasters/crawler)" 336 **0/336338**
57.141.20.41 - - [21/Mar/2026:05:31:54 -0700] "GET /shop/deepwaisted/asserting012628497267?fileloc=//bin/unlink&path=//bin HTTP/2.0" 200 60207 "-" "meta-externalagent/1.1 (+https://developers.facebook.com/docs/sharing/webmasters/crawler)" 346 **0/346466**
216.73.216.4 - - [21/Mar/2026:05:31:54 -0700] "GET /shop/musteline/formless013557114961?path=%2Fhome%2Fdxfxddmd03st%2Fpublic_html%2Fimages HTTP/2.0" 200 2686 "-" "Mozilla/5.0 AppleWebKit/537.36 (KHTML, like Gecko; compatible; ClaudeBot/1.0; +claudebot@anthropic.com)" 346 **0/346850**
57.141.20.43 - - [21/Mar/2026:05:31:55 -0700] "GET /shop/gobius/sprong013664342655?fileloc=/home/dxfxddmd03st/public_html/wp-includes/author-template.php&path=/home/dxfxddmd03st/public_html/wp-includes HTTP/2.0" 200 34028 "-" "meta-externalagent/1.1 (+https://developers.facebook.com/docs/sharing/webmasters/crawler)" 329 **0/329282**
57.141.20.39 - - [21/Mar/2026:05:31:55 -0700] "GET /shop/admonitorily/carbunculation011369988611?fileloc=/home/dxfxddmd03st/public_html/wp-mail.php&path=/home/dxfxddmd03st/public_html HTTP/2.0" 200 22288 "-" "meta-externalagent/1.1 (+https://developers.facebook.com/docs/sharing/webmasters/crawler)" 318 **0/318079**
57.141.20.21 - - [21/Mar/2026:05:31:55 -0700] "GET /shop/insulsity/perruque012329169835?fileloc=/home/dxfxddmd03st/public_html/wp-includes/class-wp-customize-section.php&path=/home/dxfxddmd03st/public_html/wp-includes HTTP/2.0" 200 24702 "-" "meta-externalagent/1.1 (+https://developers.facebook.com/docs/sharing/webmasters/crawler)" 320 **0/320309**
57.141.20.54 - - [21/Mar/2026:05:31:56 -0700] "GET /shop/hebecarpa/nomen011411613437 HTTP/2.0" 200 56935 "-" "meta-externalagent/1.1 (+https://developers.facebook.com/docs/sharing/webmasters/crawler)" 323 **0/323405**
74.7.227.172 - - [21/Mar/2026:05:31:53 -0700] "GET /?fileloc=//bin/at&path=//bin HTTP/2.0" 200 2873 "https://artelron.com/?path=//bin" "Mozilla/5.0 AppleWebKit/537.36 (KHTML, like Gecko; compatible; GPTBot/1.3; +https://openai.com/gptbot)" 3183 **3/3183685**
74.7.243.195 - - [21/Mar/2026:05:31:56 -0700] "GET /shop/unstrength/weedy012039351382 HTTP/2.0" 200 3474 "https://www.artelron.com/wp-sitemap.xml" "Mozilla/5.0 AppleWebKit/537.36 (KHTML, like Gecko; compatible; GPTBot/1.3; +https://openai.com/gptbot)" 314 **0/314800**
57.141.20.32 - - [21/Mar/2026:05:31:56 -0700] "GET /shop/tirrit/elastica012613962446 HTTP/2.0" 200 56935 "-" "meta-externalagent/1.1 (+https://developers.facebook.com/docs/sharing/webmasters/crawler)" 313 **0/313606**
57.141.20.35 - - [21/Mar/2026:05:31:56 -0700] "GET /shop/extremum/crimsonfronted0129111005?path=//proc/2433704 HTTP/2.0" 200 12707 "-" "meta-externalagent/1.1 (+https://developers.facebook.com/docs/sharing/webmasters/crawler)" 329 **0/329612**
74.7.227.172 - - [21/Mar/2026:05:31:56 -0700] "GET /?fileloc=//bin/nl&path=//bin HTTP/2.0" 200 18496 "https://artelron.com/?path=//bin" "Mozilla/5.0 AppleWebKit/537.36 (KHTML, like Gecko; compatible; GPTBot/1.3; +https://openai.com/gptbot)" 345 **0/345894**
57.141.20.39 - - [21/Mar/2026:05:31:57 -0700] "GET /shop/extremum/crimsonfronted0129111005?fileloc=//proc/cgroups&path=//proc HTTP/2.0" 200 12249 "-" "meta-externalagent/1.1 (+https://developers.facebook.com/docs/sharing/webmasters/crawler)" 320 **0/320094**
57.141.20.31 - - [21/Mar/2026:05:31:57 -0700] "GET /shop/hindi/lepidote012475548879?fileloc=/home/dxfxddmd03st/public_html/wp-admin/includes/revision.php&path=/home/dxfxddmd03st/public_html/wp-admin/includes HTTP/2.0" 200 32241 "-" "meta-externalagent/1.1 (+https://developers.facebook.com/docs/sharing/webmasters/crawler)" 323 **0/323512**
57.141.20.14 - - [21/Mar/2026:05:31:57 -0700] "GET /shop/gadic/nephthys012992913158?fileloc=/home/dxfxddmd03st/public_html/.htaccess&path=/home/dxfxddmd03st/public_html HTTP/2.0" 200 14487 "-" "meta-externalagent/1.1 (+https://developers.facebook.com/docs/sharing/webmasters/crawler)" 348 **0/348778**
216.73.216.4 - - [21/Mar/2026:05:31:57 -0700] "GET /shop/toandfro/beholden01113379508?path=%2Fhome%2Fdxfxddmd03st HTTP/2.0" 200 3729 "-" "Mozilla/5.0 AppleWebKit/537.36 (KHTML, like Gecko; compatible; ClaudeBot/1.0; +claudebot@anthropic.com)" 348 **0/348554**
57.141.20.1 - - [21/Mar/2026:05:31:58 -0700] "GET /shop/afflictive/atelornis011492866372?fileloc=/home/dxfxddmd03st/public_html/cgi-bin/.htaccess&path=/home/dxfxddmd03st/public_html/cgi-bin HTTP/2.0" 200 12613 "-" "meta-externalagent/1.1 (+https://developers.facebook.com/docs/sharing/webmasters/crawler)" 339 **0/339121**
57.141.20.13 - - [21/Mar/2026:05:31:58 -0700] "GET /shop/parabolic/aspire014112237576?path=//etc/imunify360 HTTP/2.0" 200 14055 "-" "meta-externalagent/1.1 (+https://developers.facebook.com/docs/sharing/webmasters/crawler)" 334 **0/334509**
57.141.20.16 - - [21/Mar/2026:05:31:58 -0700] "GET /shop/liard/submultiple01928794959?path=//lib/.build-id/9d HTTP/2.0" 200 34522 "-" "meta-externalagent/1.1 (+https://developers.facebook.com/docs/sharing/webmasters/crawler)" 331 **0/331718**
57.141.20.46 - - [21/Mar/2026:05:31:59 -0700] "GET /shop/liard/submultiple01928794959?path=//lib/.build-id/c8 HTTP/2.0" 200 39185 "-" "meta-externalagent/1.1 (+https://developers.facebook.com/docs/sharing/webmasters/crawler)" 330 **0/330181**
57.141.20.4 - - [21/Mar/2026:05:31:59 -0700] "GET /shop/liard/submultiple01928794959?path=//lib/.build-id/20 HTTP/2.0" 200 34521 "-" "meta-externalagent/1.1 (+https://developers.facebook.com/docs/sharing/webmasters/crawler)" 324 **0/324108**
74.7.243.195 - - [21/Mar/2026:05:31:59 -0700] "GET /shop/backcast/hanover013160822109 HTTP/2.0" 200 3474 "https://www.artelron.com/wp-sitemap.xml" "Mozilla/5.0 AppleWebKit/537.36 (KHTML, like Gecko; compatible; GPTBot/1.3; +https://openai.com/gptbot)" 346 **0/346842**
57.141.20.47 - - [21/Mar/2026:05:32:00 -0700] "GET /shop/along/marjorana01767321536?fileloc=/home/dxfxddmd03st/public_html/readme.html&path=/home/dxfxddmd03st/public_html HTTP/2.0" 200 21726 "-" "meta-externalagent/1.1 (+https://developers.facebook.com/docs/sharing/webmasters/crawler)" 351 **0/351138**
74.7.227.172 - - [21/Mar/2026:05:32:00 -0700] "GET /?path=//usr/lib64/guile/2.0/ccache/language/tree-il HTTP/2.0" 200 2995 "https://artelron.com/?path=//usr/lib64/guile/2.0/ccache/language" "Mozilla/5.0 AppleWebKit/537.36 (KHTML, like Gecko; compatible; GPTBot/1.3; +https://openai.com/gptbot)" 336 **0/336058**
85.208.96.203 - - [21/Mar/2026:05:32:00 -0700] "GET /events/2023-03-21/ HTTP/1.1" 200 3981 "-" "Mozilla/5.0 (compatible; SemrushBot/7~bl; +http://www.semrush.com/bot.html)" 320 **0/320058**
57.141.20.55 - - [21/Mar/2026:05:32:00 -0700] "GET /shop/dejecture/taplings01618354755?fileloc=/home/dxfxddmd03st/public_html/wp-includes/class-wp-customize-control.php&path=/home/dxfxddmd03st/public_html/wp-includes HTTP/2.0" 200 42191 "-" "meta-externalagent/1.1 (+https://developers.facebook.com/docs/sharing/webmasters/crawler)" 342 **0/342135**
57.141.20.16 - - [21/Mar/2026:05:32:00 -0700] "GET /shop/liard/submultiple01928794959?path=//lib/.build-id/e1 HTTP/2.0" 200 37633 "-" "meta-externalagent/1.1 (+https://developers.facebook.com/docs/sharing/webmasters/crawler)" 333 **0/333402**
57.141.20.4 - - [21/Mar/2026:05:32:00 -0700] "GET /shop/gobius/sprong013664342655?fileloc=/home/dxfxddmd03st/public_html/wp-includes/class-wp-theme-json-schema.php&path=/home/dxfxddmd03st/public_html/wp-includes HTTP/2.0" 200 20570 "-" "meta-externalagent/1.1 (+https://developers.facebook.com/docs/sharing/webmasters/crawler)" 348 **0/348652**
57.141.20.23 - - [21/Mar/2026:05:32:01 -0700] "GET /shop/frankfee/thames011187801757?path=/home/dxfxddmd03st/.spamassassin HTTP/2.0" 200 17295 "-" "meta-externalagent/1.1 (+https://developers.facebook.com/docs/sharing/webmasters/crawler)" 348 **0/348230**
57.141.20.41 - - [21/Mar/2026:05:32:01 -0700] "GET /shop/mellowed/dogear012406061209?path=/home/dxfxddmd03st/public_html/wp-content/languages HTTP/2.0" 200 14503 "-" "meta-externalagent/1.1 (+https://developers.facebook.com/docs/sharing/webmasters/crawler)" 348 **0/348340**
57.141.20.47 - - [21/Mar/2026:05:32:01 -0700] "GET /shop/forereach/drabbled012357864840?fileloc=/home/dxfxddmd03st/public_html/license.txt&path=/home/dxfxddmd03st/public_html HTTP/2.0" 200 32473 "-" "meta-externalagent/1.1 (+https://developers.facebook.com/docs/sharing/webmasters/crawler)" 342 **0/342820**
57.141.20.36 - - [21/Mar/2026:05:32:02 -0700] "GET /shop/loricae/acetarious0132487694?fileloc=/home/dxfxddmd03st/public_html/wp-admin/install-helper.php&path=/home/dxfxddmd03st/public_html/wp-admin HTTP/2.0" 200 19846 "-" "meta-externalagent/1.1 (+https://developers.facebook.com/docs/sharing/webmasters/crawler)" 345 **0/345710**
57.141.20.4 - - [21/Mar/2026:05:32:02 -0700] "GET /shop/primevertical/valebat012429940215?fileloc=/home/dxfxddmd03st/public_html/wp-includes/class-wp-block-pattern-categories-registry.php&path=/home/dxfxddmd03st/public_html/wp-includes HTTP/2.0" 200 18083 "-" "meta-externalagent/1.1 (+https://developers.facebook.com/docs/sharing/webmasters/crawler)" 366 **0/366616**
57.141.20.25 - - [21/Mar/2026:05:32:02 -0700] "GET /shop/bracket/diandrous01515559453?fileloc=/home/dxfxddmd03st/public_html/wp-includes/class-wp-plugin-dependencies.php&path=/home/dxfxddmd03st/public_html/wp-includes HTTP/2.0" 200 39374 "-" "meta-externalagent/1.1 (+https://developers.facebook.com/docs/sharing/webmasters/crawler)" 342 **0/342498**
74.7.243.195 - - [21/Mar/2026:05:32:02 -0700] "GET /shop/carduelis/pernor014033981943?path=/home/dxfxddmd03st/public_html/.tmb HTTP/2.0" 200 3013 "https://www.artelron.com/shop/carduelis/pernor014033981943" "Mozilla/5.0 AppleWebKit/537.36 (KHTML, like Gecko; compatible; GPTBot/1.3; +https://openai.com/gptbot)" 363 **0/363870**
57.141.20.5 - - [21/Mar/2026:05:32:03 -0700] "GET /shop/thrivingness/rhopalic013235613478?path=/home/dxfxddmd03st/public_html/wp-admin/network HTTP/2.0" 200 63134 "-" "meta-externalagent/1.1 (+https://developers.facebook.com/docs/sharing/webmasters/crawler)" 352 **0/352904**
216.73.216.4 - - [21/Mar/2026:05:32:03 -0700] "GET /shop/spotted/accelerate012381255022?fileloc=%2Fhome%2Fdxfxddmd03st%2Fpublic_html%2Fwp-mail.php&path=%2Fhome%2Fdxfxddmd03st%2Fpublic_html HTTP/2.0" 200 5289 "-" "Mozilla/5.0 AppleWebKit/537.36 (KHTML, like Gecko; compatible; ClaudeBot/1.0; +claudebot@anthropic.com)" 341 **0/341179**
57.141.20.34 - - [21/Mar/2026:05:32:03 -0700] "GET /shop/parabolic/aspire014112237576?path=//lib64 HTTP/2.0" 200 1945186 "-" "meta-externalagent/1.1 (+https://developers.facebook.com/docs/sharing/webmasters/crawler)" 670 **0/670773**
74.7.227.172 - - [21/Mar/2026:05:32:03 -0700] "GET /?fileloc=//usr/bin/mariadb-dump&path=//usr/bin HTTP/2.0" 200 665284 "https://artelron.com/?path=//usr/bin" "Mozilla/5.0 AppleWebKit/537.36 (KHTML, like Gecko; compatible; GPTBot/1.3; +https://openai.com/gptbot)" 774 **0/774878**
57.141.20.39 - - [21/Mar/2026:05:32:03 -0700] "GET /shop/frith/gigas013793997649?fileloc=/home/dxfxddmd03st/public_html/wp-includes/abilities.php&path=/home/dxfxddmd03st/public_html/wp-includes HTTP/2.0" 200 23001 "-" "meta-externalagent/1.1 (+https://developers.facebook.com/docs/sharing/webmasters/crawler)" 346 **0/346256**
57.141.20.57 - - [21/Mar/2026:05:32:04 -0700] "GET /shop/pontificial/forfeit013597019575?fileloc=/home/dxfxddmd03st/public_html/wp-signup.php&path=/home/dxfxddmd03st/public_html HTTP/2.0" 200 53921 "-" "meta-externalagent/1.1 (+https://developers.facebook.com/docs/sharing/webmasters/crawler)" 345 **0/345342**
57.141.20.35 - - [21/Mar/2026:05:32:04 -0700] "GET /shop/jewelling/pindarical011293324464?path=/home/dxfxddmd03st/public_html/images HTTP/2.0" 200 17300 "-" "meta-externalagent/1.1 (+https://developers.facebook.com/docs/sharing/webmasters/crawler)" 323 **0/323119**
57.141.20.55 - - [21/Mar/2026:05:32:04 -0700] "GET /shop/jackatalltrades/euchre014258780159?fileloc=/home/dxfxddmd03st/public_html/wp-activate.php&path=/home/dxfxddmd03st/public_html HTTP/2.0" 200 21378 "-" "meta-externalagent/1.1 (+https://developers.facebook.com/docs/sharing/webmasters/crawler)" 318 **0/318147**
57.141.20.47 - - [21/Mar/2026:05:32:05 -0700] "GET /shop/dejecture/taplings01618354755?path=/home/dxfxddmd03st/.clwpos HTTP/2.0" 200 14240 "-" "meta-externalagent/1.1 (+https://developers.facebook.com/docs/sharing/webmasters/crawler)" 318 **0/318292**
57.141.20.41 - - [21/Mar/2026:05:32:05 -0700] "GET /shop/dejecture/taplings01618354755?fileloc=/home/dxfxddmd03st/public_html/wp-includes/ms-functions.php&path=/home/dxfxddmd03st/public_html/wp-includes HTTP/2.0" 200 112115 "-" "meta-externalagent/1.1 (+https://developers.facebook.com/docs/sharing/webmasters/crawler)" 353 **0/353397**
216.73.216.4 - - [21/Mar/2026:05:32:05 -0700] "GET /shop/exoteric/nyctophilus014273214619?fileloc=%2Fhome%2Fdxfxddmd03st%2Fpublic_html%2Fwp-cron.php&path=%2Fhome%2Fdxfxddmd03st%2Fpublic_html HTTP/2.0" 200 4272 "-" "Mozilla/5.0 AppleWebKit/537.36 (KHTML, like Gecko; compatible; ClaudeBot/1.0; +claudebot@anthropic.com)" 361 **0/361700**
57.141.20.43 - - [21/Mar/2026:05:32:05 -0700] "GET /shop/meiocene/dourikuli011034317666?fileloc=/home/dxfxddmd03st/public_html/wp-mail.php&path=/home/dxfxddmd03st/public_html HTTP/2.0" 200 22288 "-" "meta-externalagent/1.1 (+https://developers.facebook.com/docs/sharing/webmasters/crawler)" 318 **0/318111**
74.7.243.195 - - [21/Mar/2026:05:32:06 -0700] "GET /shop/colicroot/zamite012658811785 HTTP/2.0" 200 3474 "https://www.artelron.com/wp-sitemap.xml" "Mozilla/5.0 AppleWebKit/537.36 (KHTML, like Gecko; compatible; GPTBot/1.3; +https://openai.com/gptbot)" 336 **0/336845**
57.141.20.0 - - [21/Mar/2026:05:32:06 -0700] "GET /shop/gobius/sprong013664342655?fileloc=/home/dxfxddmd03st/public_html/wp-includes/class-wp-block-template.php&path=/home/dxfxddmd03st/public_html/wp-includes HTTP/2.0" 200 14580 "-" "meta-externalagent/1.1 (+https://developers.facebook.com/docs/sharing/webmasters/crawler)" 331 **0/331686**
57.141.20.58 - - [21/Mar/2026:05:32:06 -0700] "GET /shop/deepwaisted/asserting012628497267?fileloc=//bin/nroff&path=//bin HTTP/2.0" 200 15829 "-" "meta-externalagent/1.1 (+https://developers.facebook.com/docs/sharing/webmasters/crawler)" 321 **0/321652**
74.7.227.172 - - [21/Mar/2026:05:32:06 -0700] "GET /?fileloc=//usr/bin/mariadb-slap&path=//usr/bin HTTP/2.0" 200 632097 "https://artelron.com/?path=//usr/bin" "Mozilla/5.0 AppleWebKit/537.36 (KHTML, like Gecko; compatible; GPTBot/1.3; +https://openai.com/gptbot)" 644 **0/644097**
57.141.20.54 - - [21/Mar/2026:05:32:06 -0700] "GET /shop/hindi/lepidote012475548879?fileloc=/home/dxfxddmd03st/public_html/wp-admin/includes/class-wp-upgrader-skins.php&path=/home/dxfxddmd03st/public_html/wp-admin/includes HTTP/2.0" 200 14192 "-" "meta-externalagent/1.1 (+https://developers.facebook.com/docs/sharing/webmasters/crawler)" 323 **0/323173**
57.141.20.25 - - [21/Mar/2026:05:32:07 -0700] "GET /shop/loricae/acetarious0132487694?fileloc=/home/dxfxddmd03st/public_html/wp-admin/includes/.htaccess&path=/home/dxfxddmd03st/public_html/wp-admin/includes HTTP/2.0" 200 12703 "-" "meta-externalagent/1.1 (+https://developers.facebook.com/docs/sharing/webmasters/crawler)" 344 **0/344305**
57.141.20.28 - - [21/Mar/2026:05:32:07 -0700] "GET /shop/dejecture/taplings01618354755?path=/home/dxfxddmd03st/.subaccounts HTTP/2.0" 200 14295 "-" "meta-externalagent/1.1 (+https://developers.facebook.com/docs/sharing/webmasters/crawler)" 326 **0/326912**
57.141.20.25 - - [21/Mar/2026:05:32:07 -0700] "GET /shop/stuccos/toadstools01529883144 HTTP/2.0" 200 56935 "-" "meta-externalagent/1.1 (+https://developers.facebook.com/docs/sharing/webmasters/crawler)" 351 **0/351199**
57.141.20.34 - - [21/Mar/2026:05:32:08 -0700] "GET /shop/dannebrog/councilman01974781330?fileloc=/home/dxfxddmd03st/public_html/wp-includes/class-wp-user-meta-session-tokens.php&path=/home/dxfxddmd03st/public_html/wp-includes HTTP/2.0" 200 15636 "-" "meta-externalagent/1.1 (+https://developers.facebook.com/docs/sharing/webmasters/crawler)" 318 **0/318750**
57.141.20.3 - - [21/Mar/2026:05:32:08 -0700] "GET /shop/indicted/pilotism011563956891?path=/home/dxfxddmd03st/public_html/wp-content/themes/twentytwentytwo HTTP/2.0" 200 38465 "-" "meta-externalagent/1.1 (+https://developers.facebook.com/docs/sharing/webmasters/crawler)" 402 **0/402109**
216.73.216.4 - - [21/Mar/2026:05:32:08 -0700] "GET /shop/regence/lapwing014147080253?fileloc=%2Fhome%2Fdxfxddmd03st%2Fpublic_html%2Fwp-blog-header.php&path=%2Fhome%2Fdxfxddmd03st%2Fpublic_html HTTP/2.0" 200 2445 "-" "Mozilla/5.0 AppleWebKit/537.36 (KHTML, like Gecko; compatible; ClaudeBot/1.0; +claudebot@anthropic.com)" 335 **0/335411**
57.141.20.55 - - [21/Mar/2026:05:32:08 -0700] "GET /shop/hygroscopicity/connecticuter012232822489?fileloc=/home/dxfxddmd03st/public_html/wp-admin/ms-options.php&path=/home/dxfxddmd03st/public_html/wp-admin HTTP/2.0" 200 12724 "-" "meta-externalagent/1.1 (+https://developers.facebook.com/docs/sharing/webmasters/crawler)" 324 **0/324845**
57.141.20.12 - - [21/Mar/2026:05:32:09 -0700] "GET /shop/wetness/visceral012278431153?path=/home/dxfxddmd03st/public_html/wp-content/themes/ozeum/skins HTTP/2.0" 200 27605 "-" "meta-externalagent/1.1 (+https://developers.facebook.com/docs/sharing/webmasters/crawler)" 326 **0/326011**
74.7.243.195 - - [21/Mar/2026:05:32:09 -0700] "GET /shop/cavil/morphinism013876671978 HTTP/2.0" 200 3474 "https://www.artelron.com/wp-sitemap.xml" "Mozilla/5.0 AppleWebKit/537.36 (KHTML, like Gecko; compatible; GPTBot/1.3; +https://openai.com/gptbot)" 332 **0/332850**
74.7.227.172 - - [21/Mar/2026:05:32:09 -0700] "GET /?path=//lib/modules/4.18.0-553.52.1.lve.el8.x86_64/kernel/net/l2tp HTTP/2.0" 200 2674 "https://artelron.com/?path=//lib/modules/4.18.0-553.52.1.lve.el8.x86_64/kernel/net" "Mozilla/5.0 AppleWebKit/537.36 (KHTML, like Gecko; compatible; GPTBot/1.3; +https://openai.com/gptbot)" 325 **0/325613**
57.141.20.56 - - [21/Mar/2026:05:32:09 -0700] "GET /shop/similative/artistically011729879418?fileloc=/home/dxfxddmd03st/public_html/wp-includes/template.php&path=/home/dxfxddmd03st/public_html/wp-includes HTTP/2.0" 200 51450 "-" "meta-externalagent/1.1 (+https://developers.facebook.com/docs/sharing/webmasters/crawler)" 319 **0/319510**
57.141.20.30 - - [21/Mar/2026:05:32:10 -0700] "GET /shop/causerie/remiges013592267280?path=/home/dxfxddmd03st/public_html/moked-hash.co.il HTTP/2.0" 200 53170 "-" "meta-externalagent/1.1 (+https://developers.facebook.com/docs/sharing/webmasters/crawler)" 338 **0/338239**
57.141.20.39 - - [21/Mar/2026:05:32:10 -0700] "GET /shop/gormandism/woolliness012098858059?fileloc=/home/dxfxddmd03st/public_html/moked-hash.co.il/.htaccess&path=/home/dxfxddmd03st/public_html/moked-hash.co.il HTTP/2.0" 200 12711 "-" "meta-externalagent/1.1 (+https://developers.facebook.com/docs/sharing/webmasters/crawler)" 335 **0/335777**
57.141.20.47 - - [21/Mar/2026:05:32:10 -0700] "GET /shop/primevertical/valebat012429940215?fileloc=/home/dxfxddmd03st/public_html/wp-includes/class.wp-styles.php&path=/home/dxfxddmd03st/public_html/wp-includes HTTP/2.0" 200 12867 "-" "meta-externalagent/1.1 (+https://developers.facebook.com/docs/sharing/webmasters/crawler)" 319 **0/319477**
57.141.20.4 - - [21/Mar/2026:05:32:10 -0700] "GET /shop/insulsity/perruque012329169835?path=/home/dxfxddmd03st/public_html/cgi-bin HTTP/2.0" 200 15766 "-" "meta-externalagent/1.1 (+https://developers.facebook.com/docs/sharing/webmasters/crawler)" 340 **0/340385**
57.141.20.30 - - [21/Mar/2026:05:32:11 -0700] "GET /shop/hindi/lepidote012475548879?fileloc=/home/dxfxddmd03st/public_html/wp-admin/user/.htaccess&path=/home/dxfxddmd03st/public_html/wp-admin/user HTTP/2.0" 200 12691 "-" "meta-externalagent/1.1 (+https://developers.facebook.com/docs/sharing/webmasters/crawler)" 329 **0/329296**
57.141.20.55 - - [21/Mar/2026:05:32:11 -0700] "GET /shop/encyclopaedy/foison0147582057?fileloc=/home/dxfxddmd03st/public_html/wp-includes/class-wp-feed-cache-transient.php&path=/home/dxfxddmd03st/public_html/wp-includes HTTP/2.0" 200 15907 "-" "meta-externalagent/1.1 (+https://developers.facebook.com/docs/sharing/webmasters/crawler)" 328 **0/328137**
216.73.216.4 - - [21/Mar/2026:05:32:11 -0700] "GET /shop/trachelipoda/glandulation013007005784?fileloc=%2Fhome%2Fdxfxddmd03st%2Fpublic_html%2Fwp-includes%2Fms-blogs.php&path=%2Fhome%2Fdxfxddmd03st%2Fpublic_html%2Fwp-includes HTTP/2.0" 200 8345 "-" "Mozilla/5.0 AppleWebKit/537.36 (KHTML, like Gecko; compatible; ClaudeBot/1.0; +claudebot@anthropic.com)" 339 **0/339193**
57.141.20.37 - - [21/Mar/2026:05:32:11 -0700] "GET /shop/burdenous/happed011099356184?fileloc=/home/dxfxddmd03st/public_html/wp-config-sample.php&path=/home/dxfxddmd03st/public_html HTTP/2.0" 200 16117 "-" "meta-externalagent/1.1 (+https://developers.facebook.com/docs/sharing/webmasters/crawler)" 344 **0/344232**
57.141.20.33 - - [21/Mar/2026:05:32:12 -0700] "GET /shop/similative/artistically011729879418?fileloc=/home/dxfxddmd03st/public_html/wp-includes/class-wp-http-requests-hooks.php&path=/home/dxfxddmd03st/public_html/wp-includes HTTP/2.0" 200 14576 "-" "meta-externalagent/1.1 (+https://developers.facebook.com/docs/sharing/webmasters/crawler)" 355 **0/355923**
74.7.227.172 - - [21/Mar/2026:05:32:12 -0700] "GET /?path=//lib/modules/4.18.0-553.52.1.lve.el8.x86_64/kernel/net/xdp HTTP/2.0" 200 2615 "https://artelron.com/?path=//lib/modules/4.18.0-553.52.1.lve.el8.x86_64/kernel/net" "Mozilla/5.0 AppleWebKit/537.36 (KHTML, like Gecko; compatible; GPTBot/1.3; +https://openai.com/gptbot)" 318 **0/318814**
57.141.20.11 - - [21/Mar/2026:05:32:12 -0700] "GET /shop/windrowing/discalceate012750793949?fileloc=/home/dxfxddmd03st/public_html/wp-includes/class-requests.php&path=/home/dxfxddmd03st/public_html/wp-includes HTTP/2.0" 200 14815 "-" "meta-externalagent/1.1 (+https://developers.facebook.com/docs/sharing/webmasters/crawler)" 322 **0/322114**
74.7.243.195 - - [21/Mar/2026:05:32:12 -0700] "GET /shop/jactation/kaffir011390962046 HTTP/2.0" 200 3474 "https://www.artelron.com/wp-sitemap.xml" "Mozilla/5.0 AppleWebKit/537.36 (KHTML, like Gecko; compatible; GPTBot/1.3; +https://openai.com/gptbot)" 325 **0/325551**
57.141.20.34 - - [21/Mar/2026:05:32:12 -0700] "GET /shop/fugacity/expired012632037479?fileloc=/home/dxfxddmd03st/public_html/wp-admin/theme-install.php&path=/home/dxfxddmd03st/public_html/wp-admin HTTP/2.0" 200 43767 "-" "meta-externalagent/1.1 (+https://developers.facebook.com/docs/sharing/webmasters/crawler)" 314 **0/314261**
57.141.20.49 - - [21/Mar/2026:05:32:13 -0700] "GET /shop/frith/gigas013793997649?fileloc=/home/dxfxddmd03st/public_html/wp-includes/class-wp-recovery-mode-link-service.php&path=/home/dxfxddmd03st/public_html/wp-includes HTTP/2.0" 200 16204 "-" "meta-externalagent/1.1 (+https://developers.facebook.com/docs/sharing/webmasters/crawler)" 318 **0/318056**
57.141.20.0 - - [21/Mar/2026:05:32:13 -0700] "GET /shop/gobius/sprong013664342655?fileloc=/home/dxfxddmd03st/public_html/wp-admin/ms-sites.php&path=/home/dxfxddmd03st/public_html/wp-admin HTTP/2.0" 200 12708 "-" "meta-externalagent/1.1 (+https://developers.facebook.com/docs/sharing/webmasters/crawler)" 315 **0/315724**
57.141.20.43 - - [21/Mar/2026:05:32:13 -0700] "GET /shop/gobius/sprong013664342655?fileloc=/home/dxfxddmd03st/public_html/wp-includes/class-wp-http-cookie.php&path=/home/dxfxddmd03st/public_html/wp-includes HTTP/2.0" 200 20573 "-" "meta-externalagent/1.1 (+https://developers.facebook.com/docs/sharing/webmasters/crawler)" 327 **0/327843**
57.141.20.10 - - [21/Mar/2026:05:32:14 -0700] "GET /shop/insulsity/perruque012329169835?fileloc=/home/dxfxddmd03st/public_html/wp-admin/moderation.php&path=/home/dxfxddmd03st/public_html/wp-admin HTTP/2.0" 200 12802 "-" "meta-externalagent/1.1 (+https://developers.facebook.com/docs/sharing/webmasters/crawler)" 331 **0/331686**
57.141.20.44 - - [21/Mar/2026:05:32:14 -0700] "GET /shop/insulsity/perruque012329169835?fileloc=/home/dxfxddmd03st/public_html/wp-admin/themes.php&path=/home/dxfxddmd03st/public_html/wp-admin HTTP/2.0" 200 75770 "-" "meta-externalagent/1.1 (+https://developers.facebook.com/docs/sharing/webmasters/crawler)" 325 **0/325811**
216.73.216.4 - - [21/Mar/2026:05:32:14 -0700] "GET /shop/rehearse/thirtytwomo014290381959?fileloc=%2Fhome%2Fdxfxddmd03st%2Fpublic_html%2Fwp-admin%2Fload-styles.php&path=%2Fhome%2Fdxfxddmd03st%2Fpublic_html%2Fwp-admin HTTP/2.0" 200 3536 "-" "Mozilla/5.0 AppleWebKit/537.36 (KHTML, like Gecko; compatible; ClaudeBot/1.0; +claudebot@anthropic.com)" 329 **0/329697**
57.141.20.1 - - [21/Mar/2026:05:32:14 -0700] "GET /shop/tribunician/offended012240951505?fileloc=/home/dxfxddmd03st/public_html/wp-links-opml.php&path=/home/dxfxddmd03st/public_html HTTP/2.0" 200 15446 "-" "meta-externalagent/1.1 (+https://developers.facebook.com/docs/sharing/webmasters/crawler)" 320 **0/320577**
57.141.20.9 - - [21/Mar/2026:05:32:15 -0700] "GET /shop/deepwaisted/asserting012628497267?fileloc=//bin/python3.6m&path=//bin HTTP/2.0" 200 26176 "-" "meta-externalagent/1.1 (+https://developers.facebook.com/docs/sharing/webmasters/crawler)" 330 **0/330723**
57.141.20.16 - - [21/Mar/2026:05:32:15 -0700] "GET /shop/hindi/lepidote012475548879?fileloc=/home/dxfxddmd03st/public_html/wp-admin/themes.php&path=/home/dxfxddmd03st/public_html/wp-admin HTTP/2.0" 200 75770 "-" "meta-externalagent/1.1 (+https://developers.facebook.com/docs/sharing/webmasters/crawler)" 315 **0/315351**
74.7.243.195 - - [21/Mar/2026:05:32:15 -0700] "GET /shop/mummify/loyalist011933039723 HTTP/2.0" 200 3474 "https://www.artelron.com/wp-sitemap.xml" "Mozilla/5.0 AppleWebKit/537.36 (KHTML, like Gecko; compatible; GPTBot/1.3; +https://openai.com/gptbot)" 340 **0/340289**
74.7.227.172 - - [21/Mar/2026:05:32:15 -0700] "GET /?path=//lib/modules/4.18.0-553.52.1.lve.el8.x86_64/kernel/net/openvswitch HTTP/2.0" 200 2706 "https://artelron.com/?path=//lib/modules/4.18.0-553.52.1.lve.el8.x86_64/kernel/net" "Mozilla/5.0 AppleWebKit/537.36 (KHTML, like Gecko; compatible; GPTBot/1.3; +https://openai.com/gptbot)" 325 **0/325303**
57.141.20.52 - - [21/Mar/2026:05:32:15 -0700] "GET /shop/chromoleucite/intervenue013400886737?path=/home/dxfxddmd03st/public_html/wp-content HTTP/2.0" 200 28841 "-" "meta-externalagent/1.1 (+https://developers.facebook.com/docs/sharing/webmasters/crawler)" 322 **0/322908**
57.141.20.58 - - [21/Mar/2026:05:32:16 -0700] "GET /shop/downlooked/delation011806543597?fileloc=/home/dxfxddmd03st/public_html/index.php&path=/home/dxfxddmd03st/public_html HTTP/2.0" 200 33839 "-" "meta-externalagent/1.1 (+https://developers.facebook.com/docs/sharing/webmasters/crawler)" 323 **0/323197**
57.141.20.55 - - [21/Mar/2026:05:32:16 -0700] "GET /shop/dispraiser/cottonseed012919625684?path=//home HTTP/2.0" 200 13991 "-" "meta-externalagent/1.1 (+https://developers.facebook.com/docs/sharing/webmasters/crawler)" 334 **0/334422**
57.141.20.23 - - [21/Mar/2026:05:32:16 -0700] "GET /shop/theosophist/acutus013062628039?path=/home/dxfxddmd03st/public_html/.tmb HTTP/2.0" 200 22681 "-" "meta-externalagent/1.1 (+https://developers.facebook.com/docs/sharing/webmasters/crawler)" 327 **0/327994**
57.141.20.12 - - [21/Mar/2026:05:32:17 -0700] "GET /shop/repossess/adeption012506831605?fileloc=/home/dxfxddmd03st/public_html/robots.txt&path=/home/dxfxddmd03st/public_html HTTP/2.0" 200 12472 "-" "meta-externalagent/1.1 (+https://developers.facebook.com/docs/sharing/webmasters/crawler)" 324 **0/324786**
57.141.20.44 - - [21/Mar/2026:05:32:17 -0700] "GET /shop/gobius/sprong013664342655?fileloc=/home/dxfxddmd03st/public_html/wp-includes/cache.php&path=/home/dxfxddmd03st/public_html/wp-includes HTTP/2.0" 200 26342 "-" "meta-externalagent/1.1 (+https://developers.facebook.com/docs/sharing/webmasters/crawler)" 327 **0/327497**
216.73.216.4 - - [21/Mar/2026:05:32:17 -0700] "GET /shop/whinstone/burgessship01863298141?fileloc=%2Fhome%2Fdxfxddmd03st%2Fpublic_html%2Fwp-includes%2Fadmin-bar.php&path=%2Fhome%2Fdxfxddmd03st%2Fpublic_html%2Fwp-includes HTTP/2.0" 200 10591 "-" "Mozilla/5.0 AppleWebKit/537.36 (KHTML, like Gecko; compatible; ClaudeBot/1.0; +claudebot@anthropic.com)" 318 **0/318312**
57.141.20.46 - - [21/Mar/2026:05:32:17 -0700] "GET /shop/earldom/disimpassioned013097060243?fileloc=/home/dxfxddmd03st/public_html/wp-includes/class-wp-customize-manager.php&path=/home/dxfxddmd03st/public_html/wp-includes HTTP/2.0" 200 242886 "-" "meta-externalagent/1.1 (+https://developers.facebook.com/docs/sharing/webmasters/crawler)" 336 **0/336548**
57.141.20.35 - - [21/Mar/2026:05:32:18 -0700] "GET /shop/hygroscopicity/connecticuter012232822489?path=/home/dxfxddmd03st/etc HTTP/2.0" 200 17044 "-" "meta-externalagent/1.1 (+https://developers.facebook.com/docs/sharing/webmasters/crawler)" 360 **0/360548**
74.7.243.195 - - [21/Mar/2026:05:32:18 -0700] "GET /shop/embroider/weezel012808591389 HTTP/2.0" 200 3474 "https://www.artelron.com/wp-sitemap.xml" "Mozilla/5.0 AppleWebKit/537.36 (KHTML, like Gecko; compatible; GPTBot/1.3; +https://openai.com/gptbot)" 327 **0/327284**
57.141.20.53 - - [21/Mar/2026:05:32:18 -0700] "GET /shop/squame/eternify011617769071 HTTP/2.0" 200 56935 "-" "meta-externalagent/1.1 (+https://developers.facebook.com/docs/sharing/webmasters/crawler)" 365 **0/365435**
57.141.20.17 - - [21/Mar/2026:05:32:18 -0700] "GET /shop/blackjack/coeducational01463544952?path=/home/dxfxddmd03st/public_html/moked-hash.co.il/wp-content/plugins/elementor/app HTTP/2.0" 200 19730 "-" "meta-externalagent/1.1 (+https://developers.facebook.com/docs/sharing/webmasters/crawler)" 335 **0/335375**
74.7.227.172 - - [21/Mar/2026:05:32:19 -0700] "GET /?path=//lib/modules/4.18.0-553.52.1.lve.el8.x86_64/kernel/net/802 HTTP/2.0" 200 2730 "https://artelron.com/?path=//lib/modules/4.18.0-553.52.1.lve.el8.x86_64/kernel/net" "Mozilla/5.0 AppleWebKit/537.36 (KHTML, like Gecko; compatible; GPTBot/1.3; +https://openai.com/gptbot)" 322 **0/322799**
57.141.20.32 - - [21/Mar/2026:05:32:19 -0700] "GET /shop/hungred/weerish011101780398?path=/home/dxfxddmd03st/public_html/moked-hash.co.il HTTP/2.0" 200 53170 "-" "meta-externalagent/1.1 (+https://developers.facebook.com/docs/sharing/webmasters/crawler)" 334 **0/334970**
57.141.20.58 - - [21/Mar/2026:05:32:19 -0700] "GET /shop/enchase/tsetung012334970722?fileloc=/home/dxfxddmd03st/www/wp-activate.php&path=/home/dxfxddmd03st/www HTTP/2.0" 200 21354 "-" "meta-externalagent/1.1 (+https://developers.facebook.com/docs/sharing/webmasters/crawler)" 342 **0/342545**
57.141.20.14 - - [21/Mar/2026:05:32:19 -0700] "GET /shop/pastorling/churrworm013828657064?fileloc=/home/dxfxddmd03st/public_html/wp-settings.php&path=/home/dxfxddmd03st/public_html HTTP/2.0" 200 46994 "-" "meta-externalagent/1.1 (+https://developers.facebook.com/docs/sharing/webmasters/crawler)" 320 **0/320891**
57.141.20.29 - - [21/Mar/2026:05:32:20 -0700] "GET /shop/proselytizing/author012870035397?fileloc=/home/dxfxddmd03st/public_html/wp-settings.php&path=/home/dxfxddmd03st/public_html HTTP/2.0" 200 46994 "-" "meta-externalagent/1.1 (+https://developers.facebook.com/docs/sharing/webmasters/crawler)" 325 **0/325282**
216.73.216.4 - - [21/Mar/2026:05:32:20 -0700] "GET /shop/roundshouldered/cogitation011895481138?fileloc=%2F%2Flib64%2Flibssh_threads.so.4.8.7&path=%2F%2Flib64 HTTP/2.0" 200 173580 "-" "Mozilla/5.0 AppleWebKit/537.36 (KHTML, like Gecko; compatible; ClaudeBot/1.0; +claudebot@anthropic.com)" 391 **0/391897**
57.141.20.42 - - [21/Mar/2026:05:32:20 -0700] "GET /shop/similative/artistically011729879418?fileloc=/home/dxfxddmd03st/public_html/wp-admin/ms-options.php&path=/home/dxfxddmd03st/public_html/wp-admin HTTP/2.0" 200 12724 "-" "meta-externalagent/1.1 (+https://developers.facebook.com/docs/sharing/webmasters/crawler)" 324 **0/324315**
57.141.20.42 - - [21/Mar/2026:05:32:20 -0700] "GET /shop/insulsity/perruque012329169835?fileloc=/home/dxfxddmd03st/public_html/wp-admin/network/profile.php&path=/home/dxfxddmd03st/public_html/wp-admin/network HTTP/2.0" 200 12830 "-" "meta-externalagent/1.1 (+https://developers.facebook.com/docs/sharing/webmasters/crawler)" 314 **0/314833**
