74.7.243.195 - - [21/Mar/2026:05:11:46 -0700] "GET /shop/donnat/phariseeism011543305500 HTTP/2.0" 200 3474 "https://www.artelron.com/wp-sitemap.xml" "Mozilla/5.0 AppleWebKit/537.36 (KHTML, like Gecko; compatible; GPTBot/1.3; +https://openai.com/gptbot)" 311 **0/311897**
57.141.20.58 - - [21/Mar/2026:05:11:46 -0700] "GET /shop/silundum/tracklessly01977205512?fileloc=/home/dxfxddmd03st/public_html/wp-includes/js/customize-preview.min.js&path=/home/dxfxddmd03st/public_html/wp-includes/js HTTP/2.0" 200 25669 "-" "meta-externalagent/1.1 (+https://developers.facebook.com/docs/sharing/webmasters/crawler)" 334 **0/334390**
57.141.20.40 - - [21/Mar/2026:05:11:46 -0700] "GET /shop/silundum/tracklessly01977205512?path=/home/dxfxddmd03st/public_html/wp-includes/js/thickbox HTTP/2.0" 200 21037 "-" "meta-externalagent/1.1 (+https://developers.facebook.com/docs/sharing/webmasters/crawler)" 320 **0/320203**
57.141.20.52 - - [21/Mar/2026:05:11:46 -0700] "GET /shop/blackjack/coeducational01463544952?fileloc=/home/dxfxddmd03st/public_html/wp-includes/user.php&path=/home/dxfxddmd03st/public_html/wp-includes HTTP/2.0" 200 207285 "-" "meta-externalagent/1.1 (+https://developers.facebook.com/docs/sharing/webmasters/crawler)" 326 **0/326967**
57.141.20.15 - - [21/Mar/2026:05:11:47 -0700] "GET /shop/termination/gerontes01151729142?fileloc=/home/dxfxddmd03st/public_html/license.txt&path=/home/dxfxddmd03st/public_html HTTP/2.0" 200 32473 "-" "meta-externalagent/1.1 (+https://developers.facebook.com/docs/sharing/webmasters/crawler)" 307 **0/307492**
57.141.20.20 - - [21/Mar/2026:05:11:47 -0700] "GET /shop/sifac/quadrivalvular013377567257?path=/home/dxfxddmd03st/public_html/ssl HTTP/2.0" 200 17101 "-" "meta-externalagent/1.1 (+https://developers.facebook.com/docs/sharing/webmasters/crawler)" 309 **0/309296**
57.141.20.21 - - [21/Mar/2026:05:11:47 -0700] "GET /shop/columbae/columbidae012435741118?fileloc=//bin/renew-dummy-cert&path=//bin HTTP/2.0" 200 13057 "-" "meta-externalagent/1.1 (+https://developers.facebook.com/docs/sharing/webmasters/crawler)" 321 **0/321911**
57.141.20.53 - - [21/Mar/2026:05:11:48 -0700] "GET /shop/experientialist/turkish01588284128?fileloc=/home/dxfxddmd03st/public_html/xmlrpc.php&path=/home/dxfxddmd03st/public_html HTTP/2.0" 200 16263 "-" "meta-externalagent/1.1 (+https://developers.facebook.com/docs/sharing/webmasters/crawler)" 314 **0/314706**
74.7.227.172 - - [21/Mar/2026:05:11:48 -0700] "GET /?fileloc=//bin/clear&path=//bin HTTP/2.0" 200 6429 "https://artelron.com/?path=//bin" "Mozilla/5.0 AppleWebKit/537.36 (KHTML, like Gecko; compatible; GPTBot/1.3; +https://openai.com/gptbot)" 320 **0/320918**
57.141.20.50 - - [21/Mar/2026:05:11:48 -0700] "GET /shop/columbae/columbidae012435741118?fileloc=//bin/mariadb-show&path=//bin HTTP/2.0" 200 5269581 "-" "meta-externalagent/1.1 (+https://developers.facebook.com/docs/sharing/webmasters/crawler)" 798 **0/798815**
57.141.20.33 - - [21/Mar/2026:05:11:49 -0700] "GET /shop/discredited/varies012896565828?fileloc=/home/dxfxddmd03st/public_html/wp-includes/post-template.php&path=/home/dxfxddmd03st/public_html/wp-includes HTTP/2.0" 200 89609 "-" "meta-externalagent/1.1 (+https://developers.facebook.com/docs/sharing/webmasters/crawler)" 336 **0/336242**
216.73.216.4 - - [21/Mar/2026:05:11:49 -0700] "GET /shop/decubation/woundwort014083378550?path=%2Fhome%2Fdxfxddmd03st%2Fpublic_html%2Fwp-content%2Fblogs.dir HTTP/2.0" 200 2333 "-" "Mozilla/5.0 AppleWebKit/537.36 (KHTML, like Gecko; compatible; ClaudeBot/1.0; +claudebot@anthropic.com)" 325 **0/325231**
57.141.20.10 - - [21/Mar/2026:05:11:49 -0700] "GET /shop/liard/submultiple01928794959?path=//lib/.build-id/31 HTTP/2.0" 200 36071 "-" "meta-externalagent/1.1 (+https://developers.facebook.com/docs/sharing/webmasters/crawler)" 320 **0/320952**
74.7.243.195 - - [21/Mar/2026:05:11:49 -0700] "GET /shop/inned/enoptomancy014033818420 HTTP/2.0" 200 3474 "https://www.artelron.com/wp-sitemap.xml" "Mozilla/5.0 AppleWebKit/537.36 (KHTML, like Gecko; compatible; GPTBot/1.3; +https://openai.com/gptbot)" 318 **0/318024**
57.141.20.0 - - [21/Mar/2026:05:11:49 -0700] "GET /shop/experientialist/turkish01588284128?path=/home/dxfxddmd03st/public_html/wp-admin HTTP/2.0" 200 171679 "-" "meta-externalagent/1.1 (+https://developers.facebook.com/docs/sharing/webmasters/crawler)" 330 **0/330285**
57.141.20.14 - - [21/Mar/2026:05:11:49 -0700] "GET /shop/similative/artistically011729879418?fileloc=/home/dxfxddmd03st/public_html/wp-includes/class-wp-image-editor-gd.php&path=/home/dxfxddmd03st/public_html/wp-includes HTTP/2.0" 200 35066 "-" "meta-externalagent/1.1 (+https://developers.facebook.com/docs/sharing/webmasters/crawler)" 307 **0/307831**
57.141.20.4 - - [21/Mar/2026:05:11:50 -0700] "GET /shop/insulsity/perruque012329169835?fileloc=/home/dxfxddmd03st/public_html/wp-admin/custom-header.php&path=/home/dxfxddmd03st/public_html/wp-admin HTTP/2.0" 200 13042 "-" "meta-externalagent/1.1 (+https://developers.facebook.com/docs/sharing/webmasters/crawler)" 320 **0/320930**
57.141.20.55 - - [21/Mar/2026:05:11:50 -0700] "GET /shop/relieving/presumingly011609729046?path=/home/dxfxddmd03st/public_html/cgi-bin HTTP/2.0" 200 15766 "-" "meta-externalagent/1.1 (+https://developers.facebook.com/docs/sharing/webmasters/crawler)" 324 **0/324758**
57.141.20.5 - - [21/Mar/2026:05:11:50 -0700] "GET /shop/teated/flamelet012504407423?fileloc=/home/dxfxddmd03st/.imunify_patch_id&path=/home/dxfxddmd03st HTTP/2.0" 200 12428 "-" "meta-externalagent/1.1 (+https://developers.facebook.com/docs/sharing/webmasters/crawler)" 309 **0/309858**
57.141.20.55 - - [21/Mar/2026:05:11:51 -0700] "GET /shop/sanquine/stundist013729468748?fileloc=/home/dxfxddmd03st/.bash_logout&path=/home/dxfxddmd03st HTTP/2.0" 200 12433 "-" "meta-externalagent/1.1 (+https://developers.facebook.com/docs/sharing/webmasters/crawler)" 314 **0/314146**
57.141.20.51 - - [21/Mar/2026:05:11:51 -0700] "GET /shop/gallicize/technically011263253821?fileloc=/home/dxfxddmd03st/public_html/wp-admin/index.php&path=/home/dxfxddmd03st/public_html/wp-admin HTTP/2.0" 200 22348 "-" "meta-externalagent/1.1 (+https://developers.facebook.com/docs/sharing/webmasters/crawler)" 326 **0/326887**
57.141.20.49 - - [21/Mar/2026:05:11:51 -0700] "GET /shop/tonguefish/naperian011483525273?path=/home/dxfxddmd03st/cache HTTP/2.0" 200 12766 "-" "meta-externalagent/1.1 (+https://developers.facebook.com/docs/sharing/webmasters/crawler)" 321 **0/321950**
74.7.227.172 - - [21/Mar/2026:05:11:51 -0700] "GET /?fileloc=//bin/nohup&path=//bin HTTP/2.0" 200 16252 "https://artelron.com/?path=//bin" "Mozilla/5.0 AppleWebKit/537.36 (KHTML, like Gecko; compatible; GPTBot/1.3; +https://openai.com/gptbot)" 336 **0/336826**
57.141.20.7 - - [21/Mar/2026:05:11:51 -0700] "GET /shop/blackjack/coeducational01463544952?path=/home/dxfxddmd03st/public_html/moked-hash.co.il/wp-content/uploads/2025 HTTP/2.0" 200 30929 "-" "meta-externalagent/1.1 (+https://developers.facebook.com/docs/sharing/webmasters/crawler)" 316 **0/316214**
216.73.216.4 - - [21/Mar/2026:05:11:52 -0700] "GET /shop/sciagraph/magica01248457067?fileloc=%2Fhome%2Fdxfxddmd03st%2Fpublic_html%2Fwp-includes%2Fms-settings.php&path=%2Fhome%2Fdxfxddmd03st%2Fpublic_html%2Fwp-includes HTTP/2.0" 200 3790 "-" "Mozilla/5.0 AppleWebKit/537.36 (KHTML, like Gecko; compatible; ClaudeBot/1.0; +claudebot@anthropic.com)" 310 **0/310461**
57.141.20.47 - - [21/Mar/2026:05:11:52 -0700] "GET /shop/dannebrog/councilman01974781330?fileloc=/home/dxfxddmd03st/public_html/wp-includes/version.php&path=/home/dxfxddmd03st/public_html/wp-includes HTTP/2.0" 200 13647 "-" "meta-externalagent/1.1 (+https://developers.facebook.com/docs/sharing/webmasters/crawler)" 316 **0/316827**
74.7.243.195 - - [21/Mar/2026:05:11:52 -0700] "GET /shop/impossibly/whoobub011512627708 HTTP/2.0" 200 3474 "https://www.artelron.com/wp-sitemap.xml" "Mozilla/5.0 AppleWebKit/537.36 (KHTML, like Gecko; compatible; GPTBot/1.3; +https://openai.com/gptbot)" 313 **0/313282**
57.141.20.0 - - [21/Mar/2026:05:11:52 -0700] "GET /shop/meiocene/dourikuli011034317666?path=/home/dxfxddmd03st/public_html/artelron.com HTTP/2.0" 200 17369 "-" "meta-externalagent/1.1 (+https://developers.facebook.com/docs/sharing/webmasters/crawler)" 319 **0/319090**
57.141.20.56 - - [21/Mar/2026:05:11:53 -0700] "GET /shop/gormandism/woolliness012098858059?path=/home/dxfxddmd03st/.cphorde HTTP/2.0" 200 18471 "-" "meta-externalagent/1.1 (+https://developers.facebook.com/docs/sharing/webmasters/crawler)" 312 **0/312653**
57.141.20.53 - - [21/Mar/2026:05:11:53 -0700] "GET /shop/aphyllous/subhyoidean013914892639 HTTP/2.0" 200 56935 "-" "meta-externalagent/1.1 (+https://developers.facebook.com/docs/sharing/webmasters/crawler)" 314 **0/314318**
57.141.20.12 - - [21/Mar/2026:05:11:53 -0700] "GET /shop/persei/explicative01810883709?path=/home/dxfxddmd03st/.gnupg HTTP/2.0" 200 18676 "-" "meta-externalagent/1.1 (+https://developers.facebook.com/docs/sharing/webmasters/crawler)" 312 **0/312693**
57.141.20.54 - - [21/Mar/2026:05:11:54 -0700] "GET /shop/thrivingness/rhopalic013235613478?path=/home/dxfxddmd03st/public_html/wp-content/plugins/modula-best-grid-gallery HTTP/2.0" 200 29327 "-" "meta-externalagent/1.1 (+https://developers.facebook.com/docs/sharing/webmasters/crawler)" 339 **0/339678**
57.141.20.44 - - [21/Mar/2026:05:11:54 -0700] "GET /shop/theosophist/acutus013062628039?fileloc=/home/dxfxddmd03st/public_html/wp-admin/plugins.php&path=/home/dxfxddmd03st/public_html/wp-admin HTTP/2.0" 200 49290 "-" "meta-externalagent/1.1 (+https://developers.facebook.com/docs/sharing/webmasters/crawler)" 312 **0/312366**
57.141.20.33 - - [21/Mar/2026:05:11:54 -0700] "GET /shop/compactness/interseminate013137127628 HTTP/2.0" 200 56935 "-" "meta-externalagent/1.1 (+https://developers.facebook.com/docs/sharing/webmasters/crawler)" 346 **0/346917**
74.7.227.172 - - [21/Mar/2026:05:11:54 -0700] "GET /?fileloc=//bin/false&path=//bin HTTP/2.0" 200 14163 "https://artelron.com/?path=//bin" "Mozilla/5.0 AppleWebKit/537.36 (KHTML, like Gecko; compatible; GPTBot/1.3; +https://openai.com/gptbot)" 325 **0/325693**
57.141.20.32 - - [21/Mar/2026:05:11:55 -0700] "GET /shop/roughest/gently011604976751?fileloc=/home/dxfxddmd03st/public_html/wp-load.php&path=/home/dxfxddmd03st/public_html HTTP/2.0" 200 16906 "-" "meta-externalagent/1.1 (+https://developers.facebook.com/docs/sharing/webmasters/crawler)" 316 **0/316417**
216.73.216.4 - - [21/Mar/2026:05:11:55 -0700] "GET /shop/fucate/congealable012504141324?fileloc=%2Fhome%2Fdxfxddmd03st%2Fpublic_html%2Fwp-admin%2Fpost.php&path=%2Fhome%2Fdxfxddmd03st%2Fpublic_html%2Fwp-admin HTTP/2.0" 200 5221 "-" "Mozilla/5.0 AppleWebKit/537.36 (KHTML, like Gecko; compatible; ClaudeBot/1.0; +claudebot@anthropic.com)" 312 **0/312309**
57.141.20.2 - - [21/Mar/2026:05:11:55 -0700] "GET /shop/relieving/presumingly011609729046?path=/home/dxfxddmd03st/public_html/wp-content HTTP/2.0" 200 28841 "-" "meta-externalagent/1.1 (+https://developers.facebook.com/docs/sharing/webmasters/crawler)" 323 **0/323545**
74.7.243.195 - - [21/Mar/2026:05:11:55 -0700] "GET /shop/jesses/logometric013049939926 HTTP/2.0" 200 3474 "https://www.artelron.com/wp-sitemap.xml" "Mozilla/5.0 AppleWebKit/537.36 (KHTML, like Gecko; compatible; GPTBot/1.3; +https://openai.com/gptbot)" 310 **0/310589**
57.141.20.17 - - [21/Mar/2026:05:11:55 -0700] "GET /shop/exquisitively/crete011458434168?fileloc=/home/dxfxddmd03st/favicon.ico&path=/home/dxfxddmd03st HTTP/2.0" 200 38485 "-" "meta-externalagent/1.1 (+https://developers.facebook.com/docs/sharing/webmasters/crawler)" 308 **0/308713**
57.141.20.40 - - [21/Mar/2026:05:11:55 -0700] "GET /shop/alkalimetric/herpetology012024390851?fileloc=/home/dxfxddmd03st/public_html/wp-mail.php&path=/home/dxfxddmd03st/public_html HTTP/2.0" 200 22288 "-" "meta-externalagent/1.1 (+https://developers.facebook.com/docs/sharing/webmasters/crawler)" 320 **0/320103**
57.141.20.9 - - [21/Mar/2026:05:11:56 -0700] "GET /shop/unfriendly/dulciloquy013968023138?path=/home/dxfxddmd03st/public_html/.tmb HTTP/2.0" 200 22681 "-" "meta-externalagent/1.1 (+https://developers.facebook.com/docs/sharing/webmasters/crawler)" 319 **0/319173**
57.141.20.3 - - [21/Mar/2026:05:11:57 -0700] "GET /shop/persei/explicative01810883709?path=/home/dxfxddmd03st/tmp HTTP/2.0" 200 38352 "-" "meta-externalagent/1.1 (+https://developers.facebook.com/docs/sharing/webmasters/crawler)" 316 **0/316218**
57.141.20.55 - - [21/Mar/2026:05:11:57 -0700] "GET /shop/inrail/subhyaloid012920837783?path=/home/dxfxddmd03st/public_html/wp-admin HTTP/2.0" 200 171679 "-" "meta-externalagent/1.1 (+https://developers.facebook.com/docs/sharing/webmasters/crawler)" 341 **0/341899**
57.141.20.24 - - [21/Mar/2026:05:11:57 -0700] "GET /shop/solemnizate/popular011457222069?fileloc=/home/dxfxddmd03st/public_html/robots.txt&path=/home/dxfxddmd03st/public_html HTTP/2.0" 200 12472 "-" "meta-externalagent/1.1 (+https://developers.facebook.com/docs/sharing/webmasters/crawler)" 322 **0/322840**
57.141.20.25 - - [21/Mar/2026:05:11:57 -0700] "GET /shop/sanquine/stundist013729468748?path=//lib HTTP/2.0" 200 63487 "-" "meta-externalagent/1.1 (+https://developers.facebook.com/docs/sharing/webmasters/crawler)" 325 **0/325607**
74.7.227.172 - - [21/Mar/2026:05:11:58 -0700] "GET /?fileloc=//bin/nroff&path=//bin HTTP/2.0" 200 3761 "https://artelron.com/?path=//bin" "Mozilla/5.0 AppleWebKit/537.36 (KHTML, like Gecko; compatible; GPTBot/1.3; +https://openai.com/gptbot)" 334 **0/334069**
216.73.216.4 - - [21/Mar/2026:05:11:58 -0700] "GET /shop/interwoven/hydroelectric012533886578?path=%2Fhome%2Fdxfxddmd03st%2Fpublic_html HTTP/2.0" 200 3474 "-" "Mozilla/5.0 AppleWebKit/537.36 (KHTML, like Gecko; compatible; ClaudeBot/1.0; +claudebot@anthropic.com)" 322 **0/322059**
57.141.20.28 - - [21/Mar/2026:05:11:58 -0700] "GET /shop/windrowing/discalceate012750793949?fileloc=/home/dxfxddmd03st/public_html/wp-includes/shortcodes.php&path=/home/dxfxddmd03st/public_html/wp-includes HTTP/2.0" 200 38134 "-" "meta-externalagent/1.1 (+https://developers.facebook.com/docs/sharing/webmasters/crawler)" 328 **0/328810**
57.141.20.42 - - [21/Mar/2026:05:11:58 -0700] "GET /shop/columbae/columbidae012435741118?fileloc=/home/dxfxddmd03st/public_html/readme.html&path=/home/dxfxddmd03st/public_html HTTP/2.0" 200 21726 "-" "meta-externalagent/1.1 (+https://developers.facebook.com/docs/sharing/webmasters/crawler)" 325 **0/325321**
74.7.243.195 - - [21/Mar/2026:05:11:58 -0700] "GET /shop/soiling/winterweed014126409139 HTTP/2.0" 200 3474 "https://www.artelron.com/wp-sitemap.xml" "Mozilla/5.0 AppleWebKit/537.36 (KHTML, like Gecko; compatible; GPTBot/1.3; +https://openai.com/gptbot)" 315 **0/315670**
57.141.20.18 - - [21/Mar/2026:05:11:58 -0700] "GET /shop/fugere/capitulary013279221059?fileloc=/home/dxfxddmd03st/public_html/wp-content/.htaccess&path=/home/dxfxddmd03st/public_html/wp-content HTTP/2.0" 200 12622 "-" "meta-externalagent/1.1 (+https://developers.facebook.com/docs/sharing/webmasters/crawler)" 308 **0/308654**
57.141.20.27 - - [21/Mar/2026:05:11:59 -0700] "GET /shop/insulsity/perruque012329169835?fileloc=/home/dxfxddmd03st/public_html/wp-admin/widgets-form.php&path=/home/dxfxddmd03st/public_html/wp-admin HTTP/2.0" 200 37444 "-" "meta-externalagent/1.1 (+https://developers.facebook.com/docs/sharing/webmasters/crawler)" 314 **0/314105**
57.141.20.20 - - [21/Mar/2026:05:11:59 -0700] "GET /shop/insulsity/perruque012329169835?fileloc=/home/dxfxddmd03st/public_html/wp-admin/update-core.php&path=/home/dxfxddmd03st/public_html/wp-admin HTTP/2.0" 200 69931 "-" "meta-externalagent/1.1 (+https://developers.facebook.com/docs/sharing/webmasters/crawler)" 323 **0/323139**
57.141.20.17 - - [21/Mar/2026:05:11:59 -0700] "GET /shop/spittle/hemstitching013964482926?fileloc=/home/dxfxddmd03st/public_html/wp-comments-post.php&path=/home/dxfxddmd03st/public_html HTTP/2.0" 200 15069 "-" "meta-externalagent/1.1 (+https://developers.facebook.com/docs/sharing/webmasters/crawler)" 315 **0/315845**
57.141.20.39 - - [21/Mar/2026:05:12:00 -0700] "GET /shop/diamond/angelus011215480567?path=/home HTTP/2.0" 200 13987 "-" "meta-externalagent/1.1 (+https://developers.facebook.com/docs/sharing/webmasters/crawler)" 330 **0/330299**
57.141.20.57 - - [21/Mar/2026:05:12:00 -0700] "GET /shop/encyclopaedy/foison0147582057?path=//bin HTTP/2.0" 200 713654 "-" "meta-externalagent/1.1 (+https://developers.facebook.com/docs/sharing/webmasters/crawler)" 490 **0/490030**
57.141.20.11 - - [21/Mar/2026:05:12:00 -0700] "GET /shop/sanquine/stundist013729468748?fileloc=/home/dxfxddmd03st/public_html/.tmb/l1_d3AtY29udGVudC91cGxvYWRzL2VsZW1lbnRvci90aHVtYnMvaW1hZ2UtMS1jb3B5cmlnaHQtb3EweTY1NXc5bmx5N3l5MnZ6eWRkaXpldDB0bzJhaHQ1Nmk0NmVoMzQ0LmpwZw1590397284.png&path=/home/dxfxddmd03st/public_html/.tmb HTTP/2.0" 200 22088 "-" "meta-externalagent/1.1 (+https://developers.facebook.com/docs/sharing/webmasters/crawler)" 318 **0/318070**
57.141.20.37 - - [21/Mar/2026:05:12:01 -0700] "GET /shop/gallicize/technically011263253821?fileloc=/home/dxfxddmd03st/public_html/wp-admin/nav-menus.php&path=/home/dxfxddmd03st/public_html/wp-admin HTTP/2.0" 200 72505 "-" "meta-externalagent/1.1 (+https://developers.facebook.com/docs/sharing/webmasters/crawler)" 321 **0/321403**
78.138.16.5 - - [21/Mar/2026:05:12:01 -0700] "GET /product/bring-to-door-abn-67-415-976-619-size-l-black-reflective-no-pull-dog-harness-adjustable-durable-for-large-breeds-anti-escape-design HTTP/1.1" 200 3474 "https://www.artelron.com/" "Mozilla/5.0 (Macintosh; Intel Mac OS X 11_7_10) AppleWebKit/537.36 (KHTML, like Gecko) Chrome/131.0.0.0 Safari/537.36" 333 **0/333553**
216.73.216.4 - - [21/Mar/2026:05:12:01 -0700] "GET /shop/vection/restore011700528002?fileloc=%2Fhome%2Fdxfxddmd03st%2Fpublic_html%2Fwp-admin%2Fwidgets.php&path=%2Fhome%2Fdxfxddmd03st%2Fpublic_html%2Fwp-admin HTTP/2.0" 200 2785 "-" "Mozilla/5.0 AppleWebKit/537.36 (KHTML, like Gecko; compatible; ClaudeBot/1.0; +claudebot@anthropic.com)" 344 **0/344458**
74.7.227.172 - - [21/Mar/2026:05:12:01 -0700] "GET /?fileloc=//bin/csplit&path=//bin HTTP/2.0" 200 22282 "https://artelron.com/?path=//bin" "Mozilla/5.0 AppleWebKit/537.36 (KHTML, like Gecko; compatible; GPTBot/1.3; +https://openai.com/gptbot)" 377 **0/377051**
57.141.20.21 - - [21/Mar/2026:05:12:01 -0700] "GET /shop/dejecture/taplings01618354755?path=//var HTTP/2.0" 200 30698 "-" "meta-externalagent/1.1 (+https://developers.facebook.com/docs/sharing/webmasters/crawler)" 327 **0/327357**
74.7.243.195 - - [21/Mar/2026:05:12:01 -0700] "GET /shop/stillatory/caules014065660720 HTTP/2.0" 200 3474 "https://www.artelron.com/wp-sitemap.xml" "Mozilla/5.0 AppleWebKit/537.36 (KHTML, like Gecko; compatible; GPTBot/1.3; +https://openai.com/gptbot)" 350 **0/350499**
57.141.20.9 - - [21/Mar/2026:05:12:02 -0700] "GET /shop/insulsity/perruque012329169835?fileloc=//bin/chcon&path=//bin HTTP/2.0" 200 119420 "-" "meta-externalagent/1.1 (+https://developers.facebook.com/docs/sharing/webmasters/crawler)" 362 **0/362823**
57.141.20.46 - - [21/Mar/2026:05:12:02 -0700] "GET /shop/similative/artistically011729879418?fileloc=/home/dxfxddmd03st/public_html/wp-includes/ms-deprecated.php&path=/home/dxfxddmd03st/public_html/wp-includes HTTP/2.0" 200 36636 "-" "meta-externalagent/1.1 (+https://developers.facebook.com/docs/sharing/webmasters/crawler)" 326 **0/326100**
57.141.20.7 - - [21/Mar/2026:05:12:02 -0700] "GET /shop/frith/gigas013793997649?fileloc=/home/dxfxddmd03st/public_html/wp-includes/comment.php&path=/home/dxfxddmd03st/public_html/wp-includes HTTP/2.0" 200 159352 "-" "meta-externalagent/1.1 (+https://developers.facebook.com/docs/sharing/webmasters/crawler)" 347 **0/347884**
57.141.20.46 - - [21/Mar/2026:05:12:02 -0700] "GET /shop/inrail/subhyaloid012920837783?path=/home/dxfxddmd03st/ssl HTTP/2.0" 200 19721 "-" "meta-externalagent/1.1 (+https://developers.facebook.com/docs/sharing/webmasters/crawler)" 333 **0/333103**
57.141.20.55 - - [21/Mar/2026:05:12:02 -0700] "GET /shop/calque/redcoated01196548822?path=/home/dxfxddmd03st/application_backups HTTP/2.0" 200 17893 "-" "meta-externalagent/1.1 (+https://developers.facebook.com/docs/sharing/webmasters/crawler)" 332 **0/332775**
57.141.20.55 - - [21/Mar/2026:05:12:03 -0700] "GET /shop/frith/gigas013793997649?fileloc=/home/dxfxddmd03st/public_html/wp-includes/embed.php&path=/home/dxfxddmd03st/public_html/wp-includes HTTP/2.0" 200 56116 "-" "meta-externalagent/1.1 (+https://developers.facebook.com/docs/sharing/webmasters/crawler)" 333 **0/333379**
57.141.20.49 - - [21/Mar/2026:05:12:03 -0700] "GET /shop/fortuna/stigmatized013348935940 HTTP/2.0" 200 56935 "-" "meta-externalagent/1.1 (+https://developers.facebook.com/docs/sharing/webmasters/crawler)" 327 **0/327670**
216.73.216.4 - - [21/Mar/2026:05:12:04 -0700] "GET /shop/obfuscate/embassadry013335881615?fileloc=%2Fhome%2Fdxfxddmd03st%2Fpublic_html%2Fwp-admin%2Flink-manager.php&path=%2Fhome%2Fdxfxddmd03st%2Fpublic_html%2Fwp-admin HTTP/2.0" 200 4048 "-" "Mozilla/5.0 AppleWebKit/537.36 (KHTML, like Gecko; compatible; ClaudeBot/1.0; +claudebot@anthropic.com)" 327 **0/327100**
57.141.20.54 - - [21/Mar/2026:05:12:04 -0700] "GET /shop/brack/belectured012096693469 HTTP/2.0" 200 56935 "-" "meta-externalagent/1.1 (+https://developers.facebook.com/docs/sharing/webmasters/crawler)" 310 **0/310719**
57.141.20.13 - - [21/Mar/2026:05:12:04 -0700] "GET /shop/clough/facsimile01998446120 HTTP/2.0" 200 56935 "-" "meta-externalagent/1.1 (+https://developers.facebook.com/docs/sharing/webmasters/crawler)" 321 **0/321365**
74.7.227.172 - - [21/Mar/2026:05:12:04 -0700] "GET /?fileloc=//bin/piconv&path=//bin HTTP/2.0" 200 5175 "https://artelron.com/?path=//bin" "Mozilla/5.0 AppleWebKit/537.36 (KHTML, like Gecko; compatible; GPTBot/1.3; +https://openai.com/gptbot)" 325 **0/325502**
74.7.243.195 - - [21/Mar/2026:05:12:04 -0700] "GET /shop/imagining/thummie012009671505 HTTP/2.0" 200 3474 "https://www.artelron.com/wp-sitemap.xml" "Mozilla/5.0 AppleWebKit/537.36 (KHTML, like Gecko; compatible; GPTBot/1.3; +https://openai.com/gptbot)" 323 **0/323728**
57.141.20.54 - - [21/Mar/2026:05:12:04 -0700] "GET /shop/hurricano/demotic012144630214?fileloc=/home/dxfxddmd03st/public_html/index.php&path=/home/dxfxddmd03st/public_html HTTP/2.0" 200 33839 "-" "meta-externalagent/1.1 (+https://developers.facebook.com/docs/sharing/webmasters/crawler)" 337 **0/337854**
57.141.20.57 - - [21/Mar/2026:05:12:05 -0700] "GET /shop/adrenergic/salicaceae012360289054 HTTP/2.0" 200 56935 "-" "meta-externalagent/1.1 (+https://developers.facebook.com/docs/sharing/webmasters/crawler)" 342 **0/342061**
57.141.20.55 - - [21/Mar/2026:05:12:05 -0700] "GET /shop/gospeller/swordbill011807755696?fileloc=/home/dxfxddmd03st/public_html/wp-load.php&path=/home/dxfxddmd03st/public_html HTTP/2.0" 403 56935 "-" "meta-externalagent/1.1 (+https://developers.facebook.com/docs/sharing/webmasters/crawler)" 322 **0/322649**
57.141.20.32 - - [21/Mar/2026:05:12:05 -0700] "GET /shop/disfigurement/slimily012708561974?fileloc=/home/dxfxddmd03st/public_html/wp-admin/themes.php&path=/home/dxfxddmd03st/public_html/wp-admin HTTP/2.0" 403 56935 "-" "meta-externalagent/1.1 (+https://developers.facebook.com/docs/sharing/webmasters/crawler)" 320 **0/320606**
57.141.20.20 - - [21/Mar/2026:05:12:06 -0700] "GET /shop/daughterinlaw/collet01123261348?fileloc=/home/dxfxddmd03st/public_html/.tmb/l1_d3AtY29udGVudC91cGxvYWRzL2VsZW1lbnRvci90aHVtYnMvaW1hZ2UtMS1jb3B5cmlnaHQtb3BqczJxNXpjcDNpdmlkY2o3OTU0M2V1c3Q4Mm80d3ZpdzZsMnd2ZHZvLmpwZw1589568676.png&path=/home/dxfxddmd03st/public_html/.tmb HTTP/2.0" 403 56935 "-" "meta-externalagent/1.1 (+https://developers.facebook.com/docs/sharing/webmasters/crawler)" 318 **0/318007**
57.141.20.0 - - [21/Mar/2026:05:12:06 -0700] "GET /shop/labeler/meritable013859123742 HTTP/2.0" 403 56935 "-" "meta-externalagent/1.1 (+https://developers.facebook.com/docs/sharing/webmasters/crawler)" 312 **0/312854**
57.141.20.9 - - [21/Mar/2026:05:12:06 -0700] "GET /shop/klein/tearer011800742694?path=/home/dxfxddmd03st/public_html/wp-includes HTTP/2.0" 403 56935 "-" "meta-externalagent/1.1 (+https://developers.facebook.com/docs/sharing/webmasters/crawler)" 326 **0/326845**
57.141.20.31 - - [21/Mar/2026:05:12:07 -0700] "GET /shop/adelaster/parepididymis011639269271?path=/home/dxfxddmd03st/public_html/wp-includes/ID3 HTTP/2.0" 403 56935 "-" "meta-externalagent/1.1 (+https://developers.facebook.com/docs/sharing/webmasters/crawler)" 312 **0/312199**
216.73.216.4 - - [21/Mar/2026:05:12:07 -0700] "GET /shop/missay/bylaw013464534616?fileloc=%2Fhome%2Fdxfxddmd03st%2Fpublic_html%2Fwp-includes%2Fblock-patterns.php&path=%2Fhome%2Fdxfxddmd03st%2Fpublic_html%2Fwp-includes HTTP/2.0" 200 5255 "-" "Mozilla/5.0 AppleWebKit/537.36 (KHTML, like Gecko; compatible; ClaudeBot/1.0; +claudebot@anthropic.com)" 329 **0/329318**
57.141.20.21 - - [21/Mar/2026:05:12:07 -0700] "GET /shop/similative/artistically011729879418?fileloc=/home/dxfxddmd03st/public_html/wp-admin/.htaccess&path=/home/dxfxddmd03st/public_html/wp-admin HTTP/2.0" 403 56935 "-" "meta-externalagent/1.1 (+https://developers.facebook.com/docs/sharing/webmasters/crawler)" 309 **0/309363**
74.7.227.172 - - [21/Mar/2026:05:12:07 -0700] "GET /?fileloc=//bin/ispell&path=//bin HTTP/2.0" 200 2675 "https://artelron.com/?path=//bin" "Mozilla/5.0 AppleWebKit/537.36 (KHTML, like Gecko; compatible; GPTBot/1.3; +https://openai.com/gptbot)" 329 **0/329143**
57.141.20.20 - - [21/Mar/2026:05:12:07 -0700] "GET /shop/fugacity/expired012632037479?fileloc=/home/dxfxddmd03st/public_html/wp-admin/press-this.php&path=/home/dxfxddmd03st/public_html/wp-admin HTTP/2.0" 403 56935 "-" "meta-externalagent/1.1 (+https://developers.facebook.com/docs/sharing/webmasters/crawler)" 327 **0/327382**
74.7.243.195 - - [21/Mar/2026:05:12:07 -0700] "GET /shop/princesse/flipping013157445420 HTTP/2.0" 200 3474 "https://www.artelron.com/wp-sitemap.xml" "Mozilla/5.0 AppleWebKit/537.36 (KHTML, like Gecko; compatible; GPTBot/1.3; +https://openai.com/gptbot)" 319 **0/319662**
57.141.20.13 - - [21/Mar/2026:05:12:08 -0700] "GET /shop/enchase/tsetung012334970722?fileloc=/home/dxfxddmd03st/public_html/wp-activate.php&path=/home/dxfxddmd03st/public_html HTTP/2.0" 403 56935 "-" "meta-externalagent/1.1 (+https://developers.facebook.com/docs/sharing/webmasters/crawler)" 329 **0/329039**
57.141.20.1 - - [21/Mar/2026:05:12:08 -0700] "GET /shop/blackjack/coeducational01463544952?path=/home/dxfxddmd03st/public_html/moked-hash.co.il/wp-admin HTTP/2.0" 403 56935 "-" "meta-externalagent/1.1 (+https://developers.facebook.com/docs/sharing/webmasters/crawler)" 313 **0/313004**
57.141.20.49 - - [21/Mar/2026:05:12:08 -0700] "GET /shop/countess/shirted012823051127?path=/home/dxfxddmd03st/public_html/artelron.com HTTP/2.0" 403 56935 "-" "meta-externalagent/1.1 (+https://developers.facebook.com/docs/sharing/webmasters/crawler)" 315 **0/315901**
57.141.20.57 - - [21/Mar/2026:05:12:09 -0700] "GET /shop/adelaster/parepididymis011639269271?fileloc=/home/dxfxddmd03st/public_html/wp-includes/theme.php&path=/home/dxfxddmd03st/public_html/wp-includes HTTP/2.0" 403 56935 "-" "meta-externalagent/1.1 (+https://developers.facebook.com/docs/sharing/webmasters/crawler)" 318 **0/318442**
57.141.20.11 - - [21/Mar/2026:05:12:09 -0700] "GET /shop/theosophist/acutus013062628039?fileloc=/home/dxfxddmd03st/public_html/wp-admin/profile.php&path=/home/dxfxddmd03st/public_html/wp-admin HTTP/2.0" 403 56935 "-" "meta-externalagent/1.1 (+https://developers.facebook.com/docs/sharing/webmasters/crawler)" 348 **0/348396**
57.141.20.43 - - [21/Mar/2026:05:12:09 -0700] "GET /shop/frith/gigas013793997649?fileloc=/home/dxfxddmd03st/public_html/wp-includes/class-feed.php&path=/home/dxfxddmd03st/public_html/wp-includes HTTP/2.0" 403 56935 "-" "meta-externalagent/1.1 (+https://developers.facebook.com/docs/sharing/webmasters/crawler)" 315 **0/315489**
216.73.216.4 - - [21/Mar/2026:05:12:10 -0700] "GET /shop/innumerably/superexaltation012561401865?path=%2Fhome%2Fdxfxddmd03st%2Fpublic_html%2Fmoked-hash.co.il%2Fwp-includes HTTP/2.0" 200 9932 "-" "Mozilla/5.0 AppleWebKit/537.36 (KHTML, like Gecko; compatible; ClaudeBot/1.0; +claudebot@anthropic.com)" 349 **0/349710**
57.141.20.35 - - [21/Mar/2026:05:12:10 -0700] "GET /shop/envious/disgracer013119772574?fileloc=/home/dxfxddmd03st/public_html/wp-includes/post.php&path=/home/dxfxddmd03st/public_html/wp-includes HTTP/2.0" 403 56935 "-" "meta-externalagent/1.1 (+https://developers.facebook.com/docs/sharing/webmasters/crawler)" 307 **0/307726**
57.141.20.38 - - [21/Mar/2026:05:12:10 -0700] "GET /shop/liard/submultiple01928794959?path=//lib/.build-id/3b HTTP/2.0" 403 56935 "-" "meta-externalagent/1.1 (+https://developers.facebook.com/docs/sharing/webmasters/crawler)" 326 **0/326839**
74.7.227.172 - - [21/Mar/2026:05:12:10 -0700] "GET /?fileloc=//bin/printf&path=//bin HTTP/2.0" 200 23388 "https://artelron.com/?path=//bin" "Mozilla/5.0 AppleWebKit/537.36 (KHTML, like Gecko; compatible; GPTBot/1.3; +https://openai.com/gptbot)" 338 **0/338757**
57.141.20.57 - - [21/Mar/2026:05:12:10 -0700] "GET /shop/nitrobenzol/mozetta011007016547?fileloc=/home/dxfxddmd03st/public_html/wp-includes/author-template.php&path=/home/dxfxddmd03st/public_html/wp-includes HTTP/2.0" 403 56935 "-" "meta-externalagent/1.1 (+https://developers.facebook.com/docs/sharing/webmasters/crawler)" 325 **0/325638**
74.7.243.195 - - [21/Mar/2026:05:12:11 -0700] "GET /shop/manning/mercatante012531181729?path=/home HTTP/2.0" 200 2529 "https://www.artelron.com/shop/manning/mercatante012531181729" "Mozilla/5.0 AppleWebKit/537.36 (KHTML, like Gecko; compatible; GPTBot/1.3; +https://openai.com/gptbot)" 321 **0/321918**
57.141.20.55 - - [21/Mar/2026:05:12:11 -0700] "GET /shop/eophytic/chandelier011387507188 HTTP/2.0" 403 56935 "-" "meta-externalagent/1.1 (+https://developers.facebook.com/docs/sharing/webmasters/crawler)" 316 **0/316878**
57.141.20.47 - - [21/Mar/2026:05:12:11 -0700] "GET /shop/scribing/dominicans012905906943?fileloc=/home/dxfxddmd03st/public_html/wp-blog-header.php&path=/home/dxfxddmd03st/public_html HTTP/2.0" 403 56935 "-" "meta-externalagent/1.1 (+https://developers.facebook.com/docs/sharing/webmasters/crawler)" 342 **0/342461**
57.141.20.27 - - [21/Mar/2026:05:12:11 -0700] "GET /shop/thrivingness/rhopalic013235613478?fileloc=/home/dxfxddmd03st/public_html/wp-content/mu-plugins/.htaccess&path=/home/dxfxddmd03st/public_html/wp-content/mu-plugins HTTP/2.0" 403 56935 "-" "meta-externalagent/1.1 (+https://developers.facebook.com/docs/sharing/webmasters/crawler)" 307 **0/307662**
57.141.20.22 - - [21/Mar/2026:05:12:12 -0700] "GET /shop/sensualness/periscians012240787982?fileloc=/home/dxfxddmd03st/public_html/wp-blog-header.php&path=/home/dxfxddmd03st/public_html HTTP/2.0" 403 56935 "-" "meta-externalagent/1.1 (+https://developers.facebook.com/docs/sharing/webmasters/crawler)" 320 **0/320923**
57.141.20.18 - - [21/Mar/2026:05:12:12 -0700] "GET /shop/tinman/brotheler011710196267?fileloc=/home/dxfxddmd03st/public_html/.htaccess&path=/home/dxfxddmd03st/public_html HTTP/2.0" 403 56935 "-" "meta-externalagent/1.1 (+https://developers.facebook.com/docs/sharing/webmasters/crawler)" 322 **0/322420**
57.141.20.38 - - [21/Mar/2026:05:12:12 -0700] "GET /shop/sensualness/periscians012240787982?fileloc=/home/dxfxddmd03st/public_html/colors.php&path=/home/dxfxddmd03st/public_html HTTP/2.0" 403 56935 "-" "meta-externalagent/1.1 (+https://developers.facebook.com/docs/sharing/webmasters/crawler)" 323 **0/323942**
57.141.20.22 - - [21/Mar/2026:05:12:13 -0700] "GET /shop/scribing/dominicans012905906943?fileloc=/home/dxfxddmd03st/public_html/.htaccess&path=/home/dxfxddmd03st/public_html HTTP/2.0" 403 56935 "-" "meta-externalagent/1.1 (+https://developers.facebook.com/docs/sharing/webmasters/crawler)" 316 **0/316095**
57.141.20.50 - - [21/Mar/2026:05:12:13 -0700] "GET /shop/tonguefish/naperian011483525273?path=/home/dxfxddmd03st/public_html/wp-content HTTP/2.0" 403 56935 "-" "meta-externalagent/1.1 (+https://developers.facebook.com/docs/sharing/webmasters/crawler)" 321 **0/321386**
57.141.20.13 - - [21/Mar/2026:05:12:13 -0700] "GET /shop/gallicize/technically011263253821?fileloc=/home/dxfxddmd03st/public_html/wp-admin/css/wp-admin.min.css&path=/home/dxfxddmd03st/public_html/wp-admin/css HTTP/2.0" 403 56935 "-" "meta-externalagent/1.1 (+https://developers.facebook.com/docs/sharing/webmasters/crawler)" 318 **0/318679**
74.7.227.172 - - [21/Mar/2026:05:12:13 -0700] "GET /?fileloc=//bin/snice&path=//bin HTTP/2.0" 200 12006 "https://artelron.com/?path=//bin" "Mozilla/5.0 AppleWebKit/537.36 (KHTML, like Gecko; compatible; GPTBot/1.3; +https://openai.com/gptbot)" 335 **0/335959**
74.7.243.195 - - [21/Mar/2026:05:12:14 -0700] "GET /shop/discerner/spilikin011623552010?fileloc=/home/dxfxddmd03st/public_html/wp-blog-header.php&path=/home/dxfxddmd03st/public_html HTTP/2.0" 200 2445 "https://www.artelron.com/shop/discerner/spilikin011623552010" "Mozilla/5.0 AppleWebKit/537.36 (KHTML, like Gecko; compatible; GPTBot/1.3; +https://openai.com/gptbot)" 319 **0/319676**
57.141.20.21 - - [21/Mar/2026:05:12:14 -0700] "GET /shop/untimeliness/joiners012556194665?fileloc=/home/dxfxddmd03st/public_html/index.php&path=/home/dxfxddmd03st/public_html HTTP/2.0" 403 56935 "-" "meta-externalagent/1.1 (+https://developers.facebook.com/docs/sharing/webmasters/crawler)" 341 **0/341664**
114.119.155.145 - - [21/Mar/2026:05:12:14 -0700] "GET /events/month/2028-04?fileloc=/home/dxfxddmd03st/public_html/wp-config.php&path=/home/dxfxddmd03st/public_html HTTP/1.1" 200 4575 "https://www.artelron.com/events/month/2028-04" "Mozilla/5.0 (Linux; Android 7.0;) AppleWebKit/537.36 (KHTML, like Gecko) Mobile Safari/537.36 (compatible; PetalBot;+https://webmaster.petalsearch.com/site/petalbot)" 322 **0/322529**
57.141.20.56 - - [21/Mar/2026:05:12:14 -0700] "GET /shop/dispraiser/cottonseed012919625684?fileloc=//sbin/saslpasswd2&path=//sbin HTTP/2.0" 403 56935 "-" "meta-externalagent/1.1 (+https://developers.facebook.com/docs/sharing/webmasters/crawler)" 326 **0/326229**
57.141.20.3 - - [21/Mar/2026:05:12:14 -0700] "GET /shop/epical/catalog013894768045?fileloc=/home/dxfxddmd03st/public_html/colors.php&path=/home/dxfxddmd03st/public_html HTTP/2.0" 403 56935 "-" "meta-externalagent/1.1 (+https://developers.facebook.com/docs/sharing/webmasters/crawler)" 327 **0/327721**
57.141.20.4 - - [21/Mar/2026:05:12:15 -0700] "GET /shop/dislimb/glittering013018838655?fileloc=/home/dxfxddmd03st/public_html/wp-admin/custom-header.php&path=/home/dxfxddmd03st/public_html/wp-admin HTTP/2.0" 403 56935 "-" "meta-externalagent/1.1 (+https://developers.facebook.com/docs/sharing/webmasters/crawler)" 330 **0/330468**
57.141.20.47 - - [21/Mar/2026:05:12:15 -0700] "GET /shop/bracket/diandrous01515559453?fileloc=/home/dxfxddmd03st/public_html/wp-includes/class-pop3.php&path=/home/dxfxddmd03st/public_html/wp-includes HTTP/2.0" 403 56935 "-" "meta-externalagent/1.1 (+https://developers.facebook.com/docs/sharing/webmasters/crawler)" 321 **0/321629**
57.141.20.9 - - [21/Mar/2026:05:12:15 -0700] "GET /shop/bracket/diandrous01515559453?path=/home/dxfxddmd03st/public_html/wp-includes/fonts HTTP/2.0" 403 56935 "-" "meta-externalagent/1.1 (+https://developers.facebook.com/docs/sharing/webmasters/crawler)" 331 **0/331205**
57.141.20.2 - - [21/Mar/2026:05:12:16 -0700] "GET /shop/ravenousness/ventriculites01393893791?fileloc=/home/dxfxddmd03st/public_html/xmlrpc.php&path=/home/dxfxddmd03st/public_html HTTP/2.0" 403 56935 "-" "meta-externalagent/1.1 (+https://developers.facebook.com/docs/sharing/webmasters/crawler)" 344 **0/344136**
216.73.216.4 - - [21/Mar/2026:05:12:16 -0700] "GET /shop/transplanted/currica01339527500?path=%2Fhome%2Fdxfxddmd03st%2Fpublic_html%2Fwp-includes%2Fabilities-api HTTP/2.0" 200 2728 "-" "Mozilla/5.0 AppleWebKit/537.36 (KHTML, like Gecko; compatible; ClaudeBot/1.0; +claudebot@anthropic.com)" 345 **0/345014**
57.141.20.41 - - [21/Mar/2026:05:12:16 -0700] "GET /shop/primevertical/valebat012429940215?fileloc=/home/dxfxddmd03st/public_html/wp-includes/embed-template.php&path=/home/dxfxddmd03st/public_html/wp-includes HTTP/2.0" 403 56935 "-" "meta-externalagent/1.1 (+https://developers.facebook.com/docs/sharing/webmasters/crawler)" 351 **0/351282**
57.141.20.55 - - [21/Mar/2026:05:12:16 -0700] "GET /shop/dejecture/taplings01618354755?fileloc=/home/dxfxddmd03st/public_html/wp-includes/class-wp-block-templates-registry.php&path=/home/dxfxddmd03st/public_html/wp-includes HTTP/2.0" 403 56935 "-" "meta-externalagent/1.1 (+https://developers.facebook.com/docs/sharing/webmasters/crawler)" 322 **0/322482**
74.7.227.172 - - [21/Mar/2026:05:12:17 -0700] "GET /?fileloc=//bin/unlink&path=//bin HTTP/2.0" 200 14482 "https://artelron.com/?path=//bin" "Mozilla/5.0 AppleWebKit/537.36 (KHTML, like Gecko; compatible; GPTBot/1.3; +https://openai.com/gptbot)" 324 **0/324629**
57.141.20.55 - - [21/Mar/2026:05:12:17 -0700] "GET /shop/dejecture/taplings01618354755?fileloc=/home/dxfxddmd03st/public_html/wp-includes/comment.php&path=/home/dxfxddmd03st/public_html/wp-includes HTTP/2.0" 403 56935 "-" "meta-externalagent/1.1 (+https://developers.facebook.com/docs/sharing/webmasters/crawler)" 337 **0/337451**
74.7.243.195 - - [21/Mar/2026:05:12:17 -0700] "GET /shop/hemapophysis/warty012062834385 HTTP/2.0" 200 3474 "https://www.artelron.com/wp-sitemap.xml" "Mozilla/5.0 AppleWebKit/537.36 (KHTML, like Gecko; compatible; GPTBot/1.3; +https://openai.com/gptbot)" 331 **0/331701**
57.141.20.1 - - [21/Mar/2026:05:12:17 -0700] "GET /shop/cartridge/thousandheaded011578887731?fileloc=/home/dxfxddmd03st/public_html/license.txt&path=/home/dxfxddmd03st/public_html HTTP/2.0" 403 56935 "-" "meta-externalagent/1.1 (+https://developers.facebook.com/docs/sharing/webmasters/crawler)" 321 **0/321445**
216.73.216.4 - - [21/Mar/2026:05:12:17 -0700] "GET /shop/gooseberries/integropallial01874592191?fileloc=%2Fhome%2Fdxfxddmd03st%2Fpublic_html%2Fwp-content%2Fplugins%2Fhello.php&path=%2Fhome%2Fdxfxddmd03st%2Fpublic_html%2Fwp-content%2Fplugins HTTP/2.0" 200 3429 "-" "Mozilla/5.0 AppleWebKit/537.36 (KHTML, like Gecko; compatible; ClaudeBot/1.0; +claudebot@anthropic.com)" 331 **0/331944**
57.141.20.13 - - [21/Mar/2026:05:12:17 -0700] "GET /shop/frith/gigas013793997649?path=//proc HTTP/2.0" 403 56935 "-" "meta-externalagent/1.1 (+https://developers.facebook.com/docs/sharing/webmasters/crawler)" 329 **0/329062**
57.141.20.54 - - [21/Mar/2026:05:12:18 -0700] "GET /shop/chalking/mendaciousness013617144169?fileloc=/home/dxfxddmd03st/public_html/wp-settings.php&path=/home/dxfxddmd03st/public_html HTTP/2.0" 403 56935 "-" "meta-externalagent/1.1 (+https://developers.facebook.com/docs/sharing/webmasters/crawler)" 345 **0/345498**
57.141.20.52 - - [21/Mar/2026:05:12:18 -0700] "GET /shop/loricae/acetarious0132487694?fileloc=/home/dxfxddmd03st/.myimunify_id&path=/home/dxfxddmd03st HTTP/2.0" 403 56935 "-" "meta-externalagent/1.1 (+https://developers.facebook.com/docs/sharing/webmasters/crawler)" 322 **0/322228**
57.141.20.48 - - [21/Mar/2026:05:12:18 -0700] "GET /shop/chalking/mendaciousness013617144169?path=/home/dxfxddmd03st/public_html/ssl HTTP/2.0" 403 56935 "-" "meta-externalagent/1.1 (+https://developers.facebook.com/docs/sharing/webmasters/crawler)" 352 **0/352438**
57.141.20.55 - - [21/Mar/2026:05:12:18 -0700] "GET /shop/insulsity/perruque012329169835?fileloc=//sbin/unix_chkpwd&path=//sbin HTTP/2.0" 403 56935 "-" "meta-externalagent/1.1 (+https://developers.facebook.com/docs/sharing/webmasters/crawler)" 346 **0/346151**
57.141.20.20 - - [21/Mar/2026:05:12:19 -0700] "GET /shop/navigating/trowelful011223446060?fileloc=/home/dxfxddmd03st/public_html/wp-settings.php&path=/home/dxfxddmd03st/public_html HTTP/2.0" 403 56935 "-" "meta-externalagent/1.1 (+https://developers.facebook.com/docs/sharing/webmasters/crawler)" 319 **0/319204**
57.141.20.45 - - [21/Mar/2026:05:12:20 -0700] "GET /shop/blackbrowed/permute01194124640?fileloc=/home/dxfxddmd03st/.bash_profile&path=/home/dxfxddmd03st HTTP/2.0" 403 56935 "-" "meta-externalagent/1.1 (+https://developers.facebook.com/docs/sharing/webmasters/crawler)" 311 **0/311729**
57.141.20.24 - - [21/Mar/2026:05:12:20 -0700] "GET /shop/liard/submultiple01928794959?path=//lib/.build-id/64 HTTP/2.0" 403 56935 "-" "meta-externalagent/1.1 (+https://developers.facebook.com/docs/sharing/webmasters/crawler)" 319 **0/319715**
74.7.243.195 - - [21/Mar/2026:05:12:20 -0700] "GET /shop/abranchial/sonties011862176447 HTTP/2.0" 200 3474 "https://www.artelron.com/wp-sitemap.xml" "Mozilla/5.0 AppleWebKit/537.36 (KHTML, like Gecko; compatible; GPTBot/1.3; +https://openai.com/gptbot)" 335 **0/335365**
74.7.227.172 - - [21/Mar/2026:05:12:20 -0700] "GET /?fileloc=//bin/skill&path=//bin HTTP/2.0" 200 12008 "https://artelron.com/?path=//bin" "Mozilla/5.0 AppleWebKit/537.36 (KHTML, like Gecko; compatible; GPTBot/1.3; +https://openai.com/gptbot)" 325 **0/325823**
216.73.216.4 - - [21/Mar/2026:05:12:20 -0700] "GET /shop/almightiness/aggerose011341091211?fileloc=%2Fhome%2Fdxfxddmd03st%2Fpublic_html%2Fwp-includes%2Fclass-json.php&path=%2Fhome%2Fdxfxddmd03st%2Fpublic_html%2Fwp-includes HTTP/2.0" 200 10592 "-" "Mozilla/5.0 AppleWebKit/537.36 (KHTML, like Gecko; compatible; ClaudeBot/1.0; +claudebot@anthropic.com)" 335 **0/335669**
57.141.20.52 - - [21/Mar/2026:05:12:20 -0700] "GET /shop/exquisitively/crete011458434168?fileloc=/home/dxfxddmd03st/.inplace&path=/home/dxfxddmd03st HTTP/2.0" 403 56935 "-" "meta-externalagent/1.1 (+https://developers.facebook.com/docs/sharing/webmasters/crawler)" 326 **0/326506**
57.141.20.46 - - [21/Mar/2026:05:12:20 -0700] "GET /shop/insulsity/perruque012329169835?fileloc=/home/dxfxddmd03st/public_html/wp-admin/options-general.php&path=/home/dxfxddmd03st/public_html/wp-admin HTTP/2.0" 403 56935 "-" "meta-externalagent/1.1 (+https://developers.facebook.com/docs/sharing/webmasters/crawler)" 311 **0/311162**
57.141.20.23 - - [21/Mar/2026:05:12:21 -0700] "GET /shop/gallicize/technically011263253821?fileloc=/home/dxfxddmd03st/public_html/images/toggige-arrow.jpg&path=/home/dxfxddmd03st/public_html/images HTTP/2.0" 403 56935 "-" "meta-externalagent/1.1 (+https://developers.facebook.com/docs/sharing/webmasters/crawler)" 331 **0/331419**
57.141.20.14 - - [21/Mar/2026:05:12:21 -0700] "GET /shop/insulsity/perruque012329169835?fileloc=/home/dxfxddmd03st/public_html/wp-admin/async-upload.php&path=/home/dxfxddmd03st/public_html/wp-admin HTTP/2.0" 403 56935 "-" "meta-externalagent/1.1 (+https://developers.facebook.com/docs/sharing/webmasters/crawler)" 321 **0/321405**
57.141.20.46 - - [21/Mar/2026:05:12:22 -0700] "GET /shop/ravenousness/ventriculites01393893791?fileloc=/home/dxfxddmd03st/public_html/wp-login.php&path=/home/dxfxddmd03st/public_html HTTP/2.0" 403 56935 "-" "meta-externalagent/1.1 (+https://developers.facebook.com/docs/sharing/webmasters/crawler)" 317 **0/317461**
57.141.20.32 - - [21/Mar/2026:05:12:22 -0700] "GET /shop/calefactive/rutic01763685223?fileloc=/home/dxfxddmd03st/public_html/.htaccess&path=/home/dxfxddmd03st/public_html HTTP/2.0" 403 56935 "-" "meta-externalagent/1.1 (+https://developers.facebook.com/docs/sharing/webmasters/crawler)" 367 **0/367876**
57.141.20.38 - - [21/Mar/2026:05:12:22 -0700] "GET /shop/helminth/readjustment012904531305?fileloc=/home/dxfxddmd03st/public_html/wp-config-sample.php&path=/home/dxfxddmd03st/public_html HTTP/2.0" 403 56935 "-" "meta-externalagent/1.1 (+https://developers.facebook.com/docs/sharing/webmasters/crawler)" 328 **0/328806**
57.141.20.53 - - [21/Mar/2026:05:12:23 -0700] "GET /shop/primevertical/valebat012429940215?fileloc=/home/dxfxddmd03st/public_html/wp-includes/http.php&path=/home/dxfxddmd03st/public_html/wp-includes HTTP/2.0" 403 56935 "-" "meta-externalagent/1.1 (+https://developers.facebook.com/docs/sharing/webmasters/crawler)" 325 **0/325167**
74.7.243.195 - - [21/Mar/2026:05:12:23 -0700] "GET /shop/recurrency/latchet011916291802 HTTP/2.0" 200 3474 "https://www.artelron.com/wp-sitemap.xml" "Mozilla/5.0 AppleWebKit/537.36 (KHTML, like Gecko; compatible; GPTBot/1.3; +https://openai.com/gptbot)" 312 **0/312646**
57.141.20.17 - - [21/Mar/2026:05:12:23 -0700] "GET /shop/primevertical/valebat012429940215?fileloc=/home/dxfxddmd03st/public_html/wp-includes/class-wp-block-parser-block.php&path=/home/dxfxddmd03st/public_html/wp-includes HTTP/2.0" 403 56935 "-" "meta-externalagent/1.1 (+https://developers.facebook.com/docs/sharing/webmasters/crawler)" 346 **0/346796**
216.73.216.4 - - [21/Mar/2026:05:12:23 -0700] "GET /shop/graveyard/epicyclic013517700758?path=%2Fhome%2Fdxfxddmd03st%2Fpublic_html%2Fwp-admin HTTP/2.0" 200 5335 "-" "Mozilla/5.0 AppleWebKit/537.36 (KHTML, like Gecko; compatible; ClaudeBot/1.0; +claudebot@anthropic.com)" 346 **0/346920**
74.7.227.172 - - [21/Mar/2026:05:12:23 -0700] "GET /?fileloc=//bin/iconv&path=//bin HTTP/2.0" 200 25346 "https://artelron.com/?path=//bin" "Mozilla/5.0 AppleWebKit/537.36 (KHTML, like Gecko; compatible; GPTBot/1.3; +https://openai.com/gptbot)" 330 **0/330949**
57.141.20.25 - - [21/Mar/2026:05:12:23 -0700] "GET /shop/gallicize/technically011263253821?path=/home/dxfxddmd03st/.cphorde HTTP/2.0" 403 56935 "-" "meta-externalagent/1.1 (+https://developers.facebook.com/docs/sharing/webmasters/crawler)" 323 **0/323521**
57.141.20.43 - - [21/Mar/2026:05:12:23 -0700] "GET /shop/alopias/stalkless013969235221 HTTP/2.0" 403 56935 "-" "meta-externalagent/1.1 (+https://developers.facebook.com/docs/sharing/webmasters/crawler)" 347 **0/347952**
57.141.20.32 - - [21/Mar/2026:05:12:24 -0700] "GET /shop/nitrobenzol/mozetta011007016547?fileloc=/home/dxfxddmd03st/public_html/wp-includes/feed-rss2.php&path=/home/dxfxddmd03st/public_html/wp-includes HTTP/2.0" 403 56935 "-" "meta-externalagent/1.1 (+https://developers.facebook.com/docs/sharing/webmasters/crawler)" 322 **0/322602**
57.141.20.4 - - [21/Mar/2026:05:12:24 -0700] "GET /shop/nitrobenzol/mozetta011007016547?fileloc=/home/dxfxddmd03st/public_html/wp-includes/embed.php&path=/home/dxfxddmd03st/public_html/wp-includes HTTP/2.0" 403 56935 "-" "meta-externalagent/1.1 (+https://developers.facebook.com/docs/sharing/webmasters/crawler)" 323 **0/323483**
57.141.20.18 - - [21/Mar/2026:05:12:24 -0700] "GET /shop/nitrobenzol/mozetta011007016547?fileloc=/home/dxfxddmd03st/public_html/wp-includes/class-wp-term.php&path=/home/dxfxddmd03st/public_html/wp-includes HTTP/2.0" 403 56935 "-" "meta-externalagent/1.1 (+https://developers.facebook.com/docs/sharing/webmasters/crawler)" 325 **0/325863**
57.141.20.28 - - [21/Mar/2026:05:12:25 -0700] "GET /shop/scree/disinterested01201482952?fileloc=/home/dxfxddmd03st/public_html/robots.txt&path=/home/dxfxddmd03st/public_html HTTP/2.0" 403 56935 "-" "meta-externalagent/1.1 (+https://developers.facebook.com/docs/sharing/webmasters/crawler)" 341 **0/341898**
57.141.20.18 - - [21/Mar/2026:05:12:25 -0700] "GET /shop/liard/submultiple01928794959?path=//lib/.build-id/a7 HTTP/2.0" 403 56935 "-" "meta-externalagent/1.1 (+https://developers.facebook.com/docs/sharing/webmasters/crawler)" 315 **0/315113**
57.141.20.41 - - [21/Mar/2026:05:12:26 -0700] "GET /shop/thrivingness/rhopalic013235613478?fileloc=/home/dxfxddmd03st/public_html/wp-admin/import.php&path=/home/dxfxddmd03st/public_html/wp-admin HTTP/2.0" 403 56935 "-" "meta-externalagent/1.1 (+https://developers.facebook.com/docs/sharing/webmasters/crawler)" 335 **0/335768**
57.141.20.56 - - [21/Mar/2026:05:12:26 -0700] "GET /shop/blackjack/coeducational01463544952?path=/home/dxfxddmd03st/public_html/moked-hash.co.il/wp-content/uploads/complianz HTTP/2.0" 403 56935 "-" "meta-externalagent/1.1 (+https://developers.facebook.com/docs/sharing/webmasters/crawler)" 316 **0/316698**
216.73.216.4 - - [21/Mar/2026:05:12:26 -0700] "GET /shop/maturing/acaudate014223133205?fileloc=%2Fhome%2Fdxfxddmd03st%2Fpublic_html%2Fwp-includes%2FID3%2Fmodule.audio-video.asf.php&path=%2Fhome%2Fdxfxddmd03st%2Fpublic_html%2Fwp-includes%2FID3 HTTP/2.0" 200 22073 "-" "Mozilla/5.0 AppleWebKit/537.36 (KHTML, like Gecko; compatible; ClaudeBot/1.0; +claudebot@anthropic.com)" 325 **0/325092**
74.7.243.195 - - [21/Mar/2026:05:12:26 -0700] "GET /shop/impossibly/whoobub011512627708?fileloc=/home/dxfxddmd03st/public_html/index.php&path=/home/dxfxddmd03st/public_html HTTP/2.0" 200 9837 "https://www.artelron.com/shop/impossibly/whoobub011512627708" "Mozilla/5.0 AppleWebKit/537.36 (KHTML, like Gecko; compatible; GPTBot/1.3; +https://openai.com/gptbot)" 330 **0/330562**
57.141.20.57 - - [21/Mar/2026:05:12:26 -0700] "GET /shop/exulcerative/inimicous011123887747?path=/home/dxfxddmd03st/public_html/wp-admin HTTP/2.0" 403 56935 "-" "meta-externalagent/1.1 (+https://developers.facebook.com/docs/sharing/webmasters/crawler)" 316 **0/316930**
74.7.227.172 - - [21/Mar/2026:05:12:26 -0700] "GET /?fileloc=//bin/bzcat&path=//bin HTTP/2.0" 200 15973 "https://artelron.com/?path=//bin" "Mozilla/5.0 AppleWebKit/537.36 (KHTML, like Gecko; compatible; GPTBot/1.3; +https://openai.com/gptbot)" 336 **0/336380**
57.141.20.39 - - [21/Mar/2026:05:12:27 -0700] "GET /shop/thrivingness/rhopalic013235613478?fileloc=/home/dxfxddmd03st/public_html/yrgnf.php&path=/home/dxfxddmd03st/public_html HTTP/2.0" 403 56935 "-" "meta-externalagent/1.1 (+https://developers.facebook.com/docs/sharing/webmasters/crawler)" 317 **0/317393**
57.141.20.47 - - [21/Mar/2026:05:12:27 -0700] "GET /shop/scribing/dominicans012905906943?fileloc=/home/dxfxddmd03st/public_html/wp-admin/nav-menus.php&path=/home/dxfxddmd03st/public_html/wp-admin HTTP/2.0" 403 56935 "-" "meta-externalagent/1.1 (+https://developers.facebook.com/docs/sharing/webmasters/crawler)" 329 **0/329133**
57.141.20.55 - - [21/Mar/2026:05:12:27 -0700] "GET /shop/arabism/bridesmen01744772728?fileloc=/home/dxfxddmd03st/public_html/colors.php&path=/home/dxfxddmd03st/public_html HTTP/2.0" 403 56935 "-" "meta-externalagent/1.1 (+https://developers.facebook.com/docs/sharing/webmasters/crawler)" 315 **0/315638**
