74.7.227.172 - - [21/Mar/2026:05:18:10 -0700] "GET /?fileloc=//usr/lib64/libpcre.so.1&path=//usr/lib64 HTTP/2.0" 200 158348 "https://artelron.com/?path=//usr/lib64" "Mozilla/5.0 AppleWebKit/537.36 (KHTML, like Gecko; compatible; GPTBot/1.3; +https://openai.com/gptbot)" 389 **0/389955**
57.141.20.0 - - [21/Mar/2026:05:18:11 -0700] "GET /shop/insulsity/perruque012329169835?fileloc=/home/dxfxddmd03st/public_html/wp-admin/css/color-picker-rtl.min.css&path=/home/dxfxddmd03st/public_html/wp-admin/css HTTP/2.0" 200 15620 "-" "meta-externalagent/1.1 (+https://developers.facebook.com/docs/sharing/webmasters/crawler)" 329 **0/329827**
57.141.20.45 - - [21/Mar/2026:05:18:11 -0700] "GET /shop/similative/artistically011729879418?fileloc=/home/dxfxddmd03st/public_html/wp-includes/class-wp-customize-section.php&path=/home/dxfxddmd03st/public_html/wp-includes HTTP/2.0" 200 24702 "-" "meta-externalagent/1.1 (+https://developers.facebook.com/docs/sharing/webmasters/crawler)" 332 **0/332730**
62.216.205.226 - - [21/Mar/2026:05:18:11 -0700] "GET /online-on-line-casino-mit-deutscher-lizenz-test-bonus-vergleich/feed/?fileloc=//bin/vim&path=//bin HTTP/1.1" 200 1269513 "-" "Mozilla/5.0 (compatible; MJ12bot/v1.4.8; http://mj12bot.com/)" 858 **0/858830**
216.73.216.4 - - [21/Mar/2026:05:18:11 -0700] "GET /shop/renown/steadfastly012806543911?fileloc=%2Fhome%2Fdxfxddmd03st%2Fpublic_html%2Fwp-admin%2Fcss%2Fdashboard-rtl.min.css&path=%2Fhome%2Fdxfxddmd03st%2Fpublic_html%2Fwp-admin%2Fcss HTTP/2.0" 200 7147 "-" "Mozilla/5.0 AppleWebKit/537.36 (KHTML, like Gecko; compatible; ClaudeBot/1.0; +claudebot@anthropic.com)" 336 **0/336201**
57.141.20.32 - - [21/Mar/2026:05:18:11 -0700] "GET /shop/frith/gigas013793997649?path=//lib64 HTTP/2.0" 200 1945186 "-" "meta-externalagent/1.1 (+https://developers.facebook.com/docs/sharing/webmasters/crawler)" 591 **0/591210**
57.141.20.21 - - [21/Mar/2026:05:18:12 -0700] "GET /shop/meiocene/dourikuli011034317666?fileloc=/home/dxfxddmd03st/public_html/license.txt&path=/home/dxfxddmd03st/public_html HTTP/2.0" 200 32473 "-" "meta-externalagent/1.1 (+https://developers.facebook.com/docs/sharing/webmasters/crawler)" 319 **0/319030**
57.141.20.22 - - [21/Mar/2026:05:18:12 -0700] "GET /shop/bracket/diandrous01515559453?path=/home/dxfxddmd03st/public_html/wp-content/mu-plugins HTTP/2.0" 200 16187 "-" "meta-externalagent/1.1 (+https://developers.facebook.com/docs/sharing/webmasters/crawler)" 311 **0/311476**
57.141.20.19 - - [21/Mar/2026:05:18:13 -0700] "GET /shop/parabolic/aspire014112237576?fileloc=/home/dxfxddmd03st/public_html/.htaccess&path=/home/dxfxddmd03st/public_html HTTP/2.0" 200 14487 "-" "meta-externalagent/1.1 (+https://developers.facebook.com/docs/sharing/webmasters/crawler)" 318 **0/318743**
57.141.20.59 - - [21/Mar/2026:05:18:13 -0700] "GET /shop/maritated/cassegrainian011386295105?fileloc=/home/dxfxddmd03st/public_html/wp-admin/admin-functions.php&path=/home/dxfxddmd03st/public_html/wp-admin HTTP/2.0" 200 13024 "-" "meta-externalagent/1.1 (+https://developers.facebook.com/docs/sharing/webmasters/crawler)" 317 **0/317505**
57.141.20.2 - - [21/Mar/2026:05:18:13 -0700] "GET /shop/flavirostris/dactyliography013428369659?fileloc=/home/dxfxddmd03st/public_html/license.txt&path=/home/dxfxddmd03st/public_html HTTP/2.0" 200 32473 "-" "meta-externalagent/1.1 (+https://developers.facebook.com/docs/sharing/webmasters/crawler)" 322 **0/322653**
57.141.20.48 - - [21/Mar/2026:05:18:13 -0700] "GET /shop/lingism/ungrateful013091259372?path=/home/dxfxddmd03st/access-logs HTTP/2.0" 200 18920 "-" "meta-externalagent/1.1 (+https://developers.facebook.com/docs/sharing/webmasters/crawler)" 316 **0/316125**
74.7.243.195 - - [21/Mar/2026:05:18:14 -0700] "GET /shop/nondeciduate/nizam01167112804 HTTP/2.0" 200 3474 "https://www.artelron.com/wp-sitemap.xml" "Mozilla/5.0 AppleWebKit/537.36 (KHTML, like Gecko; compatible; GPTBot/1.3; +https://openai.com/gptbot)" 348 **0/348843**
74.7.227.172 - - [21/Mar/2026:05:18:14 -0700] "GET /?fileloc=//usr/lib64/libglut.so.3&path=//usr/lib64 HTTP/2.0" 200 90065 "https://artelron.com/?path=//usr/lib64" "Mozilla/5.0 AppleWebKit/537.36 (KHTML, like Gecko; compatible; GPTBot/1.3; +https://openai.com/gptbot)" 359 **0/359050**
57.141.20.30 - - [21/Mar/2026:05:18:14 -0700] "GET /shop/relieving/presumingly011609729046?fileloc=/home/dxfxddmd03st/public_html/.tmb/l1_d3AtY29udGVudC91cGxvYWRzL2VsZW1lbnRvci90aHVtYnMvaW1hZ2UtMS1jb3B5cmlnaHQtb3EweTY1NXc5bmx5N3l5MnZ6eWRkaXpldDB0bzJhaHQ1Nmk0NmVoMzQ0LmpwZw1590397284.png&path=/home/dxfxddmd03st/public_html/.tmb HTTP/2.0" 200 22088 "-" "meta-externalagent/1.1 (+https://developers.facebook.com/docs/sharing/webmasters/crawler)" 319 **0/319703**
57.141.20.49 - - [21/Mar/2026:05:18:14 -0700] "GET /shop/subordination/popet011758510751?path=/home/dxfxddmd03st/public_html/ssl HTTP/2.0" 200 17101 "-" "meta-externalagent/1.1 (+https://developers.facebook.com/docs/sharing/webmasters/crawler)" 322 **0/322570**
216.73.216.4 - - [21/Mar/2026:05:18:14 -0700] "GET /shop/renown/steadfastly012806543911?fileloc=%2Fhome%2Fdxfxddmd03st%2Fpublic_html%2Fwp-admin%2Fcss%2Fnav-menus.css&path=%2Fhome%2Fdxfxddmd03st%2Fpublic_html%2Fwp-admin%2Fcss HTTP/2.0" 200 6274 "-" "Mozilla/5.0 AppleWebKit/537.36 (KHTML, like Gecko; compatible; ClaudeBot/1.0; +claudebot@anthropic.com)" 328 **0/328065**
57.141.20.45 - - [21/Mar/2026:05:18:15 -0700] "GET /shop/enchase/tsetung012334970722?fileloc=/home/dxfxddmd03st/www/wp-settings.php&path=/home/dxfxddmd03st/www HTTP/2.0" 200 46970 "-" "meta-externalagent/1.1 (+https://developers.facebook.com/docs/sharing/webmasters/crawler)" 325 **0/325980**
57.141.20.55 - - [21/Mar/2026:05:18:15 -0700] "GET /shop/arabism/bridesmen01744772728?path=/home/dxfxddmd03st/public_html/ssl HTTP/2.0" 200 17101 "-" "meta-externalagent/1.1 (+https://developers.facebook.com/docs/sharing/webmasters/crawler)" 334 **0/334689**
57.141.20.26 - - [21/Mar/2026:05:18:15 -0700] "GET /shop/dannebrog/councilman01974781330?fileloc=/home/dxfxddmd03st/public_html/wp-includes/compat-utf8.php&path=/home/dxfxddmd03st/public_html/wp-includes HTTP/2.0" 200 33217 "-" "meta-externalagent/1.1 (+https://developers.facebook.com/docs/sharing/webmasters/crawler)" 311 **0/311740**
57.141.20.42 - - [21/Mar/2026:05:18:16 -0700] "GET /shop/opake/sullen013168150746?fileloc=/home/dxfxddmd03st/public_html/cgi-bin/.htaccess&path=/home/dxfxddmd03st/public_html/cgi-bin HTTP/2.0" 200 12613 "-" "meta-externalagent/1.1 (+https://developers.facebook.com/docs/sharing/webmasters/crawler)" 343 **0/343296**
57.141.20.2 - - [21/Mar/2026:05:18:16 -0700] "GET /shop/crazed/threepiled011610756069?fileloc=/home/dxfxddmd03st/public_html/wp-mail.php&path=/home/dxfxddmd03st/public_html HTTP/2.0" 200 22288 "-" "meta-externalagent/1.1 (+https://developers.facebook.com/docs/sharing/webmasters/crawler)" 328 **0/328845**
62.216.205.226 - - [21/Mar/2026:05:18:15 -0700] "GET /online-on-line-casino-mit-deutscher-lizenz-test-bonus-vergleich/feed/?fileloc=//bin/vimdiff&path=//bin HTTP/1.1" 200 1269513 "-" "Mozilla/5.0 (compatible; MJ12bot/v1.4.8; http://mj12bot.com/)" 922 **0/922444**
57.141.20.32 - - [21/Mar/2026:05:18:16 -0700] "GET /shop/lingism/ungrateful013091259372?path=//proc/irq/49 HTTP/2.0" 200 24114 "-" "meta-externalagent/1.1 (+https://developers.facebook.com/docs/sharing/webmasters/crawler)" 339 **0/339383**
57.141.20.4 - - [21/Mar/2026:05:18:16 -0700] "GET /shop/gadic/nephthys012992913158?fileloc=/home/dxfxddmd03st/public_html/wp-blog-header.php&path=/home/dxfxddmd03st/public_html HTTP/2.0" 200 12772 "-" "meta-externalagent/1.1 (+https://developers.facebook.com/docs/sharing/webmasters/crawler)" 349 **0/349696**
74.7.243.195 - - [21/Mar/2026:05:18:17 -0700] "GET /shop/supraciliary/delve01899358941 HTTP/2.0" 200 3474 "https://www.artelron.com/wp-sitemap.xml" "Mozilla/5.0 AppleWebKit/537.36 (KHTML, like Gecko; compatible; GPTBot/1.3; +https://openai.com/gptbot)" 339 **0/339140**
57.141.20.24 - - [21/Mar/2026:05:18:17 -0700] "GET /shop/relieving/presumingly011609729046?fileloc=/home/dxfxddmd03st/public_html/wp-comments-post.php&path=/home/dxfxddmd03st/public_html HTTP/2.0" 200 15069 "-" "meta-externalagent/1.1 (+https://developers.facebook.com/docs/sharing/webmasters/crawler)" 330 **0/330217**
74.7.227.172 - - [21/Mar/2026:05:18:17 -0700] "GET /?fileloc=//usr/lib64/libpcap.so.1&path=//usr/lib64 HTTP/2.0" 200 113276 "https://artelron.com/?path=//usr/lib64" "Mozilla/5.0 AppleWebKit/537.36 (KHTML, like Gecko; compatible; GPTBot/1.3; +https://openai.com/gptbot)" 399 **0/399813**
57.141.20.55 - - [21/Mar/2026:05:18:17 -0700] "GET /shop/theosophist/acutus013062628039?path=/home/dxfxddmd03st/public_html/wp-admin/network HTTP/2.0" 200 63134 "-" "meta-externalagent/1.1 (+https://developers.facebook.com/docs/sharing/webmasters/crawler)" 335 **0/335185**
216.73.216.4 - - [21/Mar/2026:05:18:17 -0700] "GET /shop/unguligrade/oppose013981902189?fileloc=%2Fhome%2Fdxfxddmd03st%2Fpublic_html%2Fwp-includes%2Fclass-oembed.php&path=%2Fhome%2Fdxfxddmd03st%2Fpublic_html%2Fwp-includes HTTP/2.0" 200 2488 "-" "Mozilla/5.0 AppleWebKit/537.36 (KHTML, like Gecko; compatible; ClaudeBot/1.0; +claudebot@anthropic.com)" 368 **0/368795**
57.141.20.21 - - [21/Mar/2026:05:18:18 -0700] "GET /shop/tonguefish/naperian011483525273?fileloc=/home/dxfxddmd03st/access-logs/artelron.com-ssl_log&path=/home/dxfxddmd03st/access-logs HTTP/2.0" 200 1018896 "-" "meta-externalagent/1.1 (+https://developers.facebook.com/docs/sharing/webmasters/crawler)" 594 **0/594466**
57.141.20.43 - - [21/Mar/2026:05:18:18 -0700] "GET /shop/paynize/sottish011420954520?fileloc=//bin/fc-validate&path=//bin HTTP/2.0" 200 32252 "-" "meta-externalagent/1.1 (+https://developers.facebook.com/docs/sharing/webmasters/crawler)" 323 **0/323170**
57.141.20.54 - - [21/Mar/2026:05:18:18 -0700] "GET /shop/theosophist/acutus013062628039?fileloc=/home/dxfxddmd03st/public_html/wp-admin/about.php&path=/home/dxfxddmd03st/public_html/wp-admin HTTP/2.0" 200 34889 "-" "meta-externalagent/1.1 (+https://developers.facebook.com/docs/sharing/webmasters/crawler)" 312 **0/312277**
57.141.20.47 - - [21/Mar/2026:05:18:19 -0700] "GET /shop/exquisitively/crete011458434168?fileloc=/home/dxfxddmd03st/public_html/wp-blog-header.php&path=/home/dxfxddmd03st/public_html HTTP/2.0" 403 56935 "-" "meta-externalagent/1.1 (+https://developers.facebook.com/docs/sharing/webmasters/crawler)" 314 **0/314728**
57.141.20.15 - - [21/Mar/2026:05:18:19 -0700] "GET /shop/enchase/tsetung012334970722?fileloc=//lib64/libtemplate.so.2.0.0&path=//lib64 HTTP/2.0" 403 56935 "-" "meta-externalagent/1.1 (+https://developers.facebook.com/docs/sharing/webmasters/crawler)" 321 **0/321229**
57.141.20.29 - - [21/Mar/2026:05:18:19 -0700] "GET /shop/enchase/tsetung012334970722?fileloc=//lib64/libicui18n.so.60.3&path=//lib64 HTTP/2.0" 403 56935 "-" "meta-externalagent/1.1 (+https://developers.facebook.com/docs/sharing/webmasters/crawler)" 331 **0/331924**
57.141.20.40 - - [21/Mar/2026:05:18:20 -0700] "GET /shop/enchase/tsetung012334970722?fileloc=//lib64/libwebpdecoder.so.3.0.2&path=//lib64 HTTP/2.0" 403 56935 "-" "meta-externalagent/1.1 (+https://developers.facebook.com/docs/sharing/webmasters/crawler)" 324 **0/324741**
74.7.243.195 - - [21/Mar/2026:05:18:20 -0700] "GET /shop/cetacea/illuminary01756356570 HTTP/2.0" 200 3474 "https://www.artelron.com/wp-sitemap.xml" "Mozilla/5.0 AppleWebKit/537.36 (KHTML, like Gecko; compatible; GPTBot/1.3; +https://openai.com/gptbot)" 314 **0/314032**
57.141.20.18 - - [21/Mar/2026:05:18:20 -0700] "GET /shop/encyclopaedy/foison0147582057?fileloc=/home/dxfxddmd03st/public_html/wp-includes/version.php&path=/home/dxfxddmd03st/public_html/wp-includes HTTP/2.0" 403 56935 "-" "meta-externalagent/1.1 (+https://developers.facebook.com/docs/sharing/webmasters/crawler)" 323 **0/323759**
74.7.227.172 - - [21/Mar/2026:05:18:20 -0700] "GET /?fileloc=//bin/precat&path=//bin HTTP/2.0" 200 4105 "https://artelron.com/?path=//bin" "Mozilla/5.0 AppleWebKit/537.36 (KHTML, like Gecko; compatible; GPTBot/1.3; +https://openai.com/gptbot)" 330 **0/330318**
62.216.205.226 - - [21/Mar/2026:05:18:20 -0700] "GET /online-on-line-casino-mit-deutscher-lizenz-test-bonus-vergleich/feed/?fileloc=//sbin/ddns-confgen&path=//sbin HTTP/1.1" 200 9666 "-" "Mozilla/5.0 (compatible; MJ12bot/v1.4.8; http://mj12bot.com/)" 323 **0/323260**
57.141.20.47 - - [21/Mar/2026:05:18:20 -0700] "GET /shop/paynize/sottish011420954520?fileloc=//bin/ld&path=//bin HTTP/2.0" 403 56935 "-" "meta-externalagent/1.1 (+https://developers.facebook.com/docs/sharing/webmasters/crawler)" 346 **0/346421**
216.73.216.4 - - [21/Mar/2026:05:18:20 -0700] "GET /shop/illision/clocks012725376303?fileloc=%2Fhome%2Fdxfxddmd03st%2Fpublic_html%2Fwp-includes%2Ffeed-rss2.php&path=%2Fhome%2Fdxfxddmd03st%2Fpublic_html%2Fwp-includes HTTP/2.0" 200 3651 "-" "Mozilla/5.0 AppleWebKit/537.36 (KHTML, like Gecko; compatible; ClaudeBot/1.0; +claudebot@anthropic.com)" 324 **0/324169**
57.141.20.59 - - [21/Mar/2026:05:18:20 -0700] "GET /shop/paynize/sottish011420954520?fileloc=//bin/mkdir&path=//bin HTTP/2.0" 403 56935 "-" "meta-externalagent/1.1 (+https://developers.facebook.com/docs/sharing/webmasters/crawler)" 347 **0/347517**
57.141.20.55 - - [21/Mar/2026:05:18:21 -0700] "GET /shop/leasow/dissension013505033822?fileloc=/home/dxfxddmd03st/public_html/wp-includes/class-wp-editor.php&path=/home/dxfxddmd03st/public_html/wp-includes HTTP/2.0" 403 56935 "-" "meta-externalagent/1.1 (+https://developers.facebook.com/docs/sharing/webmasters/crawler)" 322 **0/322478**
57.141.20.58 - - [21/Mar/2026:05:18:21 -0700] "GET /shop/lingism/ungrateful013091259372?fileloc=/home/dxfxddmd03st/www/index.php&path=/home/dxfxddmd03st/www HTTP/2.0" 403 56935 "-" "meta-externalagent/1.1 (+https://developers.facebook.com/docs/sharing/webmasters/crawler)" 324 **0/324104**
57.141.20.4 - - [21/Mar/2026:05:18:21 -0700] "GET /shop/stump/moderator014017431590?fileloc=/home/dxfxddmd03st/public_html/license.txt&path=/home/dxfxddmd03st/public_html HTTP/2.0" 403 56935 "-" "meta-externalagent/1.1 (+https://developers.facebook.com/docs/sharing/webmasters/crawler)" 326 **0/326489**
57.141.20.45 - - [21/Mar/2026:05:18:22 -0700] "GET /shop/isolator/proteron011878846183?path=/home/dxfxddmd03st/public_html/cgi-bin HTTP/2.0" 403 56935 "-" "meta-externalagent/1.1 (+https://developers.facebook.com/docs/sharing/webmasters/crawler)" 332 **0/332764**
57.141.20.24 - - [21/Mar/2026:05:18:22 -0700] "GET /shop/purchased/skilligalee012250177543?fileloc=/home/dxfxddmd03st/public_html/wp-admin/edit-tags.php&path=/home/dxfxddmd03st/public_html/wp-admin HTTP/2.0" 403 56935 "-" "meta-externalagent/1.1 (+https://developers.facebook.com/docs/sharing/webmasters/crawler)" 318 **0/318543**
57.141.20.57 - - [21/Mar/2026:05:18:22 -0700] "GET /shop/liard/submultiple01928794959?path=//proc/bus HTTP/2.0" 403 56935 "-" "meta-externalagent/1.1 (+https://developers.facebook.com/docs/sharing/webmasters/crawler)" 342 **0/342988**
74.7.243.195 - - [21/Mar/2026:05:18:23 -0700] "GET /shop/pyrus/antrorse012124420250 HTTP/2.0" 200 3474 "https://www.artelron.com/wp-sitemap.xml" "Mozilla/5.0 AppleWebKit/537.36 (KHTML, like Gecko; compatible; GPTBot/1.3; +https://openai.com/gptbot)" 320 **0/320715**
57.141.20.44 - - [21/Mar/2026:05:18:23 -0700] "GET /shop/gallicize/technically011263253821?fileloc=/home/dxfxddmd03st/public_html/wp-admin/css/edit.css&path=/home/dxfxddmd03st/public_html/wp-admin/css HTTP/2.0" 403 56935 "-" "meta-externalagent/1.1 (+https://developers.facebook.com/docs/sharing/webmasters/crawler)" 315 **0/315567**
57.141.20.8 - - [21/Mar/2026:05:18:23 -0700] "GET /shop/earldom/disimpassioned013097060243?path=/home/dxfxddmd03st/public_html/wp-includes/js HTTP/2.0" 403 56935 "-" "meta-externalagent/1.1 (+https://developers.facebook.com/docs/sharing/webmasters/crawler)" 327 **0/327547**
74.7.227.172 - - [21/Mar/2026:05:18:23 -0700] "GET /?fileloc=//bin/numfmt&path=//bin HTTP/2.0" 200 26724 "https://artelron.com/?path=//bin" "Mozilla/5.0 AppleWebKit/537.36 (KHTML, like Gecko; compatible; GPTBot/1.3; +https://openai.com/gptbot)" 346 **0/346456**
216.73.216.4 - - [21/Mar/2026:05:18:23 -0700] "GET /shop/channelled/monogenism013199333111?path=%2Fhome%2Fdxfxddmd03st%2Fpublic_html%2Fwp-admin HTTP/2.0" 200 5335 "-" "Mozilla/5.0 AppleWebKit/537.36 (KHTML, like Gecko; compatible; ClaudeBot/1.0; +claudebot@anthropic.com)" 321 **0/321275**
57.141.20.14 - - [21/Mar/2026:05:18:24 -0700] "GET /shop/gormandism/woolliness012098858059?fileloc=/home/dxfxddmd03st/.sucuriquarantine/.htaccess&path=/home/dxfxddmd03st/.sucuriquarantine HTTP/2.0" 403 56935 "-" "meta-externalagent/1.1 (+https://developers.facebook.com/docs/sharing/webmasters/crawler)" 334 **0/334858**
62.216.205.226 - - [21/Mar/2026:05:18:24 -0700] "GET /online-on-line-casino-mit-deutscher-lizenz-test-bonus-vergleich/feed/?fileloc=//sbin/dnssec-checkds&path=//sbin HTTP/1.1" 200 2672 "-" "Mozilla/5.0 (compatible; MJ12bot/v1.4.8; http://mj12bot.com/)" 331 **0/331355**
57.141.20.6 - - [21/Mar/2026:05:18:24 -0700] "GET /shop/loricae/acetarious0132487694?fileloc=/home/dxfxddmd03st/public_html/wp-admin/ms-edit.php&path=/home/dxfxddmd03st/public_html/wp-admin HTTP/2.0" 403 56935 "-" "meta-externalagent/1.1 (+https://developers.facebook.com/docs/sharing/webmasters/crawler)" 325 **0/325587**
57.141.20.35 - - [21/Mar/2026:05:18:24 -0700] "GET /shop/thickbill/wastorel01317002401?path=/home/dxfxddmd03st HTTP/2.0" 403 56935 "-" "meta-externalagent/1.1 (+https://developers.facebook.com/docs/sharing/webmasters/crawler)" 325 **0/325253**
57.141.20.25 - - [21/Mar/2026:05:18:24 -0700] "GET /shop/calefactive/rutic01763685223?fileloc=/home/dxfxddmd03st/public_html/wp-mail.php&path=/home/dxfxddmd03st/public_html HTTP/2.0" 403 56935 "-" "meta-externalagent/1.1 (+https://developers.facebook.com/docs/sharing/webmasters/crawler)" 336 **0/336818**
57.141.20.55 - - [21/Mar/2026:05:18:25 -0700] "GET /shop/papulous/humiliating0183453587?fileloc=/home/dxfxddmd03st/public_html/wp-includes/class-oembed.php&path=/home/dxfxddmd03st/public_html/wp-includes HTTP/2.0" 403 56935 "-" "meta-externalagent/1.1 (+https://developers.facebook.com/docs/sharing/webmasters/crawler)" 341 **0/341006**
57.141.20.4 - - [21/Mar/2026:05:18:25 -0700] "GET /shop/proselytizing/author012870035397?fileloc=/home/dxfxddmd03st/public_html/wp-config-sample.php&path=/home/dxfxddmd03st/public_html HTTP/2.0" 403 56935 "-" "meta-externalagent/1.1 (+https://developers.facebook.com/docs/sharing/webmasters/crawler)" 328 **0/328985**
57.141.20.39 - - [21/Mar/2026:05:18:25 -0700] "GET /shop/liard/submultiple01928794959?fileloc=//proc/buddyinfo&path=//proc HTTP/2.0" 403 56935 "-" "meta-externalagent/1.1 (+https://developers.facebook.com/docs/sharing/webmasters/crawler)" 348 **0/348437**
74.7.243.195 - - [21/Mar/2026:05:18:26 -0700] "GET /shop/monkey/osseous011551875911 HTTP/2.0" 200 3474 "https://www.artelron.com/wp-sitemap.xml" "Mozilla/5.0 AppleWebKit/537.36 (KHTML, like Gecko; compatible; GPTBot/1.3; +https://openai.com/gptbot)" 321 **0/321719**
57.141.20.20 - - [21/Mar/2026:05:18:26 -0700] "GET /shop/lingism/ungrateful013091259372?fileloc=/home/dxfxddmd03st/public_html/wp-content/mu-plugins/installatron_hide_status_test.php&path=/home/dxfxddmd03st/public_html/wp-content/mu-plugins HTTP/2.0" 403 56935 "-" "meta-externalagent/1.1 (+https://developers.facebook.com/docs/sharing/webmasters/crawler)" 340 **0/340547**
57.141.20.55 - - [21/Mar/2026:05:18:26 -0700] "GET /shop/frith/gigas013793997649?fileloc=/home/dxfxddmd03st/public_html/wp-includes/class-wp-customize-widgets.php&path=/home/dxfxddmd03st/public_html/wp-includes HTTP/2.0" 403 56935 "-" "meta-externalagent/1.1 (+https://developers.facebook.com/docs/sharing/webmasters/crawler)" 337 **0/337868**
74.7.227.172 - - [21/Mar/2026:05:18:26 -0700] "GET /?fileloc=//bin/strip&path=//bin HTTP/2.0" 200 95269 "https://artelron.com/?path=//bin" "Mozilla/5.0 AppleWebKit/537.36 (KHTML, like Gecko; compatible; GPTBot/1.3; +https://openai.com/gptbot)" 383 **0/383249**
216.73.216.4 - - [21/Mar/2026:05:18:26 -0700] "GET /shop/renown/steadfastly012806543911?fileloc=%2Fhome%2Fdxfxddmd03st%2Fpublic_html%2Fwp-admin%2Fincludes%2Fscreen.php&path=%2Fhome%2Fdxfxddmd03st%2Fpublic_html%2Fwp-admin%2Fincludes HTTP/2.0" 200 3939 "-" "Mozilla/5.0 AppleWebKit/537.36 (KHTML, like Gecko; compatible; ClaudeBot/1.0; +claudebot@anthropic.com)" 365 **0/365690**
57.141.20.55 - - [21/Mar/2026:05:18:27 -0700] "GET /shop/meiocene/dourikuli011034317666?fileloc=/home/dxfxddmd03st/public_html/wp-activate.php&path=/home/dxfxddmd03st/public_html HTTP/2.0" 403 56935 "-" "meta-externalagent/1.1 (+https://developers.facebook.com/docs/sharing/webmasters/crawler)" 366 **0/366962**
57.141.20.48 - - [21/Mar/2026:05:18:27 -0700] "GET /shop/scribing/dominicans012905906943?fileloc=/home/dxfxddmd03st/public_html/wp-links-opml.php&path=/home/dxfxddmd03st/public_html HTTP/2.0" 403 56935 "-" "meta-externalagent/1.1 (+https://developers.facebook.com/docs/sharing/webmasters/crawler)" 328 **0/328207**
57.141.20.26 - - [21/Mar/2026:05:18:27 -0700] "GET /shop/columbae/columbidae012435741118?fileloc=//bin/zipgrep&path=//bin HTTP/2.0" 403 56935 "-" "meta-externalagent/1.1 (+https://developers.facebook.com/docs/sharing/webmasters/crawler)" 322 **0/322343**
57.141.20.55 - - [21/Mar/2026:05:18:28 -0700] "GET /shop/leasow/dissension013505033822?path=/home/dxfxddmd03st/public_html/wp-includes/l10n HTTP/2.0" 403 56935 "-" "meta-externalagent/1.1 (+https://developers.facebook.com/docs/sharing/webmasters/crawler)" 321 **0/321716**
57.141.20.45 - - [21/Mar/2026:05:18:28 -0700] "GET /shop/mazing/moonie012543262677?fileloc=/home/dxfxddmd03st/.bashrc&path=/home/dxfxddmd03st HTTP/2.0" 403 56935 "-" "meta-externalagent/1.1 (+https://developers.facebook.com/docs/sharing/webmasters/crawler)" 349 **0/349507**
57.141.20.14 - - [21/Mar/2026:05:18:28 -0700] "GET /shop/enchase/tsetung012334970722?fileloc=//lib64/preloadable_libintl.so&path=//lib64 HTTP/2.0" 403 56935 "-" "meta-externalagent/1.1 (+https://developers.facebook.com/docs/sharing/webmasters/crawler)" 323 **0/323488**
62.216.205.226 - - [21/Mar/2026:05:18:28 -0700] "GET /online-on-line-casino-mit-deutscher-lizenz-test-bonus-vergleich/feed/?fileloc=//sbin/dnssec-coverage&path=//sbin HTTP/1.1" 200 2671 "-" "Mozilla/5.0 (compatible; MJ12bot/v1.4.8; http://mj12bot.com/)" 313 **0/313174**
57.141.20.50 - - [21/Mar/2026:05:18:29 -0700] "GET /shop/dannebrog/councilman01974781330?fileloc=/home/dxfxddmd03st/public_html/wp-includes/link-template.php&path=/home/dxfxddmd03st/public_html/wp-includes HTTP/2.0" 403 56935 "-" "meta-externalagent/1.1 (+https://developers.facebook.com/docs/sharing/webmasters/crawler)" 330 **0/330448**
57.141.20.3 - - [21/Mar/2026:05:18:29 -0700] "GET /shop/papulous/humiliating0183453587?fileloc=/home/dxfxddmd03st/public_html/wp-admin/upgrade-functions.php&path=/home/dxfxddmd03st/public_html/wp-admin HTTP/2.0" 403 56935 "-" "meta-externalagent/1.1 (+https://developers.facebook.com/docs/sharing/webmasters/crawler)" 320 **0/320663**
74.7.243.195 - - [21/Mar/2026:05:18:29 -0700] "GET /shop/modenese/snuff012447488467 HTTP/2.0" 200 3474 "https://www.artelron.com/wp-sitemap.xml" "Mozilla/5.0 AppleWebKit/537.36 (KHTML, like Gecko; compatible; GPTBot/1.3; +https://openai.com/gptbot)" 315 **0/315685**
57.141.20.11 - - [21/Mar/2026:05:18:29 -0700] "GET /shop/paracelsian/glossohyal01588447635?fileloc=/home/dxfxddmd03st/public_html/xmlrpc.php&path=/home/dxfxddmd03st/public_html HTTP/2.0" 403 56935 "-" "meta-externalagent/1.1 (+https://developers.facebook.com/docs/sharing/webmasters/crawler)" 307 **0/307984**
74.7.227.172 - - [21/Mar/2026:05:18:29 -0700] "GET /?fileloc=//bin/script&path=//bin HTTP/2.0" 200 14460 "https://artelron.com/?path=//bin" "Mozilla/5.0 AppleWebKit/537.36 (KHTML, like Gecko; compatible; GPTBot/1.3; +https://openai.com/gptbot)" 329 **0/329603**
57.141.20.5 - - [21/Mar/2026:05:18:29 -0700] "GET /shop/dannebrog/councilman01974781330?fileloc=/home/dxfxddmd03st/public_html/wp-includes/class-wp-roles.php&path=/home/dxfxddmd03st/public_html/wp-includes HTTP/2.0" 403 56935 "-" "meta-externalagent/1.1 (+https://developers.facebook.com/docs/sharing/webmasters/crawler)" 317 **0/317279**
216.73.216.4 - - [21/Mar/2026:05:18:29 -0700] "GET /shop/unguligrade/oppose013981902189?fileloc=%2Fhome%2Fdxfxddmd03st%2Fpublic_html%2Fwp-includes%2Ftemplate-loader.php&path=%2Fhome%2Fdxfxddmd03st%2Fpublic_html%2Fwp-includes HTTP/2.0" 200 3801 "-" "Mozilla/5.0 AppleWebKit/537.36 (KHTML, like Gecko; compatible; ClaudeBot/1.0; +claudebot@anthropic.com)" 318 **0/318103**
57.141.20.35 - - [21/Mar/2026:05:18:30 -0700] "GET /shop/dannebrog/councilman01974781330?fileloc=/home/dxfxddmd03st/public_html/wp-includes/feed-atom.php&path=/home/dxfxddmd03st/public_html/wp-includes HTTP/2.0" 403 56935 "-" "meta-externalagent/1.1 (+https://developers.facebook.com/docs/sharing/webmasters/crawler)" 330 **0/330540**
57.141.20.13 - - [21/Mar/2026:05:18:30 -0700] "GET /shop/calefactive/rutic01763685223?fileloc=/home/dxfxddmd03st/public_html/wp-activate.php&path=/home/dxfxddmd03st/public_html HTTP/2.0" 403 56935 "-" "meta-externalagent/1.1 (+https://developers.facebook.com/docs/sharing/webmasters/crawler)" 325 **0/325012**
57.141.20.36 - - [21/Mar/2026:05:18:31 -0700] "GET /shop/slopwork/azotize011151534208?fileloc=/home/dxfxddmd03st/public_html/wp-login.php&path=/home/dxfxddmd03st/public_html HTTP/2.0" 403 56935 "-" "meta-externalagent/1.1 (+https://developers.facebook.com/docs/sharing/webmasters/crawler)" 343 **0/343493**
57.141.20.13 - - [21/Mar/2026:05:18:31 -0700] "GET /shop/bracket/diandrous01515559453?path=/home/dxfxddmd03st/public_html/wp-content/upgrade-temp-backup HTTP/2.0" 403 56935 "-" "meta-externalagent/1.1 (+https://developers.facebook.com/docs/sharing/webmasters/crawler)" 314 **0/314287**
57.141.20.42 - - [21/Mar/2026:05:18:31 -0700] "GET /shop/breastknot/gratis013565571111?path=/home/dxfxddmd03st/public_html/wp-includes HTTP/2.0" 403 56935 "-" "meta-externalagent/1.1 (+https://developers.facebook.com/docs/sharing/webmasters/crawler)" 317 **0/317774**
57.141.20.58 - - [21/Mar/2026:05:18:32 -0700] "GET /shop/undeserved/whipshaped012165108675 HTTP/2.0" 403 56935 "-" "meta-externalagent/1.1 (+https://developers.facebook.com/docs/sharing/webmasters/crawler)" 330 **0/330820**
57.141.20.55 - - [21/Mar/2026:05:18:32 -0700] "GET /shop/silundum/tracklessly01977205512?fileloc=/home/dxfxddmd03st/public_html/wp-includes/class-wp-metadata-lazyloader.php&path=/home/dxfxddmd03st/public_html/wp-includes HTTP/2.0" 403 56935 "-" "meta-externalagent/1.1 (+https://developers.facebook.com/docs/sharing/webmasters/crawler)" 347 **0/347828**
74.7.243.195 - - [21/Mar/2026:05:18:32 -0700] "GET /shop/abjurer/abnet011747641886 HTTP/2.0" 200 3474 "https://www.artelron.com/wp-sitemap.xml" "Mozilla/5.0 AppleWebKit/537.36 (KHTML, like Gecko; compatible; GPTBot/1.3; +https://openai.com/gptbot)" 335 **0/335373**
57.141.20.55 - - [21/Mar/2026:05:18:32 -0700] "GET /shop/sensualness/periscians012240787982?fileloc=/home/dxfxddmd03st/public_html/wp-links-opml.php&path=/home/dxfxddmd03st/public_html HTTP/2.0" 403 56935 "-" "meta-externalagent/1.1 (+https://developers.facebook.com/docs/sharing/webmasters/crawler)" 324 **0/324754**
216.73.216.4 - - [21/Mar/2026:05:18:32 -0700] "GET /shop/ytterbic/miskindle01358741472?path=%2F%2Fetc%2Falternatives HTTP/2.0" 200 2937 "-" "Mozilla/5.0 AppleWebKit/537.36 (KHTML, like Gecko; compatible; ClaudeBot/1.0; +claudebot@anthropic.com)" 319 **0/319476**
62.216.205.226 - - [21/Mar/2026:05:18:33 -0700] "GET /online-on-line-casino-mit-deutscher-lizenz-test-bonus-vergleich/feed/?fileloc=//sbin/dnssec-dsfromkey&path=//sbin HTTP/1.1" 200 23123 "-" "Mozilla/5.0 (compatible; MJ12bot/v1.4.8; http://mj12bot.com/)" 323 **0/323103**
57.141.20.29 - - [21/Mar/2026:05:18:33 -0700] "GET /shop/lingism/ungrateful013091259372?fileloc=/home/dxfxddmd03st/.myimunify_id&path=/home/dxfxddmd03st HTTP/2.0" 403 56935 "-" "meta-externalagent/1.1 (+https://developers.facebook.com/docs/sharing/webmasters/crawler)" 317 **0/317405**
74.7.227.172 - - [21/Mar/2026:05:18:33 -0700] "GET /?fileloc=//bin/prove&path=//bin HTTP/2.0" 200 7448 "https://artelron.com/?path=//bin" "Mozilla/5.0 AppleWebKit/537.36 (KHTML, like Gecko; compatible; GPTBot/1.3; +https://openai.com/gptbot)" 334 **0/334471**
57.141.20.53 - - [21/Mar/2026:05:18:33 -0700] "GET /shop/liard/submultiple01928794959?path=//lib/.build-id/ac HTTP/2.0" 403 56935 "-" "meta-externalagent/1.1 (+https://developers.facebook.com/docs/sharing/webmasters/crawler)" 329 **0/329177**
57.141.20.55 - - [21/Mar/2026:05:18:33 -0700] "GET /shop/paynize/sottish011420954520?fileloc=//bin/[&path=//bin HTTP/2.0" 403 56935 "-" "meta-externalagent/1.1 (+https://developers.facebook.com/docs/sharing/webmasters/crawler)" 332 **0/332801**
57.141.20.59 - - [21/Mar/2026:05:18:33 -0700] "GET /shop/bipartizan/preambulous011051672720 HTTP/2.0" 403 56935 "-" "meta-externalagent/1.1 (+https://developers.facebook.com/docs/sharing/webmasters/crawler)" 347 **0/347194**
57.141.20.56 - - [21/Mar/2026:05:18:34 -0700] "GET /shop/breastknot/gratis013565571111?fileloc=/home/dxfxddmd03st/public_html/colors.php&path=/home/dxfxddmd03st/public_html HTTP/2.0" 403 56935 "-" "meta-externalagent/1.1 (+https://developers.facebook.com/docs/sharing/webmasters/crawler)" 322 **0/322856**
57.141.20.38 - - [21/Mar/2026:05:18:34 -0700] "GET /shop/blackjack/coeducational01463544952?fileloc=/home/dxfxddmd03st/public_html/wp-includes/blocks.php&path=/home/dxfxddmd03st/public_html/wp-includes HTTP/2.0" 403 56935 "-" "meta-externalagent/1.1 (+https://developers.facebook.com/docs/sharing/webmasters/crawler)" 341 **0/341646**
57.141.20.49 - - [21/Mar/2026:05:18:35 -0700] "GET /shop/gallicize/technically011263253821?fileloc=/home/dxfxddmd03st/public_html/wp-admin/edit-form-comment.php&path=/home/dxfxddmd03st/public_html/wp-admin HTTP/2.0" 403 56935 "-" "meta-externalagent/1.1 (+https://developers.facebook.com/docs/sharing/webmasters/crawler)" 330 **0/330249**
57.141.20.17 - - [21/Mar/2026:05:18:35 -0700] "GET /shop/insulsity/perruque012329169835?fileloc=/home/dxfxddmd03st/public_html/wp-admin/admin-footer.php&path=/home/dxfxddmd03st/public_html/wp-admin HTTP/2.0" 403 56935 "-" "meta-externalagent/1.1 (+https://developers.facebook.com/docs/sharing/webmasters/crawler)" 334 **0/334070**
57.141.20.36 - - [21/Mar/2026:05:18:35 -0700] "GET /shop/discredited/varies012896565828?fileloc=/home/dxfxddmd03st/public_html/wp-load.php&path=/home/dxfxddmd03st/public_html HTTP/2.0" 403 56935 "-" "meta-externalagent/1.1 (+https://developers.facebook.com/docs/sharing/webmasters/crawler)" 362 **0/362092**
74.7.243.195 - - [21/Mar/2026:05:18:35 -0700] "GET /shop/shirl/capital013840240906 HTTP/2.0" 200 3474 "https://www.artelron.com/wp-sitemap.xml" "Mozilla/5.0 AppleWebKit/537.36 (KHTML, like Gecko; compatible; GPTBot/1.3; +https://openai.com/gptbot)" 368 **0/368000**
216.73.216.4 - - [21/Mar/2026:05:18:35 -0700] "GET /shop/sheaf/deposal012663056337?fileloc=%2Fhome%2Fdxfxddmd03st%2Fpublic_html%2Fwp-includes%2Ffeed-rss2.php&path=%2Fhome%2Fdxfxddmd03st%2Fpublic_html%2Fwp-includes HTTP/2.0" 200 3651 "-" "Mozilla/5.0 AppleWebKit/537.36 (KHTML, like Gecko; compatible; ClaudeBot/1.0; +claudebot@anthropic.com)" 352 **0/352641**
74.7.227.172 - - [21/Mar/2026:05:18:36 -0700] "GET /?fileloc=//bin/zless&path=//bin HTTP/2.0" 200 3324 "https://artelron.com/?path=//bin" "Mozilla/5.0 AppleWebKit/537.36 (KHTML, like Gecko; compatible; GPTBot/1.3; +https://openai.com/gptbot)" 329 **0/329090**
57.141.20.21 - - [21/Mar/2026:05:18:36 -0700] "GET /shop/insulsity/perruque012329169835?fileloc=//bin/readelf&path=//bin HTTP/2.0" 403 56935 "-" "meta-externalagent/1.1 (+https://developers.facebook.com/docs/sharing/webmasters/crawler)" 342 **0/342403**
57.141.20.39 - - [21/Mar/2026:05:18:36 -0700] "GET /shop/dejecture/taplings01618354755?fileloc=/home/dxfxddmd03st/public_html/wp-includes/script-modules.php&path=/home/dxfxddmd03st/public_html/wp-includes HTTP/2.0" 403 56935 "-" "meta-externalagent/1.1 (+https://developers.facebook.com/docs/sharing/webmasters/crawler)" 331 **0/331381**
57.141.20.26 - - [21/Mar/2026:05:18:36 -0700] "GET /shop/hindi/lepidote012475548879?path=//proc HTTP/2.0" 403 56935 "-" "meta-externalagent/1.1 (+https://developers.facebook.com/docs/sharing/webmasters/crawler)" 327 **0/327861**
62.216.205.226 - - [21/Mar/2026:05:18:36 -0700] "GET /online-on-line-casino-mit-deutscher-lizenz-test-bonus-vergleich/feed/?fileloc=//sbin/dnssec-importkey&path=//sbin HTTP/1.1" 200 22187 "-" "Mozilla/5.0 (compatible; MJ12bot/v1.4.8; http://mj12bot.com/)" 330 **0/330279**
57.141.20.24 - - [21/Mar/2026:05:18:36 -0700] "GET /shop/dejecture/taplings01618354755?fileloc=/home/dxfxddmd03st/public_html/wp-includes/functions.php&path=/home/dxfxddmd03st/public_html/wp-includes HTTP/2.0" 403 56935 "-" "meta-externalagent/1.1 (+https://developers.facebook.com/docs/sharing/webmasters/crawler)" 336 **0/336768**
57.141.20.18 - - [21/Mar/2026:05:18:37 -0700] "GET /shop/enchase/tsetung012334970722?path=/home/dxfxddmd03st/www/moked-hash.co.il HTTP/2.0" 403 56935 "-" "meta-externalagent/1.1 (+https://developers.facebook.com/docs/sharing/webmasters/crawler)" 317 **0/317757**
57.141.20.55 - - [21/Mar/2026:05:18:37 -0700] "GET /shop/blackjack/coeducational01463544952?path=/home/dxfxddmd03st/public_html/moked-hash.co.il/wp-content/uploads/2024 HTTP/2.0" 403 56935 "-" "meta-externalagent/1.1 (+https://developers.facebook.com/docs/sharing/webmasters/crawler)" 347 **0/347502**
57.141.20.18 - - [21/Mar/2026:05:18:38 -0700] "GET /shop/dejecture/taplings01618354755?fileloc=/home/dxfxddmd03st/.gemrc&path=/home/dxfxddmd03st HTTP/2.0" 403 56935 "-" "meta-externalagent/1.1 (+https://developers.facebook.com/docs/sharing/webmasters/crawler)" 351 **0/351352**
57.141.20.47 - - [21/Mar/2026:05:18:38 -0700] "GET /shop/along/marjorana01767321536?path=/home/dxfxddmd03st/.cphorde HTTP/2.0" 403 56935 "-" "meta-externalagent/1.1 (+https://developers.facebook.com/docs/sharing/webmasters/crawler)" 342 **0/342087**
57.141.20.23 - - [21/Mar/2026:05:18:38 -0700] "GET /shop/mazing/moonie012543262677?fileloc=/home/dxfxddmd03st/public_html/wp-admin/site-health.php&path=/home/dxfxddmd03st/public_html/wp-admin HTTP/2.0" 403 56935 "-" "meta-externalagent/1.1 (+https://developers.facebook.com/docs/sharing/webmasters/crawler)" 335 **0/335353**
57.141.20.44 - - [21/Mar/2026:05:18:38 -0700] "GET /shop/gobius/sprong013664342655?fileloc=/home/dxfxddmd03st/public_html/wp-admin/edit-link-form.php&path=/home/dxfxddmd03st/public_html/wp-admin HTTP/2.0" 403 56935 "-" "meta-externalagent/1.1 (+https://developers.facebook.com/docs/sharing/webmasters/crawler)" 345 **0/345198**
74.7.243.195 - - [21/Mar/2026:05:18:38 -0700] "GET /shop/glioma/starnosed012390603556 HTTP/2.0" 200 3474 "https://www.artelron.com/wp-sitemap.xml" "Mozilla/5.0 AppleWebKit/537.36 (KHTML, like Gecko; compatible; GPTBot/1.3; +https://openai.com/gptbot)" 351 **0/351545**
216.73.216.4 - - [21/Mar/2026:05:18:38 -0700] "GET /shop/exanthematic/turtle013122278198?fileloc=%2Fhome%2Fdxfxddmd03st%2Fpublic_html%2Fwp-admin%2Fnetwork%2Fcredits.php&path=%2Fhome%2Fdxfxddmd03st%2Fpublic_html%2Fwp-admin%2Fnetwork HTTP/2.0" 200 2419 "-" "Mozilla/5.0 AppleWebKit/537.36 (KHTML, like Gecko; compatible; ClaudeBot/1.0; +claudebot@anthropic.com)" 363 **0/363390**
57.141.20.32 - - [21/Mar/2026:05:18:39 -0700] "GET /shop/dejecture/taplings01618354755?fileloc=/home/dxfxddmd03st/public_html/wp-includes/class-wp-hook.php&path=/home/dxfxddmd03st/public_html/wp-includes HTTP/2.0" 403 56935 "-" "meta-externalagent/1.1 (+https://developers.facebook.com/docs/sharing/webmasters/crawler)" 327 **0/327611**
74.7.227.172 - - [21/Mar/2026:05:18:39 -0700] "GET /?fileloc=//bin/mkfifo&path=//bin HTTP/2.0" 200 29642 "https://artelron.com/?path=//bin" "Mozilla/5.0 AppleWebKit/537.36 (KHTML, like Gecko; compatible; GPTBot/1.3; +https://openai.com/gptbot)" 325 **0/325801**
57.141.20.11 - - [21/Mar/2026:05:18:39 -0700] "GET /shop/similative/artistically011729879418?fileloc=/home/dxfxddmd03st/public_html/wp-admin/upgrade.php&path=/home/dxfxddmd03st/public_html/wp-admin HTTP/2.0" 403 56935 "-" "meta-externalagent/1.1 (+https://developers.facebook.com/docs/sharing/webmasters/crawler)" 330 **0/330533**
57.141.20.36 - - [21/Mar/2026:05:18:39 -0700] "GET /shop/gobius/sprong013664342655?path=/home/dxfxddmd03st/public_html/wp-includes/Requests HTTP/2.0" 403 56935 "-" "meta-externalagent/1.1 (+https://developers.facebook.com/docs/sharing/webmasters/crawler)" 335 **0/335223**
57.141.20.49 - - [21/Mar/2026:05:18:40 -0700] "GET /shop/fizgig/hydrodynamometer011463186495?fileloc=/home/dxfxddmd03st/public_html/wp-blog-header.php&path=/home/dxfxddmd03st/public_html HTTP/2.0" 403 56935 "-" "meta-externalagent/1.1 (+https://developers.facebook.com/docs/sharing/webmasters/crawler)" 351 **0/351581**
62.216.205.226 - - [21/Mar/2026:05:18:40 -0700] "GET /online-on-line-casino-mit-deutscher-lizenz-test-bonus-vergleich/feed/?fileloc=//sbin/dnssec-keyfromlabel&path=//sbin HTTP/1.1" 200 24296 "-" "Mozilla/5.0 (compatible; MJ12bot/v1.4.8; http://mj12bot.com/)" 324 **0/324228**
57.141.20.50 - - [21/Mar/2026:05:18:40 -0700] "GET /shop/liard/submultiple01928794959?path=//lib/.build-id/86 HTTP/2.0" 403 56935 "-" "meta-externalagent/1.1 (+https://developers.facebook.com/docs/sharing/webmasters/crawler)" 317 **0/317431**
57.141.20.55 - - [21/Mar/2026:05:18:41 -0700] "GET /shop/dejecture/taplings01618354755?fileloc=/home/dxfxddmd03st/public_html/wp-includes/registration-functions.php&path=/home/dxfxddmd03st/public_html/wp-includes HTTP/2.0" 403 56935 "-" "meta-externalagent/1.1 (+https://developers.facebook.com/docs/sharing/webmasters/crawler)" 309 **0/309156**
57.141.20.4 - - [21/Mar/2026:05:18:41 -0700] "GET /shop/trimethylene/headwater013958336681?fileloc=/home/dxfxddmd03st/public_html/moked-hash.co.il/wp-signup.php&path=/home/dxfxddmd03st/public_html/moked-hash.co.il HTTP/2.0" 403 56935 "-" "meta-externalagent/1.1 (+https://developers.facebook.com/docs/sharing/webmasters/crawler)" 316 **0/316638**
57.141.20.11 - - [21/Mar/2026:05:18:41 -0700] "GET /shop/earldom/disimpassioned013097060243?fileloc=/home/dxfxddmd03st/public_html/wp-config-sample.php&path=/home/dxfxddmd03st/public_html HTTP/2.0" 403 56935 "-" "meta-externalagent/1.1 (+https://developers.facebook.com/docs/sharing/webmasters/crawler)" 329 **0/329614**
74.7.243.195 - - [21/Mar/2026:05:18:41 -0700] "GET /shop/increased/busheler01986365156?path=/home/dxfxddmd03st/public_html/moked-hash.co.il HTTP/2.0" 200 3373 "https://www.artelron.com/shop/increased/busheler01986365156" "Mozilla/5.0 AppleWebKit/537.36 (KHTML, like Gecko; compatible; GPTBot/1.3; +https://openai.com/gptbot)" 348 **0/348546**
216.73.216.4 - - [21/Mar/2026:05:18:41 -0700] "GET /shop/illision/clocks012725376303?fileloc=%2Fhome%2Fdxfxddmd03st%2Fpublic_html%2Fwp-includes%2Fclass.wp-dependencies.php&path=%2Fhome%2Fdxfxddmd03st%2Fpublic_html%2Fwp-includes HTTP/2.0" 200 2456 "-" "Mozilla/5.0 AppleWebKit/537.36 (KHTML, like Gecko; compatible; ClaudeBot/1.0; +claudebot@anthropic.com)" 338 **0/338816**
57.141.20.3 - - [21/Mar/2026:05:18:42 -0700] "GET /shop/dejecture/taplings01618354755?fileloc=/home/dxfxddmd03st/logs/ftp.artelron.com-ftp_log-May-2023.gz&path=/home/dxfxddmd03st/logs HTTP/2.0" 403 56935 "-" "meta-externalagent/1.1 (+https://developers.facebook.com/docs/sharing/webmasters/crawler)" 326 **0/326520**
57.141.20.55 - - [21/Mar/2026:05:18:42 -0700] "GET /shop/earldom/disimpassioned013097060243?fileloc=/home/dxfxddmd03st/public_html/wp-includes/block-template-utils.php&path=/home/dxfxddmd03st/public_html/wp-includes HTTP/2.0" 403 56935 "-" "meta-externalagent/1.1 (+https://developers.facebook.com/docs/sharing/webmasters/crawler)" 333 **0/333609**
74.7.227.172 - - [21/Mar/2026:05:18:42 -0700] "GET /?path=//lib/modules/4.18.0-553.52.1.lve.el8.x86_64/kernel/crypto/async_tx HTTP/2.0" 200 2781 "https://artelron.com/?path=//lib/modules/4.18.0-553.52.1.lve.el8.x86_64/kernel/crypto" "Mozilla/5.0 AppleWebKit/537.36 (KHTML, like Gecko; compatible; GPTBot/1.3; +https://openai.com/gptbot)" 330 **0/330554**
57.141.20.3 - - [21/Mar/2026:05:18:42 -0700] "GET /shop/lingism/ungrateful013091259372?path=/home/dxfxddmd03st/logs HTTP/2.0" 403 56935 "-" "meta-externalagent/1.1 (+https://developers.facebook.com/docs/sharing/webmasters/crawler)" 320 **0/320889**
57.141.20.58 - - [21/Mar/2026:05:18:43 -0700] "GET /shop/decupling/remissory011014193072?path=/home/dxfxddmd03st/public_html/wp-content/plugins HTTP/2.0" 403 56935 "-" "meta-externalagent/1.1 (+https://developers.facebook.com/docs/sharing/webmasters/crawler)" 323 **0/323938**
57.141.20.49 - - [21/Mar/2026:05:18:43 -0700] "GET /shop/paynize/sottish011420954520?fileloc=//bin/sum&path=//bin HTTP/2.0" 403 56935 "-" "meta-externalagent/1.1 (+https://developers.facebook.com/docs/sharing/webmasters/crawler)" 343 **0/343324**
57.141.20.11 - - [21/Mar/2026:05:18:43 -0700] "GET /shop/paynize/sottish011420954520?fileloc=//bin/nl&path=//bin HTTP/2.0" 403 56935 "-" "meta-externalagent/1.1 (+https://developers.facebook.com/docs/sharing/webmasters/crawler)" 320 **0/320707**
57.141.20.55 - - [21/Mar/2026:05:18:44 -0700] "GET /shop/pungence/making01616190165?fileloc=/home/dxfxddmd03st/public_html/yrgnf.php&path=/home/dxfxddmd03st/public_html HTTP/2.0" 403 56935 "-" "meta-externalagent/1.1 (+https://developers.facebook.com/docs/sharing/webmasters/crawler)" 323 **0/323500**
57.141.20.17 - - [21/Mar/2026:05:18:44 -0700] "GET /shop/scribing/dominicans012905906943?fileloc=/home/dxfxddmd03st/public_html/wp-admin/custom-header.php&path=/home/dxfxddmd03st/public_html/wp-admin HTTP/2.0" 403 56935 "-" "meta-externalagent/1.1 (+https://developers.facebook.com/docs/sharing/webmasters/crawler)" 318 **0/318626**
57.141.20.59 - - [21/Mar/2026:05:18:44 -0700] "GET /shop/extremum/crimsonfronted0129111005?path=//dev HTTP/2.0" 403 56935 "-" "meta-externalagent/1.1 (+https://developers.facebook.com/docs/sharing/webmasters/crawler)" 312 **0/312857**
62.216.205.226 - - [21/Mar/2026:05:18:44 -0700] "GET /online-on-line-casino-mit-deutscher-lizenz-test-bonus-vergleich/feed/?fileloc=//sbin/dnssec-keygen&path=//sbin HTTP/1.1" 200 26523 "-" "Mozilla/5.0 (compatible; MJ12bot/v1.4.8; http://mj12bot.com/)" 333 **0/333096**
216.73.216.4 - - [21/Mar/2026:05:18:44 -0700] "GET /shop/unguligrade/oppose013981902189?fileloc=%2Fhome%2Fdxfxddmd03st%2Fpublic_html%2Fwp-includes%2Fquery.php&path=%2Fhome%2Fdxfxddmd03st%2Fpublic_html%2Fwp-includes HTTP/2.0" 200 7119 "-" "Mozilla/5.0 AppleWebKit/537.36 (KHTML, like Gecko; compatible; ClaudeBot/1.0; +claudebot@anthropic.com)" 326 **0/326749**
74.7.243.195 - - [21/Mar/2026:05:18:44 -0700] "GET /shop/violably/chiffon013247197320 HTTP/2.0" 200 3474 "https://www.artelron.com/wp-sitemap.xml" "Mozilla/5.0 AppleWebKit/537.36 (KHTML, like Gecko; compatible; GPTBot/1.3; +https://openai.com/gptbot)" 341 **0/341650**
57.141.20.7 - - [21/Mar/2026:05:18:45 -0700] "GET /shop/dispraiser/cottonseed012919625684?fileloc=//sbin/pluginviewer&path=//sbin HTTP/2.0" 403 56935 "-" "meta-externalagent/1.1 (+https://developers.facebook.com/docs/sharing/webmasters/crawler)" 313 **0/313138**
74.7.227.172 - - [21/Mar/2026:05:18:45 -0700] "GET /?fileloc=//bin/groff&path=//bin HTTP/2.0" 200 40768 "https://artelron.com/?path=//bin" "Mozilla/5.0 AppleWebKit/537.36 (KHTML, like Gecko; compatible; GPTBot/1.3; +https://openai.com/gptbot)" 335 **0/335402**
57.141.20.48 - - [21/Mar/2026:05:18:45 -0700] "GET /shop/dejecture/taplings01618354755?fileloc=/home/dxfxddmd03st/public_html/wp-includes/block-template-utils.php&path=/home/dxfxddmd03st/public_html/wp-includes HTTP/2.0" 403 56935 "-" "meta-externalagent/1.1 (+https://developers.facebook.com/docs/sharing/webmasters/crawler)" 322 **0/322474**
57.141.20.8 - - [21/Mar/2026:05:18:45 -0700] "GET /shop/earldom/disimpassioned013097060243?fileloc=/home/dxfxddmd03st/public_html/wp-includes/class-wp-textdomain-registry.php&path=/home/dxfxddmd03st/public_html/wp-includes HTTP/2.0" 403 56935 "-" "meta-externalagent/1.1 (+https://developers.facebook.com/docs/sharing/webmasters/crawler)" 326 **0/326679**
57.141.20.5 - - [21/Mar/2026:05:18:46 -0700] "GET /shop/insulsity/perruque012329169835?fileloc=/home/dxfxddmd03st/public_html/wp-admin/css/customize-nav-menus-rtl.css&path=/home/dxfxddmd03st/public_html/wp-admin/css HTTP/2.0" 403 56935 "-" "meta-externalagent/1.1 (+https://developers.facebook.com/docs/sharing/webmasters/crawler)" 323 **0/323325**
57.141.20.48 - - [21/Mar/2026:05:18:46 -0700] "GET /shop/papulous/humiliating0183453587?path=/home/dxfxddmd03st/public_html/wp-content HTTP/2.0" 403 56935 "-" "meta-externalagent/1.1 (+https://developers.facebook.com/docs/sharing/webmasters/crawler)" 329 **0/329042**
57.141.20.15 - - [21/Mar/2026:05:18:46 -0700] "GET /shop/pontificial/forfeit013597019575?fileloc=/home/dxfxddmd03st/public_html/readme.html&path=/home/dxfxddmd03st/public_html HTTP/2.0" 403 56935 "-" "meta-externalagent/1.1 (+https://developers.facebook.com/docs/sharing/webmasters/crawler)" 343 **0/343946**
57.141.20.13 - - [21/Mar/2026:05:18:47 -0700] "GET /shop/frith/gigas013793997649?fileloc=/home/dxfxddmd03st/public_html/wp-includes/class-wp-hook.php&path=/home/dxfxddmd03st/public_html/wp-includes HTTP/2.0" 403 56935 "-" "meta-externalagent/1.1 (+https://developers.facebook.com/docs/sharing/webmasters/crawler)" 338 **0/338103**
57.141.20.1 - - [21/Mar/2026:05:18:47 -0700] "GET /shop/primevertical/valebat012429940215?fileloc=/home/dxfxddmd03st/public_html/wp-includes/https-detection.php&path=/home/dxfxddmd03st/public_html/wp-includes HTTP/2.0" 403 56935 "-" "meta-externalagent/1.1 (+https://developers.facebook.com/docs/sharing/webmasters/crawler)" 328 **0/328512**
57.141.20.47 - - [21/Mar/2026:05:18:47 -0700] "GET /shop/dispraiser/cottonseed012919625684?fileloc=/home/dxfxddmd03st/public_html/images/toggige-arrow.jpg&path=/home/dxfxddmd03st/public_html/images HTTP/2.0" 403 56935 "-" "meta-externalagent/1.1 (+https://developers.facebook.com/docs/sharing/webmasters/crawler)" 320 **0/320680**
216.73.216.4 - - [21/Mar/2026:05:18:47 -0700] "GET /shop/sheaf/deposal012663056337?fileloc=%2Fhome%2Fdxfxddmd03st%2Fpublic_html%2Fwp-includes%2Fclass.wp-dependencies.php&path=%2Fhome%2Fdxfxddmd03st%2Fpublic_html%2Fwp-includes HTTP/2.0" 200 2456 "-" "Mozilla/5.0 AppleWebKit/537.36 (KHTML, like Gecko; compatible; ClaudeBot/1.0; +claudebot@anthropic.com)" 327 **0/327830**
57.141.20.22 - - [21/Mar/2026:05:18:48 -0700] "GET /shop/aroph/areola013614979595?fileloc=/home/dxfxddmd03st/public_html/wp-trackback.php&path=/home/dxfxddmd03st/public_html HTTP/2.0" 403 56935 "-" "meta-externalagent/1.1 (+https://developers.facebook.com/docs/sharing/webmasters/crawler)" 340 **0/340130**
57.141.20.4 - - [21/Mar/2026:05:18:48 -0700] "GET /shop/isolator/proteron011878846183?path=/home/dxfxddmd03st/public_html/wp-admin HTTP/2.0" 403 56935 "-" "meta-externalagent/1.1 (+https://developers.facebook.com/docs/sharing/webmasters/crawler)" 369 **0/369172**
74.7.243.195 - - [21/Mar/2026:05:18:48 -0700] "GET /shop/harmonicus/sorex013445917895 HTTP/2.0" 200 3474 "https://www.artelron.com/wp-sitemap.xml" "Mozilla/5.0 AppleWebKit/537.36 (KHTML, like Gecko; compatible; GPTBot/1.3; +https://openai.com/gptbot)" 335 **0/335623**
57.141.20.55 - - [21/Mar/2026:05:18:48 -0700] "GET /shop/trubtall/manyminded013769725694 HTTP/2.0" 403 56935 "-" "meta-externalagent/1.1 (+https://developers.facebook.com/docs/sharing/webmasters/crawler)" 346 **0/346677**
62.216.205.226 - - [21/Mar/2026:05:18:48 -0700] "GET /online-on-line-casino-mit-deutscher-lizenz-test-bonus-vergleich/feed/?fileloc=//sbin/dnssec-keymgr&path=//sbin HTTP/1.1" 200 2673 "-" "Mozilla/5.0 (compatible; MJ12bot/v1.4.8; http://mj12bot.com/)" 331 **0/331485**
74.7.227.172 - - [21/Mar/2026:05:18:49 -0700] "GET /?fileloc=//bin/factor&path=//bin HTTP/2.0" 200 41046 "https://artelron.com/?path=//bin" "Mozilla/5.0 AppleWebKit/537.36 (KHTML, like Gecko; compatible; GPTBot/1.3; +https://openai.com/gptbot)" 332 **0/332266**
57.141.20.56 - - [21/Mar/2026:05:18:49 -0700] "GET /shop/alkalimetric/herpetology012024390851?fileloc=/home/dxfxddmd03st/public_html/wp-comments-post.php&path=/home/dxfxddmd03st/public_html HTTP/2.0" 403 56935 "-" "meta-externalagent/1.1 (+https://developers.facebook.com/docs/sharing/webmasters/crawler)" 334 **0/334992**
57.141.20.9 - - [21/Mar/2026:05:18:49 -0700] "GET /shop/dannebrog/councilman01974781330?path=//dev HTTP/2.0" 403 56935 "-" "meta-externalagent/1.1 (+https://developers.facebook.com/docs/sharing/webmasters/crawler)" 342 **0/342646**
57.141.20.40 - - [21/Mar/2026:05:18:49 -0700] "GET /shop/annexionist/juneating011599175848 HTTP/2.0" 403 56935 "-" "meta-externalagent/1.1 (+https://developers.facebook.com/docs/sharing/webmasters/crawler)" 323 **0/323213**
57.141.20.52 - - [21/Mar/2026:05:18:50 -0700] "GET /shop/tonguefish/naperian011483525273?path=/home/dxfxddmd03st/.spamassassin HTTP/2.0" 403 56935 "-" "meta-externalagent/1.1 (+https://developers.facebook.com/docs/sharing/webmasters/crawler)" 325 **0/325265**
57.141.20.6 - - [21/Mar/2026:05:18:50 -0700] "GET /shop/insulsity/perruque012329169835?fileloc=/home/dxfxddmd03st/public_html/wp-admin/erase-personal-data.php&path=/home/dxfxddmd03st/public_html/wp-admin HTTP/2.0" 403 56935 "-" "meta-externalagent/1.1 (+https://developers.facebook.com/docs/sharing/webmasters/crawler)" 325 **0/325809**
57.141.20.57 - - [21/Mar/2026:05:18:50 -0700] "GET /shop/mawks/tonsured013819923114?fileloc=/home/dxfxddmd03st/public_html/images/.htaccess&path=/home/dxfxddmd03st/public_html/images HTTP/2.0" 403 56935 "-" "meta-externalagent/1.1 (+https://developers.facebook.com/docs/sharing/webmasters/crawler)" 314 **0/314335**
