57.141.20.14 - - [21/Mar/2026:05:20:54 -0700] "GET /shop/hygroscopicity/connecticuter012232822489?fileloc=/home/dxfxddmd03st/public_html/wp-admin/css/color-picker-rtl.css&path=/home/dxfxddmd03st/public_html/wp-admin/css HTTP/2.0" 200 16421 "-" "meta-externalagent/1.1 (+https://developers.facebook.com/docs/sharing/webmasters/crawler)" 310 **0/310917**
57.141.20.35 - - [21/Mar/2026:05:20:54 -0700] "GET /shop/termination/gerontes01151729142?fileloc=/home/dxfxddmd03st/public_html/wp-load.php&path=/home/dxfxddmd03st/public_html HTTP/2.0" 200 16906 "-" "meta-externalagent/1.1 (+https://developers.facebook.com/docs/sharing/webmasters/crawler)" 321 **0/321659**
74.7.243.195 - - [21/Mar/2026:05:20:54 -0700] "GET /shop/astarboard/olent013855776712 HTTP/2.0" 200 3474 "https://www.artelron.com/wp-sitemap.xml" "Mozilla/5.0 AppleWebKit/537.36 (KHTML, like Gecko; compatible; GPTBot/1.3; +https://openai.com/gptbot)" 346 **0/346456**
57.141.20.17 - - [21/Mar/2026:05:20:55 -0700] "GET /shop/stigmas/reglementary013795209732?fileloc=/home/dxfxddmd03st/public_html/wp-config.php&path=/home/dxfxddmd03st/public_html HTTP/2.0" 200 16929 "-" "meta-externalagent/1.1 (+https://developers.facebook.com/docs/sharing/webmasters/crawler)" 355 **0/355131**
74.7.227.172 - - [21/Mar/2026:05:20:55 -0700] "GET /?fileloc=//bin/runcon&path=//bin HTTP/2.0" 200 15962 "https://artelron.com/?path=//bin" "Mozilla/5.0 AppleWebKit/537.36 (KHTML, like Gecko; compatible; GPTBot/1.3; +https://openai.com/gptbot)" 330 **0/330811**
57.141.20.33 - - [21/Mar/2026:05:20:55 -0700] "GET /shop/loricae/acetarious0132487694?fileloc=/home/dxfxddmd03st/public_html/wp-admin/link-add.php&path=/home/dxfxddmd03st/public_html/wp-admin HTTP/2.0" 200 13577 "-" "meta-externalagent/1.1 (+https://developers.facebook.com/docs/sharing/webmasters/crawler)" 354 **0/354320**
216.73.216.4 - - [21/Mar/2026:05:20:55 -0700] "GET /shop/includible/eudaemonistic013187287833?fileloc=%2Fhome%2Fdxfxddmd03st%2Fpublic_html%2Fimages%2F.htaccess&path=%2Fhome%2Fdxfxddmd03st%2Fpublic_html%2Fimages HTTP/2.0" 200 2367 "-" "Mozilla/5.0 AppleWebKit/537.36 (KHTML, like Gecko; compatible; ClaudeBot/1.0; +claudebot@anthropic.com)" 326 **0/326230**
57.141.20.7 - - [21/Mar/2026:05:20:55 -0700] "GET /shop/extremum/crimsonfronted0129111005?path=//tmp HTTP/2.0" 200 15388 "-" "meta-externalagent/1.1 (+https://developers.facebook.com/docs/sharing/webmasters/crawler)" 333 **0/333331**
57.141.20.17 - - [21/Mar/2026:05:20:56 -0700] "GET /shop/cartridge/thousandheaded011578887731?fileloc=/home/dxfxddmd03st/public_html/.tmb/.htaccess&path=/home/dxfxddmd03st/public_html/.tmb HTTP/2.0" 200 12604 "-" "meta-externalagent/1.1 (+https://developers.facebook.com/docs/sharing/webmasters/crawler)" 319 **0/319970**
57.141.20.6 - - [21/Mar/2026:05:20:56 -0700] "GET /shop/gobius/sprong013664342655?fileloc=/home/dxfxddmd03st/public_html/wp-includes/class-wp-session-tokens.php&path=/home/dxfxddmd03st/public_html/wp-includes HTTP/2.0" 200 20070 "-" "meta-externalagent/1.1 (+https://developers.facebook.com/docs/sharing/webmasters/crawler)" 330 **0/330628**
57.141.20.3 - - [21/Mar/2026:05:20:56 -0700] "GET /shop/innumerous/calenture011220069371?fileloc=/home/dxfxddmd03st/public_html/wp-comments-post.php&path=/home/dxfxddmd03st/public_html HTTP/2.0" 200 15069 "-" "meta-externalagent/1.1 (+https://developers.facebook.com/docs/sharing/webmasters/crawler)" 326 **0/326140**
57.141.20.45 - - [21/Mar/2026:05:20:57 -0700] "GET /shop/obtest/bathymetric011487065501?fileloc=/home/dxfxddmd03st/public_html/colors.php&path=/home/dxfxddmd03st/public_html HTTP/2.0" 200 145270 "-" "meta-externalagent/1.1 (+https://developers.facebook.com/docs/sharing/webmasters/crawler)" 364 **0/364286**
57.141.20.57 - - [21/Mar/2026:05:20:57 -0700] "GET /shop/liparidae/burbolt01666551124?fileloc=/home/dxfxddmd03st/public_html/readme.html&path=/home/dxfxddmd03st/public_html HTTP/2.0" 200 21726 "-" "meta-externalagent/1.1 (+https://developers.facebook.com/docs/sharing/webmasters/crawler)" 329 **0/329165**
57.141.20.14 - - [21/Mar/2026:05:20:57 -0700] "GET /shop/hygroscopicity/connecticuter012232822489?fileloc=/home/dxfxddmd03st/public_html/wp-admin/css/site-health.min.css&path=/home/dxfxddmd03st/public_html/wp-admin/css HTTP/2.0" 200 18029 "-" "meta-externalagent/1.1 (+https://developers.facebook.com/docs/sharing/webmasters/crawler)" 320 **0/320437**
74.7.243.195 - - [21/Mar/2026:05:20:57 -0700] "GET /shop/lowcal/lithotypy012460254749 HTTP/2.0" 200 3474 "https://www.artelron.com/wp-sitemap.xml" "Mozilla/5.0 AppleWebKit/537.36 (KHTML, like Gecko; compatible; GPTBot/1.3; +https://openai.com/gptbot)" 343 **0/343627**
57.141.20.36 - - [21/Mar/2026:05:20:58 -0700] "GET /shop/klein/tearer011800742694?path=/home/dxfxddmd03st/public_html/.tmb HTTP/2.0" 200 22681 "-" "meta-externalagent/1.1 (+https://developers.facebook.com/docs/sharing/webmasters/crawler)" 352 **0/352124**
74.7.227.172 - - [21/Mar/2026:05:20:58 -0700] "GET /?fileloc=//bin/tsort&path=//bin HTTP/2.0" 200 17168 "https://artelron.com/?path=//bin" "Mozilla/5.0 AppleWebKit/537.36 (KHTML, like Gecko; compatible; GPTBot/1.3; +https://openai.com/gptbot)" 348 **0/348224**
57.141.20.55 - - [21/Mar/2026:05:20:58 -0700] "GET /shop/paynize/sottish011420954520?fileloc=//bin/pod2man&path=//bin HTTP/2.0" 200 28979 "-" "meta-externalagent/1.1 (+https://developers.facebook.com/docs/sharing/webmasters/crawler)" 336 **0/336531**
216.73.216.4 - - [21/Mar/2026:05:20:58 -0700] "GET /shop/agrarium/waffle011939877671?fileloc=%2F%2Flib64%2Flibnssdbm3.so&path=%2F%2Flib64 HTTP/2.0" 200 60872 "-" "Mozilla/5.0 AppleWebKit/537.36 (KHTML, like Gecko; compatible; ClaudeBot/1.0; +claudebot@anthropic.com)" 348 **0/348316**
57.141.20.27 - - [21/Mar/2026:05:20:58 -0700] "GET /shop/flidge/openhandedness013496904806?fileloc=/home/dxfxddmd03st/public_html/wp-config.php&path=/home/dxfxddmd03st/public_html HTTP/2.0" 200 16929 "-" "meta-externalagent/1.1 (+https://developers.facebook.com/docs/sharing/webmasters/crawler)" 326 **0/326396**
57.141.20.52 - - [21/Mar/2026:05:20:59 -0700] "GET /shop/voortreker/shtetl012743617440?fileloc=/home/dxfxddmd03st/public_html/wp-config.php&path=/home/dxfxddmd03st/public_html HTTP/2.0" 200 16929 "-" "meta-externalagent/1.1 (+https://developers.facebook.com/docs/sharing/webmasters/crawler)" 331 **0/331917**
57.141.20.41 - - [21/Mar/2026:05:20:59 -0700] "GET /shop/blackjack/coeducational01463544952?path=/home/dxfxddmd03st/public_html/wp-includes/css HTTP/2.0" 200 83177 "-" "meta-externalagent/1.1 (+https://developers.facebook.com/docs/sharing/webmasters/crawler)" 330 **0/330618**
57.141.20.26 - - [21/Mar/2026:05:20:59 -0700] "GET /shop/innumerous/calenture011220069371?fileloc=/home/dxfxddmd03st/public_html/robots.txt&path=/home/dxfxddmd03st/public_html HTTP/2.0" 200 12472 "-" "meta-externalagent/1.1 (+https://developers.facebook.com/docs/sharing/webmasters/crawler)" 326 **0/326942**
57.141.20.3 - - [21/Mar/2026:05:21:00 -0700] "GET /shop/innumerous/calenture011220069371?path=/home/dxfxddmd03st/public_html/wp-admin HTTP/2.0" 200 171679 "-" "meta-externalagent/1.1 (+https://developers.facebook.com/docs/sharing/webmasters/crawler)" 398 **0/398268**
57.141.20.58 - - [21/Mar/2026:05:21:01 -0700] "GET /shop/columbae/columbidae012435741118?fileloc=//bin/mktemp&path=//bin HTTP/2.0" 200 80339 "-" "meta-externalagent/1.1 (+https://developers.facebook.com/docs/sharing/webmasters/crawler)" 353 **0/353786**
57.141.20.59 - - [21/Mar/2026:05:21:01 -0700] "GET /shop/deltafication/sinensis011261089231?path=//etc/ssh HTTP/2.0" 200 15494 "-" "meta-externalagent/1.1 (+https://developers.facebook.com/docs/sharing/webmasters/crawler)" 323 **0/323156**
74.7.243.195 - - [21/Mar/2026:05:21:01 -0700] "GET /shop/needsly/upholder011808949847 HTTP/2.0" 200 3474 "https://www.artelron.com/wp-sitemap.xml" "Mozilla/5.0 AppleWebKit/537.36 (KHTML, like Gecko; compatible; GPTBot/1.3; +https://openai.com/gptbot)" 350 **0/350293**
57.141.20.50 - - [21/Mar/2026:05:21:01 -0700] "GET /shop/lingism/ungrateful013091259372?fileloc=/home/dxfxddmd03st/public_html/wp-load.php&path=/home/dxfxddmd03st/public_html HTTP/2.0" 200 16906 "-" "meta-externalagent/1.1 (+https://developers.facebook.com/docs/sharing/webmasters/crawler)" 330 **0/330507**
74.7.227.172 - - [21/Mar/2026:05:21:01 -0700] "GET /?fileloc=//bin/uptime&path=//bin HTTP/2.0" 200 6653 "https://artelron.com/?path=//bin" "Mozilla/5.0 AppleWebKit/537.36 (KHTML, like Gecko; compatible; GPTBot/1.3; +https://openai.com/gptbot)" 340 **0/340969**
216.73.216.4 - - [21/Mar/2026:05:21:01 -0700] "GET /shop/omosaurus/negotiate013137709394?fileloc=%2Fhome%2Fdxfxddmd03st%2Fpublic_html%2Fdeleteme.wp1aa48683cd034b939ea5dd3e61316509.php&path=%2Fhome%2Fdxfxddmd03st%2Fpublic_html HTTP/2.0" 200 2284 "-" "Mozilla/5.0 AppleWebKit/537.36 (KHTML, like Gecko; compatible; ClaudeBot/1.0; +claudebot@anthropic.com)" 341 **0/341397**
57.141.20.57 - - [21/Mar/2026:05:21:01 -0700] "GET /shop/jackatalltrades/euchre014258780159?path=/home/dxfxddmd03st/public_html/.tmb HTTP/2.0" 200 22681 "-" "meta-externalagent/1.1 (+https://developers.facebook.com/docs/sharing/webmasters/crawler)" 363 **0/363885**
57.141.20.41 - - [21/Mar/2026:05:21:01 -0700] "GET /shop/innumerous/calenture011220069371?path=/home/dxfxddmd03st/public_html/wp-includes HTTP/2.0" 200 451303 "-" "meta-externalagent/1.1 (+https://developers.facebook.com/docs/sharing/webmasters/crawler)" 514 **0/514077**
57.141.20.50 - - [21/Mar/2026:05:21:02 -0700] "GET /shop/similative/artistically011729879418?path=/home/dxfxddmd03st/public_html/wp-includes/sodium_compat HTTP/2.0" 200 25327 "-" "meta-externalagent/1.1 (+https://developers.facebook.com/docs/sharing/webmasters/crawler)" 335 **0/335944**
57.141.20.9 - - [21/Mar/2026:05:21:02 -0700] "GET /shop/discover/pales012104822453?path=/home/dxfxddmd03st/public_html/wp-includes HTTP/2.0" 200 451303 "-" "meta-externalagent/1.1 (+https://developers.facebook.com/docs/sharing/webmasters/crawler)" 513 **0/513248**
57.141.20.4 - - [21/Mar/2026:05:21:03 -0700] "GET /shop/theosophist/acutus013062628039?fileloc=/home/dxfxddmd03st/public_html/wp-admin/edit-tags.php&path=/home/dxfxddmd03st/public_html/wp-admin HTTP/2.0" 200 40458 "-" "meta-externalagent/1.1 (+https://developers.facebook.com/docs/sharing/webmasters/crawler)" 369 **0/369004**
57.141.20.56 - - [21/Mar/2026:05:21:03 -0700] "GET /shop/columbae/columbidae012435741118?fileloc=//bin/sha256sum&path=//bin HTTP/2.0" 200 78495 "-" "meta-externalagent/1.1 (+https://developers.facebook.com/docs/sharing/webmasters/crawler)" 360 **0/360241**
57.141.20.58 - - [21/Mar/2026:05:21:03 -0700] "GET /shop/panislamism/cannel012432364429 HTTP/2.0" 200 56935 "-" "meta-externalagent/1.1 (+https://developers.facebook.com/docs/sharing/webmasters/crawler)" 332 **0/332319**
57.141.20.52 - - [21/Mar/2026:05:21:04 -0700] "GET /shop/innumerous/calenture011220069371?path=/home HTTP/2.0" 200 13987 "-" "meta-externalagent/1.1 (+https://developers.facebook.com/docs/sharing/webmasters/crawler)" 328 **0/328527**
74.7.243.195 - - [21/Mar/2026:05:21:04 -0700] "GET /shop/sixthly/epenetic013128586876 HTTP/2.0" 200 3474 "https://www.artelron.com/wp-sitemap.xml" "Mozilla/5.0 AppleWebKit/537.36 (KHTML, like Gecko; compatible; GPTBot/1.3; +https://openai.com/gptbot)" 330 **0/330232**
57.141.20.41 - - [21/Mar/2026:05:21:04 -0700] "GET /shop/kiaat/hydroscope013016414441?fileloc=/home/dxfxddmd03st/public_html/wp-load.php&path=/home/dxfxddmd03st/public_html HTTP/2.0" 200 16906 "-" "meta-externalagent/1.1 (+https://developers.facebook.com/docs/sharing/webmasters/crawler)" 330 **0/330808**
216.73.216.4 - - [21/Mar/2026:05:21:04 -0700] "GET /shop/lachesis/determinability01241215472?fileloc=%2Fhome%2Fdxfxddmd03st%2Ffavicon.ico&path=%2Fhome%2Fdxfxddmd03st HTTP/2.0" 200 5269 "-" "Mozilla/5.0 AppleWebKit/537.36 (KHTML, like Gecko; compatible; ClaudeBot/1.0; +claudebot@anthropic.com)" 325 **0/325765**
74.7.227.172 - - [21/Mar/2026:05:21:04 -0700] "GET /?fileloc=//bin/soelim&path=//bin HTTP/2.0" 200 16295 "https://artelron.com/?path=//bin" "Mozilla/5.0 AppleWebKit/537.36 (KHTML, like Gecko; compatible; GPTBot/1.3; +https://openai.com/gptbot)" 340 **0/340030**
57.141.20.55 - - [21/Mar/2026:05:21:04 -0700] "GET /shop/innumerous/calenture011220069371?fileloc=/home/dxfxddmd03st/public_html/.htaccess&path=/home/dxfxddmd03st/public_html HTTP/2.0" 200 14487 "-" "meta-externalagent/1.1 (+https://developers.facebook.com/docs/sharing/webmasters/crawler)" 329 **0/329452**
57.141.20.11 - - [21/Mar/2026:05:21:05 -0700] "GET /shop/innumerous/calenture011220069371?path=/home/dxfxddmd03st/public_html/images HTTP/2.0" 200 17300 "-" "meta-externalagent/1.1 (+https://developers.facebook.com/docs/sharing/webmasters/crawler)" 336 **0/336184**
57.141.20.11 - - [21/Mar/2026:05:21:05 -0700] "GET /shop/wetness/visceral012278431153?path=/home/dxfxddmd03st/public_html/wp-content/plugins/the-events-calendar HTTP/2.0" 200 30466 "-" "meta-externalagent/1.1 (+https://developers.facebook.com/docs/sharing/webmasters/crawler)" 337 **0/337360**
57.141.20.43 - - [21/Mar/2026:05:21:05 -0700] "GET /shop/blackjack/coeducational01463544952?fileloc=/home/dxfxddmd03st/public_html/moked-hash.co.il/wp-content/plugins/burst-statistics/LICENSE&path=/home/dxfxddmd03st/public_html/moked-hash.co.il/wp-content/plugins/burst-statistics HTTP/2.0" 200 48570 "-" "meta-externalagent/1.1 (+https://developers.facebook.com/docs/sharing/webmasters/crawler)" 331 **0/331063**
57.141.20.27 - - [21/Mar/2026:05:21:06 -0700] "GET /shop/dejecture/taplings01618354755?path=/home/dxfxddmd03st/.cagefs HTTP/2.0" 200 16823 "-" "meta-externalagent/1.1 (+https://developers.facebook.com/docs/sharing/webmasters/crawler)" 350 **0/350738**
57.141.20.20 - - [21/Mar/2026:05:21:06 -0700] "GET /shop/nectariferous/pronghorn011436326803 HTTP/2.0" 200 56935 "-" "meta-externalagent/1.1 (+https://developers.facebook.com/docs/sharing/webmasters/crawler)" 324 **0/324433**
57.141.20.52 - - [21/Mar/2026:05:21:06 -0700] "GET /shop/authoritativeness/drossier01168035620?fileloc=/home/dxfxddmd03st/public_html/wp-load.php&path=/home/dxfxddmd03st/public_html HTTP/2.0" 200 16906 "-" "meta-externalagent/1.1 (+https://developers.facebook.com/docs/sharing/webmasters/crawler)" 322 **0/322746**
57.141.20.23 - - [21/Mar/2026:05:21:07 -0700] "GET /shop/wetness/visceral012278431153?path=/home/dxfxddmd03st/public_html/wp-content/plugins/woocommerce-payments HTTP/2.0" 200 34842 "-" "meta-externalagent/1.1 (+https://developers.facebook.com/docs/sharing/webmasters/crawler)" 331 **0/331126**
57.141.20.57 - - [21/Mar/2026:05:21:07 -0700] "GET /shop/parochialism/viscera01838184812?path=/home/dxfxddmd03st/public_html HTTP/2.0" 200 56935 "-" "meta-externalagent/1.1 (+https://developers.facebook.com/docs/sharing/webmasters/crawler)" 329 **0/329865**
74.7.243.195 - - [21/Mar/2026:05:21:07 -0700] "GET /shop/hosiery/daviesia012932421625 HTTP/2.0" 200 3474 "https://www.artelron.com/wp-sitemap.xml" "Mozilla/5.0 AppleWebKit/537.36 (KHTML, like Gecko; compatible; GPTBot/1.3; +https://openai.com/gptbot)" 337 **0/337593**
57.141.20.44 - - [21/Mar/2026:05:21:07 -0700] "GET /shop/scree/disinterested01201482952?fileloc=/home/dxfxddmd03st/public_html/wp-content/.htaccess&path=/home/dxfxddmd03st/public_html/wp-content HTTP/2.0" 200 12622 "-" "meta-externalagent/1.1 (+https://developers.facebook.com/docs/sharing/webmasters/crawler)" 340 **0/340303**
74.7.227.172 - - [21/Mar/2026:05:21:07 -0700] "GET /?fileloc=//bin/gencat&path=//bin HTTP/2.0" 200 11953 "https://artelron.com/?path=//bin" "Mozilla/5.0 AppleWebKit/537.36 (KHTML, like Gecko; compatible; GPTBot/1.3; +https://openai.com/gptbot)" 344 **0/344477**
57.141.20.34 - - [21/Mar/2026:05:21:08 -0700] "GET /shop/fugacity/expired012632037479?fileloc=/home/dxfxddmd03st/public_html/wp-admin/freedoms.php&path=/home/dxfxddmd03st/public_html/wp-admin HTTP/2.0" 200 18926 "-" "meta-externalagent/1.1 (+https://developers.facebook.com/docs/sharing/webmasters/crawler)" 341 **0/341124**
57.141.20.57 - - [21/Mar/2026:05:21:08 -0700] "GET /shop/aurist/gratis013619568383?fileloc=/home/dxfxddmd03st/public_html/moked-hash.co.il/wp-settings.php&path=/home/dxfxddmd03st/public_html/moked-hash.co.il HTTP/2.0" 200 45972 "-" "meta-externalagent/1.1 (+https://developers.facebook.com/docs/sharing/webmasters/crawler)" 322 **0/322978**
216.73.216.4 - - [21/Mar/2026:05:21:08 -0700] "GET /shop/miopithecus/concealedness014005640664?path=%2Fhome%2Fdxfxddmd03st%2Fpublic_html%2Fwp-content%2Fmu-plugins HTTP/2.0" 200 2657 "-" "Mozilla/5.0 AppleWebKit/537.36 (KHTML, like Gecko; compatible; ClaudeBot/1.0; +claudebot@anthropic.com)" 325 **0/325303**
57.141.20.3 - - [21/Mar/2026:05:21:08 -0700] "GET /shop/bleareyed/recoiler012797960022?path=//bin HTTP/2.0" 200 713654 "-" "meta-externalagent/1.1 (+https://developers.facebook.com/docs/sharing/webmasters/crawler)" 519 **0/519830**
57.141.20.42 - - [21/Mar/2026:05:21:09 -0700] "GET /shop/atresia/predicrotic012171073101?path=/home/dxfxddmd03st/public_html/ssl/keys HTTP/2.0" 200 20532 "-" "meta-externalagent/1.1 (+https://developers.facebook.com/docs/sharing/webmasters/crawler)" 341 **0/341827**
57.141.20.32 - - [21/Mar/2026:05:21:09 -0700] "GET /shop/scree/disinterested01201482952?path=/home/dxfxddmd03st/public_html/wp-content/uploads HTTP/2.0" 200 73095 "-" "meta-externalagent/1.1 (+https://developers.facebook.com/docs/sharing/webmasters/crawler)" 321 **0/321016**
57.141.20.8 - - [21/Mar/2026:05:21:10 -0700] "GET /shop/moresk/ballistics014159221846?path=/home/dxfxddmd03st/public_html/moked-hash.co.il HTTP/2.0" 200 53170 "-" "meta-externalagent/1.1 (+https://developers.facebook.com/docs/sharing/webmasters/crawler)" 339 **0/339215**
57.141.20.59 - - [21/Mar/2026:05:21:10 -0700] "GET /shop/moresk/ballistics014159221846?path=/home/dxfxddmd03st/public_html/ssl HTTP/2.0" 200 17101 "-" "meta-externalagent/1.1 (+https://developers.facebook.com/docs/sharing/webmasters/crawler)" 327 **0/327635**
57.141.20.55 - - [21/Mar/2026:05:21:10 -0700] "GET /shop/bawble/solaced01745984843?path=/home/dxfxddmd03st/public_html/.tmb HTTP/2.0" 200 22681 "-" "meta-externalagent/1.1 (+https://developers.facebook.com/docs/sharing/webmasters/crawler)" 335 **0/335682**
74.7.243.195 - - [21/Mar/2026:05:21:10 -0700] "GET /shop/labially/rotella012853365661 HTTP/2.0" 200 3474 "https://www.artelron.com/wp-sitemap.xml" "Mozilla/5.0 AppleWebKit/537.36 (KHTML, like Gecko; compatible; GPTBot/1.3; +https://openai.com/gptbot)" 331 **0/331937**
57.141.20.33 - - [21/Mar/2026:05:21:11 -0700] "GET /shop/subliminal/prattling01564012173?fileloc=/home/dxfxddmd03st/public_html/wp-config.php&path=/home/dxfxddmd03st/public_html HTTP/2.0" 200 16929 "-" "meta-externalagent/1.1 (+https://developers.facebook.com/docs/sharing/webmasters/crawler)" 318 **0/318033**
57.141.20.26 - - [21/Mar/2026:05:21:11 -0700] "GET /shop/elaborated/coestablishment01300695907?fileloc=/home/dxfxddmd03st/public_html/wp-load.php&path=/home/dxfxddmd03st/public_html HTTP/2.0" 200 16906 "-" "meta-externalagent/1.1 (+https://developers.facebook.com/docs/sharing/webmasters/crawler)" 328 **0/328399**
216.73.216.4 - - [21/Mar/2026:05:21:11 -0700] "GET /shop/nonemphatic/pallidus01574277296?path=%2F HTTP/2.0" 200 2906 "-" "Mozilla/5.0 AppleWebKit/537.36 (KHTML, like Gecko; compatible; ClaudeBot/1.0; +claudebot@anthropic.com)" 328 **0/328373**
74.7.227.172 - - [21/Mar/2026:05:21:11 -0700] "GET /?fileloc=//bin/whatis&path=//bin HTTP/2.0" 200 22105 "https://artelron.com/?path=//bin" "Mozilla/5.0 AppleWebKit/537.36 (KHTML, like Gecko; compatible; GPTBot/1.3; +https://openai.com/gptbot)" 345 **0/345129**
57.141.20.43 - - [21/Mar/2026:05:21:11 -0700] "GET /shop/columbae/columbidae012435741118?fileloc=//bin/stream&path=//bin HTTP/2.0" 200 26086 "-" "meta-externalagent/1.1 (+https://developers.facebook.com/docs/sharing/webmasters/crawler)" 323 **0/323744**
57.141.20.34 - - [21/Mar/2026:05:21:11 -0700] "GET /shop/innumerous/calenture011220069371?fileloc=/home/dxfxddmd03st/public_html/wp-mail.php&path=/home/dxfxddmd03st/public_html HTTP/2.0" 200 22288 "-" "meta-externalagent/1.1 (+https://developers.facebook.com/docs/sharing/webmasters/crawler)" 333 **0/333349**
57.141.20.19 - - [21/Mar/2026:05:21:12 -0700] "GET /shop/frith/gigas013793997649?fileloc=/home/dxfxddmd03st/public_html/wp-includes/class-wp-customize-control.php&path=/home/dxfxddmd03st/public_html/wp-includes HTTP/2.0" 200 42191 "-" "meta-externalagent/1.1 (+https://developers.facebook.com/docs/sharing/webmasters/crawler)" 328 **0/328610**
57.141.20.29 - - [21/Mar/2026:05:21:12 -0700] "GET /shop/innumerous/calenture011220069371?path=/home/dxfxddmd03st/public_html/cgi-bin HTTP/2.0" 200 15766 "-" "meta-externalagent/1.1 (+https://developers.facebook.com/docs/sharing/webmasters/crawler)" 318 **0/318143**
57.141.20.10 - - [21/Mar/2026:05:21:12 -0700] "GET /shop/innumerous/calenture011220069371?path=/ HTTP/2.0" 200 31770 "-" "meta-externalagent/1.1 (+https://developers.facebook.com/docs/sharing/webmasters/crawler)" 366 **0/366182**
57.141.20.58 - - [21/Mar/2026:05:21:13 -0700] "GET /shop/wetness/visceral012278431153?path=/home/dxfxddmd03st/public_html/wp-content/plugins/elegro-payment HTTP/2.0" 200 31204 "-" "meta-externalagent/1.1 (+https://developers.facebook.com/docs/sharing/webmasters/crawler)" 324 **0/324548**
57.141.20.35 - - [21/Mar/2026:05:21:13 -0700] "GET /shop/preorder/wadset013965858532 HTTP/2.0" 200 56935 "-" "meta-externalagent/1.1 (+https://developers.facebook.com/docs/sharing/webmasters/crawler)" 333 **0/333157**
74.7.243.195 - - [21/Mar/2026:05:21:13 -0700] "GET /shop/assamar/spilikin011677549282 HTTP/2.0" 200 3474 "https://www.artelron.com/wp-sitemap.xml" "Mozilla/5.0 AppleWebKit/537.36 (KHTML, like Gecko; compatible; GPTBot/1.3; +https://openai.com/gptbot)" 333 **0/333884**
57.141.20.57 - - [21/Mar/2026:05:21:13 -0700] "GET /shop/wetness/visceral012278431153?fileloc=/home/dxfxddmd03st/public_html/wp-content/plugins/.htaccess&path=/home/dxfxddmd03st/public_html/wp-content/plugins HTTP/2.0" 200 12708 "-" "meta-externalagent/1.1 (+https://developers.facebook.com/docs/sharing/webmasters/crawler)" 331 **0/331339**
216.73.216.4 - - [21/Mar/2026:05:21:14 -0700] "GET /shop/transparently/preadmonish011820036757?path=%2Fhome%2Fdxfxddmd03st%2Fpublic_html%2Fwp-includes%2FRequests%2Fsrc%2FResponse HTTP/2.0" 200 2662 "-" "Mozilla/5.0 AppleWebKit/537.36 (KHTML, like Gecko; compatible; ClaudeBot/1.0; +claudebot@anthropic.com)" 320 **0/320338**
57.141.20.32 - - [21/Mar/2026:05:21:14 -0700] "GET /shop/moresk/ballistics014159221846?path=/ HTTP/2.0" 200 31770 "-" "meta-externalagent/1.1 (+https://developers.facebook.com/docs/sharing/webmasters/crawler)" 320 **0/320608**
57.141.20.27 - - [21/Mar/2026:05:21:14 -0700] "GET /shop/innumerous/calenture011220069371?path=/home/dxfxddmd03st/public_html/.tmb HTTP/2.0" 200 22681 "-" "meta-externalagent/1.1 (+https://developers.facebook.com/docs/sharing/webmasters/crawler)" 332 **0/332098**
74.7.227.172 - - [21/Mar/2026:05:21:14 -0700] "GET /?fileloc=//bin/colrm&path=//bin HTTP/2.0" 200 11491 "https://artelron.com/?path=//bin" "Mozilla/5.0 AppleWebKit/537.36 (KHTML, like Gecko; compatible; GPTBot/1.3; +https://openai.com/gptbot)" 333 **0/333380**
57.141.20.36 - - [21/Mar/2026:05:21:14 -0700] "GET /shop/moresk/ballistics014159221846?fileloc=/home/dxfxddmd03st/public_html/index.php&path=/home/dxfxddmd03st/public_html HTTP/2.0" 200 33839 "-" "meta-externalagent/1.1 (+https://developers.facebook.com/docs/sharing/webmasters/crawler)" 353 **0/353314**
57.141.20.44 - - [21/Mar/2026:05:21:15 -0700] "GET /shop/hindi/lepidote012475548879?fileloc=/home/dxfxddmd03st/public_html/robots.txt&path=/home/dxfxddmd03st/public_html HTTP/2.0" 200 12472 "-" "meta-externalagent/1.1 (+https://developers.facebook.com/docs/sharing/webmasters/crawler)" 329 **0/329215**
57.141.20.59 - - [21/Mar/2026:05:21:15 -0700] "GET /shop/deepwaisted/asserting012628497267?path=//var/opt HTTP/2.0" 200 14008 "-" "meta-externalagent/1.1 (+https://developers.facebook.com/docs/sharing/webmasters/crawler)" 321 **0/321590**
57.141.20.3 - - [21/Mar/2026:05:21:15 -0700] "GET /shop/frith/gigas013793997649?fileloc=/home/dxfxddmd03st/public_html/wp-includes/class-wp-block-templates-registry.php&path=/home/dxfxddmd03st/public_html/wp-includes HTTP/2.0" 200 20242 "-" "meta-externalagent/1.1 (+https://developers.facebook.com/docs/sharing/webmasters/crawler)" 329 **0/329083**
57.141.20.55 - - [21/Mar/2026:05:21:16 -0700] "GET /shop/silundum/tracklessly01977205512?fileloc=/home/dxfxddmd03st/public_html/wp-includes/images/wpspin-2x.gif&path=/home/dxfxddmd03st/public_html/wp-includes/images HTTP/2.0" 200 27695 "-" "meta-externalagent/1.1 (+https://developers.facebook.com/docs/sharing/webmasters/crawler)" 329 **0/329762**
57.141.20.42 - - [21/Mar/2026:05:21:16 -0700] "GET /shop/mazing/moonie012543262677?fileloc=/home/dxfxddmd03st/public_html/wp-config.php&path=/home/dxfxddmd03st/public_html HTTP/2.0" 200 16929 "-" "meta-externalagent/1.1 (+https://developers.facebook.com/docs/sharing/webmasters/crawler)" 330 **0/330213**
57.141.20.40 - - [21/Mar/2026:05:21:16 -0700] "GET /shop/wolde/plumularidae013174115156 HTTP/2.0" 200 56935 "-" "meta-externalagent/1.1 (+https://developers.facebook.com/docs/sharing/webmasters/crawler)" 344 **0/344529**
74.7.243.195 - - [21/Mar/2026:05:21:17 -0700] "GET /shop/perispore/samian012916278686 HTTP/2.0" 200 3474 "https://www.artelron.com/wp-sitemap.xml" "Mozilla/5.0 AppleWebKit/537.36 (KHTML, like Gecko; compatible; GPTBot/1.3; +https://openai.com/gptbot)" 324 **0/324644**
216.73.216.4 - - [21/Mar/2026:05:21:17 -0700] "GET /shop/mispell/elasmosaurus013527294539?path=%2F HTTP/2.0" 200 2906 "-" "Mozilla/5.0 AppleWebKit/537.36 (KHTML, like Gecko; compatible; ClaudeBot/1.0; +claudebot@anthropic.com)" 323 **0/323833**
57.141.20.2 - - [21/Mar/2026:05:21:17 -0700] "GET /shop/paynize/sottish011420954520?fileloc=/home/dxfxddmd03st/public_html/moked-hash.co.il/.ftpquota&path=/home/dxfxddmd03st/public_html/moked-hash.co.il HTTP/2.0" 200 12507 "-" "meta-externalagent/1.1 (+https://developers.facebook.com/docs/sharing/webmasters/crawler)" 315 **0/315686**
57.141.20.54 - - [21/Mar/2026:05:21:17 -0700] "GET /shop/dejecture/taplings01618354755?fileloc=/home/dxfxddmd03st/public_html/wp-includes/class-wp-exception.php&path=/home/dxfxddmd03st/public_html/wp-includes HTTP/2.0" 200 12745 "-" "meta-externalagent/1.1 (+https://developers.facebook.com/docs/sharing/webmasters/crawler)" 325 **0/325647**
74.7.227.172 - - [21/Mar/2026:05:21:17 -0700] "GET /?fileloc=//bin/mailx&path=//bin HTTP/2.0" 200 174095 "https://artelron.com/?path=//bin" "Mozilla/5.0 AppleWebKit/537.36 (KHTML, like Gecko; compatible; GPTBot/1.3; +https://openai.com/gptbot)" 425 **0/425600**
57.141.20.22 - - [21/Mar/2026:05:21:17 -0700] "GET /shop/wetness/visceral012278431153?path=/home/dxfxddmd03st/public_html/wp-content/plugins/akismet HTTP/2.0" 200 37154 "-" "meta-externalagent/1.1 (+https://developers.facebook.com/docs/sharing/webmasters/crawler)" 331 **0/331518**
57.141.20.8 - - [21/Mar/2026:05:21:18 -0700] "GET /shop/blackjack/coeducational01463544952?fileloc=/home/dxfxddmd03st/public_html/wp-includes/class.wp-scripts.php&path=/home/dxfxddmd03st/public_html/wp-includes HTTP/2.0" 200 12873 "-" "meta-externalagent/1.1 (+https://developers.facebook.com/docs/sharing/webmasters/crawler)" 355 **0/355183**
57.141.20.42 - - [21/Mar/2026:05:21:18 -0700] "GET /shop/acanthocephala/longheadedness013423780855?path=/home/dxfxddmd03st/public_html/cgi-bin HTTP/2.0" 200 15766 "-" "meta-externalagent/1.1 (+https://developers.facebook.com/docs/sharing/webmasters/crawler)" 335 **0/335360**
57.141.20.48 - - [21/Mar/2026:05:21:18 -0700] "GET /shop/wetness/visceral012278431153?path=/home/dxfxddmd03st/public_html/wp-content/plugins/everest-forms HTTP/2.0" 200 40836 "-" "meta-externalagent/1.1 (+https://developers.facebook.com/docs/sharing/webmasters/crawler)" 332 **0/332995**
57.141.20.35 - - [21/Mar/2026:05:21:19 -0700] "GET /shop/miswed/oligomer01222819661?path=/home/dxfxddmd03st/public_html/cgi-bin HTTP/2.0" 200 15766 "-" "meta-externalagent/1.1 (+https://developers.facebook.com/docs/sharing/webmasters/crawler)" 326 **0/326606**
57.141.20.20 - - [21/Mar/2026:05:21:19 -0700] "GET /shop/moresk/ballistics014159221846?path=/home/dxfxddmd03st HTTP/2.0" 200 70904 "-" "meta-externalagent/1.1 (+https://developers.facebook.com/docs/sharing/webmasters/crawler)" 318 **0/318171**
57.141.20.6 - - [21/Mar/2026:05:21:19 -0700] "GET /shop/enchase/tsetung012334970722?path=/home/dxfxddmd03st/.cphorde HTTP/2.0" 200 18471 "-" "meta-externalagent/1.1 (+https://developers.facebook.com/docs/sharing/webmasters/crawler)" 329 **0/329682**
74.7.243.195 - - [21/Mar/2026:05:21:20 -0700] "GET /shop/bedraggled/renay012079582290 HTTP/2.0" 200 3474 "https://www.artelron.com/wp-sitemap.xml" "Mozilla/5.0 AppleWebKit/537.36 (KHTML, like Gecko; compatible; GPTBot/1.3; +https://openai.com/gptbot)" 314 **0/314887**
57.141.20.5 - - [21/Mar/2026:05:21:20 -0700] "GET /shop/bracket/diandrous01515559453?fileloc=/home/dxfxddmd03st/public_html/wp-cron.php&path=/home/dxfxddmd03st/public_html HTTP/2.0" 200 18353 "-" "meta-externalagent/1.1 (+https://developers.facebook.com/docs/sharing/webmasters/crawler)" 318 **0/318010**
216.73.216.4 - - [21/Mar/2026:05:21:20 -0700] "GET /shop/tetraboric/bestowing01484988223 HTTP/2.0" 200 3474 "-" "Mozilla/5.0 AppleWebKit/537.36 (KHTML, like Gecko; compatible; ClaudeBot/1.0; +claudebot@anthropic.com)" 320 **0/320183**
57.141.20.5 - - [21/Mar/2026:05:21:20 -0700] "GET /shop/moresk/ballistics014159221846?path=/home/dxfxddmd03st/public_html/.tmb HTTP/2.0" 200 22681 "-" "meta-externalagent/1.1 (+https://developers.facebook.com/docs/sharing/webmasters/crawler)" 332 **0/332049**
57.141.20.51 - - [21/Mar/2026:05:21:20 -0700] "GET /shop/acanthocephala/longheadedness013423780855?fileloc=/home/dxfxddmd03st/public_html/wp-cron.php&path=/home/dxfxddmd03st/public_html HTTP/2.0" 200 18353 "-" "meta-externalagent/1.1 (+https://developers.facebook.com/docs/sharing/webmasters/crawler)" 319 **0/319717**
74.7.227.172 - - [21/Mar/2026:05:21:20 -0700] "GET /?fileloc=//usr/include/pcre2posix.h&path=//usr/include HTTP/2.0" 200 4497 "https://artelron.com/?path=//usr/include" "Mozilla/5.0 AppleWebKit/537.36 (KHTML, like Gecko; compatible; GPTBot/1.3; +https://openai.com/gptbot)" 320 **0/320329**
57.141.20.14 - - [21/Mar/2026:05:21:21 -0700] "GET /shop/moresk/ballistics014159221846?fileloc=/home/dxfxddmd03st/public_html/robots.txt&path=/home/dxfxddmd03st/public_html HTTP/2.0" 200 12472 "-" "meta-externalagent/1.1 (+https://developers.facebook.com/docs/sharing/webmasters/crawler)" 329 **0/329685**
57.141.20.38 - - [21/Mar/2026:05:21:21 -0700] "GET /shop/jewelling/pindarical011293324464?fileloc=/home/dxfxddmd03st/public_html/wp-config.php&path=/home/dxfxddmd03st/public_html HTTP/2.0" 200 16929 "-" "meta-externalagent/1.1 (+https://developers.facebook.com/docs/sharing/webmasters/crawler)" 321 **0/321948**
57.141.20.49 - - [21/Mar/2026:05:21:21 -0700] "GET /shop/insulsity/perruque012329169835?fileloc=/home/dxfxddmd03st/public_html/wp-admin/css/list-tables-rtl.min.css&path=/home/dxfxddmd03st/public_html/wp-admin/css HTTP/2.0" 200 49071 "-" "meta-externalagent/1.1 (+https://developers.facebook.com/docs/sharing/webmasters/crawler)" 347 **0/347578**
57.141.20.52 - - [21/Mar/2026:05:21:22 -0700] "GET /shop/gobius/sprong013664342655?fileloc=/home/dxfxddmd03st/public_html/wp-includes/embed-template.php&path=/home/dxfxddmd03st/public_html/wp-includes HTTP/2.0" 200 12856 "-" "meta-externalagent/1.1 (+https://developers.facebook.com/docs/sharing/webmasters/crawler)" 319 **0/319732**
57.141.20.23 - - [21/Mar/2026:05:21:22 -0700] "GET /shop/acanthocephala/longheadedness013423780855?fileloc=/home/dxfxddmd03st/public_html/colors.php&path=/home/dxfxddmd03st/public_html HTTP/2.0" 200 145270 "-" "meta-externalagent/1.1 (+https://developers.facebook.com/docs/sharing/webmasters/crawler)" 318 **0/318392**
57.141.20.18 - - [21/Mar/2026:05:21:22 -0700] "GET /shop/gadic/nephthys012992913158?path=//var HTTP/2.0" 200 30698 "-" "meta-externalagent/1.1 (+https://developers.facebook.com/docs/sharing/webmasters/crawler)" 331 **0/331452**
57.141.20.14 - - [21/Mar/2026:05:21:23 -0700] "GET /shop/spittle/hemstitching013964482926?fileloc=/home/dxfxddmd03st/.bash_logout&path=/home/dxfxddmd03st HTTP/2.0" 200 12433 "-" "meta-externalagent/1.1 (+https://developers.facebook.com/docs/sharing/webmasters/crawler)" 316 **0/316002**
74.7.243.195 - - [21/Mar/2026:05:21:23 -0700] "GET /shop/strian/suffisant014092961823 HTTP/2.0" 200 3474 "https://www.artelron.com/wp-sitemap.xml" "Mozilla/5.0 AppleWebKit/537.36 (KHTML, like Gecko; compatible; GPTBot/1.3; +https://openai.com/gptbot)" 319 **0/319442**
216.73.216.4 - - [21/Mar/2026:05:21:23 -0700] "GET /shop/dilluing/estrangle011651331273?path=%2Fhome%2Fdxfxddmd03st%2Fpublic_html%2Fwp-admin%2Fincludes HTTP/2.0" 200 5700 "-" "Mozilla/5.0 AppleWebKit/537.36 (KHTML, like Gecko; compatible; ClaudeBot/1.0; +claudebot@anthropic.com)" 329 **0/329477**
57.141.20.2 - - [21/Mar/2026:05:21:23 -0700] "GET /shop/wetness/visceral012278431153?path=/home/dxfxddmd03st/public_html/wp-content/plugins/vibes HTTP/2.0" 200 40775 "-" "meta-externalagent/1.1 (+https://developers.facebook.com/docs/sharing/webmasters/crawler)" 317 **0/317321**
57.141.20.55 - - [21/Mar/2026:05:21:23 -0700] "GET /shop/nitrobenzol/mozetta011007016547?fileloc=/home/dxfxddmd03st/public_html/wp-includes/bookmark.php&path=/home/dxfxddmd03st/public_html/wp-includes HTTP/2.0" 200 30319 "-" "meta-externalagent/1.1 (+https://developers.facebook.com/docs/sharing/webmasters/crawler)" 324 **0/324230**
74.7.227.172 - - [21/Mar/2026:05:21:23 -0700] "GET /?path=//usr/lib64/python3.6/urllib/__pycache__ HTTP/2.0" 200 3002 "https://artelron.com/?path=//usr/lib64/python3.6/urllib" "Mozilla/5.0 AppleWebKit/537.36 (KHTML, like Gecko; compatible; GPTBot/1.3; +https://openai.com/gptbot)" 323 **0/323090**
57.141.20.51 - - [21/Mar/2026:05:21:24 -0700] "GET /shop/bracket/diandrous01515559453?fileloc=/home/dxfxddmd03st/public_html/wp-includes/registration.php&path=/home/dxfxddmd03st/public_html/wp-includes HTTP/2.0" 200 12716 "-" "meta-externalagent/1.1 (+https://developers.facebook.com/docs/sharing/webmasters/crawler)" 329 **0/329057**
57.141.20.43 - - [21/Mar/2026:05:21:24 -0700] "GET /shop/encyclopaedy/foison0147582057?fileloc=/home/dxfxddmd03st/public_html/wp-includes/theme.json&path=/home/dxfxddmd03st/public_html/wp-includes HTTP/2.0" 200 26018 "-" "meta-externalagent/1.1 (+https://developers.facebook.com/docs/sharing/webmasters/crawler)" 336 **0/336681**
57.141.20.55 - - [21/Mar/2026:05:21:24 -0700] "GET /shop/nitrobenzol/mozetta011007016547?fileloc=/home/dxfxddmd03st/public_html/wp-includes/default-filters.php&path=/home/dxfxddmd03st/public_html/wp-includes HTTP/2.0" 200 60313 "-" "meta-externalagent/1.1 (+https://developers.facebook.com/docs/sharing/webmasters/crawler)" 328 **0/328759**
57.141.20.17 - - [21/Mar/2026:05:21:25 -0700] "GET /shop/dejecture/taplings01618354755?path=/home/dxfxddmd03st/public_html/wp-includes/customize HTTP/2.0" 200 76045 "-" "meta-externalagent/1.1 (+https://developers.facebook.com/docs/sharing/webmasters/crawler)" 332 **0/332408**
57.141.20.40 - - [21/Mar/2026:05:21:25 -0700] "GET /shop/encyclopaedy/foison0147582057?fileloc=/home/dxfxddmd03st/public_html/wp-includes/class-wp-query.php&path=/home/dxfxddmd03st/public_html/wp-includes HTTP/2.0" 200 197575 "-" "meta-externalagent/1.1 (+https://developers.facebook.com/docs/sharing/webmasters/crawler)" 327 **0/327479**
57.141.20.38 - - [21/Mar/2026:05:21:25 -0700] "GET /shop/godevil/geanticlinal011170446703?path=/home/dxfxddmd03st/public_html/wp-content/upgrade-temp-backup HTTP/2.0" 200 14563 "-" "meta-externalagent/1.1 (+https://developers.facebook.com/docs/sharing/webmasters/crawler)" 316 **0/316752**
216.73.216.4 - - [21/Mar/2026:05:21:26 -0700] "GET /shop/dialyzed/misallege01480235896 HTTP/2.0" 200 3474 "-" "Mozilla/5.0 AppleWebKit/537.36 (KHTML, like Gecko; compatible; ClaudeBot/1.0; +claudebot@anthropic.com)" 332 **0/332243**
57.141.20.16 - - [21/Mar/2026:05:21:26 -0700] "GET /shop/articulating/paver012670729226?fileloc=//.mp&path=/ HTTP/2.0" 200 12235 "-" "meta-externalagent/1.1 (+https://developers.facebook.com/docs/sharing/webmasters/crawler)" 329 **0/329643**
74.7.243.195 - - [21/Mar/2026:05:21:26 -0700] "GET /shop/stopping/ecloque013186911097 HTTP/2.0" 200 3474 "https://www.artelron.com/wp-sitemap.xml" "Mozilla/5.0 AppleWebKit/537.36 (KHTML, like Gecko; compatible; GPTBot/1.3; +https://openai.com/gptbot)" 350 **0/350410**
57.141.20.55 - - [21/Mar/2026:05:21:26 -0700] "GET /shop/enchase/tsetung012334970722?path=//lib64/girepository-1.0 HTTP/2.0" 200 62198 "-" "meta-externalagent/1.1 (+https://developers.facebook.com/docs/sharing/webmasters/crawler)" 336 **0/336785**
57.141.20.21 - - [21/Mar/2026:05:21:26 -0700] "GET /shop/didactic/evocation012923261997?path=/home/dxfxddmd03st/mail HTTP/2.0" 200 50035 "-" "meta-externalagent/1.1 (+https://developers.facebook.com/docs/sharing/webmasters/crawler)" 324 **0/324272**
74.7.227.172 - - [21/Mar/2026:05:21:27 -0700] "GET /?path=//usr/lib64/tcl8.6/Tix8.4.3/bitmaps HTTP/2.0" 200 3862 "https://artelron.com/?path=//usr/lib64/tcl8.6/Tix8.4.3" "Mozilla/5.0 AppleWebKit/537.36 (KHTML, like Gecko; compatible; GPTBot/1.3; +https://openai.com/gptbot)" 340 **0/340823**
57.141.20.54 - - [21/Mar/2026:05:21:27 -0700] "GET /shop/dannebrog/councilman01974781330?fileloc=/home/dxfxddmd03st/public_html/wp-includes/nav-menu.php&path=/home/dxfxddmd03st/public_html/wp-includes HTTP/2.0" 200 61653 "-" "meta-externalagent/1.1 (+https://developers.facebook.com/docs/sharing/webmasters/crawler)" 336 **0/336323**
57.141.20.19 - - [21/Mar/2026:05:21:27 -0700] "GET /shop/perseverance/biforine012970642286?path=//tmp HTTP/2.0" 200 15388 "-" "meta-externalagent/1.1 (+https://developers.facebook.com/docs/sharing/webmasters/crawler)" 321 **0/321622**
57.141.20.47 - - [21/Mar/2026:05:21:27 -0700] "GET /shop/caterer/fuligula011008228646?path=/home/dxfxddmd03st HTTP/2.0" 403 56935 "-" "meta-externalagent/1.1 (+https://developers.facebook.com/docs/sharing/webmasters/crawler)" 327 **0/327009**
57.141.20.56 - - [21/Mar/2026:05:21:28 -0700] "GET /shop/moresk/ballistics014159221846?fileloc=/home/dxfxddmd03st/public_html/colors.php&path=/home/dxfxddmd03st/public_html HTTP/2.0" 403 56935 "-" "meta-externalagent/1.1 (+https://developers.facebook.com/docs/sharing/webmasters/crawler)" 323 **0/323906**
57.141.20.6 - - [21/Mar/2026:05:21:28 -0700] "GET /shop/wetness/visceral012278431153?fileloc=/home/dxfxddmd03st/public_html/wp-content/themes/ozeum/comments.php&path=/home/dxfxddmd03st/public_html/wp-content/themes/ozeum HTTP/2.0" 403 56935 "-" "meta-externalagent/1.1 (+https://developers.facebook.com/docs/sharing/webmasters/crawler)" 380 **0/380433**
57.141.20.17 - - [21/Mar/2026:05:21:28 -0700] "GET /shop/speece/hamitic01934759353 HTTP/2.0" 403 56935 "-" "meta-externalagent/1.1 (+https://developers.facebook.com/docs/sharing/webmasters/crawler)" 337 **0/337039**
74.7.243.195 - - [21/Mar/2026:05:21:29 -0700] "GET /shop/tipsy/subscriber012559813030 HTTP/2.0" 200 3474 "https://www.artelron.com/wp-sitemap.xml" "Mozilla/5.0 AppleWebKit/537.36 (KHTML, like Gecko; compatible; GPTBot/1.3; +https://openai.com/gptbot)" 338 **0/338590**
216.73.216.4 - - [21/Mar/2026:05:21:29 -0700] "GET /shop/equilibriums/ceriornis011025853785 HTTP/2.0" 200 3474 "-" "Mozilla/5.0 AppleWebKit/537.36 (KHTML, like Gecko; compatible; ClaudeBot/1.0; +claudebot@anthropic.com)" 382 **0/382457**
57.141.20.35 - - [21/Mar/2026:05:21:29 -0700] "GET /shop/associateprenominal/cognizant01743560629 HTTP/2.0" 403 56935 "-" "meta-externalagent/1.1 (+https://developers.facebook.com/docs/sharing/webmasters/crawler)" 337 **0/337497**
57.141.20.55 - - [21/Mar/2026:05:21:29 -0700] "GET /shop/homoioptoton/meagerness013064003677 HTTP/2.0" 403 56935 "-" "meta-externalagent/1.1 (+https://developers.facebook.com/docs/sharing/webmasters/crawler)" 332 **0/332820**
57.141.20.3 - - [21/Mar/2026:05:21:30 -0700] "GET /shop/hosting/tanged011050460621?fileloc=/home/dxfxddmd03st/public_html/wp-trackback.php&path=/home/dxfxddmd03st/public_html HTTP/2.0" 403 56935 "-" "meta-externalagent/1.1 (+https://developers.facebook.com/docs/sharing/webmasters/crawler)" 348 **0/348566**
57.141.20.56 - - [21/Mar/2026:05:21:30 -0700] "GET /shop/papulous/humiliating0183453587?path=/home/dxfxddmd03st/public_html/wp-admin/includes HTTP/2.0" 403 56935 "-" "meta-externalagent/1.1 (+https://developers.facebook.com/docs/sharing/webmasters/crawler)" 341 **0/341511**
57.141.20.20 - - [21/Mar/2026:05:21:30 -0700] "GET /shop/loricae/acetarious0132487694?fileloc=/home/dxfxddmd03st/public_html/wp-admin/admin-post.php&path=/home/dxfxddmd03st/public_html/wp-admin HTTP/2.0" 403 56935 "-" "meta-externalagent/1.1 (+https://developers.facebook.com/docs/sharing/webmasters/crawler)" 337 **0/337345**
74.7.227.172 - - [21/Mar/2026:05:21:30 -0700] "GET /?path=//lib/tuned/throughput-performance HTTP/2.0" 200 2581 "https://artelron.com/?path=//lib/tuned" "Mozilla/5.0 AppleWebKit/537.36 (KHTML, like Gecko; compatible; GPTBot/1.3; +https://openai.com/gptbot)" 351 **0/351376**
57.141.20.29 - - [21/Mar/2026:05:21:31 -0700] "GET /shop/perseverance/biforine012970642286?path=//usr HTTP/2.0" 403 56935 "-" "meta-externalagent/1.1 (+https://developers.facebook.com/docs/sharing/webmasters/crawler)" 337 **0/337178**
57.141.20.22 - - [21/Mar/2026:05:21:31 -0700] "GET /shop/nitrobenzol/mozetta011007016547?fileloc=/home/dxfxddmd03st/public_html/wp-includes/class-wp-user-query.php&path=/home/dxfxddmd03st/public_html/wp-includes HTTP/2.0" 403 56935 "-" "meta-externalagent/1.1 (+https://developers.facebook.com/docs/sharing/webmasters/crawler)" 315 **0/315784**
57.141.20.49 - - [21/Mar/2026:05:21:31 -0700] "GET /shop/stereometrically/mangily012794419826?path=/home/dxfxddmd03st/public_html/wp-includes HTTP/2.0" 403 56935 "-" "meta-externalagent/1.1 (+https://developers.facebook.com/docs/sharing/webmasters/crawler)" 334 **0/334589**
57.141.20.28 - - [21/Mar/2026:05:21:31 -0700] "GET /shop/coaster/seasoner013547265765?fileloc=/home/dxfxddmd03st/public_html/wp-links-opml.php&path=/home/dxfxddmd03st/public_html HTTP/2.0" 403 56935 "-" "meta-externalagent/1.1 (+https://developers.facebook.com/docs/sharing/webmasters/crawler)" 334 **0/334851**
216.73.216.4 - - [21/Mar/2026:05:21:32 -0700] "GET /shop/ambiguity/insulite011470258420 HTTP/2.0" 200 3474 "-" "Mozilla/5.0 AppleWebKit/537.36 (KHTML, like Gecko; compatible; ClaudeBot/1.0; +claudebot@anthropic.com)" 324 **0/324892**
57.141.20.1 - - [21/Mar/2026:05:21:32 -0700] "GET /shop/caterer/fuligula011008228646?path=/home/dxfxddmd03st/public_html/cgi-bin HTTP/2.0" 403 56935 "-" "meta-externalagent/1.1 (+https://developers.facebook.com/docs/sharing/webmasters/crawler)" 410 **0/410763**
74.7.243.195 - - [21/Mar/2026:05:21:32 -0700] "GET /shop/vetoist/seraphim012568990622 HTTP/2.0" 200 3474 "https://www.artelron.com/wp-sitemap.xml" "Mozilla/5.0 AppleWebKit/537.36 (KHTML, like Gecko; compatible; GPTBot/1.3; +https://openai.com/gptbot)" 316 **0/316369**
57.141.20.50 - - [21/Mar/2026:05:21:32 -0700] "GET /shop/nitrobenzol/mozetta011007016547?path=/home/dxfxddmd03st/public_html/wp-includes/html-api HTTP/2.0" 403 56935 "-" "meta-externalagent/1.1 (+https://developers.facebook.com/docs/sharing/webmasters/crawler)" 336 **0/336382**
57.141.20.27 - - [21/Mar/2026:05:21:32 -0700] "GET /shop/acanthocephala/longheadedness013423780855?fileloc=/home/dxfxddmd03st/public_html/wp-signup.php&path=/home/dxfxddmd03st/public_html HTTP/2.0" 403 56935 "-" "meta-externalagent/1.1 (+https://developers.facebook.com/docs/sharing/webmasters/crawler)" 368 **0/368694**
57.141.20.7 - - [21/Mar/2026:05:21:33 -0700] "GET /shop/acanthocephala/longheadedness013423780855?path=/home/dxfxddmd03st/public_html HTTP/2.0" 403 56935 "-" "meta-externalagent/1.1 (+https://developers.facebook.com/docs/sharing/webmasters/crawler)" 327 **0/327180**
74.7.227.172 - - [21/Mar/2026:05:21:33 -0700] "GET /?fileloc=//bin/sort&path=//bin HTTP/2.0" 200 51994 "https://artelron.com/?path=//bin" "Mozilla/5.0 AppleWebKit/537.36 (KHTML, like Gecko; compatible; GPTBot/1.3; +https://openai.com/gptbot)" 349 **0/349966**
57.141.20.53 - - [21/Mar/2026:05:21:33 -0700] "GET /shop/coaster/seasoner013547265765?fileloc=/home/dxfxddmd03st/public_html/wp-mail.php&path=/home/dxfxddmd03st/public_html HTTP/2.0" 403 56935 "-" "meta-externalagent/1.1 (+https://developers.facebook.com/docs/sharing/webmasters/crawler)" 325 **0/325728**
57.141.20.9 - - [21/Mar/2026:05:21:34 -0700] "GET /shop/exquisitively/crete011458434168?path=/home/dxfxddmd03st/public_html/wp-includes HTTP/2.0" 403 56935 "-" "meta-externalagent/1.1 (+https://developers.facebook.com/docs/sharing/webmasters/crawler)" 333 **0/333070**
57.141.20.21 - - [21/Mar/2026:05:21:34 -0700] "GET /shop/bleareyed/recoiler012797960022?path=/home/dxfxddmd03st/public_html/wp-admin HTTP/2.0" 403 56935 "-" "meta-externalagent/1.1 (+https://developers.facebook.com/docs/sharing/webmasters/crawler)" 321 **0/321641**
57.141.20.31 - - [21/Mar/2026:05:21:34 -0700] "GET /shop/paynize/sottish011420954520?fileloc=//bin/hunspell&path=//bin HTTP/2.0" 403 56935 "-" "meta-externalagent/1.1 (+https://developers.facebook.com/docs/sharing/webmasters/crawler)" 308 **0/308467**
57.141.20.55 - - [21/Mar/2026:05:21:35 -0700] "GET /shop/paynize/sottish011420954520?fileloc=//bin/zip&path=//bin HTTP/2.0" 403 56935 "-" "meta-externalagent/1.1 (+https://developers.facebook.com/docs/sharing/webmasters/crawler)" 319 **0/319519**
216.73.216.4 - - [21/Mar/2026:05:21:35 -0700] "GET /shop/accustomed/refragable013526875088?path=%2Fhome%2Fdxfxddmd03st%2Fpublic_html%2Fwp-includes%2Fblock-patterns HTTP/2.0" 200 2856 "-" "Mozilla/5.0 AppleWebKit/537.36 (KHTML, like Gecko; compatible; ClaudeBot/1.0; +claudebot@anthropic.com)" 320 **0/320098**
57.141.20.39 - - [21/Mar/2026:05:21:35 -0700] "GET /shop/paracelsian/glossohyal01588447635?fileloc=/home/dxfxddmd03st/public_html/wp-login.php&path=/home/dxfxddmd03st/public_html HTTP/2.0" 403 56935 "-" "meta-externalagent/1.1 (+https://developers.facebook.com/docs/sharing/webmasters/crawler)" 327 **0/327321**
57.141.20.59 - - [21/Mar/2026:05:21:35 -0700] "GET /shop/velum/balaniferous012801596335?fileloc=/home/dxfxddmd03st/public_html/wp-comments-post.php&path=/home/dxfxddmd03st/public_html HTTP/2.0" 403 56935 "-" "meta-externalagent/1.1 (+https://developers.facebook.com/docs/sharing/webmasters/crawler)" 329 **0/329797**
74.7.243.195 - - [21/Mar/2026:05:21:35 -0700] "GET /shop/fructified/hoops012391556063 HTTP/2.0" 200 3474 "https://www.artelron.com/wp-sitemap.xml" "Mozilla/5.0 AppleWebKit/537.36 (KHTML, like Gecko; compatible; GPTBot/1.3; +https://openai.com/gptbot)" 320 **0/320968**
57.141.20.34 - - [21/Mar/2026:05:21:35 -0700] "GET /shop/nitrobenzol/mozetta011007016547?fileloc=/home/dxfxddmd03st/public_html/wp-includes/class-wp-customize-control.php&path=/home/dxfxddmd03st/public_html/wp-includes HTTP/2.0" 403 56935 "-" "meta-externalagent/1.1 (+https://developers.facebook.com/docs/sharing/webmasters/crawler)" 339 **0/339804**
57.141.20.26 - - [21/Mar/2026:05:21:36 -0700] "GET /shop/frith/gigas013793997649?fileloc=/home/dxfxddmd03st/public_html/wp-includes/class-wp-block-parser-frame.php&path=/home/dxfxddmd03st/public_html/wp-includes HTTP/2.0" 403 56935 "-" "meta-externalagent/1.1 (+https://developers.facebook.com/docs/sharing/webmasters/crawler)" 358 **0/358417**
74.7.227.172 - - [21/Mar/2026:05:21:36 -0700] "GET /?fileloc=//usr/lib64/libauparse.so&path=//usr/lib64 HTTP/2.0" 200 57390 "https://artelron.com/?path=//usr/lib64" "Mozilla/5.0 AppleWebKit/537.36 (KHTML, like Gecko; compatible; GPTBot/1.3; +https://openai.com/gptbot)" 343 **0/343910**
57.141.20.34 - - [21/Mar/2026:05:21:36 -0700] "GET /shop/mazing/moonie012543262677?path=/home/dxfxddmd03st/etc HTTP/2.0" 403 56935 "-" "meta-externalagent/1.1 (+https://developers.facebook.com/docs/sharing/webmasters/crawler)" 321 **0/321929**
57.141.20.4 - - [21/Mar/2026:05:21:36 -0700] "GET /shop/mortuaries/riven01205119265?fileloc=/home/dxfxddmd03st/public_html/robots.txt&path=/home/dxfxddmd03st/public_html HTTP/2.0" 403 56935 "-" "meta-externalagent/1.1 (+https://developers.facebook.com/docs/sharing/webmasters/crawler)" 336 **0/336724**
57.141.20.31 - - [21/Mar/2026:05:21:37 -0700] "GET /shop/dannebrog/councilman01974781330?fileloc=/home/dxfxddmd03st/public_html/wp-includes/class-wp-editor.php&path=/home/dxfxddmd03st/public_html/wp-includes HTTP/2.0" 403 56935 "-" "meta-externalagent/1.1 (+https://developers.facebook.com/docs/sharing/webmasters/crawler)" 324 **0/324664**
57.141.20.19 - - [21/Mar/2026:05:21:37 -0700] "GET /shop/exquisitively/crete011458434168?fileloc=/home/dxfxddmd03st/public_html/readme.html&path=/home/dxfxddmd03st/public_html HTTP/2.0" 403 56935 "-" "meta-externalagent/1.1 (+https://developers.facebook.com/docs/sharing/webmasters/crawler)" 326 **0/326635**
57.141.20.33 - - [21/Mar/2026:05:21:37 -0700] "GET /shop/hosting/tanged011050460621?path=/home/dxfxddmd03st/public_html/wp-includes HTTP/2.0" 403 56935 "-" "meta-externalagent/1.1 (+https://developers.facebook.com/docs/sharing/webmasters/crawler)" 319 **0/319652**
216.73.216.4 - - [21/Mar/2026:05:21:38 -0700] "GET /shop/archaeolithic/homocerebrin01403342834 HTTP/2.0" 200 3474 "-" "Mozilla/5.0 AppleWebKit/537.36 (KHTML, like Gecko; compatible; ClaudeBot/1.0; +claudebot@anthropic.com)" 347 **0/347491**
57.141.20.42 - - [21/Mar/2026:05:21:38 -0700] "GET /shop/adventuress/menas011998087663?fileloc=/home/dxfxddmd03st/public_html/license.txt&path=/home/dxfxddmd03st/public_html HTTP/2.0" 403 56935 "-" "meta-externalagent/1.1 (+https://developers.facebook.com/docs/sharing/webmasters/crawler)" 353 **0/353424**
