57.141.20.50 - - [21/Mar/2026:05:29:31 -0700] "GET /shop/fluorated/mermis012901154616?path=/home/dxfxddmd03st/public_html/ssl HTTP/2.0" 403 56935 "-" "meta-externalagent/1.1 (+https://developers.facebook.com/docs/sharing/webmasters/crawler)" 319 **0/319867**
74.7.227.172 - - [21/Mar/2026:05:29:31 -0700] "GET /?path=//lib/modules/4.18.0-553.52.1.lve.el8.x86_64/kernel/sound/soc/amd/vangogh HTTP/2.0" 200 2751 "https://artelron.com/?path=//lib/modules/4.18.0-553.52.1.lve.el8.x86_64/kernel/sound/soc/amd" "Mozilla/5.0 AppleWebKit/537.36 (KHTML, like Gecko; compatible; GPTBot/1.3; +https://openai.com/gptbot)" 307 **0/307757**
57.141.20.55 - - [21/Mar/2026:05:29:31 -0700] "GET /shop/blackjack/coeducational01463544952?fileloc=/home/dxfxddmd03st/public_html/wp-includes/class-wp-simplepie-sanitize-kses.php&path=/home/dxfxddmd03st/public_html/wp-includes HTTP/2.0" 403 56935 "-" "meta-externalagent/1.1 (+https://developers.facebook.com/docs/sharing/webmasters/crawler)" 331 **0/331260**
57.141.20.35 - - [21/Mar/2026:05:29:31 -0700] "GET /shop/along/marjorana01767321536?fileloc=/home/dxfxddmd03st/favicon.ico&path=/home/dxfxddmd03st HTTP/2.0" 403 56935 "-" "meta-externalagent/1.1 (+https://developers.facebook.com/docs/sharing/webmasters/crawler)" 312 **0/312208**
74.7.243.195 - - [21/Mar/2026:05:29:32 -0700] "GET /shop/untune/abecedary01755144471 HTTP/2.0" 200 3474 "https://www.artelron.com/wp-sitemap.xml" "Mozilla/5.0 AppleWebKit/537.36 (KHTML, like Gecko; compatible; GPTBot/1.3; +https://openai.com/gptbot)" 315 **0/315377**
57.141.20.42 - - [21/Mar/2026:05:29:32 -0700] "GET /shop/blackjack/coeducational01463544952?fileloc=/home/dxfxddmd03st/public_html/wp-includes/class-wp-block-pattern-categories-registry.php&path=/home/dxfxddmd03st/public_html/wp-includes HTTP/2.0" 403 56935 "-" "meta-externalagent/1.1 (+https://developers.facebook.com/docs/sharing/webmasters/crawler)" 311 **0/311974**
57.141.20.28 - - [21/Mar/2026:05:29:32 -0700] "GET /shop/opobalsamum/centifidous014237443450?path=//bin HTTP/2.0" 403 56935 "-" "meta-externalagent/1.1 (+https://developers.facebook.com/docs/sharing/webmasters/crawler)" 313 **0/313882**
57.141.20.57 - - [21/Mar/2026:05:29:33 -0700] "GET /shop/alkalimetric/herpetology012024390851?fileloc=/home/dxfxddmd03st/public_html/wp-cron.php&path=/home/dxfxddmd03st/public_html HTTP/2.0" 403 56935 "-" "meta-externalagent/1.1 (+https://developers.facebook.com/docs/sharing/webmasters/crawler)" 331 **0/331908**
216.73.216.4 - - [21/Mar/2026:05:29:33 -0700] "GET /shop/burlap/unsubstantial014019758919?fileloc=%2Fhome%2Fdxfxddmd03st%2Fpublic_html%2Fwp-admin%2Ferror_log&path=%2Fhome%2Fdxfxddmd03st%2Fpublic_html%2Fwp-admin HTTP/2.0" 200 7118 "-" "Mozilla/5.0 AppleWebKit/537.36 (KHTML, like Gecko; compatible; ClaudeBot/1.0; +claudebot@anthropic.com)" 337 **0/337928**
57.141.20.0 - - [21/Mar/2026:05:29:33 -0700] "GET /shop/biscuit/contingencies01770861732?fileloc=/home/dxfxddmd03st/public_html/index.php&path=/home/dxfxddmd03st/public_html HTTP/2.0" 403 56935 "-" "meta-externalagent/1.1 (+https://developers.facebook.com/docs/sharing/webmasters/crawler)" 340 **0/340699**
57.141.20.0 - - [21/Mar/2026:05:29:33 -0700] "GET /shop/deeplaid/coussinet01538086676?path=/home/dxfxddmd03st/public_html/cgi-bin HTTP/2.0" 403 56935 "-" "meta-externalagent/1.1 (+https://developers.facebook.com/docs/sharing/webmasters/crawler)" 327 **0/327811**
57.141.20.42 - - [21/Mar/2026:05:29:34 -0700] "GET /shop/roughest/gently011604976751?fileloc=/home/dxfxddmd03st/public_html/robots.txt&path=/home/dxfxddmd03st/public_html HTTP/2.0" 403 56935 "-" "meta-externalagent/1.1 (+https://developers.facebook.com/docs/sharing/webmasters/crawler)" 323 **0/323367**
57.141.20.41 - - [21/Mar/2026:05:29:34 -0700] "GET /shop/similative/artistically011729879418?path=//usr HTTP/2.0" 403 56935 "-" "meta-externalagent/1.1 (+https://developers.facebook.com/docs/sharing/webmasters/crawler)" 313 **0/313517**
74.7.227.172 - - [21/Mar/2026:05:29:34 -0700] "GET /?path=//lib/modules/4.18.0-553.52.1.lve.el8.x86_64/kernel/sound/soc/sof/intel HTTP/2.0" 200 2955 "https://artelron.com/?path=//lib/modules/4.18.0-553.52.1.lve.el8.x86_64/kernel/sound/soc/sof" "Mozilla/5.0 AppleWebKit/537.36 (KHTML, like Gecko; compatible; GPTBot/1.3; +https://openai.com/gptbot)" 354 **0/354685**
74.7.243.195 - - [21/Mar/2026:05:29:35 -0700] "GET /shop/enarch/roomth011705195727 HTTP/2.0" 200 3474 "https://www.artelron.com/wp-sitemap.xml" "Mozilla/5.0 AppleWebKit/537.36 (KHTML, like Gecko; compatible; GPTBot/1.3; +https://openai.com/gptbot)" 323 **0/323182**
57.141.20.55 - - [21/Mar/2026:05:29:35 -0700] "GET /shop/serphyllum/bedote011556780382?fileloc=/home/dxfxddmd03st/public_html/.tmb/l1_d3AtY29udGVudC91cGxvYWRzL2VsZW1lbnRvci90aHVtYnMvaW1hZ2UtNTktY29weXJpZ2h0LW9xMHk2eGQyMzJtMHFqYWdkZmUzOHk2ZXJrN2o0dnowejRrbmFuNDI5ZS5qcGc1590397280.png&path=/home/dxfxddmd03st/public_html/.tmb HTTP/2.0" 403 56935 "-" "meta-externalagent/1.1 (+https://developers.facebook.com/docs/sharing/webmasters/crawler)" 315 **0/315577**
57.141.20.17 - - [21/Mar/2026:05:29:35 -0700] "GET /shop/mordanting/coating01228784055?fileloc=/home/dxfxddmd03st/.imunify_patch_id&path=/home/dxfxddmd03st HTTP/2.0" 403 56935 "-" "meta-externalagent/1.1 (+https://developers.facebook.com/docs/sharing/webmasters/crawler)" 312 **0/312067**
57.141.20.29 - - [21/Mar/2026:05:29:35 -0700] "GET /shop/conductance/etiolating01638037938?fileloc=/home/dxfxddmd03st/public_html/wp-admin/export-personal-data.php&path=/home/dxfxddmd03st/public_html/wp-admin HTTP/2.0" 403 56935 "-" "meta-externalagent/1.1 (+https://developers.facebook.com/docs/sharing/webmasters/crawler)" 323 **0/323434**
57.141.20.38 - - [21/Mar/2026:05:29:36 -0700] "GET /shop/melanospermous/backster01685677835?path=/home/dxfxddmd03st/public_html/ssl HTTP/2.0" 403 56935 "-" "meta-externalagent/1.1 (+https://developers.facebook.com/docs/sharing/webmasters/crawler)" 321 **0/321292**
57.141.20.55 - - [21/Mar/2026:05:29:36 -0700] "GET /shop/gobius/sprong013664342655?path=/home/dxfxddmd03st/public_html/wp-includes/blocks/post-featured-image HTTP/2.0" 403 56935 "-" "meta-externalagent/1.1 (+https://developers.facebook.com/docs/sharing/webmasters/crawler)" 315 **0/315088**
216.73.216.4 - - [21/Mar/2026:05:29:36 -0700] "GET /shop/tephrite/adventurer013996248249?fileloc=%2Fhome%2Fdxfxddmd03st%2Fpublic_html%2Fwp-includes%2Fclass-phpmailer.php&path=%2Fhome%2Fdxfxddmd03st%2Fpublic_html%2Fwp-includes HTTP/2.0" 200 2529 "-" "Mozilla/5.0 AppleWebKit/537.36 (KHTML, like Gecko; compatible; ClaudeBot/1.0; +claudebot@anthropic.com)" 344 **0/344788**
57.141.20.36 - - [21/Mar/2026:05:29:37 -0700] "GET /shop/gobius/sprong013664342655?fileloc=/home/dxfxddmd03st/public_html/wp-includes/blocks/comment-author-name.php&path=/home/dxfxddmd03st/public_html/wp-includes/blocks HTTP/2.0" 403 56935 "-" "meta-externalagent/1.1 (+https://developers.facebook.com/docs/sharing/webmasters/crawler)" 360 **0/360588**
57.141.20.2 - - [21/Mar/2026:05:29:37 -0700] "GET /shop/nitrobenzol/mozetta011007016547?fileloc=/home/dxfxddmd03st/public_html/wp-includes/option.php&path=/home/dxfxddmd03st/public_html/wp-includes HTTP/2.0" 403 56935 "-" "meta-externalagent/1.1 (+https://developers.facebook.com/docs/sharing/webmasters/crawler)" 328 **0/328680**
57.141.20.14 - - [21/Mar/2026:05:29:37 -0700] "GET /shop/tripalmitate/solenoconcha01979370102?path=/home/dxfxddmd03st/public_html/.tmb HTTP/2.0" 403 56935 "-" "meta-externalagent/1.1 (+https://developers.facebook.com/docs/sharing/webmasters/crawler)" 328 **0/328569**
57.141.20.59 - - [21/Mar/2026:05:29:38 -0700] "GET /shop/gormandism/woolliness012098858059?fileloc=/home/dxfxddmd03st/public_html/wp-config-sample.php&path=/home/dxfxddmd03st/public_html HTTP/2.0" 403 56935 "-" "meta-externalagent/1.1 (+https://developers.facebook.com/docs/sharing/webmasters/crawler)" 356 **0/356584**
74.7.227.172 - - [21/Mar/2026:05:29:38 -0700] "GET /?path=//lib/modules/4.18.0-553.94.1.lve.el8.x86_64/kernel/sound/soc/intel/avs HTTP/2.0" 200 2642 "https://artelron.com/?path=//lib/modules/4.18.0-553.94.1.lve.el8.x86_64/kernel/sound/soc/intel" "Mozilla/5.0 AppleWebKit/537.36 (KHTML, like Gecko; compatible; GPTBot/1.3; +https://openai.com/gptbot)" 375 **0/375549**
74.7.243.195 - - [21/Mar/2026:05:29:38 -0700] "GET /shop/hagdon/xyrideae011426573968 HTTP/2.0" 200 3474 "https://www.artelron.com/wp-sitemap.xml" "Mozilla/5.0 AppleWebKit/537.36 (KHTML, like Gecko; compatible; GPTBot/1.3; +https://openai.com/gptbot)" 337 **0/337431**
57.141.20.40 - - [21/Mar/2026:05:29:38 -0700] "GET /shop/sieboldii/troopmeal014133132842?fileloc=//bin/h2xs&path=//bin HTTP/2.0" 403 56935 "-" "meta-externalagent/1.1 (+https://developers.facebook.com/docs/sharing/webmasters/crawler)" 332 **0/332289**
57.141.20.56 - - [21/Mar/2026:05:29:38 -0700] "GET /shop/gallicize/technically011263253821?fileloc=/home/dxfxddmd03st/public_html/wp-admin/erase-personal-data.php&path=/home/dxfxddmd03st/public_html/wp-admin HTTP/2.0" 403 56935 "-" "meta-externalagent/1.1 (+https://developers.facebook.com/docs/sharing/webmasters/crawler)" 332 **0/332421**
57.141.20.13 - - [21/Mar/2026:05:29:39 -0700] "GET /shop/velum/balaniferous012801596335?fileloc=/home/dxfxddmd03st/public_html/wp-admin/media-upload.php&path=/home/dxfxddmd03st/public_html/wp-admin HTTP/2.0" 403 56935 "-" "meta-externalagent/1.1 (+https://developers.facebook.com/docs/sharing/webmasters/crawler)" 342 **0/342392**
57.141.20.53 - - [21/Mar/2026:05:29:39 -0700] "GET /shop/dejecture/taplings01618354755?fileloc=/home/dxfxddmd03st/public_html/wp-includes/ms-files.php&path=/home/dxfxddmd03st/public_html/wp-includes HTTP/2.0" 403 56935 "-" "meta-externalagent/1.1 (+https://developers.facebook.com/docs/sharing/webmasters/crawler)" 429 **0/429522**
216.73.216.4 - - [21/Mar/2026:05:29:39 -0700] "GET /shop/oxylobium/vivisector011621462635?fileloc=%2Fhome%2Fdxfxddmd03st%2Fpublic_html%2Fwp-includes%2Ftheme.php&path=%2Fhome%2Fdxfxddmd03st%2Fpublic_html%2Fwp-includes HTTP/2.0" 200 32356 "-" "Mozilla/5.0 AppleWebKit/537.36 (KHTML, like Gecko; compatible; ClaudeBot/1.0; +claudebot@anthropic.com)" 334 **0/334343**
57.141.20.47 - - [21/Mar/2026:05:29:39 -0700] "GET /shop/stormtossed/chlamydomonadaceae013984771027?fileloc=/home/dxfxddmd03st/public_html/wp-cron.php&path=/home/dxfxddmd03st/public_html HTTP/2.0" 403 56935 "-" "meta-externalagent/1.1 (+https://developers.facebook.com/docs/sharing/webmasters/crawler)" 314 **0/314895**
57.141.20.28 - - [21/Mar/2026:05:29:40 -0700] "GET /shop/velum/balaniferous012801596335?fileloc=/home/dxfxddmd03st/public_html/wp-admin/theme-editor.php&path=/home/dxfxddmd03st/public_html/wp-admin HTTP/2.0" 403 56935 "-" "meta-externalagent/1.1 (+https://developers.facebook.com/docs/sharing/webmasters/crawler)" 315 **0/315663**
57.141.20.11 - - [21/Mar/2026:05:29:40 -0700] "GET /shop/insulsity/perruque012329169835?fileloc=/home/dxfxddmd03st/public_html/wp-admin/ms-delete-site.php&path=/home/dxfxddmd03st/public_html/wp-admin HTTP/2.0" 403 56935 "-" "meta-externalagent/1.1 (+https://developers.facebook.com/docs/sharing/webmasters/crawler)" 324 **0/324199**
57.141.20.16 - - [21/Mar/2026:05:29:41 -0700] "GET /shop/wetness/visceral012278431153?path=/home/dxfxddmd03st/public_html/wp-content/themes/ozeum/css HTTP/2.0" 403 56935 "-" "meta-externalagent/1.1 (+https://developers.facebook.com/docs/sharing/webmasters/crawler)" 324 **0/324173**
57.141.20.50 - - [21/Mar/2026:05:29:41 -0700] "GET /shop/conductance/etiolating01638037938?fileloc=/home/dxfxddmd03st/public_html/xmlrpc.php&path=/home/dxfxddmd03st/public_html HTTP/2.0" 403 56935 "-" "meta-externalagent/1.1 (+https://developers.facebook.com/docs/sharing/webmasters/crawler)" 329 **0/329723**
74.7.243.195 - - [21/Mar/2026:05:29:41 -0700] "GET /shop/murky/decemvirs012678936395 HTTP/2.0" 200 3474 "https://www.artelron.com/wp-sitemap.xml" "Mozilla/5.0 AppleWebKit/537.36 (KHTML, like Gecko; compatible; GPTBot/1.3; +https://openai.com/gptbot)" 319 **0/319961**
74.7.227.172 - - [21/Mar/2026:05:29:41 -0700] "GET /?path=//lib/modules/4.18.0-553.94.1.lve.el8.x86_64/kernel/sound/soc/intel/catpt HTTP/2.0" 200 2644 "https://artelron.com/?path=//lib/modules/4.18.0-553.94.1.lve.el8.x86_64/kernel/sound/soc/intel" "Mozilla/5.0 AppleWebKit/537.36 (KHTML, like Gecko; compatible; GPTBot/1.3; +https://openai.com/gptbot)" 335 **0/335733**
57.141.20.2 - - [21/Mar/2026:05:29:41 -0700] "GET /shop/blackjack/coeducational01463544952?fileloc=/home/dxfxddmd03st/public_html/wp-includes/taxonomy.php&path=/home/dxfxddmd03st/public_html/wp-includes HTTP/2.0" 403 56935 "-" "meta-externalagent/1.1 (+https://developers.facebook.com/docs/sharing/webmasters/crawler)" 311 **0/311238**
57.141.20.5 - - [21/Mar/2026:05:29:42 -0700] "GET /shop/gadic/nephthys012992913158?path=/home/dxfxddmd03st/public_html/ssl HTTP/2.0" 403 56935 "-" "meta-externalagent/1.1 (+https://developers.facebook.com/docs/sharing/webmasters/crawler)" 328 **0/328720**
57.141.20.50 - - [21/Mar/2026:05:29:42 -0700] "GET /shop/sieboldii/troopmeal014133132842?fileloc=//bin/rvim&path=//bin HTTP/2.0" 403 56935 "-" "meta-externalagent/1.1 (+https://developers.facebook.com/docs/sharing/webmasters/crawler)" 325 **0/325130**
216.73.216.4 - - [21/Mar/2026:05:29:42 -0700] "GET /shop/silversmith/erroneously01262552149?fileloc=%2Fhome%2Fdxfxddmd03st%2Fpublic_html%2Fwp-links-opml.php&path=%2Fhome%2Fdxfxddmd03st%2Fpublic_html HTTP/2.0" 200 3344 "-" "Mozilla/5.0 AppleWebKit/537.36 (KHTML, like Gecko; compatible; ClaudeBot/1.0; +claudebot@anthropic.com)" 332 **0/332391**
57.141.20.0 - - [21/Mar/2026:05:29:42 -0700] "GET /shop/tonguefish/naperian011483525273?fileloc=/home/dxfxddmd03st/public_html/.tmb/.htaccess&path=/home/dxfxddmd03st/public_html/.tmb HTTP/2.0" 403 56935 "-" "meta-externalagent/1.1 (+https://developers.facebook.com/docs/sharing/webmasters/crawler)" 317 **0/317321**
57.141.20.37 - - [21/Mar/2026:05:29:43 -0700] "GET /shop/lingism/ungrateful013091259372?path=/home/dxfxddmd03st/.quarantine HTTP/2.0" 403 56935 "-" "meta-externalagent/1.1 (+https://developers.facebook.com/docs/sharing/webmasters/crawler)" 310 **0/310917**
57.141.20.17 - - [21/Mar/2026:05:29:43 -0700] "GET /shop/insulsity/perruque012329169835?path=//var/.cagefs HTTP/2.0" 403 56935 "-" "meta-externalagent/1.1 (+https://developers.facebook.com/docs/sharing/webmasters/crawler)" 324 **0/324493**
57.141.20.19 - - [21/Mar/2026:05:29:44 -0700] "GET /shop/silundum/tracklessly01977205512?fileloc=/home/dxfxddmd03st/public_html/wp-includes/class-wp-walker.php&path=/home/dxfxddmd03st/public_html/wp-includes HTTP/2.0" 403 56935 "-" "meta-externalagent/1.1 (+https://developers.facebook.com/docs/sharing/webmasters/crawler)" 345 **0/345519**
57.141.20.55 - - [21/Mar/2026:05:29:44 -0700] "GET /shop/didactic/evocation012923261997?fileloc=/home/dxfxddmd03st/public_html/yrgnf.php&path=/home/dxfxddmd03st/public_html HTTP/2.0" 403 56935 "-" "meta-externalagent/1.1 (+https://developers.facebook.com/docs/sharing/webmasters/crawler)" 325 **0/325728**
74.7.243.195 - - [21/Mar/2026:05:29:44 -0700] "GET /shop/quirk/overmatch013764398108 HTTP/2.0" 200 3474 "https://www.artelron.com/wp-sitemap.xml" "Mozilla/5.0 AppleWebKit/537.36 (KHTML, like Gecko; compatible; GPTBot/1.3; +https://openai.com/gptbot)" 326 **0/326613**
57.141.20.55 - - [21/Mar/2026:05:29:44 -0700] "GET /shop/didactic/evocation012923261997?fileloc=/home/dxfxddmd03st/public_html/readme.html&path=/home/dxfxddmd03st/public_html HTTP/2.0" 403 56935 "-" "meta-externalagent/1.1 (+https://developers.facebook.com/docs/sharing/webmasters/crawler)" 351 **0/351776**
74.7.227.172 - - [21/Mar/2026:05:29:44 -0700] "GET /?path=//lib/modules/4.18.0-553.94.1.lve.el8.x86_64/kernel/sound/soc/intel/atom/sst HTTP/2.0" 200 2690 "https://artelron.com/?path=//lib/modules/4.18.0-553.94.1.lve.el8.x86_64/kernel/sound/soc/intel/atom" "Mozilla/5.0 AppleWebKit/537.36 (KHTML, like Gecko; compatible; GPTBot/1.3; +https://openai.com/gptbot)" 313 **0/313636**
57.141.20.30 - - [21/Mar/2026:05:29:45 -0700] "GET /shop/paynize/sottish011420954520?fileloc=//bin/nice&path=//bin HTTP/2.0" 403 56935 "-" "meta-externalagent/1.1 (+https://developers.facebook.com/docs/sharing/webmasters/crawler)" 327 **0/327716**
57.141.20.39 - - [21/Mar/2026:05:29:45 -0700] "GET /shop/cartridge/thousandheaded011578887731?path=//tmp HTTP/2.0" 403 56935 "-" "meta-externalagent/1.1 (+https://developers.facebook.com/docs/sharing/webmasters/crawler)" 338 **0/338076**
216.73.216.4 - - [21/Mar/2026:05:29:45 -0700] "GET /shop/magazining/bacciform011059535605?fileloc=%2Fhome%2Fdxfxddmd03st%2Fpublic_html%2Fwp-comments-post.php&path=%2Fhome%2Fdxfxddmd03st%2Fpublic_html HTTP/2.0" 200 3283 "-" "Mozilla/5.0 AppleWebKit/537.36 (KHTML, like Gecko; compatible; ClaudeBot/1.0; +claudebot@anthropic.com)" 336 **0/336650**
57.141.20.41 - - [21/Mar/2026:05:29:45 -0700] "GET /shop/discredited/varies012896565828?fileloc=/home/dxfxddmd03st/public_html/wp-includes/version.php&path=/home/dxfxddmd03st/public_html/wp-includes HTTP/2.0" 403 56935 "-" "meta-externalagent/1.1 (+https://developers.facebook.com/docs/sharing/webmasters/crawler)" 331 **0/331543**
57.141.20.55 - - [21/Mar/2026:05:29:46 -0700] "GET /shop/miswed/oligomer01222819661?fileloc=/home/dxfxddmd03st/public_html/wp-blog-header.php&path=/home/dxfxddmd03st/public_html HTTP/2.0" 403 56935 "-" "meta-externalagent/1.1 (+https://developers.facebook.com/docs/sharing/webmasters/crawler)" 339 **0/339279**
57.141.20.21 - - [21/Mar/2026:05:29:46 -0700] "GET /shop/frith/gigas013793997649?fileloc=/home/dxfxddmd03st/public_html/wp-login.php&path=/home/dxfxddmd03st/public_html HTTP/2.0" 403 56935 "-" "meta-externalagent/1.1 (+https://developers.facebook.com/docs/sharing/webmasters/crawler)" 328 **0/328984**
57.141.20.42 - - [21/Mar/2026:05:29:47 -0700] "GET /shop/indicted/pilotism011563956891?path=/home/dxfxddmd03st/public_html/wp-content/themes/twentytwentyone HTTP/2.0" 403 56935 "-" "meta-externalagent/1.1 (+https://developers.facebook.com/docs/sharing/webmasters/crawler)" 306 **0/306754**
57.141.20.12 - - [21/Mar/2026:05:29:47 -0700] "GET /shop/perseverance/biforine012970642286?path=/home/dxfxddmd03st/public_html/moked-hash.co.il HTTP/2.0" 403 56935 "-" "meta-externalagent/1.1 (+https://developers.facebook.com/docs/sharing/webmasters/crawler)" 322 **0/322008**
74.7.243.195 - - [21/Mar/2026:05:29:47 -0700] "GET /shop/beduck/fremitus014286670479 HTTP/2.0" 200 3474 "https://www.artelron.com/wp-sitemap.xml" "Mozilla/5.0 AppleWebKit/537.36 (KHTML, like Gecko; compatible; GPTBot/1.3; +https://openai.com/gptbot)" 335 **0/335680**
74.7.227.172 - - [21/Mar/2026:05:29:47 -0700] "GET /?path=//usr/lib64/guile/2.0/ccache/language/ecmascript HTTP/2.0" 200 2858 "https://artelron.com/?path=//usr/lib64/guile/2.0/ccache/language" "Mozilla/5.0 AppleWebKit/537.36 (KHTML, like Gecko; compatible; GPTBot/1.3; +https://openai.com/gptbot)" 342 **0/342299**
57.141.20.14 - - [21/Mar/2026:05:29:47 -0700] "GET /shop/gobius/sprong013664342655?fileloc=/home/dxfxddmd03st/public_html/wp-includes/rss-functions.php&path=/home/dxfxddmd03st/public_html/wp-includes HTTP/2.0" 403 56935 "-" "meta-externalagent/1.1 (+https://developers.facebook.com/docs/sharing/webmasters/crawler)" 322 **0/322216**
57.141.20.48 - - [21/Mar/2026:05:29:48 -0700] "GET /shop/conductance/etiolating01638037938?path=/home/dxfxddmd03st/public_html/artelron.com HTTP/2.0" 403 56935 "-" "meta-externalagent/1.1 (+https://developers.facebook.com/docs/sharing/webmasters/crawler)" 337 **0/337827**
57.141.20.55 - - [21/Mar/2026:05:29:48 -0700] "GET /shop/lingism/ungrateful013091259372?path=//proc/bus HTTP/2.0" 403 56935 "-" "meta-externalagent/1.1 (+https://developers.facebook.com/docs/sharing/webmasters/crawler)" 336 **0/336888**
216.73.216.4 - - [21/Mar/2026:05:29:48 -0700] "GET /shop/hemastatic/protuberate014013520669?fileloc=%2Fhome%2Fdxfxddmd03st%2Fpublic_html%2Fwp-admin%2Fmedia-new.php&path=%2Fhome%2Fdxfxddmd03st%2Fpublic_html%2Fwp-admin HTTP/2.0" 200 3703 "-" "Mozilla/5.0 AppleWebKit/537.36 (KHTML, like Gecko; compatible; ClaudeBot/1.0; +claudebot@anthropic.com)" 315 **0/315375**
57.141.20.55 - - [21/Mar/2026:05:29:48 -0700] "GET /shop/facundity/sperate014274923098?fileloc=/home/dxfxddmd03st/public_html/index.php&path=/home/dxfxddmd03st/public_html HTTP/2.0" 403 56935 "-" "meta-externalagent/1.1 (+https://developers.facebook.com/docs/sharing/webmasters/crawler)" 317 **0/317176**
57.141.20.47 - - [21/Mar/2026:05:29:49 -0700] "GET /shop/sanquine/stundist013729468748?fileloc=/home/dxfxddmd03st/.spamassassin/user_prefs&path=/home/dxfxddmd03st/.spamassassin HTTP/2.0" 403 56935 "-" "meta-externalagent/1.1 (+https://developers.facebook.com/docs/sharing/webmasters/crawler)" 323 **0/323605**
57.141.20.37 - - [21/Mar/2026:05:29:49 -0700] "GET /shop/mortuaries/riven01205119265?path=/home/dxfxddmd03st/public_html/wp-admin HTTP/2.0" 403 56935 "-" "meta-externalagent/1.1 (+https://developers.facebook.com/docs/sharing/webmasters/crawler)" 323 **0/323848**
57.141.20.8 - - [21/Mar/2026:05:29:49 -0700] "GET /shop/paynize/sottish011420954520?fileloc=//bin/fc-scan&path=//bin HTTP/2.0" 403 56935 "-" "meta-externalagent/1.1 (+https://developers.facebook.com/docs/sharing/webmasters/crawler)" 314 **0/314356**
57.141.20.25 - - [21/Mar/2026:05:29:50 -0700] "GET /shop/quoif/pykar01962015048 HTTP/2.0" 403 56935 "-" "meta-externalagent/1.1 (+https://developers.facebook.com/docs/sharing/webmasters/crawler)" 334 **0/334945**
57.141.20.31 - - [21/Mar/2026:05:29:50 -0700] "GET /shop/parabolic/aspire014112237576?fileloc=/home/dxfxddmd03st/public_html/wp-login.php&path=/home/dxfxddmd03st/public_html HTTP/2.0" 403 56935 "-" "meta-externalagent/1.1 (+https://developers.facebook.com/docs/sharing/webmasters/crawler)" 322 **0/322963**
74.7.243.195 - - [21/Mar/2026:05:29:50 -0700] "GET /shop/badminton/presurmise01363245658 HTTP/2.0" 200 3474 "https://www.artelron.com/wp-sitemap.xml" "Mozilla/5.0 AppleWebKit/537.36 (KHTML, like Gecko; compatible; GPTBot/1.3; +https://openai.com/gptbot)" 325 **0/325889**
74.7.227.172 - - [21/Mar/2026:05:29:51 -0700] "GET /?path=//lib/modules/4.18.0-553.52.1.lve.el8.x86_64/kernel/sound/soc/intel/atom/sst HTTP/2.0" 200 2685 "https://artelron.com/?path=//lib/modules/4.18.0-553.52.1.lve.el8.x86_64/kernel/sound/soc/intel/atom" "Mozilla/5.0 AppleWebKit/537.36 (KHTML, like Gecko; compatible; GPTBot/1.3; +https://openai.com/gptbot)" 321 **0/321411**
57.141.20.57 - - [21/Mar/2026:05:29:51 -0700] "GET /shop/aroph/areola013614979595?path=/home/dxfxddmd03st/public_html/wp-includes/fonts HTTP/2.0" 403 56935 "-" "meta-externalagent/1.1 (+https://developers.facebook.com/docs/sharing/webmasters/crawler)" 322 **0/322406**
57.141.20.56 - - [21/Mar/2026:05:29:51 -0700] "GET /shop/purchased/skilligalee012250177543?fileloc=/home/dxfxddmd03st/public_html/wp-admin/load-styles.php&path=/home/dxfxddmd03st/public_html/wp-admin HTTP/2.0" 403 56935 "-" "meta-externalagent/1.1 (+https://developers.facebook.com/docs/sharing/webmasters/crawler)" 318 **0/318834**
57.141.20.52 - - [21/Mar/2026:05:29:51 -0700] "GET /shop/liard/submultiple01928794959?fileloc=/home/dxfxddmd03st/public_html/moked-hash.co.il/wp-activate.php&path=/home/dxfxddmd03st/public_html/moked-hash.co.il HTTP/2.0" 403 56935 "-" "meta-externalagent/1.1 (+https://developers.facebook.com/docs/sharing/webmasters/crawler)" 320 **0/320974**
216.73.216.4 - - [21/Mar/2026:05:29:51 -0700] "GET /shop/israelite/jashawk011131338534?fileloc=%2F%2Fbin%2Fpango-view&path=%2F%2Fbin HTTP/2.0" 200 19239 "-" "Mozilla/5.0 AppleWebKit/537.36 (KHTML, like Gecko; compatible; ClaudeBot/1.0; +claudebot@anthropic.com)" 327 **0/327404**
57.141.20.56 - - [21/Mar/2026:05:29:52 -0700] "GET /shop/paynize/sottish011420954520?fileloc=//bin/znew&path=//bin HTTP/2.0" 403 56935 "-" "meta-externalagent/1.1 (+https://developers.facebook.com/docs/sharing/webmasters/crawler)" 317 **0/317584**
57.141.20.55 - - [21/Mar/2026:05:29:52 -0700] "GET /shop/teated/flamelet012504407423?path=/home/dxfxddmd03st/.clwpos HTTP/2.0" 403 56935 "-" "meta-externalagent/1.1 (+https://developers.facebook.com/docs/sharing/webmasters/crawler)" 316 **0/316670**
57.141.20.11 - - [21/Mar/2026:05:29:52 -0700] "GET /shop/paracelsian/glossohyal01588447635?fileloc=/home/dxfxddmd03st/public_html/license.txt&path=/home/dxfxddmd03st/public_html HTTP/2.0" 403 56935 "-" "meta-externalagent/1.1 (+https://developers.facebook.com/docs/sharing/webmasters/crawler)" 335 **0/335891**
57.141.20.8 - - [21/Mar/2026:05:29:53 -0700] "GET /shop/aroph/areola013614979595?fileloc=/home/dxfxddmd03st/public_html/wp-includes/robots-template.php&path=/home/dxfxddmd03st/public_html/wp-includes HTTP/2.0" 403 56935 "-" "meta-externalagent/1.1 (+https://developers.facebook.com/docs/sharing/webmasters/crawler)" 320 **0/320331**
57.141.20.55 - - [21/Mar/2026:05:29:53 -0700] "GET /shop/parabolic/aspire014112237576?path=//etc/crypto-policies HTTP/2.0" 403 56935 "-" "meta-externalagent/1.1 (+https://developers.facebook.com/docs/sharing/webmasters/crawler)" 321 **0/321649**
74.7.243.195 - - [21/Mar/2026:05:29:54 -0700] "GET /shop/cartularies/luxation01719532549 HTTP/2.0" 200 3474 "https://www.artelron.com/wp-sitemap.xml" "Mozilla/5.0 AppleWebKit/537.36 (KHTML, like Gecko; compatible; GPTBot/1.3; +https://openai.com/gptbot)" 336 **0/336252**
74.7.227.172 - - [21/Mar/2026:05:29:54 -0700] "GET /?fileloc=//usr/lib/rpm/rpm.daily&path=//usr/lib/rpm HTTP/2.0" 200 2442 "https://artelron.com/?path=//usr/lib/rpm" "Mozilla/5.0 AppleWebKit/537.36 (KHTML, like Gecko; compatible; GPTBot/1.3; +https://openai.com/gptbot)" 326 **0/326212**
57.141.20.55 - - [21/Mar/2026:05:29:54 -0700] "GET /shop/envious/disgracer013119772574?fileloc=/home/dxfxddmd03st/public_html/wp-includes/class-wp-term-query.php&path=/home/dxfxddmd03st/public_html/wp-includes HTTP/2.0" 403 56935 "-" "meta-externalagent/1.1 (+https://developers.facebook.com/docs/sharing/webmasters/crawler)" 358 **0/358313**
57.141.20.15 - - [21/Mar/2026:05:29:54 -0700] "GET /shop/frith/gigas013793997649?fileloc=/home/dxfxddmd03st/public_html/wp-includes/class-wp-http-requests-response.php&path=/home/dxfxddmd03st/public_html/wp-includes HTTP/2.0" 403 56935 "-" "meta-externalagent/1.1 (+https://developers.facebook.com/docs/sharing/webmasters/crawler)" 318 **0/318371**
216.73.216.4 - - [21/Mar/2026:05:29:54 -0700] "GET /shop/mentation/aspirant012846477169?fileloc=%2Fhome%2Fdxfxddmd03st%2Fpublic_html%2Fxmlrpc.php&path=%2Fhome%2Fdxfxddmd03st%2Fpublic_html HTTP/2.0" 200 3651 "-" "Mozilla/5.0 AppleWebKit/537.36 (KHTML, like Gecko; compatible; ClaudeBot/1.0; +claudebot@anthropic.com)" 334 **0/334748**
57.141.20.39 - - [21/Mar/2026:05:29:54 -0700] "GET /shop/velum/balaniferous012801596335?fileloc=/home/dxfxddmd03st/public_html/wp-admin/options-media.php&path=/home/dxfxddmd03st/public_html/wp-admin HTTP/2.0" 403 56935 "-" "meta-externalagent/1.1 (+https://developers.facebook.com/docs/sharing/webmasters/crawler)" 333 **0/333087**
57.141.20.24 - - [21/Mar/2026:05:29:55 -0700] "GET /shop/frankfee/thames011187801757?fileloc=/home/dxfxddmd03st/.quarantine/hostingsecurity_scan-051024.txt&path=/home/dxfxddmd03st/.quarantine HTTP/2.0" 403 56935 "-" "meta-externalagent/1.1 (+https://developers.facebook.com/docs/sharing/webmasters/crawler)" 321 **0/321920**
57.141.20.55 - - [21/Mar/2026:05:29:55 -0700] "GET /shop/deepwaisted/asserting012628497267?fileloc=//bin/link&path=//bin HTTP/2.0" 403 56935 "-" "meta-externalagent/1.1 (+https://developers.facebook.com/docs/sharing/webmasters/crawler)" 317 **0/317627**
57.141.20.9 - - [21/Mar/2026:05:29:55 -0700] "GET /shop/primevertical/valebat012429940215?fileloc=/home/dxfxddmd03st/public_html/wp-includes/class-phpass.php&path=/home/dxfxddmd03st/public_html/wp-includes HTTP/2.0" 403 56935 "-" "meta-externalagent/1.1 (+https://developers.facebook.com/docs/sharing/webmasters/crawler)" 319 **0/319322**
57.141.20.9 - - [21/Mar/2026:05:29:56 -0700] "GET /shop/adventuress/menas011998087663?path=/home/dxfxddmd03st/public_html/ssl HTTP/2.0" 403 56935 "-" "meta-externalagent/1.1 (+https://developers.facebook.com/docs/sharing/webmasters/crawler)" 311 **0/311444**
57.141.20.22 - - [21/Mar/2026:05:29:56 -0700] "GET /shop/stentorin/blustrous012167696412?fileloc=/home/dxfxddmd03st/public_html/readme.html&path=/home/dxfxddmd03st/public_html HTTP/2.0" 403 56935 "-" "meta-externalagent/1.1 (+https://developers.facebook.com/docs/sharing/webmasters/crawler)" 315 **0/315826**
57.141.20.15 - - [21/Mar/2026:05:29:56 -0700] "GET /shop/hindi/lepidote012475548879?fileloc=/home/dxfxddmd03st/public_html/wp-admin/includes/upgrade.php&path=/home/dxfxddmd03st/public_html/wp-admin/includes HTTP/2.0" 403 56935 "-" "meta-externalagent/1.1 (+https://developers.facebook.com/docs/sharing/webmasters/crawler)" 327 **0/327258**
74.7.243.195 - - [21/Mar/2026:05:29:57 -0700] "GET /shop/eblanin/houndstongue01293367254 HTTP/2.0" 200 3474 "https://www.artelron.com/wp-sitemap.xml" "Mozilla/5.0 AppleWebKit/537.36 (KHTML, like Gecko; compatible; GPTBot/1.3; +https://openai.com/gptbot)" 325 **0/325179**
57.141.20.58 - - [21/Mar/2026:05:29:57 -0700] "GET /shop/deepwaisted/asserting012628497267?fileloc=//bin/apropos&path=//bin HTTP/2.0" 403 56935 "-" "meta-externalagent/1.1 (+https://developers.facebook.com/docs/sharing/webmasters/crawler)" 316 **0/316640**
74.7.227.172 - - [21/Mar/2026:05:29:57 -0700] "GET /?fileloc=//usr/lib/rpm/kabi.sh&path=//usr/lib/rpm HTTP/2.0" 200 2551 "https://artelron.com/?path=//usr/lib/rpm" "Mozilla/5.0 AppleWebKit/537.36 (KHTML, like Gecko; compatible; GPTBot/1.3; +https://openai.com/gptbot)" 327 **0/327006**
57.141.20.24 - - [21/Mar/2026:05:29:57 -0700] "GET /shop/styleless/squab011102992497?fileloc=/home/dxfxddmd03st/public_html/wp-config-sample.php&path=/home/dxfxddmd03st/public_html HTTP/2.0" 403 56935 "-" "meta-externalagent/1.1 (+https://developers.facebook.com/docs/sharing/webmasters/crawler)" 336 **0/336731**
216.73.216.4 - - [21/Mar/2026:05:29:57 -0700] "GET /shop/underarm/declass013512105747?fileloc=%2Fhome%2Fdxfxddmd03st%2Fpublic_html%2Fxmlrpc.php&path=%2Fhome%2Fdxfxddmd03st%2Fpublic_html HTTP/2.0" 200 3651 "-" "Mozilla/5.0 AppleWebKit/537.36 (KHTML, like Gecko; compatible; ClaudeBot/1.0; +claudebot@anthropic.com)" 328 **0/328089**
57.141.20.18 - - [21/Mar/2026:05:29:58 -0700] "GET /shop/scree/disinterested01201482952?fileloc=/home/dxfxddmd03st/public_html/xmlrpc.php&path=/home/dxfxddmd03st/public_html HTTP/2.0" 403 56935 "-" "meta-externalagent/1.1 (+https://developers.facebook.com/docs/sharing/webmasters/crawler)" 340 **0/340296**
57.141.20.30 - - [21/Mar/2026:05:29:58 -0700] "GET /shop/blackjack/coeducational01463544952?fileloc=/home/dxfxddmd03st/public_html/wp-includes/plugin.php&path=/home/dxfxddmd03st/public_html/wp-includes HTTP/2.0" 403 56935 "-" "meta-externalagent/1.1 (+https://developers.facebook.com/docs/sharing/webmasters/crawler)" 324 **0/324743**
57.141.20.57 - - [21/Mar/2026:05:29:58 -0700] "GET /shop/leasow/dissension013505033822?fileloc=/home/dxfxddmd03st/public_html/wp-includes/ms-network.php&path=/home/dxfxddmd03st/public_html/wp-includes HTTP/2.0" 403 56935 "-" "meta-externalagent/1.1 (+https://developers.facebook.com/docs/sharing/webmasters/crawler)" 326 **0/326545**
57.141.20.49 - - [21/Mar/2026:05:29:59 -0700] "GET /shop/fugere/capitulary013279221059?fileloc=/home/dxfxddmd03st/public_html/moked-hash.co.il/wp-comments-post.php&path=/home/dxfxddmd03st/public_html/moked-hash.co.il HTTP/2.0" 403 56935 "-" "meta-externalagent/1.1 (+https://developers.facebook.com/docs/sharing/webmasters/crawler)" 318 **0/318664**
57.141.20.48 - - [21/Mar/2026:05:29:59 -0700] "GET /shop/bystreet/modify013017626556 HTTP/2.0" 403 56935 "-" "meta-externalagent/1.1 (+https://developers.facebook.com/docs/sharing/webmasters/crawler)" 314 **0/314149**
57.141.20.27 - - [21/Mar/2026:05:29:59 -0700] "GET /shop/freebooter/crystallology01817896679 HTTP/2.0" 403 56935 "-" "meta-externalagent/1.1 (+https://developers.facebook.com/docs/sharing/webmasters/crawler)" 322 **0/322371**
74.7.243.195 - - [21/Mar/2026:05:30:00 -0700] "GET /shop/domeykite/pipkin013217377775?path=/home HTTP/2.0" 200 2529 "https://www.artelron.com/shop/domeykite/pipkin013217377775" "Mozilla/5.0 AppleWebKit/537.36 (KHTML, like Gecko; compatible; GPTBot/1.3; +https://openai.com/gptbot)" 336 **0/336723**
57.141.20.30 - - [21/Mar/2026:05:30:00 -0700] "GET /shop/frith/gigas013793997649?fileloc=/home/dxfxddmd03st/public_html/wp-includes/class-wp-block-parser-block.php&path=/home/dxfxddmd03st/public_html/wp-includes HTTP/2.0" 403 56935 "-" "meta-externalagent/1.1 (+https://developers.facebook.com/docs/sharing/webmasters/crawler)" 315 **0/315200**
74.7.227.172 - - [21/Mar/2026:05:30:00 -0700] "GET /?fileloc=//usr/lib/rpm/rpm.log&path=//usr/lib/rpm HTTP/2.0" 200 2301 "https://artelron.com/?path=//usr/lib/rpm" "Mozilla/5.0 AppleWebKit/537.36 (KHTML, like Gecko; compatible; GPTBot/1.3; +https://openai.com/gptbot)" 316 **0/316222**
216.73.216.4 - - [21/Mar/2026:05:30:00 -0700] "GET /shop/anabatic/recondensation011181769789?fileloc=%2Fhome%2Fdxfxddmd03st%2Fwww%2Fwp-includes%2Fclass-wp-script-modules.php&path=%2Fhome%2Fdxfxddmd03st%2Fwww%2Fwp-includes HTTP/2.0" 200 9823 "-" "Mozilla/5.0 AppleWebKit/537.36 (KHTML, like Gecko; compatible; ClaudeBot/1.0; +claudebot@anthropic.com)" 334 **0/334651**
57.141.20.29 - - [21/Mar/2026:05:30:00 -0700] "GET /shop/burning/manurial01154316879?path=/home/dxfxddmd03st/public_html/cgi-bin HTTP/2.0" 403 56935 "-" "meta-externalagent/1.1 (+https://developers.facebook.com/docs/sharing/webmasters/crawler)" 325 **0/325839**
57.141.20.10 - - [21/Mar/2026:05:30:01 -0700] "GET /shop/facundity/sperate014274923098?fileloc=/home/dxfxddmd03st/public_html/wp-comments-post.php&path=/home/dxfxddmd03st/public_html HTTP/2.0" 403 56935 "-" "meta-externalagent/1.1 (+https://developers.facebook.com/docs/sharing/webmasters/crawler)" 349 **0/349319**
57.141.20.47 - - [21/Mar/2026:05:30:01 -0700] "GET /shop/cartridge/thousandheaded011578887731?fileloc=/home/dxfxddmd03st/public_html/wp-config-sample.php&path=/home/dxfxddmd03st/public_html HTTP/2.0" 403 56935 "-" "meta-externalagent/1.1 (+https://developers.facebook.com/docs/sharing/webmasters/crawler)" 398 **0/398331**
57.141.20.5 - - [21/Mar/2026:05:30:02 -0700] "GET /shop/roughest/gently011604976751?fileloc=/home/dxfxddmd03st/public_html/wp-config.php&path=/home/dxfxddmd03st/public_html HTTP/2.0" 403 56935 "-" "meta-externalagent/1.1 (+https://developers.facebook.com/docs/sharing/webmasters/crawler)" 495 **0/495570**
57.141.20.50 - - [21/Mar/2026:05:30:02 -0700] "GET /shop/calque/redcoated01196548822?fileloc=/home/dxfxddmd03st/public_html/wp-signup.php&path=/home/dxfxddmd03st/public_html HTTP/2.0" 403 56935 "-" "meta-externalagent/1.1 (+https://developers.facebook.com/docs/sharing/webmasters/crawler)" 558 **0/558542**
57.141.20.22 - - [21/Mar/2026:05:30:02 -0700] "GET /shop/daughterinlaw/collet01123261348?path=//etc/fonts HTTP/2.0" 403 56935 "-" "meta-externalagent/1.1 (+https://developers.facebook.com/docs/sharing/webmasters/crawler)" 445 **0/445437**
74.7.243.195 - - [21/Mar/2026:05:30:03 -0700] "GET /shop/globulites/quack01827056323 HTTP/2.0" 200 3474 "https://www.artelron.com/wp-sitemap.xml" "Mozilla/5.0 AppleWebKit/537.36 (KHTML, like Gecko; compatible; GPTBot/1.3; +https://openai.com/gptbot)" 353 **0/353877**
57.141.20.17 - - [21/Mar/2026:05:30:03 -0700] "GET /shop/negroloid/oleraceus013205793933?fileloc=/home/dxfxddmd03st/public_html/wp-signup.php&path=/home/dxfxddmd03st/public_html HTTP/2.0" 403 56935 "-" "meta-externalagent/1.1 (+https://developers.facebook.com/docs/sharing/webmasters/crawler)" 358 **0/358299**
57.141.20.28 - - [21/Mar/2026:05:30:03 -0700] "GET /shop/maritated/cassegrainian011386295105?fileloc=/home/dxfxddmd03st/public_html/wp-admin/load-styles.php&path=/home/dxfxddmd03st/public_html/wp-admin HTTP/2.0" 403 56935 "-" "meta-externalagent/1.1 (+https://developers.facebook.com/docs/sharing/webmasters/crawler)" 371 **0/371934**
57.141.20.55 - - [21/Mar/2026:05:30:03 -0700] "GET /shop/deepwaisted/asserting012628497267?fileloc=//bin/setterm&path=//bin HTTP/2.0" 403 56935 "-" "meta-externalagent/1.1 (+https://developers.facebook.com/docs/sharing/webmasters/crawler)" 345 **0/345907**
74.7.227.172 - - [21/Mar/2026:05:30:03 -0700] "GET /?path=//usr/lib64/bind9-export HTTP/2.0" 200 2801 "https://artelron.com/?path=//usr/lib64" "Mozilla/5.0 AppleWebKit/537.36 (KHTML, like Gecko; compatible; GPTBot/1.3; +https://openai.com/gptbot)" 385 **0/385348**
216.73.216.4 - - [21/Mar/2026:05:30:03 -0700] "GET /shop/neven/ruddle012154487935?fileloc=%2Fhome%2Fdxfxddmd03st%2Fpublic_html%2Fxmlrpc.php&path=%2Fhome%2Fdxfxddmd03st%2Fpublic_html HTTP/2.0" 200 3651 "-" "Mozilla/5.0 AppleWebKit/537.36 (KHTML, like Gecko; compatible; ClaudeBot/1.0; +claudebot@anthropic.com)" 345 **0/345758**
57.141.20.6 - - [21/Mar/2026:05:30:04 -0700] "GET /shop/windrowing/discalceate012750793949?fileloc=/home/dxfxddmd03st/public_html/wp-includes/js/utils.js&path=/home/dxfxddmd03st/public_html/wp-includes/js HTTP/2.0" 403 56935 "-" "meta-externalagent/1.1 (+https://developers.facebook.com/docs/sharing/webmasters/crawler)" 330 **0/330250**
57.141.20.21 - - [21/Mar/2026:05:30:04 -0700] "GET /shop/nitrobenzol/mozetta011007016547?fileloc=/home/dxfxddmd03st/public_html/wp-includes/theme-templates.php&path=/home/dxfxddmd03st/public_html/wp-includes HTTP/2.0" 403 56935 "-" "meta-externalagent/1.1 (+https://developers.facebook.com/docs/sharing/webmasters/crawler)" 339 **0/339949**
57.141.20.52 - - [21/Mar/2026:05:30:04 -0700] "GET /shop/convalescency/partygoer01566340286 HTTP/2.0" 403 56935 "-" "meta-externalagent/1.1 (+https://developers.facebook.com/docs/sharing/webmasters/crawler)" 342 **0/342377**
57.141.20.32 - - [21/Mar/2026:05:30:05 -0700] "GET /shop/nitrobenzol/mozetta011007016547?fileloc=/home/dxfxddmd03st/public_html/wp-includes/category-template.php&path=/home/dxfxddmd03st/public_html/wp-includes HTTP/2.0" 403 56935 "-" "meta-externalagent/1.1 (+https://developers.facebook.com/docs/sharing/webmasters/crawler)" 337 **0/337306**
57.141.20.18 - - [21/Mar/2026:05:30:05 -0700] "GET /shop/earldom/disimpassioned013097060243?fileloc=/home/dxfxddmd03st/public_html/wp-includes/feed-atom-comments.php&path=/home/dxfxddmd03st/public_html/wp-includes HTTP/2.0" 403 56935 "-" "meta-externalagent/1.1 (+https://developers.facebook.com/docs/sharing/webmasters/crawler)" 357 **0/357583**
57.141.20.38 - - [21/Mar/2026:05:30:05 -0700] "GET /shop/dannebrog/councilman01974781330?fileloc=/home/dxfxddmd03st/public_html/wp-includes/fonts/dashicons.woff2&path=/home/dxfxddmd03st/public_html/wp-includes/fonts HTTP/2.0" 403 56935 "-" "meta-externalagent/1.1 (+https://developers.facebook.com/docs/sharing/webmasters/crawler)" 356 **0/356867**
57.141.20.42 - - [21/Mar/2026:05:30:06 -0700] "GET /shop/enchase/tsetung012334970722?fileloc=/home/dxfxddmd03st/www/wp-includes/class-wp-user-query.php&path=/home/dxfxddmd03st/www/wp-includes HTTP/2.0" 403 56935 "-" "meta-externalagent/1.1 (+https://developers.facebook.com/docs/sharing/webmasters/crawler)" 384 **0/384800**
74.7.243.195 - - [21/Mar/2026:05:30:06 -0700] "GET /shop/inessential/burton01474358122 HTTP/2.0" 200 3474 "https://www.artelron.com/wp-sitemap.xml" "Mozilla/5.0 AppleWebKit/537.36 (KHTML, like Gecko; compatible; GPTBot/1.3; +https://openai.com/gptbot)" 360 **0/360767**
57.141.20.9 - - [21/Mar/2026:05:30:06 -0700] "GET /shop/loricae/acetarious0132487694?fileloc=/home/dxfxddmd03st/public_html/wp-admin/post.php&path=/home/dxfxddmd03st/public_html/wp-admin HTTP/2.0" 403 56935 "-" "meta-externalagent/1.1 (+https://developers.facebook.com/docs/sharing/webmasters/crawler)" 348 **0/348977**
74.7.227.172 - - [21/Mar/2026:05:30:06 -0700] "GET /?path=//usr/include/python3.12 HTTP/2.0" 200 2583 "https://artelron.com/?path=//usr/include" "Mozilla/5.0 AppleWebKit/537.36 (KHTML, like Gecko; compatible; GPTBot/1.3; +https://openai.com/gptbot)" 360 **0/360895**
216.73.216.4 - - [21/Mar/2026:05:30:06 -0700] "GET /shop/cortisone/fearfulness01797461016?fileloc=%2F%2Fbin%2Fhostid&path=%2F%2Fbin HTTP/2.0" 200 14573 "-" "Mozilla/5.0 AppleWebKit/537.36 (KHTML, like Gecko; compatible; ClaudeBot/1.0; +claudebot@anthropic.com)" 340 **0/340806**
57.141.20.16 - - [21/Mar/2026:05:30:07 -0700] "GET /shop/nitrobenzol/mozetta011007016547?fileloc=/home/dxfxddmd03st/public_html/wp-includes/block-template.php&path=/home/dxfxddmd03st/public_html/wp-includes HTTP/2.0" 403 56935 "-" "meta-externalagent/1.1 (+https://developers.facebook.com/docs/sharing/webmasters/crawler)" 382 **0/382434**
57.141.20.53 - - [21/Mar/2026:05:30:07 -0700] "GET /shop/coaster/seasoner013547265765?fileloc=/home/dxfxddmd03st/public_html/colors.php&path=/home/dxfxddmd03st/public_html HTTP/2.0" 403 56935 "-" "meta-externalagent/1.1 (+https://developers.facebook.com/docs/sharing/webmasters/crawler)" 342 **0/342192**
57.141.20.7 - - [21/Mar/2026:05:30:07 -0700] "GET /shop/jackatalltrades/euchre014258780159?path=/home/dxfxddmd03st/tmp HTTP/2.0" 403 56935 "-" "meta-externalagent/1.1 (+https://developers.facebook.com/docs/sharing/webmasters/crawler)" 353 **0/353478**
57.141.20.45 - - [21/Mar/2026:05:30:08 -0700] "GET /shop/leasow/dissension013505033822?fileloc=/home/dxfxddmd03st/public_html/wp-includes/class-wp-block-template.php&path=/home/dxfxddmd03st/public_html/wp-includes HTTP/2.0" 403 56935 "-" "meta-externalagent/1.1 (+https://developers.facebook.com/docs/sharing/webmasters/crawler)" 344 **0/344075**
57.141.20.10 - - [21/Mar/2026:05:30:08 -0700] "GET /shop/deepwaisted/asserting012628497267?fileloc=//bin/colcrt&path=//bin HTTP/2.0" 403 56935 "-" "meta-externalagent/1.1 (+https://developers.facebook.com/docs/sharing/webmasters/crawler)" 350 **0/350601**
57.141.20.37 - - [21/Mar/2026:05:30:08 -0700] "GET /shop/silundum/tracklessly01977205512?fileloc=/home/dxfxddmd03st/public_html/wp-includes/images/spinner-2x.gif&path=/home/dxfxddmd03st/public_html/wp-includes/images HTTP/2.0" 403 56935 "-" "meta-externalagent/1.1 (+https://developers.facebook.com/docs/sharing/webmasters/crawler)" 358 **0/358029**
57.141.20.37 - - [21/Mar/2026:05:30:09 -0700] "GET /shop/cornicular/slavs013839440575?fileloc=/home/dxfxddmd03st/public_html/robots.txt&path=/home/dxfxddmd03st/public_html HTTP/2.0" 403 56935 "-" "meta-externalagent/1.1 (+https://developers.facebook.com/docs/sharing/webmasters/crawler)" 348 **0/348781**
57.141.20.49 - - [21/Mar/2026:05:30:09 -0700] "GET /shop/stereometrically/mangily012794419826?fileloc=/home/dxfxddmd03st/public_html/wp-links-opml.php&path=/home/dxfxddmd03st/public_html HTTP/2.0" 403 56935 "-" "meta-externalagent/1.1 (+https://developers.facebook.com/docs/sharing/webmasters/crawler)" 379 **0/379546**
74.7.243.195 - - [21/Mar/2026:05:30:09 -0700] "GET /shop/flewed/accumulator01893558038 HTTP/2.0" 200 3474 "https://www.artelron.com/wp-sitemap.xml" "Mozilla/5.0 AppleWebKit/537.36 (KHTML, like Gecko; compatible; GPTBot/1.3; +https://openai.com/gptbot)" 399 **0/399544**
216.73.216.4 - - [21/Mar/2026:05:30:09 -0700] "GET /shop/israelite/jashawk011131338534?fileloc=%2F%2Fbin%2Fld.bfd&path=%2F%2Fbin HTTP/2.0" 200 206666 "-" "Mozilla/5.0 AppleWebKit/537.36 (KHTML, like Gecko; compatible; ClaudeBot/1.0; +claudebot@anthropic.com)" 760 **0/760892**
74.7.227.172 - - [21/Mar/2026:05:30:09 -0700] "GET /?fileloc=//lib/icinga2/prepare-dirs&path=//lib/icinga2 HTTP/2.0" 200 2793 "https://artelron.com/?path=//lib/icinga2" "Mozilla/5.0 AppleWebKit/537.36 (KHTML, like Gecko; compatible; GPTBot/1.3; +https://openai.com/gptbot)" 648 **0/648066**
57.141.20.55 - - [21/Mar/2026:05:30:10 -0700] "GET /shop/struggle/inhabitable011065996427 HTTP/2.0" 403 56935 "-" "meta-externalagent/1.1 (+https://developers.facebook.com/docs/sharing/webmasters/crawler)" 434 **0/434096**
57.141.20.38 - - [21/Mar/2026:05:30:10 -0700] "GET /shop/similative/artistically011729879418?fileloc=/home/dxfxddmd03st/public_html/wp-includes/certificates/ca-bundle.crt&path=/home/dxfxddmd03st/public_html/wp-includes/certificates HTTP/2.0" 403 56935 "-" "meta-externalagent/1.1 (+https://developers.facebook.com/docs/sharing/webmasters/crawler)" 574 **0/574462**
57.141.20.43 - - [21/Mar/2026:05:30:10 -0700] "GET /shop/leasow/dissension013505033822?fileloc=/home/dxfxddmd03st/public_html/wp-includes/class-wp-widget-factory.php&path=/home/dxfxddmd03st/public_html/wp-includes HTTP/2.0" 403 56935 "-" "meta-externalagent/1.1 (+https://developers.facebook.com/docs/sharing/webmasters/crawler)" 552 **0/552978**
57.141.20.37 - - [21/Mar/2026:05:30:10 -0700] "GET /shop/cache/rearing014203996118?path=/home/dxfxddmd03st/public_html/wp-content HTTP/2.0" 403 56935 "-" "meta-externalagent/1.1 (+https://developers.facebook.com/docs/sharing/webmasters/crawler)" 366 **0/366044**
57.141.20.55 - - [21/Mar/2026:05:30:11 -0700] "GET /shop/persei/explicative01810883709?path=/home/dxfxddmd03st/public_html/cgi-bin HTTP/2.0" 200 15766 "-" "meta-externalagent/1.1 (+https://developers.facebook.com/docs/sharing/webmasters/crawler)" 664 **0/664557**
57.141.20.12 - - [21/Mar/2026:05:30:11 -0700] "GET /shop/predicative/ophibolus01491027890?fileloc=/home/dxfxddmd03st/public_html/wp-activate.php&path=/home/dxfxddmd03st/public_html HTTP/2.0" 200 21378 "-" "meta-externalagent/1.1 (+https://developers.facebook.com/docs/sharing/webmasters/crawler)" 733 **0/733502**
57.141.20.55 - - [21/Mar/2026:05:30:12 -0700] "GET /shop/insulsity/perruque012329169835?fileloc=/home/dxfxddmd03st/public_html/wp-load.php&path=/home/dxfxddmd03st/public_html HTTP/2.0" 200 16906 "-" "meta-externalagent/1.1 (+https://developers.facebook.com/docs/sharing/webmasters/crawler)" 480 **0/480881**
74.7.243.195 - - [21/Mar/2026:05:30:12 -0700] "GET /shop/luteola/makebelief01556683520 HTTP/2.0" 200 3474 "https://www.artelron.com/wp-sitemap.xml" "Mozilla/5.0 AppleWebKit/537.36 (KHTML, like Gecko; compatible; GPTBot/1.3; +https://openai.com/gptbot)" 412 **0/412078**
57.141.20.33 - - [21/Mar/2026:05:30:12 -0700] "GET /shop/relieving/presumingly011609729046?fileloc=/home/dxfxddmd03st/public_html/wp-mail.php&path=/home/dxfxddmd03st/public_html HTTP/2.0" 200 22288 "-" "meta-externalagent/1.1 (+https://developers.facebook.com/docs/sharing/webmasters/crawler)" 367 **0/367301**
216.73.216.4 - - [21/Mar/2026:05:30:12 -0700] "GET /shop/israelite/jashawk011131338534?fileloc=%2F%2Fbin%2Fbunzip2&path=%2F%2Fbin HTTP/2.0" 200 15972 "-" "Mozilla/5.0 AppleWebKit/537.36 (KHTML, like Gecko; compatible; ClaudeBot/1.0; +claudebot@anthropic.com)" 427 **0/427294**
74.7.227.172 - - [21/Mar/2026:05:30:12 -0700] "GET /?path=//usr/lib64/python3.6/__pycache__ HTTP/2.0" 200 12167 "https://artelron.com/?path=//usr/lib64/python3.6" "Mozilla/5.0 AppleWebKit/537.36 (KHTML, like Gecko; compatible; GPTBot/1.3; +https://openai.com/gptbot)" 539 **0/539356**
57.141.20.36 - - [21/Mar/2026:05:30:12 -0700] "GET /shop/meiocene/dourikuli011034317666?fileloc=/home/dxfxddmd03st/public_html/wp-load.php&path=/home/dxfxddmd03st/public_html HTTP/2.0" 200 16906 "-" "meta-externalagent/1.1 (+https://developers.facebook.com/docs/sharing/webmasters/crawler)" 523 **0/523488**
57.141.20.12 - - [21/Mar/2026:05:30:13 -0700] "GET /shop/liard/submultiple01928794959?path=//lib/.build-id/34 HTTP/2.0" 200 39188 "-" "meta-externalagent/1.1 (+https://developers.facebook.com/docs/sharing/webmasters/crawler)" 340 **0/340163**
57.141.20.55 - - [21/Mar/2026:05:30:13 -0700] "GET /shop/paynize/sottish011420954520?fileloc=//bin/pl2pm&path=//bin HTTP/2.0" 200 17153 "-" "meta-externalagent/1.1 (+https://developers.facebook.com/docs/sharing/webmasters/crawler)" 347 **0/347090**
57.141.20.41 - - [21/Mar/2026:05:30:14 -0700] "GET /shop/paynize/sottish011420954520?fileloc=//bin/fold&path=//bin HTTP/2.0" 200 72243 "-" "meta-externalagent/1.1 (+https://developers.facebook.com/docs/sharing/webmasters/crawler)" 359 **0/359906**
57.141.20.39 - - [21/Mar/2026:05:30:14 -0700] "GET /shop/meiocene/dourikuli011034317666?fileloc=/home/dxfxddmd03st/public_html/wp-config.php&path=/home/dxfxddmd03st/public_html HTTP/2.0" 200 16929 "-" "meta-externalagent/1.1 (+https://developers.facebook.com/docs/sharing/webmasters/crawler)" 353 **0/353090**
57.141.20.11 - - [21/Mar/2026:05:30:14 -0700] "GET /shop/encyclopaedy/foison0147582057?fileloc=/home/dxfxddmd03st/public_html/wp-includes/ms-settings.php&path=/home/dxfxddmd03st/public_html/wp-includes HTTP/2.0" 200 16963 "-" "meta-externalagent/1.1 (+https://developers.facebook.com/docs/sharing/webmasters/crawler)" 430 **0/430143**
57.141.20.19 - - [21/Mar/2026:05:30:15 -0700] "GET /shop/indicted/pilotism011563956891?fileloc=/home/dxfxddmd03st/public_html/wp-content/themes/index-string.php&path=/home/dxfxddmd03st/public_html/wp-content/themes HTTP/2.0" 200 12563 "-" "meta-externalagent/1.1 (+https://developers.facebook.com/docs/sharing/webmasters/crawler)" 359 **0/359241**
57.141.20.35 - - [21/Mar/2026:05:30:15 -0700] "GET /shop/hypertonic/emphasizing012895353745 HTTP/2.0" 200 56935 "-" "meta-externalagent/1.1 (+https://developers.facebook.com/docs/sharing/webmasters/crawler)" 352 **0/352635**
74.7.243.195 - - [21/Mar/2026:05:30:15 -0700] "GET /shop/adfiliated/caparro01527143295 HTTP/2.0" 200 3474 "https://www.artelron.com/wp-sitemap.xml" "Mozilla/5.0 AppleWebKit/537.36 (KHTML, like Gecko; compatible; GPTBot/1.3; +https://openai.com/gptbot)" 346 **0/346249**
57.141.20.12 - - [21/Mar/2026:05:30:15 -0700] "GET /shop/mawks/tonsured013819923114?fileloc=/home/dxfxddmd03st/public_html/wp-mail.php&path=/home/dxfxddmd03st/public_html HTTP/2.0" 200 22288 "-" "meta-externalagent/1.1 (+https://developers.facebook.com/docs/sharing/webmasters/crawler)" 320 **0/320212**
216.73.216.4 - - [21/Mar/2026:05:30:15 -0700] "GET /shop/mateotechny/artlessly012788551365?fileloc=%2Fhome%2Fdxfxddmd03st%2Fpublic_html%2Fwp-includes%2Fclass-phpmailer.php&path=%2Fhome%2Fdxfxddmd03st%2Fpublic_html%2Fwp-includes HTTP/2.0" 200 2529 "-" "Mozilla/5.0 AppleWebKit/537.36 (KHTML, like Gecko; compatible; ClaudeBot/1.0; +claudebot@anthropic.com)" 341 **0/341340**
