57.141.20.52 - - [21/Mar/2026:05:20:13 -0700] "GET /shop/scribing/dominicans012905906943?fileloc=/home/dxfxddmd03st/public_html/wp-admin/includes/class-wp-automatic-updater.php&path=/home/dxfxddmd03st/public_html/wp-admin/includes HTTP/2.0" 403 56935 "-" "meta-externalagent/1.1 (+https://developers.facebook.com/docs/sharing/webmasters/crawler)" 352 **0/352099**
216.73.216.4 - - [21/Mar/2026:05:20:13 -0700] "GET /shop/anaplerotic/epulis013491988852?fileloc=%2F%2Flib64%2Flibdrm_intel.so.1.0.0&path=%2F%2Flib64 HTTP/2.0" 403 3474 "-" "Mozilla/5.0 AppleWebKit/537.36 (KHTML, like Gecko; compatible; ClaudeBot/1.0; +claudebot@anthropic.com)" 334 **0/334575**
57.141.20.8 - - [21/Mar/2026:05:20:13 -0700] "GET /shop/bracket/diandrous01515559453?fileloc=/home/dxfxddmd03st/public_html/wp-includes/class-wp-text-diff-renderer-inline.php&path=/home/dxfxddmd03st/public_html/wp-includes HTTP/2.0" 403 56935 "-" "meta-externalagent/1.1 (+https://developers.facebook.com/docs/sharing/webmasters/crawler)" 350 **0/350458**
74.7.243.195 - - [21/Mar/2026:05:20:13 -0700] "GET /shop/eugenia/disquietal01757568685 HTTP/2.0" 200 3474 "https://www.artelron.com/wp-sitemap.xml" "Mozilla/5.0 AppleWebKit/537.36 (KHTML, like Gecko; compatible; GPTBot/1.3; +https://openai.com/gptbot)" 340 **0/340113**
57.141.20.51 - - [21/Mar/2026:05:20:14 -0700] "GET /shop/aroph/areola013614979595?fileloc=/home/dxfxddmd03st/public_html/wp-config.php&path=/home/dxfxddmd03st/public_html HTTP/2.0" 403 56935 "-" "meta-externalagent/1.1 (+https://developers.facebook.com/docs/sharing/webmasters/crawler)" 356 **0/356586**
74.7.227.172 - - [21/Mar/2026:05:20:14 -0700] "GET /?fileloc=//bin/zdiff&path=//bin HTTP/2.0" 200 4133 "https://artelron.com/?path=//bin" "Mozilla/5.0 AppleWebKit/537.36 (KHTML, like Gecko; compatible; GPTBot/1.3; +https://openai.com/gptbot)" 338 **0/338411**
57.141.20.16 - - [21/Mar/2026:05:20:14 -0700] "GET /shop/scribing/dominicans012905906943?fileloc=/home/dxfxddmd03st/public_html/wp-admin/includes/privacy-tools.php&path=/home/dxfxddmd03st/public_html/wp-admin/includes HTTP/2.0" 403 56935 "-" "meta-externalagent/1.1 (+https://developers.facebook.com/docs/sharing/webmasters/crawler)" 334 **0/334477**
57.141.20.30 - - [21/Mar/2026:05:20:14 -0700] "GET /shop/tonguefish/naperian011483525273?fileloc=/home/dxfxddmd03st/.lastlogin&path=/home/dxfxddmd03st HTTP/2.0" 403 56935 "-" "meta-externalagent/1.1 (+https://developers.facebook.com/docs/sharing/webmasters/crawler)" 354 **0/354647**
57.141.20.17 - - [21/Mar/2026:05:20:15 -0700] "GET /shop/purchased/skilligalee012250177543?fileloc=/home/dxfxddmd03st/public_html/wp-admin/index.php&path=/home/dxfxddmd03st/public_html/wp-admin HTTP/2.0" 403 56935 "-" "meta-externalagent/1.1 (+https://developers.facebook.com/docs/sharing/webmasters/crawler)" 356 **0/356576**
57.141.20.33 - - [21/Mar/2026:05:20:15 -0700] "GET /shop/nitrobenzol/mozetta011007016547?fileloc=/home/dxfxddmd03st/public_html/wp-includes/class-IXR.php&path=/home/dxfxddmd03st/public_html/wp-includes HTTP/2.0" 403 56935 "-" "meta-externalagent/1.1 (+https://developers.facebook.com/docs/sharing/webmasters/crawler)" 341 **0/341903**
57.141.20.23 - - [21/Mar/2026:05:20:15 -0700] "GET /shop/nitrobenzol/mozetta011007016547?fileloc=/home/dxfxddmd03st/public_html/wp-includes/theme-previews.php&path=/home/dxfxddmd03st/public_html/wp-includes HTTP/2.0" 403 56935 "-" "meta-externalagent/1.1 (+https://developers.facebook.com/docs/sharing/webmasters/crawler)" 330 **0/330562**
57.141.20.55 - - [21/Mar/2026:05:20:16 -0700] "GET /shop/primevertical/valebat012429940215?fileloc=/home/dxfxddmd03st/public_html/wp-includes/class-wp-embed.php&path=/home/dxfxddmd03st/public_html/wp-includes HTTP/2.0" 403 56935 "-" "meta-externalagent/1.1 (+https://developers.facebook.com/docs/sharing/webmasters/crawler)" 349 **0/349375**
216.73.216.4 - - [21/Mar/2026:05:20:16 -0700] "GET /shop/deepest/butty014137455547?fileloc=%2Fhome%2Fdxfxddmd03st%2Fpublic_html%2Frobots.txt&path=%2Fhome%2Fdxfxddmd03st%2Fpublic_html HTTP/2.0" 200 2305 "-" "Mozilla/5.0 AppleWebKit/537.36 (KHTML, like Gecko; compatible; ClaudeBot/1.0; +claudebot@anthropic.com)" 331 **0/331956**
57.141.20.17 - - [21/Mar/2026:05:20:16 -0700] "GET /shop/extremum/crimsonfronted0129111005?path=//usr/local HTTP/2.0" 403 56935 "-" "meta-externalagent/1.1 (+https://developers.facebook.com/docs/sharing/webmasters/crawler)" 324 **0/324153**
57.141.20.47 - - [21/Mar/2026:05:20:16 -0700] "GET /shop/trimethylene/headwater013958336681?fileloc=/home/dxfxddmd03st/public_html/wp-cron.php&path=/home/dxfxddmd03st/public_html HTTP/2.0" 403 56935 "-" "meta-externalagent/1.1 (+https://developers.facebook.com/docs/sharing/webmasters/crawler)" 346 **0/346928**
74.7.243.195 - - [21/Mar/2026:05:20:16 -0700] "GET /shop/oppress/quadrating01914453304 HTTP/2.0" 200 3474 "https://www.artelron.com/wp-sitemap.xml" "Mozilla/5.0 AppleWebKit/537.36 (KHTML, like Gecko; compatible; GPTBot/1.3; +https://openai.com/gptbot)" 344 **0/344896**
57.141.20.33 - - [21/Mar/2026:05:20:17 -0700] "GET /shop/throne/fronton01979533625 HTTP/2.0" 403 56935 "-" "meta-externalagent/1.1 (+https://developers.facebook.com/docs/sharing/webmasters/crawler)" 344 **0/344436**
57.141.20.42 - - [21/Mar/2026:05:20:17 -0700] "GET /shop/bacteriemia/cyanean01835597075 HTTP/2.0" 403 56935 "-" "meta-externalagent/1.1 (+https://developers.facebook.com/docs/sharing/webmasters/crawler)" 341 **0/341730**
74.7.227.172 - - [21/Mar/2026:05:20:17 -0700] "GET /?fileloc=//bin/chmod&path=//bin HTTP/2.0" 200 28115 "https://artelron.com/?path=//bin" "Mozilla/5.0 AppleWebKit/537.36 (KHTML, like Gecko; compatible; GPTBot/1.3; +https://openai.com/gptbot)" 374 **0/374078**
57.141.20.54 - - [21/Mar/2026:05:20:17 -0700] "GET /shop/frigidness/visitor012050038444 HTTP/2.0" 403 56935 "-" "meta-externalagent/1.1 (+https://developers.facebook.com/docs/sharing/webmasters/crawler)" 344 **0/344536**
57.141.20.43 - - [21/Mar/2026:05:20:18 -0700] "GET /shop/scribing/dominicans012905906943?fileloc=/home/dxfxddmd03st/public_html/wp-admin/includes/class-wp-privacy-policy-content.php&path=/home/dxfxddmd03st/public_html/wp-admin/includes HTTP/2.0" 403 56935 "-" "meta-externalagent/1.1 (+https://developers.facebook.com/docs/sharing/webmasters/crawler)" 358 **0/358599**
57.141.20.46 - - [21/Mar/2026:05:20:18 -0700] "GET /shop/glamor/pratinocola013499232919?path=/home/dxfxddmd03st/tmp HTTP/2.0" 403 56935 "-" "meta-externalagent/1.1 (+https://developers.facebook.com/docs/sharing/webmasters/crawler)" 344 **0/344613**
57.141.20.51 - - [21/Mar/2026:05:20:18 -0700] "GET /shop/scribing/dominicans012905906943?fileloc=/home/dxfxddmd03st/public_html/wp-admin/includes/class-wp-privacy-data-removal-requests-list-table.php&path=/home/dxfxddmd03st/public_html/wp-admin/includes HTTP/2.0" 403 56935 "-" "meta-externalagent/1.1 (+https://developers.facebook.com/docs/sharing/webmasters/crawler)" 345 **0/345060**
57.141.20.56 - - [21/Mar/2026:05:20:19 -0700] "GET /shop/sitheman/astounded01246139109?path=/home/dxfxddmd03st/public_html/artelron.com HTTP/2.0" 403 56935 "-" "meta-externalagent/1.1 (+https://developers.facebook.com/docs/sharing/webmasters/crawler)" 340 **0/340730**
57.141.20.41 - - [21/Mar/2026:05:20:19 -0700] "GET /shop/scribing/dominicans012905906943?fileloc=/home/dxfxddmd03st/public_html/wp-admin/includes/admin-filters.php&path=/home/dxfxddmd03st/public_html/wp-admin/includes HTTP/2.0" 403 56935 "-" "meta-externalagent/1.1 (+https://developers.facebook.com/docs/sharing/webmasters/crawler)" 338 **0/338611**
57.141.20.26 - - [21/Mar/2026:05:20:19 -0700] "GET /shop/earldom/disimpassioned013097060243?fileloc=/home/dxfxddmd03st/public_html/wp-includes/user.php&path=/home/dxfxddmd03st/public_html/wp-includes HTTP/2.0" 403 56935 "-" "meta-externalagent/1.1 (+https://developers.facebook.com/docs/sharing/webmasters/crawler)" 323 **0/323185**
216.73.216.4 - - [21/Mar/2026:05:20:19 -0700] "GET /shop/halfmoon/upbar012611462991?fileloc=%2Fhome%2Fdxfxddmd03st%2Fpublic_html%2Frobots.txt&path=%2Fhome%2Fdxfxddmd03st%2Fpublic_html HTTP/2.0" 200 2305 "-" "Mozilla/5.0 AppleWebKit/537.36 (KHTML, like Gecko; compatible; ClaudeBot/1.0; +claudebot@anthropic.com)" 344 **0/344601**
74.7.243.195 - - [21/Mar/2026:05:20:19 -0700] "GET /shop/churchbench/dentil01380600712 HTTP/2.0" 200 3474 "https://www.artelron.com/wp-sitemap.xml" "Mozilla/5.0 AppleWebKit/537.36 (KHTML, like Gecko; compatible; GPTBot/1.3; +https://openai.com/gptbot)" 322 **0/322205**
57.141.20.51 - - [21/Mar/2026:05:20:20 -0700] "GET /shop/ponderance/furzen011265841526?fileloc=/home/dxfxddmd03st/public_html/wp-trackback.php&path=/home/dxfxddmd03st/public_html HTTP/2.0" 403 56935 "-" "meta-externalagent/1.1 (+https://developers.facebook.com/docs/sharing/webmasters/crawler)" 335 **0/335308**
57.141.20.17 - - [21/Mar/2026:05:20:20 -0700] "GET /shop/insulsity/perruque012329169835?fileloc=/home/dxfxddmd03st/public_html/wp-admin/css/wp-admin-rtl.css&path=/home/dxfxddmd03st/public_html/wp-admin/css HTTP/2.0" 403 56935 "-" "meta-externalagent/1.1 (+https://developers.facebook.com/docs/sharing/webmasters/crawler)" 340 **0/340729**
74.7.227.172 - - [21/Mar/2026:05:20:20 -0700] "GET /?fileloc=//bin/fgrep&path=//bin HTTP/2.0" 200 2267 "https://artelron.com/?path=//bin" "Mozilla/5.0 AppleWebKit/537.36 (KHTML, like Gecko; compatible; GPTBot/1.3; +https://openai.com/gptbot)" 347 **0/347329**
57.141.20.25 - - [21/Mar/2026:05:20:20 -0700] "GET /shop/primevertical/valebat012429940215?fileloc=/home/dxfxddmd03st/public_html/wp-admin/ms-admin.php&path=/home/dxfxddmd03st/public_html/wp-admin HTTP/2.0" 403 56935 "-" "meta-externalagent/1.1 (+https://developers.facebook.com/docs/sharing/webmasters/crawler)" 329 **0/329358**
57.141.20.52 - - [21/Mar/2026:05:20:21 -0700] "GET /shop/scribing/dominicans012905906943?fileloc=/home/dxfxddmd03st/public_html/wp-admin/includes/list-table.php&path=/home/dxfxddmd03st/public_html/wp-admin/includes HTTP/2.0" 403 56935 "-" "meta-externalagent/1.1 (+https://developers.facebook.com/docs/sharing/webmasters/crawler)" 339 **0/339831**
57.141.20.31 - - [21/Mar/2026:05:20:21 -0700] "GET /shop/leasow/dissension013505033822?fileloc=/home/dxfxddmd03st/public_html/wp-includes/theme-compat/embed-content.php&path=/home/dxfxddmd03st/public_html/wp-includes/theme-compat HTTP/2.0" 403 56935 "-" "meta-externalagent/1.1 (+https://developers.facebook.com/docs/sharing/webmasters/crawler)" 327 **0/327967**
57.141.20.21 - - [21/Mar/2026:05:20:21 -0700] "GET /shop/gobius/sprong013664342655?fileloc=/home/dxfxddmd03st/public_html/wp-includes/class-wp-meta-query.php&path=/home/dxfxddmd03st/public_html/wp-includes HTTP/2.0" 403 56935 "-" "meta-externalagent/1.1 (+https://developers.facebook.com/docs/sharing/webmasters/crawler)" 332 **0/332805**
57.141.20.55 - - [21/Mar/2026:05:20:22 -0700] "GET /shop/scribing/dominicans012905906943?fileloc=/home/dxfxddmd03st/public_html/wp-admin/includes/class-wp-ms-themes-list-table.php&path=/home/dxfxddmd03st/public_html/wp-admin/includes HTTP/2.0" 403 56935 "-" "meta-externalagent/1.1 (+https://developers.facebook.com/docs/sharing/webmasters/crawler)" 321 **0/321600**
216.73.216.4 - - [21/Mar/2026:05:20:22 -0700] "GET /shop/agrarium/waffle011939877671?fileloc=%2F%2Flib64%2Flibraw.so.19&path=%2F%2Flib64 HTTP/2.0" 200 244732 "-" "Mozilla/5.0 AppleWebKit/537.36 (KHTML, like Gecko; compatible; ClaudeBot/1.0; +claudebot@anthropic.com)" 487 **0/487621**
57.141.20.46 - - [21/Mar/2026:05:20:22 -0700] "GET /shop/dislimb/glittering013018838655?fileloc=/home/dxfxddmd03st/public_html/wp-admin/nav-menus.php&path=/home/dxfxddmd03st/public_html/wp-admin HTTP/2.0" 403 56935 "-" "meta-externalagent/1.1 (+https://developers.facebook.com/docs/sharing/webmasters/crawler)" 350 **0/350449**
57.141.20.50 - - [21/Mar/2026:05:20:23 -0700] "GET /shop/liard/submultiple01928794959?path=/home/dxfxddmd03st/etc HTTP/2.0" 403 56935 "-" "meta-externalagent/1.1 (+https://developers.facebook.com/docs/sharing/webmasters/crawler)" 384 **0/384556**
74.7.243.195 - - [21/Mar/2026:05:20:23 -0700] "GET /shop/sphyrna/parentless01521342392 HTTP/2.0" 200 3474 "https://www.artelron.com/wp-sitemap.xml" "Mozilla/5.0 AppleWebKit/537.36 (KHTML, like Gecko; compatible; GPTBot/1.3; +https://openai.com/gptbot)" 351 **0/351112**
57.141.20.5 - - [21/Mar/2026:05:20:23 -0700] "GET /shop/scribing/dominicans012905906943?fileloc=/home/dxfxddmd03st/public_html/wp-admin/includes/class-wp-ajax-upgrader-skin.php&path=/home/dxfxddmd03st/public_html/wp-admin/includes HTTP/2.0" 403 56935 "-" "meta-externalagent/1.1 (+https://developers.facebook.com/docs/sharing/webmasters/crawler)" 377 **0/377430**
57.141.20.28 - - [21/Mar/2026:05:20:23 -0700] "GET /shop/scribing/dominicans012905906943?fileloc=/home/dxfxddmd03st/public_html/wp-admin/includes/schema.php&path=/home/dxfxddmd03st/public_html/wp-admin/includes HTTP/2.0" 403 56935 "-" "meta-externalagent/1.1 (+https://developers.facebook.com/docs/sharing/webmasters/crawler)" 334 **0/334807**
74.7.227.172 - - [21/Mar/2026:05:20:23 -0700] "GET /?fileloc=//bin/bzcmp&path=//bin HTTP/2.0" 200 3156 "https://artelron.com/?path=//bin" "Mozilla/5.0 AppleWebKit/537.36 (KHTML, like Gecko; compatible; GPTBot/1.3; +https://openai.com/gptbot)" 411 **0/411446**
57.141.20.14 - - [21/Mar/2026:05:20:23 -0700] "GET /shop/coldblooded/anopheles011887189383 HTTP/2.0" 403 56935 "-" "meta-externalagent/1.1 (+https://developers.facebook.com/docs/sharing/webmasters/crawler)" 397 **0/397743**
57.141.20.29 - - [21/Mar/2026:05:20:24 -0700] "GET /shop/scribing/dominicans012905906943?fileloc=/home/dxfxddmd03st/public_html/wp-admin/includes/class-ftp-pure.php&path=/home/dxfxddmd03st/public_html/wp-admin/includes HTTP/2.0" 403 56935 "-" "meta-externalagent/1.1 (+https://developers.facebook.com/docs/sharing/webmasters/crawler)" 353 **0/353874**
57.141.20.42 - - [21/Mar/2026:05:20:24 -0700] "GET /shop/bootlessly/fashionmonger013048909298?path=/home/dxfxddmd03st/public_html/artelron.com HTTP/2.0" 403 56935 "-" "meta-externalagent/1.1 (+https://developers.facebook.com/docs/sharing/webmasters/crawler)" 319 **0/319480**
57.141.20.3 - - [21/Mar/2026:05:20:24 -0700] "GET /shop/nitrobenzol/mozetta011007016547?fileloc=/home/dxfxddmd03st/public_html/wp-includes/class-wp-exception.php&path=/home/dxfxddmd03st/public_html/wp-includes HTTP/2.0" 403 56935 "-" "meta-externalagent/1.1 (+https://developers.facebook.com/docs/sharing/webmasters/crawler)" 327 **0/327632**
57.141.20.6 - - [21/Mar/2026:05:20:25 -0700] "GET /shop/gaysome/polychoerany012946926787 HTTP/2.0" 403 56935 "-" "meta-externalagent/1.1 (+https://developers.facebook.com/docs/sharing/webmasters/crawler)" 330 **0/330389**
216.73.216.4 - - [21/Mar/2026:05:20:25 -0700] "GET /shop/incommixture/immute012859241731?fileloc=%2Fhome%2Fdxfxddmd03st%2Fpublic_html%2Frobots.txt&path=%2Fhome%2Fdxfxddmd03st%2Fpublic_html HTTP/2.0" 200 2305 "-" "Mozilla/5.0 AppleWebKit/537.36 (KHTML, like Gecko; compatible; ClaudeBot/1.0; +claudebot@anthropic.com)" 326 **0/326172**
57.141.20.21 - - [21/Mar/2026:05:20:25 -0700] "GET /shop/didactic/evocation012923261997?fileloc=/home/dxfxddmd03st/public_html/wp-config.php&path=/home/dxfxddmd03st/public_html HTTP/2.0" 403 56935 "-" "meta-externalagent/1.1 (+https://developers.facebook.com/docs/sharing/webmasters/crawler)" 334 **0/334919**
57.141.20.10 - - [21/Mar/2026:05:20:26 -0700] "GET /shop/scribing/dominicans012905906943?fileloc=/home/dxfxddmd03st/public_html/wp-admin/includes/class-wp-upgrader-skins.php&path=/home/dxfxddmd03st/public_html/wp-admin/includes HTTP/2.0" 403 56935 "-" "meta-externalagent/1.1 (+https://developers.facebook.com/docs/sharing/webmasters/crawler)" 334 **0/334045**
74.7.243.195 - - [21/Mar/2026:05:20:26 -0700] "GET /shop/clouded/hottentots01722909238 HTTP/2.0" 200 3474 "https://www.artelron.com/wp-sitemap.xml" "Mozilla/5.0 AppleWebKit/537.36 (KHTML, like Gecko; compatible; GPTBot/1.3; +https://openai.com/gptbot)" 327 **0/327860**
57.141.20.5 - - [21/Mar/2026:05:20:26 -0700] "GET /shop/liard/submultiple01928794959?path=//lib/icinga2 HTTP/2.0" 403 56935 "-" "meta-externalagent/1.1 (+https://developers.facebook.com/docs/sharing/webmasters/crawler)" 329 **0/329363**
57.141.20.11 - - [21/Mar/2026:05:20:26 -0700] "GET /shop/calycled/descanter013721291254?fileloc=/home/dxfxddmd03st/public_html/.htaccess&path=/home/dxfxddmd03st/public_html HTTP/2.0" 403 56935 "-" "meta-externalagent/1.1 (+https://developers.facebook.com/docs/sharing/webmasters/crawler)" 347 **0/347556**
57.141.20.29 - - [21/Mar/2026:05:20:26 -0700] "GET /shop/scribing/dominicans012905906943?fileloc=/home/dxfxddmd03st/public_html/wp-admin/includes/class-wp-filesystem-ftpsockets.php&path=/home/dxfxddmd03st/public_html/wp-admin/includes HTTP/2.0" 403 56935 "-" "meta-externalagent/1.1 (+https://developers.facebook.com/docs/sharing/webmasters/crawler)" 324 **0/324063**
74.7.227.172 - - [21/Mar/2026:05:20:26 -0700] "GET /?fileloc=//bin/gneqn&path=//bin HTTP/2.0" 200 2758 "https://artelron.com/?path=//bin" "Mozilla/5.0 AppleWebKit/537.36 (KHTML, like Gecko; compatible; GPTBot/1.3; +https://openai.com/gptbot)" 327 **0/327965**
57.141.20.19 - - [21/Mar/2026:05:20:27 -0700] "GET /shop/isabella/remained01930007058 HTTP/2.0" 403 56935 "-" "meta-externalagent/1.1 (+https://developers.facebook.com/docs/sharing/webmasters/crawler)" 329 **0/329982**
57.141.20.12 - - [21/Mar/2026:05:20:27 -0700] "GET /shop/termination/gerontes01151729142?fileloc=/home/dxfxddmd03st/public_html/wp-links-opml.php&path=/home/dxfxddmd03st/public_html HTTP/2.0" 403 56935 "-" "meta-externalagent/1.1 (+https://developers.facebook.com/docs/sharing/webmasters/crawler)" 326 **0/326259**
57.141.20.49 - - [21/Mar/2026:05:20:27 -0700] "GET /shop/scribing/dominicans012905906943?fileloc=/home/dxfxddmd03st/public_html/wp-admin/includes/image.php&path=/home/dxfxddmd03st/public_html/wp-admin/includes HTTP/2.0" 403 56935 "-" "meta-externalagent/1.1 (+https://developers.facebook.com/docs/sharing/webmasters/crawler)" 324 **0/324117**
57.141.20.0 - - [21/Mar/2026:05:20:28 -0700] "GET /shop/daughterinlaw/collet01123261348?fileloc=//etc/spammeripblocks&path=//etc HTTP/2.0" 403 56935 "-" "meta-externalagent/1.1 (+https://developers.facebook.com/docs/sharing/webmasters/crawler)" 326 **0/326536**
57.141.20.25 - - [21/Mar/2026:05:20:28 -0700] "GET /shop/gobius/sprong013664342655?fileloc=/home/dxfxddmd03st/public_html/wp-login.php&path=/home/dxfxddmd03st/public_html HTTP/2.0" 403 56935 "-" "meta-externalagent/1.1 (+https://developers.facebook.com/docs/sharing/webmasters/crawler)" 332 **0/332768**
216.73.216.4 - - [21/Mar/2026:05:20:28 -0700] "GET /shop/unsurmountable/acatalectic011644011411?fileloc=%2Fhome%2Fdxfxddmd03st%2Fpublic_html%2Fmoked-hash.co.il%2Findex.php&path=%2Fhome%2Fdxfxddmd03st%2Fpublic_html%2Fmoked-hash.co.il HTTP/2.0" 200 2482 "-" "Mozilla/5.0 AppleWebKit/537.36 (KHTML, like Gecko; compatible; ClaudeBot/1.0; +claudebot@anthropic.com)" 351 **0/351915**
57.141.20.56 - - [21/Mar/2026:05:20:29 -0700] "GET /shop/scribing/dominicans012905906943?fileloc=/home/dxfxddmd03st/public_html/wp-admin/includes/class-wp-filesystem-base.php&path=/home/dxfxddmd03st/public_html/wp-admin/includes HTTP/2.0" 403 56935 "-" "meta-externalagent/1.1 (+https://developers.facebook.com/docs/sharing/webmasters/crawler)" 353 **0/353462**
57.141.20.25 - - [21/Mar/2026:05:20:29 -0700] "GET /shop/mortuaries/riven01205119265?fileloc=/home/dxfxddmd03st/public_html/yrgnf.php&path=/home/dxfxddmd03st/public_html HTTP/2.0" 403 56935 "-" "meta-externalagent/1.1 (+https://developers.facebook.com/docs/sharing/webmasters/crawler)" 337 **0/337508**
74.7.243.195 - - [21/Mar/2026:05:20:29 -0700] "GET /shop/diadelphian/paunce01801012727 HTTP/2.0" 200 3474 "https://www.artelron.com/wp-sitemap.xml" "Mozilla/5.0 AppleWebKit/537.36 (KHTML, like Gecko; compatible; GPTBot/1.3; +https://openai.com/gptbot)" 343 **0/343607**
57.141.20.35 - - [21/Mar/2026:05:20:29 -0700] "GET /shop/leasow/dissension013505033822?fileloc=/home/dxfxddmd03st/public_html/wp-includes/category-template.php&path=/home/dxfxddmd03st/public_html/wp-includes HTTP/2.0" 403 56935 "-" "meta-externalagent/1.1 (+https://developers.facebook.com/docs/sharing/webmasters/crawler)" 332 **0/332395**
57.141.20.32 - - [21/Mar/2026:05:20:29 -0700] "GET /shop/scribing/dominicans012905906943?fileloc=/home/dxfxddmd03st/public_html/wp-admin/includes/theme.php&path=/home/dxfxddmd03st/public_html/wp-admin/includes HTTP/2.0" 403 56935 "-" "meta-externalagent/1.1 (+https://developers.facebook.com/docs/sharing/webmasters/crawler)" 339 **0/339905**
57.141.20.3 - - [21/Mar/2026:05:20:30 -0700] "GET /shop/encyclopaedy/foison0147582057?fileloc=/home/dxfxddmd03st/public_html/wp-includes/class-pop3.php&path=/home/dxfxddmd03st/public_html/wp-includes HTTP/2.0" 403 56935 "-" "meta-externalagent/1.1 (+https://developers.facebook.com/docs/sharing/webmasters/crawler)" 333 **0/333354**
74.7.227.172 - - [21/Mar/2026:05:20:30 -0700] "GET /?fileloc=//bin/expand&path=//bin HTTP/2.0" 200 18487 "https://artelron.com/?path=//bin" "Mozilla/5.0 AppleWebKit/537.36 (KHTML, like Gecko; compatible; GPTBot/1.3; +https://openai.com/gptbot)" 372 **0/372701**
57.141.20.15 - - [21/Mar/2026:05:20:30 -0700] "GET /shop/dannebrog/councilman01974781330?fileloc=/home/dxfxddmd03st/public_html/wp-includes/class-wp-text-diff-renderer-inline.php&path=/home/dxfxddmd03st/public_html/wp-includes HTTP/2.0" 403 56935 "-" "meta-externalagent/1.1 (+https://developers.facebook.com/docs/sharing/webmasters/crawler)" 351 **0/351325**
57.141.20.15 - - [21/Mar/2026:05:20:30 -0700] "GET /shop/garlic/muckiness012293950862?fileloc=/home/dxfxddmd03st/public_html/wp-cron.php&path=/home/dxfxddmd03st/public_html HTTP/2.0" 403 56935 "-" "meta-externalagent/1.1 (+https://developers.facebook.com/docs/sharing/webmasters/crawler)" 346 **0/346597**
57.141.20.15 - - [21/Mar/2026:05:20:31 -0700] "GET /shop/scribing/dominicans012905906943?fileloc=/home/dxfxddmd03st/public_html/wp-admin/includes/class-wp-plugins-list-table.php&path=/home/dxfxddmd03st/public_html/wp-admin/includes HTTP/2.0" 403 56935 "-" "meta-externalagent/1.1 (+https://developers.facebook.com/docs/sharing/webmasters/crawler)" 367 **0/367220**
57.141.20.54 - - [21/Mar/2026:05:20:31 -0700] "GET /shop/leasow/dissension013505033822?fileloc=/home/dxfxddmd03st/public_html/wp-includes/class-wp-exception.php&path=/home/dxfxddmd03st/public_html/wp-includes HTTP/2.0" 403 56935 "-" "meta-externalagent/1.1 (+https://developers.facebook.com/docs/sharing/webmasters/crawler)" 322 **0/322589**
216.73.216.4 - - [21/Mar/2026:05:20:31 -0700] "GET /shop/auscult/quaverer012396392960?fileloc=%2Fhome%2Fdxfxddmd03st%2Fpublic_html%2Fdeleteme.wp1aa48683cd034b939ea5dd3e61316509.php&path=%2Fhome%2Fdxfxddmd03st%2Fpublic_html HTTP/2.0" 200 2284 "-" "Mozilla/5.0 AppleWebKit/537.36 (KHTML, like Gecko; compatible; ClaudeBot/1.0; +claudebot@anthropic.com)" 337 **0/337005**
57.141.20.21 - - [21/Mar/2026:05:20:31 -0700] "GET /shop/scribing/dominicans012905906943?fileloc=/home/dxfxddmd03st/public_html/wp-admin/includes/plugin.php&path=/home/dxfxddmd03st/public_html/wp-admin/includes HTTP/2.0" 403 56935 "-" "meta-externalagent/1.1 (+https://developers.facebook.com/docs/sharing/webmasters/crawler)" 332 **0/332075**
74.7.243.195 - - [21/Mar/2026:05:20:32 -0700] "GET /shop/reannexation/speir01839822605 HTTP/2.0" 200 3474 "https://www.artelron.com/wp-sitemap.xml" "Mozilla/5.0 AppleWebKit/537.36 (KHTML, like Gecko; compatible; GPTBot/1.3; +https://openai.com/gptbot)" 332 **0/332410**
57.141.20.42 - - [21/Mar/2026:05:20:32 -0700] "GET /shop/bracket/diandrous01515559453?fileloc=/home/dxfxddmd03st/error_log&path=/home/dxfxddmd03st HTTP/2.0" 403 56935 "-" "meta-externalagent/1.1 (+https://developers.facebook.com/docs/sharing/webmasters/crawler)" 318 **0/318477**
57.141.20.37 - - [21/Mar/2026:05:20:32 -0700] "GET /shop/primevertical/valebat012429940215?fileloc=/home/dxfxddmd03st/public_html/wp-load.php&path=/home/dxfxddmd03st/public_html HTTP/2.0" 403 56935 "-" "meta-externalagent/1.1 (+https://developers.facebook.com/docs/sharing/webmasters/crawler)" 325 **0/325152**
57.141.20.4 - - [21/Mar/2026:05:20:33 -0700] "GET /shop/calque/redcoated01196548822?path=/home/dxfxddmd03st/public_html/wp-content/blogs.dir HTTP/2.0" 403 56935 "-" "meta-externalagent/1.1 (+https://developers.facebook.com/docs/sharing/webmasters/crawler)" 339 **0/339214**
74.7.227.172 - - [21/Mar/2026:05:20:33 -0700] "GET /?fileloc=//bin/uname&path=//bin HTTP/2.0" 200 15222 "https://artelron.com/?path=//bin" "Mozilla/5.0 AppleWebKit/537.36 (KHTML, like Gecko; compatible; GPTBot/1.3; +https://openai.com/gptbot)" 355 **0/355016**
57.141.20.12 - - [21/Mar/2026:05:20:33 -0700] "GET /shop/scribing/dominicans012905906943?fileloc=/home/dxfxddmd03st/public_html/wp-admin/includes/class-wp-filesystem-ftpext.php&path=/home/dxfxddmd03st/public_html/wp-admin/includes HTTP/2.0" 403 56935 "-" "meta-externalagent/1.1 (+https://developers.facebook.com/docs/sharing/webmasters/crawler)" 342 **0/342516**
57.141.20.52 - - [21/Mar/2026:05:20:33 -0700] "GET /shop/dannebrog/councilman01974781330?fileloc=/home/dxfxddmd03st/public_html/wp-includes/nav-menu-template.php&path=/home/dxfxddmd03st/public_html/wp-includes HTTP/2.0" 403 56935 "-" "meta-externalagent/1.1 (+https://developers.facebook.com/docs/sharing/webmasters/crawler)" 343 **0/343640**
57.141.20.58 - - [21/Mar/2026:05:20:33 -0700] "GET /shop/earldom/disimpassioned013097060243?fileloc=/home/dxfxddmd03st/public_html/wp-includes/class-wp-xmlrpc-server.php&path=/home/dxfxddmd03st/public_html/wp-includes HTTP/2.0" 403 56935 "-" "meta-externalagent/1.1 (+https://developers.facebook.com/docs/sharing/webmasters/crawler)" 321 **0/321855**
57.141.20.15 - - [21/Mar/2026:05:20:34 -0700] "GET /shop/scribing/dominicans012905906943?fileloc=/home/dxfxddmd03st/public_html/wp-admin/includes/class-automatic-upgrader-skin.php&path=/home/dxfxddmd03st/public_html/wp-admin/includes HTTP/2.0" 403 56935 "-" "meta-externalagent/1.1 (+https://developers.facebook.com/docs/sharing/webmasters/crawler)" 319 **0/319279**
216.73.216.4 - - [21/Mar/2026:05:20:34 -0700] "GET /shop/agrarium/waffle011939877671?fileloc=%2F%2Flib64%2Flibnfnetlink.so.0&path=%2F%2Flib64 HTTP/2.0" 200 13803 "-" "Mozilla/5.0 AppleWebKit/537.36 (KHTML, like Gecko; compatible; ClaudeBot/1.0; +claudebot@anthropic.com)" 321 **0/321700**
57.141.20.33 - - [21/Mar/2026:05:20:35 -0700] "GET /shop/similative/artistically011729879418?fileloc=/home/dxfxddmd03st/public_html/wp-includes/rss.php&path=/home/dxfxddmd03st/public_html/wp-includes HTTP/2.0" 403 56935 "-" "meta-externalagent/1.1 (+https://developers.facebook.com/docs/sharing/webmasters/crawler)" 328 **0/328915**
57.141.20.30 - - [21/Mar/2026:05:20:35 -0700] "GET /shop/cockeye/bipectinate01508382944?fileloc=/home/dxfxddmd03st/public_html/wp-cron.php&path=/home/dxfxddmd03st/public_html HTTP/2.0" 403 56935 "-" "meta-externalagent/1.1 (+https://developers.facebook.com/docs/sharing/webmasters/crawler)" 327 **0/327021**
57.141.20.16 - - [21/Mar/2026:05:20:35 -0700] "GET /shop/cascarillin/staled011928209259 HTTP/2.0" 403 56935 "-" "meta-externalagent/1.1 (+https://developers.facebook.com/docs/sharing/webmasters/crawler)" 323 **0/323277**
74.7.243.195 - - [21/Mar/2026:05:20:35 -0700] "GET /shop/iodoform/disrout014095567840 HTTP/2.0" 200 3474 "https://www.artelron.com/wp-sitemap.xml" "Mozilla/5.0 AppleWebKit/537.36 (KHTML, like Gecko; compatible; GPTBot/1.3; +https://openai.com/gptbot)" 317 **0/317476**
57.141.20.47 - - [21/Mar/2026:05:20:35 -0700] "GET /shop/scribing/dominicans012905906943?fileloc=/home/dxfxddmd03st/public_html/wp-admin/includes/edit-tag-messages.php&path=/home/dxfxddmd03st/public_html/wp-admin/includes HTTP/2.0" 403 56935 "-" "meta-externalagent/1.1 (+https://developers.facebook.com/docs/sharing/webmasters/crawler)" 331 **0/331150**
57.141.20.10 - - [21/Mar/2026:05:20:35 -0700] "GET /shop/calque/redcoated01196548822?path=/home/dxfxddmd03st/public_html/wp-content/upgrade HTTP/2.0" 403 56935 "-" "meta-externalagent/1.1 (+https://developers.facebook.com/docs/sharing/webmasters/crawler)" 347 **0/347072**
57.141.20.31 - - [21/Mar/2026:05:20:36 -0700] "GET /shop/immediateness/umpiring012526514772?fileloc=/home/dxfxddmd03st/public_html/robots.txt&path=/home/dxfxddmd03st/public_html HTTP/2.0" 403 56935 "-" "meta-externalagent/1.1 (+https://developers.facebook.com/docs/sharing/webmasters/crawler)" 331 **0/331903**
74.7.227.172 - - [21/Mar/2026:05:20:36 -0700] "GET /?fileloc=//bin/whoami&path=//bin HTTP/2.0" 200 14558 "https://artelron.com/?path=//bin" "Mozilla/5.0 AppleWebKit/537.36 (KHTML, like Gecko; compatible; GPTBot/1.3; +https://openai.com/gptbot)" 330 **0/330820**
57.141.20.6 - - [21/Mar/2026:05:20:36 -0700] "GET /shop/thrivingness/rhopalic013235613478?fileloc=/home/dxfxddmd03st/public_html/wp-admin/options-media.php&path=/home/dxfxddmd03st/public_html/wp-admin HTTP/2.0" 403 56935 "-" "meta-externalagent/1.1 (+https://developers.facebook.com/docs/sharing/webmasters/crawler)" 345 **0/345209**
57.141.20.34 - - [21/Mar/2026:05:20:36 -0700] "GET /shop/scribing/dominicans012905906943?fileloc=/home/dxfxddmd03st/public_html/wp-admin/includes/class-wp-screen.php&path=/home/dxfxddmd03st/public_html/wp-admin/includes HTTP/2.0" 403 56935 "-" "meta-externalagent/1.1 (+https://developers.facebook.com/docs/sharing/webmasters/crawler)" 336 **0/336529**
57.141.20.43 - - [21/Mar/2026:05:20:37 -0700] "GET /shop/encyclopaedy/foison0147582057?fileloc=/home/dxfxddmd03st/public_html/.tmb/.htaccess&path=/home/dxfxddmd03st/public_html/.tmb HTTP/2.0" 403 56935 "-" "meta-externalagent/1.1 (+https://developers.facebook.com/docs/sharing/webmasters/crawler)" 329 **0/329324**
216.73.216.4 - - [21/Mar/2026:05:20:37 -0700] "GET /shop/unsurmountable/acatalectic011644011411?fileloc=%2Fhome%2Fdxfxddmd03st%2Fpublic_html%2Fmoked-hash.co.il%2Fwp-login.php&path=%2Fhome%2Fdxfxddmd03st%2Fpublic_html%2Fmoked-hash.co.il HTTP/2.0" 200 15098 "-" "Mozilla/5.0 AppleWebKit/537.36 (KHTML, like Gecko; compatible; ClaudeBot/1.0; +claudebot@anthropic.com)" 336 **0/336867**
57.141.20.55 - - [21/Mar/2026:05:20:37 -0700] "GET /shop/scribing/dominicans012905906943?fileloc=/home/dxfxddmd03st/public_html/wp-admin/includes/class-wp-list-table.php&path=/home/dxfxddmd03st/public_html/wp-admin/includes HTTP/2.0" 403 56935 "-" "meta-externalagent/1.1 (+https://developers.facebook.com/docs/sharing/webmasters/crawler)" 363 **0/363117**
57.141.20.8 - - [21/Mar/2026:05:20:37 -0700] "GET /shop/insulsity/perruque012329169835?fileloc=//bin/zgrep&path=//bin HTTP/2.0" 403 56935 "-" "meta-externalagent/1.1 (+https://developers.facebook.com/docs/sharing/webmasters/crawler)" 328 **0/328801**
57.141.20.22 - - [21/Mar/2026:05:20:38 -0700] "GET /shop/scribing/dominicans012905906943?fileloc=/home/dxfxddmd03st/public_html/wp-admin/includes/class-wp-filesystem-direct.php&path=/home/dxfxddmd03st/public_html/wp-admin/includes HTTP/2.0" 403 56935 "-" "meta-externalagent/1.1 (+https://developers.facebook.com/docs/sharing/webmasters/crawler)" 318 **0/318980**
57.141.20.25 - - [21/Mar/2026:05:20:38 -0700] "GET /shop/scribing/dominicans012905906943?fileloc=/home/dxfxddmd03st/public_html/wp-admin/includes/class-wp-terms-list-table.php&path=/home/dxfxddmd03st/public_html/wp-admin/includes HTTP/2.0" 403 56935 "-" "meta-externalagent/1.1 (+https://developers.facebook.com/docs/sharing/webmasters/crawler)" 322 **0/322601**
74.7.243.195 - - [21/Mar/2026:05:20:38 -0700] "GET /shop/squeaky/parallel013789274997 HTTP/2.0" 200 3474 "https://www.artelron.com/wp-sitemap.xml" "Mozilla/5.0 AppleWebKit/537.36 (KHTML, like Gecko; compatible; GPTBot/1.3; +https://openai.com/gptbot)" 352 **0/352105**
57.141.20.28 - - [21/Mar/2026:05:20:39 -0700] "GET /shop/serphyllum/bedote011556780382?path=/home/dxfxddmd03st/public_html/artelron.com HTTP/2.0" 403 56935 "-" "meta-externalagent/1.1 (+https://developers.facebook.com/docs/sharing/webmasters/crawler)" 352 **0/352044**
57.141.20.18 - - [21/Mar/2026:05:20:39 -0700] "GET /shop/flavirostris/dactyliography013428369659?fileloc=/home/dxfxddmd03st/public_html/readme.html&path=/home/dxfxddmd03st/public_html HTTP/2.0" 403 56935 "-" "meta-externalagent/1.1 (+https://developers.facebook.com/docs/sharing/webmasters/crawler)" 332 **0/332104**
57.141.20.47 - - [21/Mar/2026:05:20:39 -0700] "GET /shop/skatol/tatusiidae012521762477?fileloc=/home/dxfxddmd03st/public_html/wp-config-sample.php&path=/home/dxfxddmd03st/public_html HTTP/2.0" 403 56935 "-" "meta-externalagent/1.1 (+https://developers.facebook.com/docs/sharing/webmasters/crawler)" 342 **0/342971**
74.7.227.172 - - [21/Mar/2026:05:20:39 -0700] "GET /?fileloc=//bin/import&path=//bin HTTP/2.0" 200 5401 "https://artelron.com/?path=//bin" "Mozilla/5.0 AppleWebKit/537.36 (KHTML, like Gecko; compatible; GPTBot/1.3; +https://openai.com/gptbot)" 324 **0/324217**
57.141.20.37 - - [21/Mar/2026:05:20:39 -0700] "GET /shop/bespotting/externalism011852757195?path=/home/dxfxddmd03st/.appdata HTTP/2.0" 403 56935 "-" "meta-externalagent/1.1 (+https://developers.facebook.com/docs/sharing/webmasters/crawler)" 324 **0/324584**
57.141.20.21 - - [21/Mar/2026:05:20:40 -0700] "GET /shop/silundum/tracklessly01977205512?fileloc=/home/dxfxddmd03st/public_html/wp-includes/pluggable-deprecated.php&path=/home/dxfxddmd03st/public_html/wp-includes HTTP/2.0" 403 56935 "-" "meta-externalagent/1.1 (+https://developers.facebook.com/docs/sharing/webmasters/crawler)" 315 **0/315970**
57.141.20.38 - - [21/Mar/2026:05:20:40 -0700] "GET /shop/bespotting/externalism011852757195?path=/home/dxfxddmd03st/.mysql_backup HTTP/2.0" 403 56935 "-" "meta-externalagent/1.1 (+https://developers.facebook.com/docs/sharing/webmasters/crawler)" 323 **0/323839**
216.73.216.4 - - [21/Mar/2026:05:20:40 -0700] "GET /shop/inspeximus/impersuadable011068093443?fileloc=%2Fhome%2Fdxfxddmd03st%2Fpublic_html%2Fmoked-hash.co.il%2Fwp-cron.php&path=%2Fhome%2Fdxfxddmd03st%2Fpublic_html%2Fmoked-hash.co.il HTTP/2.0" 200 4292 "-" "Mozilla/5.0 AppleWebKit/537.36 (KHTML, like Gecko; compatible; ClaudeBot/1.0; +claudebot@anthropic.com)" 327 **0/327259**
57.141.20.7 - - [21/Mar/2026:05:20:40 -0700] "GET /shop/calycled/descanter013721291254?path=/home/dxfxddmd03st/public_html/images HTTP/2.0" 403 56935 "-" "meta-externalagent/1.1 (+https://developers.facebook.com/docs/sharing/webmasters/crawler)" 346 **0/346167**
57.141.20.8 - - [21/Mar/2026:05:20:41 -0700] "GET /shop/gobius/sprong013664342655?fileloc=/home/dxfxddmd03st/public_html/wp-admin/export-personal-data.php&path=/home/dxfxddmd03st/public_html/wp-admin HTTP/2.0" 403 56935 "-" "meta-externalagent/1.1 (+https://developers.facebook.com/docs/sharing/webmasters/crawler)" 314 **0/314313**
57.141.20.57 - - [21/Mar/2026:05:20:41 -0700] "GET /shop/paynize/sottish011420954520?path=//tmp HTTP/2.0" 403 56935 "-" "meta-externalagent/1.1 (+https://developers.facebook.com/docs/sharing/webmasters/crawler)" 312 **0/312431**
57.141.20.32 - - [21/Mar/2026:05:20:41 -0700] "GET /shop/dejecture/taplings01618354755?fileloc=/home/dxfxddmd03st/.bashrc&path=/home/dxfxddmd03st HTTP/2.0" 403 56935 "-" "meta-externalagent/1.1 (+https://developers.facebook.com/docs/sharing/webmasters/crawler)" 322 **0/322969**
74.7.243.195 - - [21/Mar/2026:05:20:41 -0700] "GET /shop/embassy/portlast011536128991 HTTP/2.0" 200 3474 "https://www.artelron.com/wp-sitemap.xml" "Mozilla/5.0 AppleWebKit/537.36 (KHTML, like Gecko; compatible; GPTBot/1.3; +https://openai.com/gptbot)" 324 **0/324621**
57.141.20.10 - - [21/Mar/2026:05:20:42 -0700] "GET /shop/scribing/dominicans012905906943?fileloc=/home/dxfxddmd03st/public_html/wp-admin/includes/ms.php&path=/home/dxfxddmd03st/public_html/wp-admin/includes HTTP/2.0" 403 56935 "-" "meta-externalagent/1.1 (+https://developers.facebook.com/docs/sharing/webmasters/crawler)" 330 **0/330256**
57.141.20.51 - - [21/Mar/2026:05:20:42 -0700] "GET /shop/lingism/ungrateful013091259372?path=//proc/irq/26 HTTP/2.0" 403 56935 "-" "meta-externalagent/1.1 (+https://developers.facebook.com/docs/sharing/webmasters/crawler)" 323 **0/323865**
74.7.227.172 - - [21/Mar/2026:05:20:42 -0700] "GET /?fileloc=//bin/sdiff&path=//bin HTTP/2.0" 200 23637 "https://artelron.com/?path=//bin" "Mozilla/5.0 AppleWebKit/537.36 (KHTML, like Gecko; compatible; GPTBot/1.3; +https://openai.com/gptbot)" 336 **0/336328**
57.141.20.43 - - [21/Mar/2026:05:20:42 -0700] "GET /shop/hybrid/platel011559204564 HTTP/2.0" 403 56935 "-" "meta-externalagent/1.1 (+https://developers.facebook.com/docs/sharing/webmasters/crawler)" 343 **0/343484**
57.141.20.17 - - [21/Mar/2026:05:20:43 -0700] "GET /shop/calque/redcoated01196548822?path=/home/dxfxddmd03st/public_html/wp-content/mu-plugins HTTP/2.0" 403 56935 "-" "meta-externalagent/1.1 (+https://developers.facebook.com/docs/sharing/webmasters/crawler)" 332 **0/332795**
57.141.20.45 - - [21/Mar/2026:05:20:43 -0700] "GET /shop/tonguefish/naperian011483525273?fileloc=/home/dxfxddmd03st/access-logs/moked-hash.artelron.com-ssl_log&path=/home/dxfxddmd03st/access-logs HTTP/2.0" 403 56935 "-" "meta-externalagent/1.1 (+https://developers.facebook.com/docs/sharing/webmasters/crawler)" 338 **0/338854**
216.73.216.4 - - [21/Mar/2026:05:20:43 -0700] "GET /shop/parsnip/frizz013023766278?fileloc=%2Fhome%2Fdxfxddmd03st%2Fpublic_html%2Fmoked-hash.co.il%2Fwp-trackback.php&path=%2Fhome%2Fdxfxddmd03st%2Fpublic_html%2Fmoked-hash.co.il HTTP/2.0" 200 4105 "-" "Mozilla/5.0 AppleWebKit/537.36 (KHTML, like Gecko; compatible; ClaudeBot/1.0; +claudebot@anthropic.com)" 345 **0/345080**
57.141.20.19 - - [21/Mar/2026:05:20:43 -0700] "GET /shop/theosophist/acutus013062628039?fileloc=/home/dxfxddmd03st/public_html/wp-admin/tools.php&path=/home/dxfxddmd03st/public_html/wp-admin HTTP/2.0" 403 56935 "-" "meta-externalagent/1.1 (+https://developers.facebook.com/docs/sharing/webmasters/crawler)" 394 **0/394631**
57.141.20.53 - - [21/Mar/2026:05:20:44 -0700] "GET /shop/similative/artistically011729879418?fileloc=/home/dxfxddmd03st/public_html/wp-includes/class-wp-theme-json-data.php&path=/home/dxfxddmd03st/public_html/wp-includes HTTP/2.0" 403 56935 "-" "meta-externalagent/1.1 (+https://developers.facebook.com/docs/sharing/webmasters/crawler)" 391 **0/391669**
57.141.20.55 - - [21/Mar/2026:05:20:44 -0700] "GET /shop/unfriendly/dulciloquy013968023138?fileloc=/home/dxfxddmd03st/public_html/wp-links-opml.php&path=/home/dxfxddmd03st/public_html HTTP/2.0" 403 56935 "-" "meta-externalagent/1.1 (+https://developers.facebook.com/docs/sharing/webmasters/crawler)" 369 **0/369965**
74.7.243.195 - - [21/Mar/2026:05:20:45 -0700] "GET /shop/tartinis/picamar013284840507 HTTP/2.0" 200 3474 "https://www.artelron.com/wp-sitemap.xml" "Mozilla/5.0 AppleWebKit/537.36 (KHTML, like Gecko; compatible; GPTBot/1.3; +https://openai.com/gptbot)" 337 **0/337821**
57.141.20.34 - - [21/Mar/2026:05:20:45 -0700] "GET /shop/hygroscopicity/connecticuter012232822489?fileloc=/home/dxfxddmd03st/public_html/wp-admin/css/customize-widgets.css&path=/home/dxfxddmd03st/public_html/wp-admin/css HTTP/2.0" 403 56935 "-" "meta-externalagent/1.1 (+https://developers.facebook.com/docs/sharing/webmasters/crawler)" 325 **0/325567**
57.141.20.32 - - [21/Mar/2026:05:20:45 -0700] "GET /shop/lingism/ungrateful013091259372?path=//proc/irq/55 HTTP/2.0" 403 56935 "-" "meta-externalagent/1.1 (+https://developers.facebook.com/docs/sharing/webmasters/crawler)" 324 **0/324039**
57.141.20.57 - - [21/Mar/2026:05:20:45 -0700] "GET /shop/didactic/evocation012923261997?path=/home/dxfxddmd03st/.htpasswds HTTP/2.0" 403 56935 "-" "meta-externalagent/1.1 (+https://developers.facebook.com/docs/sharing/webmasters/crawler)" 354 **0/354115**
74.7.227.172 - - [21/Mar/2026:05:20:45 -0700] "GET /?fileloc=//bin/mytop&path=//bin HTTP/2.0" 200 23260 "https://artelron.com/?path=//bin" "Mozilla/5.0 AppleWebKit/537.36 (KHTML, like Gecko; compatible; GPTBot/1.3; +https://openai.com/gptbot)" 338 **0/338883**
57.141.20.17 - - [21/Mar/2026:05:20:45 -0700] "GET /shop/chaetomys/tease013818711015?fileloc=/home/dxfxddmd03st/public_html/ssl/.htaccess&path=/home/dxfxddmd03st/public_html/ssl HTTP/2.0" 403 56935 "-" "meta-externalagent/1.1 (+https://developers.facebook.com/docs/sharing/webmasters/crawler)" 341 **0/341389**
57.141.20.38 - - [21/Mar/2026:05:20:46 -0700] "GET /shop/primevertical/valebat012429940215?fileloc=/home/dxfxddmd03st/public_html/wp-includes/class-http.php&path=/home/dxfxddmd03st/public_html/wp-includes HTTP/2.0" 403 56935 "-" "meta-externalagent/1.1 (+https://developers.facebook.com/docs/sharing/webmasters/crawler)" 343 **0/343189**
57.141.20.4 - - [21/Mar/2026:05:20:46 -0700] "GET /shop/unfriendly/dulciloquy013968023138?fileloc=/home/dxfxddmd03st/.bash_logout&path=/home/dxfxddmd03st HTTP/2.0" 403 56935 "-" "meta-externalagent/1.1 (+https://developers.facebook.com/docs/sharing/webmasters/crawler)" 351 **0/351988**
216.73.216.4 - - [21/Mar/2026:05:20:46 -0700] "GET /shop/bigbellied/gleaning013383521496?fileloc=%2Fhome%2Fdxfxddmd03st%2Fpublic_html%2Fmoked-hash.co.il%2Fwp-cron.php&path=%2Fhome%2Fdxfxddmd03st%2Fpublic_html%2Fmoked-hash.co.il HTTP/2.0" 200 4292 "-" "Mozilla/5.0 AppleWebKit/537.36 (KHTML, like Gecko; compatible; ClaudeBot/1.0; +claudebot@anthropic.com)" 385 **0/385910**
57.141.20.38 - - [21/Mar/2026:05:20:47 -0700] "GET /shop/extremum/crimsonfronted0129111005?fileloc=//proc/cpuinfo&path=//proc HTTP/2.0" 403 56935 "-" "meta-externalagent/1.1 (+https://developers.facebook.com/docs/sharing/webmasters/crawler)" 342 **0/342259**
57.141.20.55 - - [21/Mar/2026:05:20:47 -0700] "GET /shop/bracket/diandrous01515559453?fileloc=/home/dxfxddmd03st/.imunify_patch_id&path=/home/dxfxddmd03st HTTP/2.0" 403 56935 "-" "meta-externalagent/1.1 (+https://developers.facebook.com/docs/sharing/webmasters/crawler)" 371 **0/371898**
57.141.20.52 - - [21/Mar/2026:05:20:47 -0700] "GET /shop/saccharinic/droller012097645944?fileloc=/home/dxfxddmd03st/public_html/xmlrpc.php&path=/home/dxfxddmd03st/public_html HTTP/2.0" 403 56935 "-" "meta-externalagent/1.1 (+https://developers.facebook.com/docs/sharing/webmasters/crawler)" 335 **0/335622**
74.7.243.195 - - [21/Mar/2026:05:20:48 -0700] "GET /shop/cupidity/reshape011497437244 HTTP/2.0" 200 3474 "https://www.artelron.com/wp-sitemap.xml" "Mozilla/5.0 AppleWebKit/537.36 (KHTML, like Gecko; compatible; GPTBot/1.3; +https://openai.com/gptbot)" 352 **0/352777**
57.141.20.13 - - [21/Mar/2026:05:20:48 -0700] "GET /shop/godevil/geanticlinal011170446703?fileloc=/home/dxfxddmd03st/public_html/moked-hash.co.il/wp-includes/category.php&path=/home/dxfxddmd03st/public_html/moked-hash.co.il/wp-includes HTTP/2.0" 403 56935 "-" "meta-externalagent/1.1 (+https://developers.facebook.com/docs/sharing/webmasters/crawler)" 338 **0/338431**
57.141.20.10 - - [21/Mar/2026:05:20:48 -0700] "GET /shop/siluridan/dreadless012778276855?fileloc=/home/dxfxddmd03st/public_html/wp-load.php&path=/home/dxfxddmd03st/public_html HTTP/2.0" 403 56935 "-" "meta-externalagent/1.1 (+https://developers.facebook.com/docs/sharing/webmasters/crawler)" 366 **0/366466**
57.141.20.28 - - [21/Mar/2026:05:20:48 -0700] "GET /shop/enchase/tsetung012334970722?fileloc=/home/dxfxddmd03st/www/wp-includes/theme-templates.php&path=/home/dxfxddmd03st/www/wp-includes HTTP/2.0" 403 56935 "-" "meta-externalagent/1.1 (+https://developers.facebook.com/docs/sharing/webmasters/crawler)" 352 **0/352434**
57.141.20.26 - - [21/Mar/2026:05:20:48 -0700] "GET /shop/hygroscopicity/connecticuter012232822489?fileloc=/home/dxfxddmd03st/public_html/wp-admin/css/login.css&path=/home/dxfxddmd03st/public_html/wp-admin/css HTTP/2.0" 403 56935 "-" "meta-externalagent/1.1 (+https://developers.facebook.com/docs/sharing/webmasters/crawler)" 324 **0/324388**
74.7.227.172 - - [21/Mar/2026:05:20:48 -0700] "GET /?fileloc=//bin/recode&path=//bin HTTP/2.0" 200 19446 "https://artelron.com/?path=//bin" "Mozilla/5.0 AppleWebKit/537.36 (KHTML, like Gecko; compatible; GPTBot/1.3; +https://openai.com/gptbot)" 331 **0/331426**
57.141.20.5 - - [21/Mar/2026:05:20:49 -0700] "GET /shop/bohemianism/arrhizous01493452072 HTTP/2.0" 403 56935 "-" "meta-externalagent/1.1 (+https://developers.facebook.com/docs/sharing/webmasters/crawler)" 321 **0/321606**
57.141.20.58 - - [21/Mar/2026:05:20:49 -0700] "GET /shop/primevertical/valebat012429940215?fileloc=/home/dxfxddmd03st/public_html/wp-includes/registration-functions.php&path=/home/dxfxddmd03st/public_html/wp-includes HTTP/2.0" 403 56935 "-" "meta-externalagent/1.1 (+https://developers.facebook.com/docs/sharing/webmasters/crawler)" 347 **0/347970**
57.141.20.55 - - [21/Mar/2026:05:20:49 -0700] "GET /shop/scribing/dominicans012905906943?fileloc=/home/dxfxddmd03st/public_html/wp-admin/includes/post.php&path=/home/dxfxddmd03st/public_html/wp-admin/includes HTTP/2.0" 403 56935 "-" "meta-externalagent/1.1 (+https://developers.facebook.com/docs/sharing/webmasters/crawler)" 329 **0/329235**
216.73.216.4 - - [21/Mar/2026:05:20:49 -0700] "GET /shop/ixodidae/indefatigably011968736215?fileloc=%2Fhome%2Fdxfxddmd03st%2Fpublic_html%2Fdeleteme.wp1aa48683cd034b939ea5dd3e61316509.php&path=%2Fhome%2Fdxfxddmd03st%2Fpublic_html HTTP/2.0" 200 2284 "-" "Mozilla/5.0 AppleWebKit/537.36 (KHTML, like Gecko; compatible; ClaudeBot/1.0; +claudebot@anthropic.com)" 334 **0/334424**
57.141.20.20 - - [21/Mar/2026:05:20:50 -0700] "GET /shop/similative/artistically011729879418?fileloc=/home/dxfxddmd03st/public_html/wp-includes/theme.php&path=/home/dxfxddmd03st/public_html/wp-includes HTTP/2.0" 403 56935 "-" "meta-externalagent/1.1 (+https://developers.facebook.com/docs/sharing/webmasters/crawler)" 315 **0/315723**
57.141.20.52 - - [21/Mar/2026:05:20:50 -0700] "GET /shop/hygroscopicity/connecticuter012232822489?fileloc=/home/dxfxddmd03st/public_html/wp-admin/css/l10n-rtl.css&path=/home/dxfxddmd03st/public_html/wp-admin/css HTTP/2.0" 403 56935 "-" "meta-externalagent/1.1 (+https://developers.facebook.com/docs/sharing/webmasters/crawler)" 321 **0/321263**
57.141.20.31 - - [21/Mar/2026:05:20:50 -0700] "GET /shop/emmove/invincibleness014227757025 HTTP/2.0" 403 56935 "-" "meta-externalagent/1.1 (+https://developers.facebook.com/docs/sharing/webmasters/crawler)" 333 **0/333418**
57.141.20.49 - - [21/Mar/2026:05:20:51 -0700] "GET /shop/windrowing/discalceate012750793949?fileloc=/home/dxfxddmd03st/public_html/wp-includes/js/shortcode.min.js&path=/home/dxfxddmd03st/public_html/wp-includes/js HTTP/2.0" 403 56935 "-" "meta-externalagent/1.1 (+https://developers.facebook.com/docs/sharing/webmasters/crawler)" 329 **0/329142**
74.7.243.195 - - [21/Mar/2026:05:20:51 -0700] "GET /shop/tooted/tragedies012791843484 HTTP/2.0" 200 3474 "https://www.artelron.com/wp-sitemap.xml" "Mozilla/5.0 AppleWebKit/537.36 (KHTML, like Gecko; compatible; GPTBot/1.3; +https://openai.com/gptbot)" 315 **0/315720**
57.141.20.41 - - [21/Mar/2026:05:20:51 -0700] "GET /shop/unfriendly/dulciloquy013968023138?path=/home/dxfxddmd03st/.htpasswds HTTP/2.0" 403 56935 "-" "meta-externalagent/1.1 (+https://developers.facebook.com/docs/sharing/webmasters/crawler)" 318 **0/318083**
57.141.20.6 - - [21/Mar/2026:05:20:51 -0700] "GET /shop/slopwork/azotize011151534208?fileloc=/home/dxfxddmd03st/public_html/wp-blog-header.php&path=/home/dxfxddmd03st/public_html HTTP/2.0" 403 56935 "-" "meta-externalagent/1.1 (+https://developers.facebook.com/docs/sharing/webmasters/crawler)" 316 **0/316388**
57.141.20.19 - - [21/Mar/2026:05:20:52 -0700] "GET /shop/trimethylene/headwater013958336681?fileloc=/home/dxfxddmd03st/public_html/moked-hash.co.il/readme.html&path=/home/dxfxddmd03st/public_html/moked-hash.co.il HTTP/2.0" 403 56935 "-" "meta-externalagent/1.1 (+https://developers.facebook.com/docs/sharing/webmasters/crawler)" 313 **0/313917**
74.7.227.172 - - [21/Mar/2026:05:20:52 -0700] "GET /?fileloc=//bin/screen&path=//bin HTTP/2.0" 200 213013 "https://artelron.com/?path=//bin" "Mozilla/5.0 AppleWebKit/537.36 (KHTML, like Gecko; compatible; GPTBot/1.3; +https://openai.com/gptbot)" 432 **0/432171**
216.73.216.4 - - [21/Mar/2026:05:20:52 -0700] "GET /shop/hebraism/bespake014218081045?fileloc=%2Fhome%2Fdxfxddmd03st%2Fpublic_html%2Frobots.txt&path=%2Fhome%2Fdxfxddmd03st%2Fpublic_html HTTP/2.0" 200 2305 "-" "Mozilla/5.0 AppleWebKit/537.36 (KHTML, like Gecko; compatible; ClaudeBot/1.0; +claudebot@anthropic.com)" 315 **0/315689**
57.141.20.31 - - [21/Mar/2026:05:20:52 -0700] "GET /shop/earldom/disimpassioned013097060243?fileloc=/home/dxfxddmd03st/public_html/wp-includes/class-avif-info.php&path=/home/dxfxddmd03st/public_html/wp-includes HTTP/2.0" 403 56935 "-" "meta-externalagent/1.1 (+https://developers.facebook.com/docs/sharing/webmasters/crawler)" 331 **0/331011**
57.141.20.56 - - [21/Mar/2026:05:20:53 -0700] "GET /shop/jemlaica/silverize013079375944 HTTP/2.0" 403 56935 "-" "meta-externalagent/1.1 (+https://developers.facebook.com/docs/sharing/webmasters/crawler)" 337 **0/337237**
57.141.20.3 - - [21/Mar/2026:05:20:53 -0700] "GET /shop/hygroscopicity/connecticuter012232822489?fileloc=/home/dxfxddmd03st/public_html/wp-admin/css/site-icon.css&path=/home/dxfxddmd03st/public_html/wp-admin/css HTTP/2.0" 403 56935 "-" "meta-externalagent/1.1 (+https://developers.facebook.com/docs/sharing/webmasters/crawler)" 347 **0/347904**
57.141.20.39 - - [21/Mar/2026:05:20:53 -0700] "GET /shop/pontificial/forfeit013597019575?fileloc=/home/dxfxddmd03st/public_html/wp-admin/options-writing.php&path=/home/dxfxddmd03st/public_html/wp-admin HTTP/2.0" 403 56935 "-" "meta-externalagent/1.1 (+https://developers.facebook.com/docs/sharing/webmasters/crawler)" 333 **0/333199**
57.141.20.8 - - [21/Mar/2026:05:20:54 -0700] "GET /shop/frith/gigas013793997649?fileloc=/home/dxfxddmd03st/public_html/wp-includes/class-wp-date-query.php&path=/home/dxfxddmd03st/public_html/wp-includes HTTP/2.0" 200 53596 "-" "meta-externalagent/1.1 (+https://developers.facebook.com/docs/sharing/webmasters/crawler)" 329 **0/329909**
