57.141.20.0 - - [21/Mar/2026:05:23:09 -0700] "GET /shop/sieboldii/troopmeal014133132842?fileloc=//bin/atq&path=//bin HTTP/2.0" 403 56935 "-" "meta-externalagent/1.1 (+https://developers.facebook.com/docs/sharing/webmasters/crawler)" 335 **0/335870**
74.7.243.195 - - [21/Mar/2026:05:23:09 -0700] "GET /shop/caparison/observant01238810456 HTTP/2.0" 200 3474 "https://www.artelron.com/wp-sitemap.xml" "Mozilla/5.0 AppleWebKit/537.36 (KHTML, like Gecko; compatible; GPTBot/1.3; +https://openai.com/gptbot)" 346 **0/346008**
57.141.20.42 - - [21/Mar/2026:05:23:10 -0700] "GET /shop/craniometrical/thyrsoid014062042339?fileloc=/home/dxfxddmd03st/public_html/wp-config.php&path=/home/dxfxddmd03st/public_html HTTP/2.0" 403 56935 "-" "meta-externalagent/1.1 (+https://developers.facebook.com/docs/sharing/webmasters/crawler)" 319 **0/319785**
57.141.20.32 - - [21/Mar/2026:05:23:10 -0700] "GET /shop/sieboldii/troopmeal014133132842?fileloc=//bin/view&path=//bin HTTP/2.0" 403 56935 "-" "meta-externalagent/1.1 (+https://developers.facebook.com/docs/sharing/webmasters/crawler)" 328 **0/328147**
57.141.20.22 - - [21/Mar/2026:05:23:11 -0700] "GET /shop/garlic/muckiness012293950862?fileloc=/home/dxfxddmd03st/public_html/wp-settings.php&path=/home/dxfxddmd03st/public_html HTTP/2.0" 403 56935 "-" "meta-externalagent/1.1 (+https://developers.facebook.com/docs/sharing/webmasters/crawler)" 330 **0/330124**
57.141.20.35 - - [21/Mar/2026:05:23:11 -0700] "GET /shop/sieboldii/troopmeal014133132842?fileloc=//bin/chcon&path=//bin HTTP/2.0" 403 56935 "-" "meta-externalagent/1.1 (+https://developers.facebook.com/docs/sharing/webmasters/crawler)" 324 **0/324912**
57.141.20.46 - - [21/Mar/2026:05:23:11 -0700] "GET /shop/sanquine/stundist013729468748?path=/home/dxfxddmd03st/.cphorde HTTP/2.0" 403 56935 "-" "meta-externalagent/1.1 (+https://developers.facebook.com/docs/sharing/webmasters/crawler)" 350 **0/350709**
74.7.227.172 - - [21/Mar/2026:05:23:11 -0700] "GET /?path=//lib/modules/4.18.0-553.94.1.lve.el8.x86_64/kernel/sound/soc HTTP/2.0" 200 2808 "https://artelron.com/?path=//lib/modules/4.18.0-553.94.1.lve.el8.x86_64/kernel/sound" "Mozilla/5.0 AppleWebKit/537.36 (KHTML, like Gecko; compatible; GPTBot/1.3; +https://openai.com/gptbot)" 326 **0/326048**
57.141.20.22 - - [21/Mar/2026:05:23:12 -0700] "GET /shop/sanquine/stundist013729468748?path=/home/dxfxddmd03st/.cpanel HTTP/2.0" 403 56935 "-" "meta-externalagent/1.1 (+https://developers.facebook.com/docs/sharing/webmasters/crawler)" 336 **0/336301**
216.73.216.4 - - [21/Mar/2026:05:23:12 -0700] "GET /shop/pileworn/lapidifying013976934599?fileloc=%2Fhome%2Fdxfxddmd03st%2Fpublic_html%2Fwp-includes%2Fmeta.php&path=%2Fhome%2Fdxfxddmd03st%2Fpublic_html%2Fwp-includes HTTP/2.0" 200 13016 "-" "Mozilla/5.0 AppleWebKit/537.36 (KHTML, like Gecko; compatible; ClaudeBot/1.0; +claudebot@anthropic.com)" 332 **0/332988**
57.141.20.55 - - [21/Mar/2026:05:23:12 -0700] "GET /shop/sieboldii/troopmeal014133132842?fileloc=//bin/mariadb-waitpid&path=//bin HTTP/2.0" 403 56935 "-" "meta-externalagent/1.1 (+https://developers.facebook.com/docs/sharing/webmasters/crawler)" 371 **0/371320**
57.141.20.14 - - [21/Mar/2026:05:23:12 -0700] "GET /shop/sieboldii/troopmeal014133132842?fileloc=//bin/cksum&path=//bin HTTP/2.0" 403 56935 "-" "meta-externalagent/1.1 (+https://developers.facebook.com/docs/sharing/webmasters/crawler)" 336 **0/336008**
57.141.20.2 - - [21/Mar/2026:05:23:13 -0700] "GET /shop/sieboldii/troopmeal014133132842?fileloc=//bin/paste&path=//bin HTTP/2.0" 403 56935 "-" "meta-externalagent/1.1 (+https://developers.facebook.com/docs/sharing/webmasters/crawler)" 327 **0/327184**
74.7.243.195 - - [21/Mar/2026:05:23:13 -0700] "GET /shop/pollen/discommodious011666996068 HTTP/2.0" 200 3474 "https://www.artelron.com/wp-sitemap.xml" "Mozilla/5.0 AppleWebKit/537.36 (KHTML, like Gecko; compatible; GPTBot/1.3; +https://openai.com/gptbot)" 326 **0/326096**
57.141.20.14 - - [21/Mar/2026:05:23:13 -0700] "GET /shop/sieboldii/troopmeal014133132842?fileloc=//bin/neqn&path=//bin HTTP/2.0" 403 56935 "-" "meta-externalagent/1.1 (+https://developers.facebook.com/docs/sharing/webmasters/crawler)" 339 **0/339936**
57.141.20.2 - - [21/Mar/2026:05:23:13 -0700] "GET /shop/isolator/proteron011878846183?path=/home/dxfxddmd03st/public_html/ssl HTTP/2.0" 403 56935 "-" "meta-externalagent/1.1 (+https://developers.facebook.com/docs/sharing/webmasters/crawler)" 320 **0/320913**
57.141.20.41 - - [21/Mar/2026:05:23:14 -0700] "GET /shop/sieboldii/troopmeal014133132842?fileloc=//bin/scl_source&path=//bin HTTP/2.0" 403 56935 "-" "meta-externalagent/1.1 (+https://developers.facebook.com/docs/sharing/webmasters/crawler)" 320 **0/320150**
57.141.20.32 - - [21/Mar/2026:05:23:14 -0700] "GET /shop/sieboldii/troopmeal014133132842?fileloc=//bin/unlink&path=//bin HTTP/2.0" 403 56935 "-" "meta-externalagent/1.1 (+https://developers.facebook.com/docs/sharing/webmasters/crawler)" 326 **0/326922**
57.141.20.34 - - [21/Mar/2026:05:23:14 -0700] "GET /shop/insulsity/perruque012329169835?fileloc=/home/dxfxddmd03st/public_html/wp-admin/network/plugin-editor.php&path=/home/dxfxddmd03st/public_html/wp-admin/network HTTP/2.0" 403 56935 "-" "meta-externalagent/1.1 (+https://developers.facebook.com/docs/sharing/webmasters/crawler)" 352 **0/352919**
74.7.227.172 - - [21/Mar/2026:05:23:15 -0700] "GET /?path=//lib/modules/4.18.0-553.94.1.lve.el8.x86_64/kernel/sound/pci HTTP/2.0" 200 3546 "https://artelron.com/?path=//lib/modules/4.18.0-553.94.1.lve.el8.x86_64/kernel/sound" "Mozilla/5.0 AppleWebKit/537.36 (KHTML, like Gecko; compatible; GPTBot/1.3; +https://openai.com/gptbot)" 328 **0/328844**
216.73.216.4 - - [21/Mar/2026:05:23:15 -0700] "GET /shop/kurdish/cosmetologist012439434666?path=%2F%2Fetc%2Fsecurity HTTP/2.0" 200 3114 "-" "Mozilla/5.0 AppleWebKit/537.36 (KHTML, like Gecko; compatible; ClaudeBot/1.0; +claudebot@anthropic.com)" 308 **0/308800**
57.141.20.34 - - [21/Mar/2026:05:23:15 -0700] "GET /shop/sieboldii/troopmeal014133132842?fileloc=//bin/kill&path=//bin HTTP/2.0" 403 56935 "-" "meta-externalagent/1.1 (+https://developers.facebook.com/docs/sharing/webmasters/crawler)" 323 **0/323546**
57.141.20.32 - - [21/Mar/2026:05:23:15 -0700] "GET /shop/sieboldii/troopmeal014133132842?fileloc=//bin/zfgrep&path=//bin HTTP/2.0" 403 56935 "-" "meta-externalagent/1.1 (+https://developers.facebook.com/docs/sharing/webmasters/crawler)" 321 **0/321726**
57.141.20.7 - - [21/Mar/2026:05:23:15 -0700] "GET /shop/sieboldii/troopmeal014133132842?fileloc=//bin/true&path=//bin HTTP/2.0" 403 56935 "-" "meta-externalagent/1.1 (+https://developers.facebook.com/docs/sharing/webmasters/crawler)" 320 **0/320357**
74.7.243.195 - - [21/Mar/2026:05:23:16 -0700] "GET /shop/betula/adams011588306983 HTTP/2.0" 200 3474 "https://www.artelron.com/wp-sitemap.xml" "Mozilla/5.0 AppleWebKit/537.36 (KHTML, like Gecko; compatible; GPTBot/1.3; +https://openai.com/gptbot)" 313 **0/313384**
57.141.20.29 - - [21/Mar/2026:05:23:16 -0700] "GET /shop/sieboldii/troopmeal014133132842?fileloc=//bin/shred&path=//bin HTTP/2.0" 403 56935 "-" "meta-externalagent/1.1 (+https://developers.facebook.com/docs/sharing/webmasters/crawler)" 320 **0/320792**
57.141.20.31 - - [21/Mar/2026:05:23:16 -0700] "GET /shop/sieboldii/troopmeal014133132842?fileloc=//bin/import&path=//bin HTTP/2.0" 403 56935 "-" "meta-externalagent/1.1 (+https://developers.facebook.com/docs/sharing/webmasters/crawler)" 309 **0/309618**
57.141.20.14 - - [21/Mar/2026:05:23:16 -0700] "GET /shop/sieboldii/troopmeal014133132842?fileloc=//bin/zgrep&path=//bin HTTP/2.0" 403 56935 "-" "meta-externalagent/1.1 (+https://developers.facebook.com/docs/sharing/webmasters/crawler)" 324 **0/324877**
57.141.20.43 - - [21/Mar/2026:05:23:17 -0700] "GET /shop/sieboldii/troopmeal014133132842?fileloc=//bin/whoami&path=//bin HTTP/2.0" 403 56935 "-" "meta-externalagent/1.1 (+https://developers.facebook.com/docs/sharing/webmasters/crawler)" 323 **0/323473**
57.141.20.13 - - [21/Mar/2026:05:23:17 -0700] "GET /shop/fugacity/expired012632037479?fileloc=/home/dxfxddmd03st/public_html/wp-admin/options-reading.php&path=/home/dxfxddmd03st/public_html/wp-admin HTTP/2.0" 403 56935 "-" "meta-externalagent/1.1 (+https://developers.facebook.com/docs/sharing/webmasters/crawler)" 314 **0/314120**
57.141.20.13 - - [21/Mar/2026:05:23:17 -0700] "GET /shop/sieboldii/troopmeal014133132842?fileloc=//bin/mariadb-setpermission&path=//bin HTTP/2.0" 403 56935 "-" "meta-externalagent/1.1 (+https://developers.facebook.com/docs/sharing/webmasters/crawler)" 332 **0/332800**
57.141.20.47 - - [21/Mar/2026:05:23:18 -0700] "GET /shop/sieboldii/troopmeal014133132842?fileloc=//bin/top&path=//bin HTTP/2.0" 403 56935 "-" "meta-externalagent/1.1 (+https://developers.facebook.com/docs/sharing/webmasters/crawler)" 327 **0/327894**
216.73.216.4 - - [21/Mar/2026:05:23:18 -0700] "GET /shop/shakefork/elevator012008374746?path=%2Fhome%2Fdxfxddmd03st%2Fpublic_html%2Fimages HTTP/2.0" 200 2686 "-" "Mozilla/5.0 AppleWebKit/537.36 (KHTML, like Gecko; compatible; ClaudeBot/1.0; +claudebot@anthropic.com)" 322 **0/322417**
74.7.227.172 - - [21/Mar/2026:05:23:18 -0700] "GET /?path=//lib/modules/4.18.0-553.94.1.lve.el8.x86_64/kernel/arch/x86/kernel HTTP/2.0" 200 2600 "https://artelron.com/?path=//lib/modules/4.18.0-553.94.1.lve.el8.x86_64/kernel/arch/x86" "Mozilla/5.0 AppleWebKit/537.36 (KHTML, like Gecko; compatible; GPTBot/1.3; +https://openai.com/gptbot)" 336 **0/336600**
57.141.20.40 - - [21/Mar/2026:05:23:18 -0700] "GET /shop/sieboldii/troopmeal014133132842?fileloc=//bin/seq&path=//bin HTTP/2.0" 403 56935 "-" "meta-externalagent/1.1 (+https://developers.facebook.com/docs/sharing/webmasters/crawler)" 336 **0/336090**
57.141.20.36 - - [21/Mar/2026:05:23:18 -0700] "GET /shop/bespotting/externalism011852757195?fileloc=/home/dxfxddmd03st/.bash_profile&path=/home/dxfxddmd03st HTTP/2.0" 403 56935 "-" "meta-externalagent/1.1 (+https://developers.facebook.com/docs/sharing/webmasters/crawler)" 320 **0/320002**
57.141.20.18 - - [21/Mar/2026:05:23:19 -0700] "GET /shop/hyaline/oxysulphide011335556407?fileloc=/home/dxfxddmd03st/public_html/wp-blog-header.php&path=/home/dxfxddmd03st/public_html HTTP/2.0" 403 56935 "-" "meta-externalagent/1.1 (+https://developers.facebook.com/docs/sharing/webmasters/crawler)" 326 **0/326364**
74.7.243.195 - - [21/Mar/2026:05:23:19 -0700] "GET /shop/wurmal/roble014019674349 HTTP/2.0" 200 3474 "https://www.artelron.com/wp-sitemap.xml" "Mozilla/5.0 AppleWebKit/537.36 (KHTML, like Gecko; compatible; GPTBot/1.3; +https://openai.com/gptbot)" 317 **0/317947**
57.141.20.38 - - [21/Mar/2026:05:23:19 -0700] "GET /shop/sieboldii/troopmeal014133132842?fileloc=//bin/sqlite3&path=//bin HTTP/2.0" 403 56935 "-" "meta-externalagent/1.1 (+https://developers.facebook.com/docs/sharing/webmasters/crawler)" 322 **0/322296**
57.141.20.33 - - [21/Mar/2026:05:23:19 -0700] "GET /shop/sieboldii/troopmeal014133132842?fileloc=//bin/gcc-ranlib&path=//bin HTTP/2.0" 403 56935 "-" "meta-externalagent/1.1 (+https://developers.facebook.com/docs/sharing/webmasters/crawler)" 316 **0/316456**
57.141.20.21 - - [21/Mar/2026:05:23:20 -0700] "GET /shop/sieboldii/troopmeal014133132842?fileloc=//bin/automake-1.16&path=//bin HTTP/2.0" 403 56935 "-" "meta-externalagent/1.1 (+https://developers.facebook.com/docs/sharing/webmasters/crawler)" 330 **0/330983**
57.141.20.17 - - [21/Mar/2026:05:23:20 -0700] "GET /shop/sieboldii/troopmeal014133132842?fileloc=//bin/sed&path=//bin HTTP/2.0" 403 56935 "-" "meta-externalagent/1.1 (+https://developers.facebook.com/docs/sharing/webmasters/crawler)" 325 **0/325353**
57.141.20.46 - - [21/Mar/2026:05:23:20 -0700] "GET /shop/sieboldii/troopmeal014133132842?fileloc=//bin/cal&path=//bin HTTP/2.0" 403 56935 "-" "meta-externalagent/1.1 (+https://developers.facebook.com/docs/sharing/webmasters/crawler)" 347 **0/347783**
57.141.20.36 - - [21/Mar/2026:05:23:21 -0700] "GET /shop/sieboldii/troopmeal014133132842?fileloc=//bin/perldoc&path=//bin HTTP/2.0" 403 56935 "-" "meta-externalagent/1.1 (+https://developers.facebook.com/docs/sharing/webmasters/crawler)" 322 **0/322706**
74.7.227.172 - - [21/Mar/2026:05:23:21 -0700] "GET /?path=//lib/modules/4.18.0-553.94.1.lve.el8.x86_64/kernel/arch/x86/kvm HTTP/2.0" 200 2691 "https://artelron.com/?path=//lib/modules/4.18.0-553.94.1.lve.el8.x86_64/kernel/arch/x86" "Mozilla/5.0 AppleWebKit/537.36 (KHTML, like Gecko; compatible; GPTBot/1.3; +https://openai.com/gptbot)" 316 **0/316656**
57.141.20.59 - - [21/Mar/2026:05:23:21 -0700] "GET /shop/sieboldii/troopmeal014133132842?fileloc=//bin/scp&path=//bin HTTP/2.0" 403 56935 "-" "meta-externalagent/1.1 (+https://developers.facebook.com/docs/sharing/webmasters/crawler)" 327 **0/327482**
57.141.20.59 - - [21/Mar/2026:05:23:21 -0700] "GET /shop/liard/submultiple01928794959?path=/home/dxfxddmd03st/public_html/cgi-bin/cgi-bin HTTP/2.0" 403 56935 "-" "meta-externalagent/1.1 (+https://developers.facebook.com/docs/sharing/webmasters/crawler)" 308 **0/308045**
57.141.20.17 - - [21/Mar/2026:05:23:21 -0700] "GET /shop/sieboldii/troopmeal014133132842?fileloc=//bin/base32&path=//bin HTTP/2.0" 403 56935 "-" "meta-externalagent/1.1 (+https://developers.facebook.com/docs/sharing/webmasters/crawler)" 331 **0/331837**
74.7.243.195 - - [21/Mar/2026:05:23:22 -0700] "GET /shop/marchantiaceae/ceint0166342408?fileloc=/home/dxfxddmd03st/public_html/wp-config-sample.php&path=/home/dxfxddmd03st/public_html HTTP/2.0" 200 3490 "https://www.artelron.com/shop/marchantiaceae/ceint0166342408" "Mozilla/5.0 AppleWebKit/537.36 (KHTML, like Gecko; compatible; GPTBot/1.3; +https://openai.com/gptbot)" 327 **0/327702**
57.141.20.27 - - [21/Mar/2026:05:23:22 -0700] "GET /shop/sieboldii/troopmeal014133132842?fileloc=//bin/ssh&path=//bin HTTP/2.0" 403 56935 "-" "meta-externalagent/1.1 (+https://developers.facebook.com/docs/sharing/webmasters/crawler)" 315 **0/315793**
57.141.20.27 - - [21/Mar/2026:05:23:22 -0700] "GET /shop/sieboldii/troopmeal014133132842?fileloc=//bin/expr&path=//bin HTTP/2.0" 403 56935 "-" "meta-externalagent/1.1 (+https://developers.facebook.com/docs/sharing/webmasters/crawler)" 322 **0/322295**
57.141.20.25 - - [21/Mar/2026:05:23:23 -0700] "GET /shop/sieboldii/troopmeal014133132842?fileloc=//bin/getent&path=//bin HTTP/2.0" 403 56935 "-" "meta-externalagent/1.1 (+https://developers.facebook.com/docs/sharing/webmasters/crawler)" 347 **0/347466**
216.73.216.4 - - [21/Mar/2026:05:23:23 -0700] "GET /shop/bedecking/danais011916368705?path=%2Fhome%2Fdxfxddmd03st%2Fpublic_html%2Fwp-includes%2Fsodium_compat HTTP/2.0" 200 2863 "-" "Mozilla/5.0 AppleWebKit/537.36 (KHTML, like Gecko; compatible; ClaudeBot/1.0; +claudebot@anthropic.com)" 321 **0/321683**
57.141.20.45 - - [21/Mar/2026:05:23:23 -0700] "GET /shop/cockeye/bipectinate01508382944?fileloc=/home/dxfxddmd03st/public_html/wp-mail.php&path=/home/dxfxddmd03st/public_html HTTP/2.0" 403 56935 "-" "meta-externalagent/1.1 (+https://developers.facebook.com/docs/sharing/webmasters/crawler)" 336 **0/336445**
57.141.20.56 - - [21/Mar/2026:05:23:23 -0700] "GET /shop/sieboldii/troopmeal014133132842?fileloc=//bin/mariadb-plugin&path=//bin HTTP/2.0" 403 56935 "-" "meta-externalagent/1.1 (+https://developers.facebook.com/docs/sharing/webmasters/crawler)" 326 **0/326655**
57.141.20.38 - - [21/Mar/2026:05:23:24 -0700] "GET /shop/sieboldii/troopmeal014133132842?fileloc=//bin/bzip2recover&path=//bin HTTP/2.0" 403 56935 "-" "meta-externalagent/1.1 (+https://developers.facebook.com/docs/sharing/webmasters/crawler)" 335 **0/335968**
74.7.227.172 - - [21/Mar/2026:05:23:24 -0700] "GET /?path=//lib/modules/4.18.0-553.94.1.lve.el8.x86_64/kernel/sound/hda HTTP/2.0" 200 2760 "https://artelron.com/?path=//lib/modules/4.18.0-553.94.1.lve.el8.x86_64/kernel/sound" "Mozilla/5.0 AppleWebKit/537.36 (KHTML, like Gecko; compatible; GPTBot/1.3; +https://openai.com/gptbot)" 332 **0/332401**
57.141.20.55 - - [21/Mar/2026:05:23:24 -0700] "GET /shop/silundum/tracklessly01977205512?fileloc=/home/dxfxddmd03st/public_html/wp-includes/class-wp-error.php&path=/home/dxfxddmd03st/public_html/wp-includes HTTP/2.0" 403 56935 "-" "meta-externalagent/1.1 (+https://developers.facebook.com/docs/sharing/webmasters/crawler)" 344 **0/344545**
57.141.20.0 - - [21/Mar/2026:05:23:24 -0700] "GET /shop/hygroscopicity/connecticuter012232822489?fileloc=/home/dxfxddmd03st/public_html/wp-admin/options.php&path=/home/dxfxddmd03st/public_html/wp-admin HTTP/2.0" 403 56935 "-" "meta-externalagent/1.1 (+https://developers.facebook.com/docs/sharing/webmasters/crawler)" 326 **0/326155**
57.141.20.59 - - [21/Mar/2026:05:23:25 -0700] "GET /shop/chitterlings/inextended012103610370?fileloc=/home/dxfxddmd03st/public_html/wp-blog-header.php&path=/home/dxfxddmd03st/public_html HTTP/2.0" 403 56935 "-" "meta-externalagent/1.1 (+https://developers.facebook.com/docs/sharing/webmasters/crawler)" 316 **0/316694**
57.141.20.52 - - [21/Mar/2026:05:23:25 -0700] "GET /shop/sieboldii/troopmeal014133132842?fileloc=//bin/replace&path=//bin HTTP/2.0" 403 56935 "-" "meta-externalagent/1.1 (+https://developers.facebook.com/docs/sharing/webmasters/crawler)" 322 **0/322355**
74.7.243.195 - - [21/Mar/2026:05:23:25 -0700] "GET /shop/europaeum/frigorific0165130309?fileloc=/home/dxfxddmd03st/public_html/wp-login.php&path=/home/dxfxddmd03st/public_html HTTP/2.0" 200 15075 "https://www.artelron.com/shop/europaeum/frigorific0165130309" "Mozilla/5.0 AppleWebKit/537.36 (KHTML, like Gecko; compatible; GPTBot/1.3; +https://openai.com/gptbot)" 323 **0/323794**
57.141.20.41 - - [21/Mar/2026:05:23:25 -0700] "GET /shop/sieboldii/troopmeal014133132842?fileloc=//bin/xmlcatalog&path=//bin HTTP/2.0" 403 56935 "-" "meta-externalagent/1.1 (+https://developers.facebook.com/docs/sharing/webmasters/crawler)" 327 **0/327496**
216.73.216.4 - - [21/Mar/2026:05:23:25 -0700] "GET /shop/hemitropy/caird013466890064?path=%2Fhome%2Fdxfxddmd03st%2Fpublic_html%2Fssl HTTP/2.0" 200 2667 "-" "Mozilla/5.0 AppleWebKit/537.36 (KHTML, like Gecko; compatible; ClaudeBot/1.0; +claudebot@anthropic.com)" 334 **0/334989**
57.141.20.40 - - [21/Mar/2026:05:23:26 -0700] "GET /shop/sieboldii/troopmeal014133132842?fileloc=//bin/xargs&path=//bin HTTP/2.0" 403 56935 "-" "meta-externalagent/1.1 (+https://developers.facebook.com/docs/sharing/webmasters/crawler)" 326 **0/326487**
57.141.20.7 - - [21/Mar/2026:05:23:26 -0700] "GET /shop/sieboldii/troopmeal014133132842?fileloc=//bin/pdf2dsc&path=//bin HTTP/2.0" 403 56935 "-" "meta-externalagent/1.1 (+https://developers.facebook.com/docs/sharing/webmasters/crawler)" 337 **0/337659**
57.141.20.48 - - [21/Mar/2026:05:23:26 -0700] "GET /shop/sieboldii/troopmeal014133132842?fileloc=//bin/git-upload-pack&path=//bin HTTP/2.0" 403 56935 "-" "meta-externalagent/1.1 (+https://developers.facebook.com/docs/sharing/webmasters/crawler)" 338 **0/338276**
57.141.20.17 - - [21/Mar/2026:05:23:26 -0700] "GET /shop/sieboldii/troopmeal014133132842?fileloc=//bin/gcov-tool&path=//bin HTTP/2.0" 403 56935 "-" "meta-externalagent/1.1 (+https://developers.facebook.com/docs/sharing/webmasters/crawler)" 342 **0/342651**
57.141.20.0 - - [21/Mar/2026:05:23:27 -0700] "GET /shop/sieboldii/troopmeal014133132842?fileloc=//bin/fc-query&path=//bin HTTP/2.0" 403 56935 "-" "meta-externalagent/1.1 (+https://developers.facebook.com/docs/sharing/webmasters/crawler)" 320 **0/320694**
74.7.227.172 - - [21/Mar/2026:05:23:27 -0700] "GET /?fileloc=//usr/lib64/libgomp.so.1&path=//usr/lib64 HTTP/2.0" 200 91632 "https://artelron.com/?path=//usr/lib64" "Mozilla/5.0 AppleWebKit/537.36 (KHTML, like Gecko; compatible; GPTBot/1.3; +https://openai.com/gptbot)" 358 **0/358366**
57.141.20.54 - - [21/Mar/2026:05:23:27 -0700] "GET /shop/sieboldii/troopmeal014133132842?fileloc=//bin/freetype-config&path=//bin HTTP/2.0" 403 56935 "-" "meta-externalagent/1.1 (+https://developers.facebook.com/docs/sharing/webmasters/crawler)" 322 **0/322676**
57.141.20.52 - - [21/Mar/2026:05:23:28 -0700] "GET /shop/azotite/urate0182241504?fileloc=/home/dxfxddmd03st/public_html/.htaccess&path=/home/dxfxddmd03st/public_html HTTP/2.0" 403 56935 "-" "meta-externalagent/1.1 (+https://developers.facebook.com/docs/sharing/webmasters/crawler)" 316 **0/316568**
57.141.20.33 - - [21/Mar/2026:05:23:28 -0700] "GET /shop/envious/disgracer013119772574?fileloc=/home/dxfxddmd03st/public_html/wp-includes/load.php&path=/home/dxfxddmd03st/public_html/wp-includes HTTP/2.0" 403 56935 "-" "meta-externalagent/1.1 (+https://developers.facebook.com/docs/sharing/webmasters/crawler)" 322 **0/322581**
74.7.243.195 - - [21/Mar/2026:05:23:28 -0700] "GET /shop/sundew/loris012591261494 HTTP/2.0" 200 3474 "https://www.artelron.com/wp-sitemap.xml" "Mozilla/5.0 AppleWebKit/537.36 (KHTML, like Gecko; compatible; GPTBot/1.3; +https://openai.com/gptbot)" 312 **0/312763**
57.141.20.26 - - [21/Mar/2026:05:23:28 -0700] "GET /shop/solvency/predella014256615569 HTTP/2.0" 403 56935 "-" "meta-externalagent/1.1 (+https://developers.facebook.com/docs/sharing/webmasters/crawler)" 316 **0/316235**
216.73.216.4 - - [21/Mar/2026:05:23:28 -0700] "GET /shop/exoteric/nyctophilus014273214619?path=%2Fhome%2Fdxfxddmd03st%2Fpublic_html%2Fwp-includes HTTP/2.0" 200 9998 "-" "Mozilla/5.0 AppleWebKit/537.36 (KHTML, like Gecko; compatible; ClaudeBot/1.0; +claudebot@anthropic.com)" 332 **0/332241**
57.141.20.45 - - [21/Mar/2026:05:23:29 -0700] "GET /shop/similative/artistically011729879418?path=/home/dxfxddmd03st/public_html/wp-admin/maint HTTP/2.0" 403 56935 "-" "meta-externalagent/1.1 (+https://developers.facebook.com/docs/sharing/webmasters/crawler)" 327 **0/327259**
57.141.20.2 - - [21/Mar/2026:05:23:29 -0700] "GET /shop/sieboldii/troopmeal014133132842?fileloc=//bin/openssl&path=//bin HTTP/2.0" 403 56935 "-" "meta-externalagent/1.1 (+https://developers.facebook.com/docs/sharing/webmasters/crawler)" 310 **0/310717**
57.141.20.55 - - [21/Mar/2026:05:23:29 -0700] "GET /shop/sieboldii/troopmeal014133132842?fileloc=//bin/diff&path=//bin HTTP/2.0" 403 56935 "-" "meta-externalagent/1.1 (+https://developers.facebook.com/docs/sharing/webmasters/crawler)" 308 **0/308040**
57.141.20.2 - - [21/Mar/2026:05:23:30 -0700] "GET /shop/sieboldii/troopmeal014133132842?fileloc=//bin/numfmt&path=//bin HTTP/2.0" 403 56935 "-" "meta-externalagent/1.1 (+https://developers.facebook.com/docs/sharing/webmasters/crawler)" 341 **0/341870**
74.7.227.172 - - [21/Mar/2026:05:23:30 -0700] "GET /?fileloc=//usr/lib64/libmana.so.1&path=//usr/lib64 HTTP/2.0" 200 10566 "https://artelron.com/?path=//usr/lib64" "Mozilla/5.0 AppleWebKit/537.36 (KHTML, like Gecko; compatible; GPTBot/1.3; +https://openai.com/gptbot)" 341 **0/341459**
57.141.20.55 - - [21/Mar/2026:05:23:30 -0700] "GET /shop/admonitorily/carbunculation011369988611?fileloc=/home/dxfxddmd03st/public_html/robots.txt&path=/home/dxfxddmd03st/public_html HTTP/2.0" 403 56935 "-" "meta-externalagent/1.1 (+https://developers.facebook.com/docs/sharing/webmasters/crawler)" 324 **0/324504**
57.141.20.51 - - [21/Mar/2026:05:23:30 -0700] "GET /shop/insulsity/perruque012329169835?fileloc=/home/dxfxddmd03st/public_html/wp-admin/css/site-icon-rtl.min.css&path=/home/dxfxddmd03st/public_html/wp-admin/css HTTP/2.0" 403 56935 "-" "meta-externalagent/1.1 (+https://developers.facebook.com/docs/sharing/webmasters/crawler)" 325 **0/325101**
57.141.20.13 - - [21/Mar/2026:05:23:30 -0700] "GET /shop/sieboldii/troopmeal014133132842?fileloc=//bin/wc&path=//bin HTTP/2.0" 403 56935 "-" "meta-externalagent/1.1 (+https://developers.facebook.com/docs/sharing/webmasters/crawler)" 315 **0/315092**
57.141.20.17 - - [21/Mar/2026:05:23:31 -0700] "GET /shop/sieboldii/troopmeal014133132842?fileloc=//bin/cpan&path=//bin HTTP/2.0" 403 56935 "-" "meta-externalagent/1.1 (+https://developers.facebook.com/docs/sharing/webmasters/crawler)" 334 **0/334498**
57.141.20.41 - - [21/Mar/2026:05:23:31 -0700] "GET /shop/sieboldii/troopmeal014133132842?fileloc=//bin/nproc&path=//bin HTTP/2.0" 403 56935 "-" "meta-externalagent/1.1 (+https://developers.facebook.com/docs/sharing/webmasters/crawler)" 345 **0/345598**
216.73.216.4 - - [21/Mar/2026:05:23:31 -0700] "GET /shop/sheating/basen011237434886?path=%2Fhome%2Fdxfxddmd03st HTTP/2.0" 200 3729 "-" "Mozilla/5.0 AppleWebKit/537.36 (KHTML, like Gecko; compatible; ClaudeBot/1.0; +claudebot@anthropic.com)" 326 **0/326181**
74.7.243.195 - - [21/Mar/2026:05:23:31 -0700] "GET /shop/urnal/glibly011284783712 HTTP/2.0" 200 3474 "https://www.artelron.com/wp-sitemap.xml" "Mozilla/5.0 AppleWebKit/537.36 (KHTML, like Gecko; compatible; GPTBot/1.3; +https://openai.com/gptbot)" 335 **0/335080**
57.141.20.40 - - [21/Mar/2026:05:23:32 -0700] "GET /shop/sieboldii/troopmeal014133132842?fileloc=//bin/fc-scan&path=//bin HTTP/2.0" 403 56935 "-" "meta-externalagent/1.1 (+https://developers.facebook.com/docs/sharing/webmasters/crawler)" 320 **0/320289**
57.141.20.41 - - [21/Mar/2026:05:23:32 -0700] "GET /shop/sieboldii/troopmeal014133132842?fileloc=//bin/tr&path=//bin HTTP/2.0" 403 56935 "-" "meta-externalagent/1.1 (+https://developers.facebook.com/docs/sharing/webmasters/crawler)" 405 **0/405114**
57.141.20.45 - - [21/Mar/2026:05:23:32 -0700] "GET /shop/extremum/crimsonfronted0129111005?path=/home/dxfxddmd03st/public_html/wp-content HTTP/2.0" 403 56935 "-" "meta-externalagent/1.1 (+https://developers.facebook.com/docs/sharing/webmasters/crawler)" 366 **0/366010**
57.141.20.55 - - [21/Mar/2026:05:23:33 -0700] "GET /shop/sieboldii/troopmeal014133132842?fileloc=//bin/grops&path=//bin HTTP/2.0" 403 56935 "-" "meta-externalagent/1.1 (+https://developers.facebook.com/docs/sharing/webmasters/crawler)" 327 **0/327774**
57.141.20.55 - - [21/Mar/2026:05:23:33 -0700] "GET /shop/sieboldii/troopmeal014133132842?fileloc=//bin/geoiplookup&path=//bin HTTP/2.0" 403 56935 "-" "meta-externalagent/1.1 (+https://developers.facebook.com/docs/sharing/webmasters/crawler)" 324 **0/324545**
74.7.227.172 - - [21/Mar/2026:05:23:33 -0700] "GET /?fileloc=//usr/lib64/libraqm.so.0&path=//usr/lib64 HTTP/2.0" 200 10380 "https://artelron.com/?path=//usr/lib64" "Mozilla/5.0 AppleWebKit/537.36 (KHTML, like Gecko; compatible; GPTBot/1.3; +https://openai.com/gptbot)" 351 **0/351015**
57.141.20.36 - - [21/Mar/2026:05:23:33 -0700] "GET /shop/wileful/dishevelling012629709366 HTTP/2.0" 403 56935 "-" "meta-externalagent/1.1 (+https://developers.facebook.com/docs/sharing/webmasters/crawler)" 322 **0/322343**
57.141.20.12 - - [21/Mar/2026:05:23:34 -0700] "GET /shop/slopwork/azotize011151534208?fileloc=/home/dxfxddmd03st/public_html/robots.txt&path=/home/dxfxddmd03st/public_html HTTP/2.0" 403 56935 "-" "meta-externalagent/1.1 (+https://developers.facebook.com/docs/sharing/webmasters/crawler)" 316 **0/316072**
57.141.20.16 - - [21/Mar/2026:05:23:34 -0700] "GET /shop/sieboldii/troopmeal014133132842?fileloc=//bin/gcc-ar&path=//bin HTTP/2.0" 403 56935 "-" "meta-externalagent/1.1 (+https://developers.facebook.com/docs/sharing/webmasters/crawler)" 320 **0/320726**
57.141.20.45 - - [21/Mar/2026:05:23:34 -0700] "GET /shop/predicative/ophibolus01491027890?path=/home HTTP/2.0" 403 56935 "-" "meta-externalagent/1.1 (+https://developers.facebook.com/docs/sharing/webmasters/crawler)" 345 **0/345363**
216.73.216.4 - - [21/Mar/2026:05:23:34 -0700] "GET /shop/encompass/shipyard013629810058?fileloc=%2Fhome%2Fdxfxddmd03st%2Fpublic_html%2Fwp-admin%2Fedit-comments.php&path=%2Fhome%2Fdxfxddmd03st%2Fpublic_html%2Fwp-admin HTTP/2.0" 200 6300 "-" "Mozilla/5.0 AppleWebKit/537.36 (KHTML, like Gecko; compatible; ClaudeBot/1.0; +claudebot@anthropic.com)" 326 **0/326046**
74.7.243.195 - - [21/Mar/2026:05:23:35 -0700] "GET /shop/spine/cowage013483561066 HTTP/2.0" 200 3474 "https://www.artelron.com/wp-sitemap.xml" "Mozilla/5.0 AppleWebKit/537.36 (KHTML, like Gecko; compatible; GPTBot/1.3; +https://openai.com/gptbot)" 317 **0/317500**
57.141.20.45 - - [21/Mar/2026:05:23:35 -0700] "GET /shop/blackjack/coeducational01463544952?fileloc=/home/dxfxddmd03st/public_html/wp-includes/class-oembed.php&path=/home/dxfxddmd03st/public_html/wp-includes HTTP/2.0" 403 56935 "-" "meta-externalagent/1.1 (+https://developers.facebook.com/docs/sharing/webmasters/crawler)" 312 **0/312487**
57.141.20.13 - - [21/Mar/2026:05:23:35 -0700] "GET /shop/sieboldii/troopmeal014133132842?path=//run/nscd HTTP/2.0" 403 56935 "-" "meta-externalagent/1.1 (+https://developers.facebook.com/docs/sharing/webmasters/crawler)" 318 **0/318595**
57.141.20.36 - - [21/Mar/2026:05:23:35 -0700] "GET /shop/adelaster/parepididymis011639269271?fileloc=/home/dxfxddmd03st/.lastlogin&path=/home/dxfxddmd03st HTTP/2.0" 403 56935 "-" "meta-externalagent/1.1 (+https://developers.facebook.com/docs/sharing/webmasters/crawler)" 334 **0/334722**
57.141.20.0 - - [21/Mar/2026:05:23:36 -0700] "GET /shop/sieboldii/troopmeal014133132842?fileloc=//bin/vimdiff&path=//bin HTTP/2.0" 403 56935 "-" "meta-externalagent/1.1 (+https://developers.facebook.com/docs/sharing/webmasters/crawler)" 333 **0/333430**
57.141.20.48 - - [21/Mar/2026:05:23:36 -0700] "GET /shop/swords/esculent012758152261?fileloc=/home/dxfxddmd03st/public_html/wp-links-opml.php&path=/home/dxfxddmd03st/public_html HTTP/2.0" 403 56935 "-" "meta-externalagent/1.1 (+https://developers.facebook.com/docs/sharing/webmasters/crawler)" 335 **0/335303**
57.141.20.30 - - [21/Mar/2026:05:23:36 -0700] "GET /shop/sieboldii/troopmeal014133132842?fileloc=//bin/reset&path=//bin HTTP/2.0" 403 56935 "-" "meta-externalagent/1.1 (+https://developers.facebook.com/docs/sharing/webmasters/crawler)" 332 **0/332974**
74.7.227.172 - - [21/Mar/2026:05:23:36 -0700] "GET /?path=//lib/modules/4.18.0-553.94.1.lve.el8.x86_64/kernel/sound/drivers/vx HTTP/2.0" 200 2631 "https://artelron.com/?path=//lib/modules/4.18.0-553.94.1.lve.el8.x86_64/kernel/sound/drivers" "Mozilla/5.0 AppleWebKit/537.36 (KHTML, like Gecko; compatible; GPTBot/1.3; +https://openai.com/gptbot)" 316 **0/316748**
57.141.20.51 - - [21/Mar/2026:05:23:37 -0700] "GET /shop/sieboldii/troopmeal014133132842?fileloc=//bin/gcc-nm&path=//bin HTTP/2.0" 403 56935 "-" "meta-externalagent/1.1 (+https://developers.facebook.com/docs/sharing/webmasters/crawler)" 324 **0/324281**
57.141.20.12 - - [21/Mar/2026:05:23:37 -0700] "GET /shop/sieboldii/troopmeal014133132842?fileloc=//bin/fgrep&path=//bin HTTP/2.0" 403 56935 "-" "meta-externalagent/1.1 (+https://developers.facebook.com/docs/sharing/webmasters/crawler)" 353 **0/353209**
216.73.216.4 - - [21/Mar/2026:05:23:37 -0700] "GET /shop/expilation/multicarinate01521419295?fileloc=%2Fhome%2Fdxfxddmd03st%2Fpublic_html%2Fwp-includes%2Fembed-template.php&path=%2Fhome%2Fdxfxddmd03st%2Fpublic_html%2Fwp-includes HTTP/2.0" 200 2449 "-" "Mozilla/5.0 AppleWebKit/537.36 (KHTML, like Gecko; compatible; ClaudeBot/1.0; +claudebot@anthropic.com)" 313 **0/313561**
57.141.20.30 - - [21/Mar/2026:05:23:37 -0700] "GET /shop/sieboldii/troopmeal014133132842?fileloc=//bin/mandb&path=//bin HTTP/2.0" 403 56935 "-" "meta-externalagent/1.1 (+https://developers.facebook.com/docs/sharing/webmasters/crawler)" 314 **0/314696**
57.141.20.0 - - [21/Mar/2026:05:23:38 -0700] "GET /shop/cambrasine/presentient013694413298 HTTP/2.0" 403 56935 "-" "meta-externalagent/1.1 (+https://developers.facebook.com/docs/sharing/webmasters/crawler)" 321 **0/321002**
74.7.243.195 - - [21/Mar/2026:05:23:38 -0700] "GET /shop/baccivorous/isoetes01560223716 HTTP/2.0" 200 3474 "https://www.artelron.com/wp-sitemap.xml" "Mozilla/5.0 AppleWebKit/537.36 (KHTML, like Gecko; compatible; GPTBot/1.3; +https://openai.com/gptbot)" 339 **0/339217**
57.141.20.6 - - [21/Mar/2026:05:23:38 -0700] "GET /shop/similative/artistically011729879418?fileloc=/home/dxfxddmd03st/public_html/wp-includes/class-wp-theme-json-resolver.php&path=/home/dxfxddmd03st/public_html/wp-includes HTTP/2.0" 403 56935 "-" "meta-externalagent/1.1 (+https://developers.facebook.com/docs/sharing/webmasters/crawler)" 315 **0/315210**
57.141.20.24 - - [21/Mar/2026:05:23:38 -0700] "GET /shop/papulous/humiliating0183453587?fileloc=/home/dxfxddmd03st/public_html/wp-admin/edit-tag-form.php&path=/home/dxfxddmd03st/public_html/wp-admin HTTP/2.0" 403 56935 "-" "meta-externalagent/1.1 (+https://developers.facebook.com/docs/sharing/webmasters/crawler)" 352 **0/352693**
57.141.20.2 - - [21/Mar/2026:05:23:39 -0700] "GET /shop/sieboldii/troopmeal014133132842?fileloc=//bin/bashbug-64&path=//bin HTTP/2.0" 403 56935 "-" "meta-externalagent/1.1 (+https://developers.facebook.com/docs/sharing/webmasters/crawler)" 323 **0/323149**
57.141.20.18 - - [21/Mar/2026:05:23:39 -0700] "GET /shop/sieboldii/troopmeal014133132842?fileloc=//bin/gem&path=//bin HTTP/2.0" 403 56935 "-" "meta-externalagent/1.1 (+https://developers.facebook.com/docs/sharing/webmasters/crawler)" 312 **0/312093**
74.7.227.172 - - [21/Mar/2026:05:23:39 -0700] "GET /?path=//lib/modules/4.18.0-553.94.1.lve.el8.x86_64/kernel/sound/drivers/pcsp HTTP/2.0" 200 2632 "https://artelron.com/?path=//lib/modules/4.18.0-553.94.1.lve.el8.x86_64/kernel/sound/drivers" "Mozilla/5.0 AppleWebKit/537.36 (KHTML, like Gecko; compatible; GPTBot/1.3; +https://openai.com/gptbot)" 332 **0/332233**
57.141.20.53 - - [21/Mar/2026:05:23:40 -0700] "GET /shop/pastorling/churrworm013828657064?fileloc=/home/dxfxddmd03st/public_html/wp-activate.php&path=/home/dxfxddmd03st/public_html HTTP/2.0" 403 56935 "-" "meta-externalagent/1.1 (+https://developers.facebook.com/docs/sharing/webmasters/crawler)" 323 **0/323686**
57.141.20.34 - - [21/Mar/2026:05:23:40 -0700] "GET /shop/sieboldii/troopmeal014133132842?fileloc=//bin/date&path=//bin HTTP/2.0" 403 56935 "-" "meta-externalagent/1.1 (+https://developers.facebook.com/docs/sharing/webmasters/crawler)" 324 **0/324442**
57.141.20.49 - - [21/Mar/2026:05:23:40 -0700] "GET /shop/gospeller/swordbill011807755696?fileloc=/home/dxfxddmd03st/public_html/robots.txt&path=/home/dxfxddmd03st/public_html HTTP/2.0" 403 56935 "-" "meta-externalagent/1.1 (+https://developers.facebook.com/docs/sharing/webmasters/crawler)" 326 **0/326260**
57.141.20.48 - - [21/Mar/2026:05:23:40 -0700] "GET /shop/scribing/dominicans012905906943?fileloc=/home/dxfxddmd03st/public_html/wp-admin/includes/class-wp-comments-list-table.php&path=/home/dxfxddmd03st/public_html/wp-admin/includes HTTP/2.0" 403 56935 "-" "meta-externalagent/1.1 (+https://developers.facebook.com/docs/sharing/webmasters/crawler)" 330 **0/330939**
216.73.216.4 - - [21/Mar/2026:05:23:40 -0700] "GET /shop/chylification/disoxidate011766210129?path=%2Fhome%2Fdxfxddmd03st%2Fpublic_html%2Fwp-includes HTTP/2.0" 200 9998 "-" "Mozilla/5.0 AppleWebKit/537.36 (KHTML, like Gecko; compatible; ClaudeBot/1.0; +claudebot@anthropic.com)" 339 **0/339071**
57.141.20.55 - - [21/Mar/2026:05:23:40 -0700] "GET /shop/scribing/dominicans012905906943?fileloc=/home/dxfxddmd03st/public_html/wp-admin/includes/class-theme-upgrader-skin.php&path=/home/dxfxddmd03st/public_html/wp-admin/includes HTTP/2.0" 403 56935 "-" "meta-externalagent/1.1 (+https://developers.facebook.com/docs/sharing/webmasters/crawler)" 342 **0/342235**
57.141.20.39 - - [21/Mar/2026:05:23:41 -0700] "GET /shop/sieboldii/troopmeal014133132842?fileloc=//bin/ps2pdf&path=//bin HTTP/2.0" 403 56935 "-" "meta-externalagent/1.1 (+https://developers.facebook.com/docs/sharing/webmasters/crawler)" 312 **0/312312**
74.7.243.195 - - [21/Mar/2026:05:23:41 -0700] "GET /shop/agenesis/fratricide01652045962?fileloc=/home/dxfxddmd03st/public_html/wp-blog-header.php&path=/home/dxfxddmd03st/public_html HTTP/2.0" 200 2445 "https://www.artelron.com/shop/agenesis/fratricide01652045962" "Mozilla/5.0 AppleWebKit/537.36 (KHTML, like Gecko; compatible; GPTBot/1.3; +https://openai.com/gptbot)" 315 **0/315812**
57.141.20.18 - - [21/Mar/2026:05:23:41 -0700] "GET /shop/demagnetize/cycadophyta012237411293 HTTP/2.0" 403 56935 "-" "meta-externalagent/1.1 (+https://developers.facebook.com/docs/sharing/webmasters/crawler)" 317 **0/317130**
57.141.20.1 - - [21/Mar/2026:05:23:42 -0700] "GET /shop/similative/artistically011729879418?fileloc=/home/dxfxddmd03st/public_html/wp-includes/class-wp-post.php&path=/home/dxfxddmd03st/public_html/wp-includes HTTP/2.0" 403 56935 "-" "meta-externalagent/1.1 (+https://developers.facebook.com/docs/sharing/webmasters/crawler)" 328 **0/328669**
57.141.20.16 - - [21/Mar/2026:05:23:42 -0700] "GET /shop/primevertical/valebat012429940215?fileloc=/home/dxfxddmd03st/public_html/wp-admin/async-upload.php&path=/home/dxfxddmd03st/public_html/wp-admin HTTP/2.0" 403 56935 "-" "meta-externalagent/1.1 (+https://developers.facebook.com/docs/sharing/webmasters/crawler)" 325 **0/325116**
57.141.20.15 - - [21/Mar/2026:05:23:42 -0700] "GET /shop/sieboldii/troopmeal014133132842?path=//run/systemd HTTP/2.0" 403 56935 "-" "meta-externalagent/1.1 (+https://developers.facebook.com/docs/sharing/webmasters/crawler)" 335 **0/335243**
74.7.227.172 - - [21/Mar/2026:05:23:42 -0700] "GET /?path=//lib/modules/4.18.0-553.94.1.lve.el8.x86_64/kernel/sound/firewire/motu HTTP/2.0" 200 2637 "https://artelron.com/?path=//lib/modules/4.18.0-553.94.1.lve.el8.x86_64/kernel/sound/firewire" "Mozilla/5.0 AppleWebKit/537.36 (KHTML, like Gecko; compatible; GPTBot/1.3; +https://openai.com/gptbot)" 335 **0/335347**
57.141.20.29 - - [21/Mar/2026:05:23:43 -0700] "GET /shop/hurricano/demotic012144630214?path=/home/dxfxddmd03st/public_html/ssl HTTP/2.0" 403 56935 "-" "meta-externalagent/1.1 (+https://developers.facebook.com/docs/sharing/webmasters/crawler)" 342 **0/342455**
57.141.20.10 - - [21/Mar/2026:05:23:43 -0700] "GET /shop/bulbous/barricaded013305491882 HTTP/2.0" 403 56935 "-" "meta-externalagent/1.1 (+https://developers.facebook.com/docs/sharing/webmasters/crawler)" 319 **0/319323**
57.141.20.33 - - [21/Mar/2026:05:23:43 -0700] "GET /shop/blackjack/coeducational01463544952?path=//dev/shm HTTP/2.0" 403 56935 "-" "meta-externalagent/1.1 (+https://developers.facebook.com/docs/sharing/webmasters/crawler)" 343 **0/343406**
216.73.216.4 - - [21/Mar/2026:05:23:43 -0700] "GET /shop/parter/epistolean01341985868?path=%2Fhome%2Fdxfxddmd03st%2Fpublic_html HTTP/2.0" 200 3474 "-" "Mozilla/5.0 AppleWebKit/537.36 (KHTML, like Gecko; compatible; ClaudeBot/1.0; +claudebot@anthropic.com)" 337 **0/337638**
57.141.20.19 - - [21/Mar/2026:05:23:43 -0700] "GET /shop/trimethylene/headwater013958336681?path=/home/dxfxddmd03st/public_html/moked-hash.co.il/wp-includes HTTP/2.0" 403 56935 "-" "meta-externalagent/1.1 (+https://developers.facebook.com/docs/sharing/webmasters/crawler)" 327 **0/327228**
57.141.20.8 - - [21/Mar/2026:05:23:44 -0700] "GET /shop/primevertical/valebat012429940215?fileloc=/home/dxfxddmd03st/public_html/wp-admin/network.php&path=/home/dxfxddmd03st/public_html/wp-admin HTTP/2.0" 403 56935 "-" "meta-externalagent/1.1 (+https://developers.facebook.com/docs/sharing/webmasters/crawler)" 330 **0/330772**
74.7.243.195 - - [21/Mar/2026:05:23:44 -0700] "GET /shop/boehmenism/ectoderm01319245128 HTTP/2.0" 200 3474 "https://www.artelron.com/wp-sitemap.xml" "Mozilla/5.0 AppleWebKit/537.36 (KHTML, like Gecko; compatible; GPTBot/1.3; +https://openai.com/gptbot)" 326 **0/326745**
57.141.20.34 - - [21/Mar/2026:05:23:44 -0700] "GET /shop/parabolic/aspire014112237576?fileloc=//etc/inputrc&path=//etc HTTP/2.0" 403 56935 "-" "meta-externalagent/1.1 (+https://developers.facebook.com/docs/sharing/webmasters/crawler)" 310 **0/310714**
57.141.20.58 - - [21/Mar/2026:05:23:44 -0700] "GET /shop/gobius/sprong013664342655?fileloc=/home/dxfxddmd03st/public_html/wp-includes/feed-rss2.php&path=/home/dxfxddmd03st/public_html/wp-includes HTTP/2.0" 403 56935 "-" "meta-externalagent/1.1 (+https://developers.facebook.com/docs/sharing/webmasters/crawler)" 323 **0/323502**
57.141.20.3 - - [21/Mar/2026:05:23:45 -0700] "GET /shop/sieboldii/troopmeal014133132842?fileloc=//bin/locale&path=//bin HTTP/2.0" 403 56935 "-" "meta-externalagent/1.1 (+https://developers.facebook.com/docs/sharing/webmasters/crawler)" 330 **0/330153**
57.141.20.17 - - [21/Mar/2026:05:23:45 -0700] "GET /shop/sieboldii/troopmeal014133132842?fileloc=//bin/hunspell&path=//bin HTTP/2.0" 403 56935 "-" "meta-externalagent/1.1 (+https://developers.facebook.com/docs/sharing/webmasters/crawler)" 314 **0/314757**
57.141.20.34 - - [21/Mar/2026:05:23:45 -0700] "GET /shop/wrastle/gentlefolk012866495201 HTTP/2.0" 403 56935 "-" "meta-externalagent/1.1 (+https://developers.facebook.com/docs/sharing/webmasters/crawler)" 322 **0/322860**
74.7.227.172 - - [21/Mar/2026:05:23:46 -0700] "GET /?path=//lib/modules/4.18.0-553.94.1.lve.el8.x86_64/kernel/sound/soc/intel HTTP/2.0" 200 2743 "https://artelron.com/?path=//lib/modules/4.18.0-553.94.1.lve.el8.x86_64/kernel/sound/soc" "Mozilla/5.0 AppleWebKit/537.36 (KHTML, like Gecko; compatible; GPTBot/1.3; +https://openai.com/gptbot)" 326 **0/326591**
57.141.20.35 - - [21/Mar/2026:05:23:46 -0700] "GET /shop/crotching/azymous011635729059 HTTP/2.0" 403 56935 "-" "meta-externalagent/1.1 (+https://developers.facebook.com/docs/sharing/webmasters/crawler)" 329 **0/329274**
57.141.20.34 - - [21/Mar/2026:05:23:46 -0700] "GET /shop/honed/puncturing012505619522?fileloc=/home/dxfxddmd03st/public_html/.htaccess&path=/home/dxfxddmd03st/public_html HTTP/2.0" 403 56935 "-" "meta-externalagent/1.1 (+https://developers.facebook.com/docs/sharing/webmasters/crawler)" 315 **0/315135**
216.73.216.4 - - [21/Mar/2026:05:23:46 -0700] "GET /shop/gooserumped/inalienably014031265249?fileloc=%2Fhome%2Fdxfxddmd03st%2Fpublic_html%2Fwp-includes%2Fdefault-widgets.php&path=%2Fhome%2Fdxfxddmd03st%2Fpublic_html%2Fwp-includes HTTP/2.0" 200 2707 "-" "Mozilla/5.0 AppleWebKit/537.36 (KHTML, like Gecko; compatible; ClaudeBot/1.0; +claudebot@anthropic.com)" 334 **0/334213**
57.141.20.48 - - [21/Mar/2026:05:23:46 -0700] "GET /shop/calamities/daneweed013918269328?fileloc=/home/dxfxddmd03st/public_html/wp-admin/media.php&path=/home/dxfxddmd03st/public_html/wp-admin HTTP/2.0" 403 56935 "-" "meta-externalagent/1.1 (+https://developers.facebook.com/docs/sharing/webmasters/crawler)" 316 **0/316958**
57.141.20.53 - - [21/Mar/2026:05:23:47 -0700] "GET /shop/lingism/ungrateful013091259372?path=/home/dxfxddmd03st/public_html/wp-content/uploads/2026 HTTP/2.0" 403 56935 "-" "meta-externalagent/1.1 (+https://developers.facebook.com/docs/sharing/webmasters/crawler)" 318 **0/318277**
57.141.20.53 - - [21/Mar/2026:05:23:47 -0700] "GET /shop/sieboldii/troopmeal014133132842?fileloc=//bin/ps2ascii&path=//bin HTTP/2.0" 403 56935 "-" "meta-externalagent/1.1 (+https://developers.facebook.com/docs/sharing/webmasters/crawler)" 330 **0/330422**
74.7.243.195 - - [21/Mar/2026:05:23:47 -0700] "GET /shop/thermogenous/burton01528355394 HTTP/2.0" 200 3474 "https://www.artelron.com/wp-sitemap.xml" "Mozilla/5.0 AppleWebKit/537.36 (KHTML, like Gecko; compatible; GPTBot/1.3; +https://openai.com/gptbot)" 339 **0/339028**
57.141.20.55 - - [21/Mar/2026:05:23:48 -0700] "GET /shop/dannebrog/councilman01974781330?fileloc=/home/dxfxddmd03st/public_html/wp-includes/html-api/class-wp-html-open-elements.php&path=/home/dxfxddmd03st/public_html/wp-includes/html-api HTTP/2.0" 403 56935 "-" "meta-externalagent/1.1 (+https://developers.facebook.com/docs/sharing/webmasters/crawler)" 319 **0/319521**
57.141.20.55 - - [21/Mar/2026:05:23:48 -0700] "GET /shop/gilbert/cirsoid012869871890 HTTP/2.0" 403 56935 "-" "meta-externalagent/1.1 (+https://developers.facebook.com/docs/sharing/webmasters/crawler)" 347 **0/347835**
57.141.20.58 - - [21/Mar/2026:05:23:48 -0700] "GET /shop/blackjack/coeducational01463544952?path=/home/dxfxddmd03st/public_html/moked-hash.co.il/wp-content/plugins/burst-statistics/assets HTTP/2.0" 403 56935 "-" "meta-externalagent/1.1 (+https://developers.facebook.com/docs/sharing/webmasters/crawler)" 320 **0/320505**
57.141.20.17 - - [21/Mar/2026:05:23:49 -0700] "GET /shop/dannebrog/councilman01974781330?fileloc=/home/dxfxddmd03st/public_html/wp-includes/class-wp-comment-query.php&path=/home/dxfxddmd03st/public_html/wp-includes HTTP/2.0" 403 56935 "-" "meta-externalagent/1.1 (+https://developers.facebook.com/docs/sharing/webmasters/crawler)" 319 **0/319176**
74.7.227.172 - - [21/Mar/2026:05:23:49 -0700] "GET /?path=//lib/modules/4.18.0-553.94.1.lve.el8.x86_64/kernel/sound/pci/oxygen HTTP/2.0" 200 2693 "https://artelron.com/?path=//lib/modules/4.18.0-553.94.1.lve.el8.x86_64/kernel/sound/pci" "Mozilla/5.0 AppleWebKit/537.36 (KHTML, like Gecko; compatible; GPTBot/1.3; +https://openai.com/gptbot)" 321 **0/321236**
57.141.20.25 - - [21/Mar/2026:05:23:49 -0700] "GET /shop/dejecture/taplings01618354755?fileloc=/home/dxfxddmd03st/public_html/wp-includes/.htaccess&path=/home/dxfxddmd03st/public_html/wp-includes HTTP/2.0" 403 56935 "-" "meta-externalagent/1.1 (+https://developers.facebook.com/docs/sharing/webmasters/crawler)" 336 **0/336788**
57.141.20.58 - - [21/Mar/2026:05:23:49 -0700] "GET /shop/teated/flamelet012504407423?path=/home/dxfxddmd03st/public_html/artelron.com HTTP/2.0" 403 56935 "-" "meta-externalagent/1.1 (+https://developers.facebook.com/docs/sharing/webmasters/crawler)" 318 **0/318590**
216.73.216.4 - - [21/Mar/2026:05:23:49 -0700] "GET /shop/eighty/tiers01285846509?fileloc=%2Fhome%2Fdxfxddmd03st%2Fpublic_html%2Fwp-admin%2Fplugin-install.php&path=%2Fhome%2Fdxfxddmd03st%2Fpublic_html%2Fwp-admin HTTP/2.0" 200 4800 "-" "Mozilla/5.0 AppleWebKit/537.36 (KHTML, like Gecko; compatible; ClaudeBot/1.0; +claudebot@anthropic.com)" 321 **0/321653**
57.141.20.10 - - [21/Mar/2026:05:23:49 -0700] "GET /shop/affiliate/perfected012772475984 HTTP/2.0" 403 56935 "-" "meta-externalagent/1.1 (+https://developers.facebook.com/docs/sharing/webmasters/crawler)" 325 **0/325953**
57.141.20.42 - - [21/Mar/2026:05:23:50 -0700] "GET /shop/paynize/sottish011420954520?fileloc=//bin/kill&path=//bin HTTP/2.0" 403 56935 "-" "meta-externalagent/1.1 (+https://developers.facebook.com/docs/sharing/webmasters/crawler)" 322 **0/322457**
57.141.20.37 - - [21/Mar/2026:05:23:50 -0700] "GET /shop/sieboldii/troopmeal014133132842?fileloc=//bin/mysqlimport&path=//bin HTTP/2.0" 403 56935 "-" "meta-externalagent/1.1 (+https://developers.facebook.com/docs/sharing/webmasters/crawler)" 313 **0/313557**
74.7.243.195 - - [21/Mar/2026:05:23:51 -0700] "GET /shop/batsmen/postfrontal01774923739 HTTP/2.0" 200 3474 "https://www.artelron.com/wp-sitemap.xml" "Mozilla/5.0 AppleWebKit/537.36 (KHTML, like Gecko; compatible; GPTBot/1.3; +https://openai.com/gptbot)" 318 **0/318036**
57.141.20.51 - - [21/Mar/2026:05:23:51 -0700] "GET /shop/bracket/diandrous01515559453?fileloc=/home/dxfxddmd03st/public_html/wp-includes/comment-template.php&path=/home/dxfxddmd03st/public_html/wp-includes HTTP/2.0" 403 56935 "-" "meta-externalagent/1.1 (+https://developers.facebook.com/docs/sharing/webmasters/crawler)" 317 **0/317053**
57.141.20.44 - - [21/Mar/2026:05:23:51 -0700] "GET /shop/bracket/diandrous01515559453?fileloc=/home/dxfxddmd03st/public_html/wp-includes/blocks.php&path=/home/dxfxddmd03st/public_html/wp-includes HTTP/2.0" 403 56935 "-" "meta-externalagent/1.1 (+https://developers.facebook.com/docs/sharing/webmasters/crawler)" 314 **0/314592**
57.141.20.55 - - [21/Mar/2026:05:23:51 -0700] "GET /shop/admonitorily/carbunculation011369988611?fileloc=/home/dxfxddmd03st/public_html/wp-links-opml.php&path=/home/dxfxddmd03st/public_html HTTP/2.0" 403 56935 "-" "meta-externalagent/1.1 (+https://developers.facebook.com/docs/sharing/webmasters/crawler)" 314 **0/314850**
57.141.20.54 - - [21/Mar/2026:05:23:52 -0700] "GET /shop/slopwork/azotize011151534208?fileloc=/home/dxfxddmd03st/public_html/wp-admin/network.php&path=/home/dxfxddmd03st/public_html/wp-admin HTTP/2.0" 403 56935 "-" "meta-externalagent/1.1 (+https://developers.facebook.com/docs/sharing/webmasters/crawler)" 314 **0/314831**
57.141.20.36 - - [21/Mar/2026:05:23:52 -0700] "GET /shop/paynize/sottish011420954520?fileloc=//bin/sftp&path=//bin HTTP/2.0" 403 56935 "-" "meta-externalagent/1.1 (+https://developers.facebook.com/docs/sharing/webmasters/crawler)" 322 **0/322712**
74.7.227.172 - - [21/Mar/2026:05:23:52 -0700] "GET /?path=//lib/modules/4.18.0-553.94.1.lve.el8.x86_64/kernel/sound/pci/mixart HTTP/2.0" 200 2632 "https://artelron.com/?path=//lib/modules/4.18.0-553.94.1.lve.el8.x86_64/kernel/sound/pci" "Mozilla/5.0 AppleWebKit/537.36 (KHTML, like Gecko; compatible; GPTBot/1.3; +https://openai.com/gptbot)" 322 **0/322021**
57.141.20.17 - - [21/Mar/2026:05:23:52 -0700] "GET /shop/bracket/diandrous01515559453?fileloc=/home/dxfxddmd03st/public_html/wp-includes/class-walker-page.php&path=/home/dxfxddmd03st/public_html/wp-includes HTTP/2.0" 403 56935 "-" "meta-externalagent/1.1 (+https://developers.facebook.com/docs/sharing/webmasters/crawler)" 342 **0/342647**
216.73.216.4 - - [21/Mar/2026:05:23:52 -0700] "GET /shop/mugget/extirpative013065723611?fileloc=%2Fhome%2Fdxfxddmd03st%2Fpublic_html%2Fwp-includes%2Fblock-patterns.php&path=%2Fhome%2Fdxfxddmd03st%2Fpublic_html%2Fwp-includes HTTP/2.0" 200 5255 "-" "Mozilla/5.0 AppleWebKit/537.36 (KHTML, like Gecko; compatible; ClaudeBot/1.0; +claudebot@anthropic.com)" 328 **0/328844**
57.141.20.56 - - [21/Mar/2026:05:23:53 -0700] "GET /shop/sieboldii/troopmeal014133132842?fileloc=//bin/fold&path=//bin HTTP/2.0" 403 56935 "-" "meta-externalagent/1.1 (+https://developers.facebook.com/docs/sharing/webmasters/crawler)" 330 **0/330065**
57.141.20.24 - - [21/Mar/2026:05:23:53 -0700] "GET /shop/sieboldii/troopmeal014133132842?fileloc=//bin/cmp&path=//bin HTTP/2.0" 403 56935 "-" "meta-externalagent/1.1 (+https://developers.facebook.com/docs/sharing/webmasters/crawler)" 331 **0/331711**
57.141.20.45 - - [21/Mar/2026:05:23:53 -0700] "GET /shop/sieboldii/troopmeal014133132842?fileloc=//bin/ls&path=//bin HTTP/2.0" 403 56935 "-" "meta-externalagent/1.1 (+https://developers.facebook.com/docs/sharing/webmasters/crawler)" 338 **0/338660**
114.119.143.114 - - [21/Mar/2026:05:23:54 -0700] "GET /pokerstars-casino-review-scores-%E1%90%88-2025/?path=/ HTTP/1.1" 200 3256 "https://www.artelron.com/pokerstars-casino-review-scores-%E1%90%88-2025/" "Mozilla/5.0 (Linux; Android 7.0;) AppleWebKit/537.36 (KHTML, like Gecko) Mobile Safari/537.36 (compatible; PetalBot;+https://webmaster.petalsearch.com/site/petalbot)" 321 **0/321401**
