57.141.20.0 - - [21/Mar/2026:05:24:35 -0700] "GET /shop/encyclopaedy/foison0147582057?fileloc=/home/dxfxddmd03st/public_html/cgi-bin/.htaccess&path=/home/dxfxddmd03st/public_html/cgi-bin HTTP/2.0" 403 56935 "-" "meta-externalagent/1.1 (+https://developers.facebook.com/docs/sharing/webmasters/crawler)" 309 **0/309097**
216.73.216.4 - - [21/Mar/2026:05:24:35 -0700] "GET /shop/skunktop/compendiarious012943015850?fileloc=%2Fhome%2Fdxfxddmd03st%2Fpublic_html%2Fwp-admin%2Fimport.php&path=%2Fhome%2Fdxfxddmd03st%2Fpublic_html%2Fwp-admin HTTP/2.0" 403 3474 "-" "Mozilla/5.0 AppleWebKit/537.36 (KHTML, like Gecko; compatible; ClaudeBot/1.0; +claudebot@anthropic.com)" 320 **0/320741**
57.141.20.52 - - [21/Mar/2026:05:24:35 -0700] "GET /shop/disfigurement/slimily012708561974?fileloc=/home/dxfxddmd03st/public_html/wp-trackback.php&path=/home/dxfxddmd03st/public_html HTTP/2.0" 403 56935 "-" "meta-externalagent/1.1 (+https://developers.facebook.com/docs/sharing/webmasters/crawler)" 316 **0/316646**
57.141.20.25 - - [21/Mar/2026:05:24:36 -0700] "GET /shop/gormandism/woolliness012098858059?path=/home/dxfxddmd03st/ssl HTTP/2.0" 403 56935 "-" "meta-externalagent/1.1 (+https://developers.facebook.com/docs/sharing/webmasters/crawler)" 314 **0/314982**
57.141.20.56 - - [21/Mar/2026:05:24:36 -0700] "GET /shop/hygroscopicity/connecticuter012232822489?fileloc=/home/dxfxddmd03st/public_html/wp-admin/ms-edit.php&path=/home/dxfxddmd03st/public_html/wp-admin HTTP/2.0" 403 56935 "-" "meta-externalagent/1.1 (+https://developers.facebook.com/docs/sharing/webmasters/crawler)" 313 **0/313470**
57.141.20.22 - - [21/Mar/2026:05:24:36 -0700] "GET /shop/dentiscalp/wallowish014228102367 HTTP/2.0" 403 56935 "-" "meta-externalagent/1.1 (+https://developers.facebook.com/docs/sharing/webmasters/crawler)" 319 **0/319707**
74.7.227.172 - - [21/Mar/2026:05:24:37 -0700] "GET /?path=//run/faillock HTTP/2.0" 200 2309 "https://artelron.com/?path=//run" "Mozilla/5.0 AppleWebKit/537.36 (KHTML, like Gecko; compatible; GPTBot/1.3; +https://openai.com/gptbot)" 311 **0/311381**
57.141.20.2 - - [21/Mar/2026:05:24:37 -0700] "GET /shop/deepwaisted/asserting012628497267?path=//dev HTTP/2.0" 403 56935 "-" "meta-externalagent/1.1 (+https://developers.facebook.com/docs/sharing/webmasters/crawler)" 310 **0/310992**
57.141.20.29 - - [21/Mar/2026:05:24:37 -0700] "GET /shop/dispraiser/cottonseed012919625684?fileloc=//sbin/create-cracklib-dict&path=//sbin HTTP/2.0" 403 56935 "-" "meta-externalagent/1.1 (+https://developers.facebook.com/docs/sharing/webmasters/crawler)" 327 **0/327098**
57.141.20.52 - - [21/Mar/2026:05:24:37 -0700] "GET /shop/azotite/urate0182241504?path=/home/dxfxddmd03st/public_html/artelron.com HTTP/2.0" 403 56935 "-" "meta-externalagent/1.1 (+https://developers.facebook.com/docs/sharing/webmasters/crawler)" 320 **0/320551**
57.141.20.13 - - [21/Mar/2026:05:24:38 -0700] "GET /shop/articulating/paver012670729226?path=//etc HTTP/2.0" 403 56935 "-" "meta-externalagent/1.1 (+https://developers.facebook.com/docs/sharing/webmasters/crawler)" 322 **0/322759**
74.7.243.195 - - [21/Mar/2026:05:24:38 -0700] "GET /shop/arousing/entomere011520756692 HTTP/2.0" 200 3474 "https://www.artelron.com/wp-sitemap.xml" "Mozilla/5.0 AppleWebKit/537.36 (KHTML, like Gecko; compatible; GPTBot/1.3; +https://openai.com/gptbot)" 325 **0/325001**
216.73.216.4 - - [21/Mar/2026:05:24:38 -0700] "GET /shop/burrowed/chessapple01775171832?path=%2Fhome%2Fdxfxddmd03st%2Fpublic_html HTTP/2.0" 403 3474 "-" "Mozilla/5.0 AppleWebKit/537.36 (KHTML, like Gecko; compatible; ClaudeBot/1.0; +claudebot@anthropic.com)" 333 **0/333687**
57.141.20.30 - - [21/Mar/2026:05:24:38 -0700] "GET /shop/adelaster/parepididymis011639269271?fileloc=/home/dxfxddmd03st/public_html/wp-includes/capabilities.php&path=/home/dxfxddmd03st/public_html/wp-includes HTTP/2.0" 403 56935 "-" "meta-externalagent/1.1 (+https://developers.facebook.com/docs/sharing/webmasters/crawler)" 312 **0/312784**
57.141.20.59 - - [21/Mar/2026:05:24:38 -0700] "GET /shop/frith/gigas013793997649?fileloc=/home/dxfxddmd03st/public_html/wp-includes/script-loader.php&path=/home/dxfxddmd03st/public_html/wp-includes HTTP/2.0" 403 56935 "-" "meta-externalagent/1.1 (+https://developers.facebook.com/docs/sharing/webmasters/crawler)" 313 **0/313537**
57.141.20.51 - - [21/Mar/2026:05:24:39 -0700] "GET /shop/deltafication/sinensis011261089231?fileloc=/home/dxfxddmd03st/public_html/wp-admin/options-privacy.php&path=/home/dxfxddmd03st/public_html/wp-admin HTTP/2.0" 403 56935 "-" "meta-externalagent/1.1 (+https://developers.facebook.com/docs/sharing/webmasters/crawler)" 355 **0/355668**
57.141.20.28 - - [21/Mar/2026:05:24:39 -0700] "GET /shop/stormtossed/chlamydomonadaceae013984771027?fileloc=/home/dxfxddmd03st/public_html/yrgnf.php&path=/home/dxfxddmd03st/public_html HTTP/2.0" 403 56935 "-" "meta-externalagent/1.1 (+https://developers.facebook.com/docs/sharing/webmasters/crawler)" 313 **0/313740**
57.141.20.15 - - [21/Mar/2026:05:24:39 -0700] "GET /shop/stormtossed/chlamydomonadaceae013984771027?fileloc=/home/dxfxddmd03st/public_html/wp-settings.php&path=/home/dxfxddmd03st/public_html HTTP/2.0" 403 56935 "-" "meta-externalagent/1.1 (+https://developers.facebook.com/docs/sharing/webmasters/crawler)" 326 **0/326304**
74.7.227.172 - - [21/Mar/2026:05:24:40 -0700] "GET /?path=//lib/firmware HTTP/2.0" 200 12345 "https://artelron.com/?path=//lib" "Mozilla/5.0 AppleWebKit/537.36 (KHTML, like Gecko; compatible; GPTBot/1.3; +https://openai.com/gptbot)" 345 **0/345288**
57.141.20.5 - - [21/Mar/2026:05:24:40 -0700] "GET /shop/sieboldii/troopmeal014133132842?fileloc=//bin/csplit&path=//bin HTTP/2.0" 403 56935 "-" "meta-externalagent/1.1 (+https://developers.facebook.com/docs/sharing/webmasters/crawler)" 332 **0/332691**
57.141.20.55 - - [21/Mar/2026:05:24:40 -0700] "GET /shop/frigefactive/felspathic013917316821 HTTP/2.0" 403 56935 "-" "meta-externalagent/1.1 (+https://developers.facebook.com/docs/sharing/webmasters/crawler)" 315 **0/315446**
57.141.20.53 - - [21/Mar/2026:05:24:40 -0700] "GET /shop/pontificial/forfeit013597019575?fileloc=/home/dxfxddmd03st/public_html/wp-admin/erase-personal-data.php&path=/home/dxfxddmd03st/public_html/wp-admin HTTP/2.0" 403 56935 "-" "meta-externalagent/1.1 (+https://developers.facebook.com/docs/sharing/webmasters/crawler)" 309 **0/309671**
57.141.20.37 - - [21/Mar/2026:05:24:41 -0700] "GET /shop/sieboldii/troopmeal014133132842?fileloc=//bin/m4&path=//bin HTTP/2.0" 403 56935 "-" "meta-externalagent/1.1 (+https://developers.facebook.com/docs/sharing/webmasters/crawler)" 339 **0/339080**
57.141.20.55 - - [21/Mar/2026:05:24:41 -0700] "GET /shop/sieboldii/troopmeal014133132842?fileloc=//bin/rev&path=//bin HTTP/2.0" 403 56935 "-" "meta-externalagent/1.1 (+https://developers.facebook.com/docs/sharing/webmasters/crawler)" 356 **0/356348**
216.73.216.4 - - [21/Mar/2026:05:24:41 -0700] "GET /shop/infertility/polyandry013343812904?fileloc=%2Fhome%2Fdxfxddmd03st%2Fpublic_html%2Fwp-includes%2Fjs%2Fwp-pointer.min.js&path=%2Fhome%2Fdxfxddmd03st%2Fpublic_html%2Fwp-includes%2Fjs HTTP/2.0" 403 3474 "-" "Mozilla/5.0 AppleWebKit/537.36 (KHTML, like Gecko; compatible; ClaudeBot/1.0; +claudebot@anthropic.com)" 338 **0/338698**
74.7.243.195 - - [21/Mar/2026:05:24:41 -0700] "GET /shop/etacist/necrologic013458684177 HTTP/2.0" 200 3474 "https://www.artelron.com/wp-sitemap.xml" "Mozilla/5.0 AppleWebKit/537.36 (KHTML, like Gecko; compatible; GPTBot/1.3; +https://openai.com/gptbot)" 320 **0/320062**
57.141.20.38 - - [21/Mar/2026:05:24:41 -0700] "GET /shop/sieboldii/troopmeal014133132842?fileloc=//bin/gs&path=//bin HTTP/2.0" 403 56935 "-" "meta-externalagent/1.1 (+https://developers.facebook.com/docs/sharing/webmasters/crawler)" 311 **0/311727**
57.141.20.19 - - [21/Mar/2026:05:24:42 -0700] "GET /shop/sieboldii/troopmeal014133132842?fileloc=//bin/dd&path=//bin HTTP/2.0" 403 56935 "-" "meta-externalagent/1.1 (+https://developers.facebook.com/docs/sharing/webmasters/crawler)" 317 **0/317478**
57.141.20.11 - - [21/Mar/2026:05:24:42 -0700] "GET /shop/tinman/brotheler011710196267?fileloc=/home/dxfxddmd03st/public_html/moked-hash.co.il/wp-trackback.php&path=/home/dxfxddmd03st/public_html/moked-hash.co.il HTTP/2.0" 403 56935 "-" "meta-externalagent/1.1 (+https://developers.facebook.com/docs/sharing/webmasters/crawler)" 322 **0/322287**
57.141.20.55 - - [21/Mar/2026:05:24:42 -0700] "GET /shop/columbae/columbidae012435741118?fileloc=//bin/x86_64-redhat-linux-gcc&path=//bin HTTP/2.0" 403 56935 "-" "meta-externalagent/1.1 (+https://developers.facebook.com/docs/sharing/webmasters/crawler)" 332 **0/332453**
57.141.20.10 - - [21/Mar/2026:05:24:43 -0700] "GET /shop/columbae/columbidae012435741118?fileloc=//bin/tclsh&path=//bin HTTP/2.0" 403 56935 "-" "meta-externalagent/1.1 (+https://developers.facebook.com/docs/sharing/webmasters/crawler)" 313 **0/313131**
57.141.20.12 - - [21/Mar/2026:05:24:43 -0700] "GET /shop/consummating/greenland012453259695?fileloc=/home/dxfxddmd03st/public_html/readme.html&path=/home/dxfxddmd03st/public_html HTTP/2.0" 403 56935 "-" "meta-externalagent/1.1 (+https://developers.facebook.com/docs/sharing/webmasters/crawler)" 329 **0/329948**
74.7.227.172 - - [21/Mar/2026:05:24:43 -0700] "GET /?path=//lib/modules/4.18.0-553.94.1.lve.el8.x86_64/kernel/sound/hda/ext HTTP/2.0" 200 2633 "https://artelron.com/?path=//lib/modules/4.18.0-553.94.1.lve.el8.x86_64/kernel/sound/hda" "Mozilla/5.0 AppleWebKit/537.36 (KHTML, like Gecko; compatible; GPTBot/1.3; +https://openai.com/gptbot)" 315 **0/315376**
57.141.20.16 - - [21/Mar/2026:05:24:43 -0700] "GET /shop/deepwaisted/asserting012628497267?fileloc=//bin/pod2text&path=//bin HTTP/2.0" 403 56935 "-" "meta-externalagent/1.1 (+https://developers.facebook.com/docs/sharing/webmasters/crawler)" 340 **0/340439**
57.141.20.52 - - [21/Mar/2026:05:24:44 -0700] "GET /shop/liard/submultiple01928794959?path=//lib/.build-id/4c HTTP/2.0" 403 56935 "-" "meta-externalagent/1.1 (+https://developers.facebook.com/docs/sharing/webmasters/crawler)" 323 **0/323013**
216.73.216.4 - - [21/Mar/2026:05:24:44 -0700] "GET /shop/puritanizing/scaurie011432622948?path=%2Fhome%2Fdxfxddmd03st%2Fpublic_html%2Fwp-admin HTTP/2.0" 403 3474 "-" "Mozilla/5.0 AppleWebKit/537.36 (KHTML, like Gecko; compatible; ClaudeBot/1.0; +claudebot@anthropic.com)" 321 **0/321392**
57.141.20.17 - - [21/Mar/2026:05:24:44 -0700] "GET /shop/velum/balaniferous012801596335?fileloc=/home/dxfxddmd03st/public_html/wp-links-opml.php&path=/home/dxfxddmd03st/public_html HTTP/2.0" 403 56935 "-" "meta-externalagent/1.1 (+https://developers.facebook.com/docs/sharing/webmasters/crawler)" 316 **0/316155**
74.7.243.195 - - [21/Mar/2026:05:24:44 -0700] "GET /shop/glidden/cajoleries013480020854 HTTP/2.0" 200 3474 "https://www.artelron.com/wp-sitemap.xml" "Mozilla/5.0 AppleWebKit/537.36 (KHTML, like Gecko; compatible; GPTBot/1.3; +https://openai.com/gptbot)" 337 **0/337399**
57.141.20.40 - - [21/Mar/2026:05:24:44 -0700] "GET /shop/tressful/caviler01265051604?fileloc=/home/dxfxddmd03st/public_html/colors.php&path=/home/dxfxddmd03st/public_html HTTP/2.0" 403 56935 "-" "meta-externalagent/1.1 (+https://developers.facebook.com/docs/sharing/webmasters/crawler)" 337 **0/337994**
57.141.20.21 - - [21/Mar/2026:05:24:45 -0700] "GET /shop/windrowing/discalceate012750793949?fileloc=/home/dxfxddmd03st/public_html/wp-includes/class-wp-block-parser-frame.php&path=/home/dxfxddmd03st/public_html/wp-includes HTTP/2.0" 403 56935 "-" "meta-externalagent/1.1 (+https://developers.facebook.com/docs/sharing/webmasters/crawler)" 324 **0/324317**
57.141.20.57 - - [21/Mar/2026:05:24:45 -0700] "GET /shop/silundum/tracklessly01977205512?path=/home/dxfxddmd03st/public_html/wp-includes/js/plupload HTTP/2.0" 403 56935 "-" "meta-externalagent/1.1 (+https://developers.facebook.com/docs/sharing/webmasters/crawler)" 319 **0/319640**
57.141.20.31 - - [21/Mar/2026:05:24:45 -0700] "GET /shop/deepwaisted/asserting012628497267?path=//usr HTTP/2.0" 403 56935 "-" "meta-externalagent/1.1 (+https://developers.facebook.com/docs/sharing/webmasters/crawler)" 324 **0/324629**
57.141.20.22 - - [21/Mar/2026:05:24:46 -0700] "GET /shop/gobius/sprong013664342655?fileloc=/home/dxfxddmd03st/public_html/wp-includes/template.php&path=/home/dxfxddmd03st/public_html/wp-includes HTTP/2.0" 403 56935 "-" "meta-externalagent/1.1 (+https://developers.facebook.com/docs/sharing/webmasters/crawler)" 330 **0/330670**
57.141.20.58 - - [21/Mar/2026:05:24:46 -0700] "GET /shop/obtest/bathymetric011487065501?path=/home/dxfxddmd03st/public_html/.tmb HTTP/2.0" 403 56935 "-" "meta-externalagent/1.1 (+https://developers.facebook.com/docs/sharing/webmasters/crawler)" 329 **0/329634**
57.141.20.13 - - [21/Mar/2026:05:24:46 -0700] "GET /shop/sieboldii/troopmeal014133132842?fileloc=//bin/mkfifo&path=//bin HTTP/2.0" 403 56935 "-" "meta-externalagent/1.1 (+https://developers.facebook.com/docs/sharing/webmasters/crawler)" 318 **0/318189**
74.7.227.172 - - [21/Mar/2026:05:24:46 -0700] "GET /?fileloc=//bin/base64&path=//bin HTTP/2.0" 200 18282 "https://artelron.com/?path=//bin" "Mozilla/5.0 AppleWebKit/537.36 (KHTML, like Gecko; compatible; GPTBot/1.3; +https://openai.com/gptbot)" 339 **0/339666**
57.141.20.1 - - [21/Mar/2026:05:24:47 -0700] "GET /shop/sieboldii/troopmeal014133132842?fileloc=//bin/gtroff&path=//bin HTTP/2.0" 403 56935 "-" "meta-externalagent/1.1 (+https://developers.facebook.com/docs/sharing/webmasters/crawler)" 330 **0/330903**
216.73.216.4 - - [21/Mar/2026:05:24:47 -0700] "GET /shop/instanced/ailuroidea012190909604?fileloc=%2Fhome%2Fdxfxddmd03st%2Fpublic_html%2Fwp-includes%2Fpost-template.php&path=%2Fhome%2Fdxfxddmd03st%2Fpublic_html%2Fwp-includes HTTP/2.0" 403 3474 "-" "Mozilla/5.0 AppleWebKit/537.36 (KHTML, like Gecko; compatible; ClaudeBot/1.0; +claudebot@anthropic.com)" 310 **0/310561**
57.141.20.54 - - [21/Mar/2026:05:24:47 -0700] "GET /shop/elaborated/coestablishment01300695907?fileloc=/home/dxfxddmd03st/public_html/wp-trackback.php&path=/home/dxfxddmd03st/public_html HTTP/2.0" 403 56935 "-" "meta-externalagent/1.1 (+https://developers.facebook.com/docs/sharing/webmasters/crawler)" 326 **0/326131**
74.7.243.195 - - [21/Mar/2026:05:24:48 -0700] "GET /shop/asiaticus/bloomery013587708151 HTTP/2.0" 200 3474 "https://www.artelron.com/wp-sitemap.xml" "Mozilla/5.0 AppleWebKit/537.36 (KHTML, like Gecko; compatible; GPTBot/1.3; +https://openai.com/gptbot)" 312 **0/312162**
57.141.20.12 - - [21/Mar/2026:05:24:48 -0700] "GET /shop/sieboldii/troopmeal014133132842?fileloc=//bin/isosize&path=//bin HTTP/2.0" 403 56935 "-" "meta-externalagent/1.1 (+https://developers.facebook.com/docs/sharing/webmasters/crawler)" 324 **0/324663**
57.141.20.26 - - [21/Mar/2026:05:24:48 -0700] "GET /shop/sieboldii/troopmeal014133132842?fileloc=//bin/montage&path=//bin HTTP/2.0" 403 56935 "-" "meta-externalagent/1.1 (+https://developers.facebook.com/docs/sharing/webmasters/crawler)" 328 **0/328715**
57.141.20.24 - - [21/Mar/2026:05:24:48 -0700] "GET /shop/articulating/paver012670729226?path=//lib HTTP/2.0" 403 56935 "-" "meta-externalagent/1.1 (+https://developers.facebook.com/docs/sharing/webmasters/crawler)" 315 **0/315295**
222.252.122.8 - - [21/Mar/2026:05:24:48 -0700] "GET /shop/intombment/deray203877099566 HTTP/1.1" 200 3981 "-" "Mozilla/5.0 (Macintosh; Intel Mac OS X 11_0_1) AppleWebKit/537.36 (KHTML, like Gecko) Brave Chrome/88.0.4324.96 Safari/537.36" 335 **0/335167**
57.141.20.19 - - [21/Mar/2026:05:24:48 -0700] "GET /shop/elliptic/lichenologist012222039010?fileloc=/home/dxfxddmd03st/public_html/wp-config.php&path=/home/dxfxddmd03st/public_html HTTP/2.0" 403 56935 "-" "meta-externalagent/1.1 (+https://developers.facebook.com/docs/sharing/webmasters/crawler)" 323 **0/323304**
57.141.20.30 - - [21/Mar/2026:05:24:49 -0700] "GET /shop/dannebrog/councilman01974781330?path=/home/dxfxddmd03st/public_html/wp-includes/block-patterns HTTP/2.0" 403 56935 "-" "meta-externalagent/1.1 (+https://developers.facebook.com/docs/sharing/webmasters/crawler)" 324 **0/324804**
57.141.20.17 - - [21/Mar/2026:05:24:49 -0700] "GET /shop/selfdiscipline/tillandsia013327599263?path=/home HTTP/2.0" 403 56935 "-" "meta-externalagent/1.1 (+https://developers.facebook.com/docs/sharing/webmasters/crawler)" 314 **0/314386**
74.7.227.172 - - [21/Mar/2026:05:24:49 -0700] "GET /?path=//lib/modules/4.18.0-553.94.1.lve.el8.x86_64/kernel/sound/soc/amd/yc HTTP/2.0" 200 2716 "https://artelron.com/?path=//lib/modules/4.18.0-553.94.1.lve.el8.x86_64/kernel/sound/soc/amd" "Mozilla/5.0 AppleWebKit/537.36 (KHTML, like Gecko; compatible; GPTBot/1.3; +https://openai.com/gptbot)" 332 **0/332958**
57.141.20.2 - - [21/Mar/2026:05:24:50 -0700] "GET /shop/hungred/weerish011101780398?fileloc=/home/dxfxddmd03st/public_html/wp-comments-post.php&path=/home/dxfxddmd03st/public_html HTTP/2.0" 403 56935 "-" "meta-externalagent/1.1 (+https://developers.facebook.com/docs/sharing/webmasters/crawler)" 319 **0/319442**
57.141.20.25 - - [21/Mar/2026:05:24:50 -0700] "GET /shop/loricae/acetarious0132487694?path=/home/dxfxddmd03st/application_backups HTTP/2.0" 403 56935 "-" "meta-externalagent/1.1 (+https://developers.facebook.com/docs/sharing/webmasters/crawler)" 317 **0/317743**
57.141.20.29 - - [21/Mar/2026:05:24:50 -0700] "GET /shop/gadic/nephthys012992913158?path=//bin HTTP/2.0" 403 56935 "-" "meta-externalagent/1.1 (+https://developers.facebook.com/docs/sharing/webmasters/crawler)" 310 **0/310951**
216.73.216.4 - - [21/Mar/2026:05:24:50 -0700] "GET /shop/offlet/luster012163829018?fileloc=%2F%2Fetc%2F.etc.version&path=%2F%2Fetc HTTP/2.0" 200 2246 "-" "Mozilla/5.0 AppleWebKit/537.36 (KHTML, like Gecko; compatible; ClaudeBot/1.0; +claudebot@anthropic.com)" 321 **0/321720**
57.141.20.20 - - [21/Mar/2026:05:24:50 -0700] "GET /shop/asilidae/testatrix011815277547?path=/home/dxfxddmd03st/public_html/ssl HTTP/2.0" 403 56935 "-" "meta-externalagent/1.1 (+https://developers.facebook.com/docs/sharing/webmasters/crawler)" 319 **0/319946**
57.141.20.40 - - [21/Mar/2026:05:24:51 -0700] "GET /shop/primevertical/valebat012429940215?path=/home/dxfxddmd03st/public_html/wp-includes/PHPMailer HTTP/2.0" 403 56935 "-" "meta-externalagent/1.1 (+https://developers.facebook.com/docs/sharing/webmasters/crawler)" 335 **0/335025**
74.7.243.195 - - [21/Mar/2026:05:24:51 -0700] "GET /shop/thiefly/youngness012421399463 HTTP/2.0" 200 3474 "https://www.artelron.com/wp-sitemap.xml" "Mozilla/5.0 AppleWebKit/537.36 (KHTML, like Gecko; compatible; GPTBot/1.3; +https://openai.com/gptbot)" 322 **0/322260**
57.141.20.38 - - [21/Mar/2026:05:24:51 -0700] "GET /shop/blackjack/coeducational01463544952?fileloc=/home/dxfxddmd03st/public_html/wp-includes/ms-default-filters.php&path=/home/dxfxddmd03st/public_html/wp-includes HTTP/2.0" 403 56935 "-" "meta-externalagent/1.1 (+https://developers.facebook.com/docs/sharing/webmasters/crawler)" 333 **0/333423**
57.141.20.41 - - [21/Mar/2026:05:24:51 -0700] "GET /shop/gallicize/technically011263253821?fileloc=/home/dxfxddmd03st/public_html/wp-admin/widgets-form.php&path=/home/dxfxddmd03st/public_html/wp-admin HTTP/2.0" 403 56935 "-" "meta-externalagent/1.1 (+https://developers.facebook.com/docs/sharing/webmasters/crawler)" 323 **0/323765**
57.141.20.3 - - [21/Mar/2026:05:24:52 -0700] "GET /shop/gobius/sprong013664342655?fileloc=/home/dxfxddmd03st/public_html/wp-includes/class-walker-nav-menu.php&path=/home/dxfxddmd03st/public_html/wp-includes HTTP/2.0" 403 56935 "-" "meta-externalagent/1.1 (+https://developers.facebook.com/docs/sharing/webmasters/crawler)" 327 **0/327578**
57.141.20.34 - - [21/Mar/2026:05:24:52 -0700] "GET /shop/deduplication/chaplaincies013865088136?fileloc=/home/dxfxddmd03st/public_html/colors.php&path=/home/dxfxddmd03st/public_html HTTP/2.0" 403 56935 "-" "meta-externalagent/1.1 (+https://developers.facebook.com/docs/sharing/webmasters/crawler)" 328 **0/328465**
74.7.227.172 - - [21/Mar/2026:05:24:52 -0700] "GET /?fileloc=//bin/base32&path=//bin HTTP/2.0" 200 18347 "https://artelron.com/?path=//bin" "Mozilla/5.0 AppleWebKit/537.36 (KHTML, like Gecko; compatible; GPTBot/1.3; +https://openai.com/gptbot)" 332 **0/332290**
57.141.20.49 - - [21/Mar/2026:05:24:52 -0700] "GET /shop/atresia/predicrotic012171073101?path=/home/dxfxddmd03st/public_html/images HTTP/2.0" 403 56935 "-" "meta-externalagent/1.1 (+https://developers.facebook.com/docs/sharing/webmasters/crawler)" 320 **0/320700**
57.141.20.18 - - [21/Mar/2026:05:24:53 -0700] "GET /shop/daughterinlaw/collet01123261348?fileloc=//etc/default/grub&path=//etc/default HTTP/2.0" 403 56935 "-" "meta-externalagent/1.1 (+https://developers.facebook.com/docs/sharing/webmasters/crawler)" 323 **0/323036**
57.141.20.31 - - [21/Mar/2026:05:24:53 -0700] "GET /shop/hungred/weerish011101780398?fileloc=/home/dxfxddmd03st/public_html/index.php&path=/home/dxfxddmd03st/public_html HTTP/2.0" 403 56935 "-" "meta-externalagent/1.1 (+https://developers.facebook.com/docs/sharing/webmasters/crawler)" 317 **0/317882**
57.141.20.59 - - [21/Mar/2026:05:24:53 -0700] "GET /shop/bracket/diandrous01515559453?fileloc=/home/dxfxddmd03st/public_html/wp-admin/options-media.php&path=/home/dxfxddmd03st/public_html/wp-admin HTTP/2.0" 403 56935 "-" "meta-externalagent/1.1 (+https://developers.facebook.com/docs/sharing/webmasters/crawler)" 313 **0/313520**
57.141.20.3 - - [21/Mar/2026:05:24:54 -0700] "GET /shop/umbrina/argilloareenaceous011363071726?path=/home/dxfxddmd03st/public_html/cgi-bin HTTP/2.0" 403 56935 "-" "meta-externalagent/1.1 (+https://developers.facebook.com/docs/sharing/webmasters/crawler)" 353 **0/353462**
74.7.243.195 - - [21/Mar/2026:05:24:54 -0700] "GET /shop/remedially/pelagic013951008044?path=/home/dxfxddmd03st/public_html/images HTTP/2.0" 200 2686 "https://www.artelron.com/shop/remedially/pelagic013951008044" "Mozilla/5.0 AppleWebKit/537.36 (KHTML, like Gecko; compatible; GPTBot/1.3; +https://openai.com/gptbot)" 309 **0/309895**
57.141.20.19 - - [21/Mar/2026:05:24:54 -0700] "GET /shop/dannebrog/councilman01974781330?fileloc=/home/dxfxddmd03st/public_html/wp-includes/class-wp-hook.php&path=/home/dxfxddmd03st/public_html/wp-includes HTTP/2.0" 403 56935 "-" "meta-externalagent/1.1 (+https://developers.facebook.com/docs/sharing/webmasters/crawler)" 317 **0/317096**
57.141.20.17 - - [21/Mar/2026:05:24:54 -0700] "GET /shop/predicative/ophibolus01491027890?fileloc=/home/dxfxddmd03st/public_html/colors.php&path=/home/dxfxddmd03st/public_html HTTP/2.0" 403 56935 "-" "meta-externalagent/1.1 (+https://developers.facebook.com/docs/sharing/webmasters/crawler)" 313 **0/313165**
57.141.20.28 - - [21/Mar/2026:05:24:55 -0700] "GET /shop/sanquine/stundist013729468748?path=//run/systemd HTTP/2.0" 403 56935 "-" "meta-externalagent/1.1 (+https://developers.facebook.com/docs/sharing/webmasters/crawler)" 309 **0/309885**
57.141.20.49 - - [21/Mar/2026:05:24:55 -0700] "GET /shop/thermoregulator/deionized013191470226?fileloc=/home/dxfxddmd03st/public_html/yrgnf.php&path=/home/dxfxddmd03st/public_html HTTP/2.0" 403 56935 "-" "meta-externalagent/1.1 (+https://developers.facebook.com/docs/sharing/webmasters/crawler)" 309 **0/309049**
57.141.20.19 - - [21/Mar/2026:05:24:55 -0700] "GET /shop/innumerous/calenture011220069371?path=/home/dxfxddmd03st/public_html/ssl HTTP/2.0" 403 56935 "-" "meta-externalagent/1.1 (+https://developers.facebook.com/docs/sharing/webmasters/crawler)" 316 **0/316274**
216.73.216.4 - - [21/Mar/2026:05:24:55 -0700] "GET /shop/sluing/milter011422060379?path=%2Fhome%2Fdxfxddmd03st%2Fpublic_html%2Fssl HTTP/2.0" 200 2667 "-" "Mozilla/5.0 AppleWebKit/537.36 (KHTML, like Gecko; compatible; ClaudeBot/1.0; +claudebot@anthropic.com)" 334 **0/334928**
74.7.227.172 - - [21/Mar/2026:05:24:55 -0700] "GET /?path=//lib/modules/4.18.0-553.52.1.lve.el8.x86_64/kernel/fs/fat HTTP/2.0" 200 2669 "https://artelron.com/?path=//lib/modules/4.18.0-553.52.1.lve.el8.x86_64/kernel/fs" "Mozilla/5.0 AppleWebKit/537.36 (KHTML, like Gecko; compatible; GPTBot/1.3; +https://openai.com/gptbot)" 330 **0/330135**
57.141.20.12 - - [21/Mar/2026:05:24:56 -0700] "GET /shop/deepwaisted/asserting012628497267?fileloc=//bin/ifnames&path=//bin HTTP/2.0" 403 56935 "-" "meta-externalagent/1.1 (+https://developers.facebook.com/docs/sharing/webmasters/crawler)" 328 **0/328776**
57.141.20.57 - - [21/Mar/2026:05:24:56 -0700] "GET /shop/paynize/sottish011420954520?fileloc=//bin/chrt&path=//bin HTTP/2.0" 403 56935 "-" "meta-externalagent/1.1 (+https://developers.facebook.com/docs/sharing/webmasters/crawler)" 315 **0/315959**
57.141.20.10 - - [21/Mar/2026:05:24:56 -0700] "GET /shop/alternanthera/agminal01590871833?path=/home/dxfxddmd03st/public_html/moked-hash.co.il HTTP/2.0" 403 56935 "-" "meta-externalagent/1.1 (+https://developers.facebook.com/docs/sharing/webmasters/crawler)" 322 **0/322856**
57.141.20.10 - - [21/Mar/2026:05:24:57 -0700] "GET /shop/paynize/sottish011420954520?fileloc=//bin/zsoelim&path=//bin HTTP/2.0" 403 56935 "-" "meta-externalagent/1.1 (+https://developers.facebook.com/docs/sharing/webmasters/crawler)" 333 **0/333782**
74.7.243.195 - - [21/Mar/2026:05:24:57 -0700] "GET /shop/mesoblastic/creeks012570366228 HTTP/2.0" 200 3474 "https://www.artelron.com/wp-sitemap.xml" "Mozilla/5.0 AppleWebKit/537.36 (KHTML, like Gecko; compatible; GPTBot/1.3; +https://openai.com/gptbot)" 327 **0/327771**
57.141.20.55 - - [21/Mar/2026:05:24:57 -0700] "GET /shop/purchased/skilligalee012250177543?fileloc=/home/dxfxddmd03st/public_html/wp-admin/revision.php&path=/home/dxfxddmd03st/public_html/wp-admin HTTP/2.0" 403 56935 "-" "meta-externalagent/1.1 (+https://developers.facebook.com/docs/sharing/webmasters/crawler)" 325 **0/325968**
57.141.20.9 - - [21/Mar/2026:05:24:57 -0700] "GET /shop/silundum/tracklessly01977205512?fileloc=/home/dxfxddmd03st/public_html/wp-includes/js/wp-embed-template.js&path=/home/dxfxddmd03st/public_html/wp-includes/js HTTP/2.0" 403 56935 "-" "meta-externalagent/1.1 (+https://developers.facebook.com/docs/sharing/webmasters/crawler)" 320 **0/320509**
57.141.20.39 - - [21/Mar/2026:05:24:58 -0700] "GET /shop/encyclopaedy/foison0147582057?fileloc=/home/dxfxddmd03st/public_html/wp-includes/class-wp-post.php&path=/home/dxfxddmd03st/public_html/wp-includes HTTP/2.0" 403 56935 "-" "meta-externalagent/1.1 (+https://developers.facebook.com/docs/sharing/webmasters/crawler)" 319 **0/319805**
216.73.216.4 - - [21/Mar/2026:05:24:58 -0700] "GET /shop/dissatisfactoriness/chorist013885926441?path=%2Fhome%2Fdxfxddmd03st%2Fpublic_html%2Fwp-admin HTTP/2.0" 200 5335 "-" "Mozilla/5.0 AppleWebKit/537.36 (KHTML, like Gecko; compatible; ClaudeBot/1.0; +claudebot@anthropic.com)" 331 **0/331637**
57.141.20.18 - - [21/Mar/2026:05:24:58 -0700] "GET /shop/deepwaisted/asserting012628497267?path=/home/dxfxddmd03st/.sucuriquarantine HTTP/2.0" 403 56935 "-" "meta-externalagent/1.1 (+https://developers.facebook.com/docs/sharing/webmasters/crawler)" 319 **0/319412**
57.141.20.26 - - [21/Mar/2026:05:24:58 -0700] "GET /shop/miswed/oligomer01222819661?fileloc=/home/dxfxddmd03st/public_html/wp-cron.php&path=/home/dxfxddmd03st/public_html HTTP/2.0" 403 56935 "-" "meta-externalagent/1.1 (+https://developers.facebook.com/docs/sharing/webmasters/crawler)" 320 **0/320935**
74.7.227.172 - - [21/Mar/2026:05:24:59 -0700] "GET /?path=//lib/modules/4.18.0-553.52.1.lve.el8.x86_64/kernel/fs/udf HTTP/2.0" 200 2606 "https://artelron.com/?path=//lib/modules/4.18.0-553.52.1.lve.el8.x86_64/kernel/fs" "Mozilla/5.0 AppleWebKit/537.36 (KHTML, like Gecko; compatible; GPTBot/1.3; +https://openai.com/gptbot)" 328 **0/328260**
57.141.20.7 - - [21/Mar/2026:05:24:59 -0700] "GET /shop/euchroic/snored013934575806?path=/home/dxfxddmd03st/public_html/wp-admin/maint HTTP/2.0" 403 56935 "-" "meta-externalagent/1.1 (+https://developers.facebook.com/docs/sharing/webmasters/crawler)" 313 **0/313998**
57.141.20.25 - - [21/Mar/2026:05:24:59 -0700] "GET /shop/deepwaisted/asserting012628497267?fileloc=//bin/truncate&path=//bin HTTP/2.0" 403 56935 "-" "meta-externalagent/1.1 (+https://developers.facebook.com/docs/sharing/webmasters/crawler)" 338 **0/338701**
57.141.20.4 - - [21/Mar/2026:05:24:59 -0700] "GET /shop/envious/disgracer013119772574?fileloc=/home/dxfxddmd03st/public_html/wp-includes/post-template.php&path=/home/dxfxddmd03st/public_html/wp-includes HTTP/2.0" 403 56935 "-" "meta-externalagent/1.1 (+https://developers.facebook.com/docs/sharing/webmasters/crawler)" 317 **0/317462**
57.141.20.16 - - [21/Mar/2026:05:25:00 -0700] "GET /shop/tonguefish/naperian011483525273?fileloc=/home/dxfxddmd03st/.md5sum&path=/home/dxfxddmd03st HTTP/2.0" 403 56935 "-" "meta-externalagent/1.1 (+https://developers.facebook.com/docs/sharing/webmasters/crawler)" 349 **0/349948**
57.141.20.3 - - [21/Mar/2026:05:25:00 -0700] "GET /shop/blackjack/coeducational01463544952?fileloc=/home/dxfxddmd03st/public_html/wp-includes/fonts.php&path=/home/dxfxddmd03st/public_html/wp-includes HTTP/2.0" 403 56935 "-" "meta-externalagent/1.1 (+https://developers.facebook.com/docs/sharing/webmasters/crawler)" 336 **0/336432**
57.141.20.16 - - [21/Mar/2026:05:25:00 -0700] "GET /shop/similative/artistically011729879418?fileloc=/home/dxfxddmd03st/public_html/wp-admin/edit-form-comment.php&path=/home/dxfxddmd03st/public_html/wp-admin HTTP/2.0" 403 56935 "-" "meta-externalagent/1.1 (+https://developers.facebook.com/docs/sharing/webmasters/crawler)" 324 **0/324525**
74.7.243.195 - - [21/Mar/2026:05:25:00 -0700] "GET /shop/highlow/prenanthes012814392260 HTTP/2.0" 200 3474 "https://www.artelron.com/wp-sitemap.xml" "Mozilla/5.0 AppleWebKit/537.36 (KHTML, like Gecko; compatible; GPTBot/1.3; +https://openai.com/gptbot)" 330 **0/330332**
216.73.216.4 - - [21/Mar/2026:05:25:01 -0700] "GET /shop/screeched/teetertail011509279412?fileloc=%2Fhome%2Fdxfxddmd03st%2Fpublic_html%2Fwp-includes%2Fspeculative-loading.php&path=%2Fhome%2Fdxfxddmd03st%2Fpublic_html%2Fwp-includes HTTP/2.0" 200 4976 "-" "Mozilla/5.0 AppleWebKit/537.36 (KHTML, like Gecko; compatible; ClaudeBot/1.0; +claudebot@anthropic.com)" 365 **0/365194**
57.141.20.23 - - [21/Mar/2026:05:25:01 -0700] "GET /shop/similative/artistically011729879418?fileloc=/home/dxfxddmd03st/public_html/wp-admin/menu-header.php&path=/home/dxfxddmd03st/public_html/wp-admin HTTP/2.0" 403 56935 "-" "meta-externalagent/1.1 (+https://developers.facebook.com/docs/sharing/webmasters/crawler)" 411 **0/411086**
57.141.20.58 - - [21/Mar/2026:05:25:01 -0700] "GET /shop/chitterlings/inextended012103610370?fileloc=/home/dxfxddmd03st/public_html/wp-comments-post.php&path=/home/dxfxddmd03st/public_html HTTP/2.0" 403 56935 "-" "meta-externalagent/1.1 (+https://developers.facebook.com/docs/sharing/webmasters/crawler)" 458 **0/458801**
57.141.20.2 - - [21/Mar/2026:05:25:01 -0700] "GET /shop/paynize/sottish011420954520?fileloc=//bin/rsync&path=//bin HTTP/2.0" 403 56935 "-" "meta-externalagent/1.1 (+https://developers.facebook.com/docs/sharing/webmasters/crawler)" 573 **0/573095**
74.7.227.172 - - [21/Mar/2026:05:25:02 -0700] "GET /?path=//lib/modules/4.18.0-553.52.1.lve.el8.x86_64/weak-updates HTTP/2.0" 200 2575 "https://artelron.com/?path=//lib/modules/4.18.0-553.52.1.lve.el8.x86_64" "Mozilla/5.0 AppleWebKit/537.36 (KHTML, like Gecko; compatible; GPTBot/1.3; +https://openai.com/gptbot)" 381 **0/381081**
57.141.20.6 - - [21/Mar/2026:05:25:02 -0700] "GET /shop/hosting/tanged011050460621?path=/home/dxfxddmd03st HTTP/2.0" 403 56935 "-" "meta-externalagent/1.1 (+https://developers.facebook.com/docs/sharing/webmasters/crawler)" 393 **0/393083**
57.141.20.23 - - [21/Mar/2026:05:25:02 -0700] "GET /shop/cockeye/bipectinate01508382944?path=//bin HTTP/2.0" 403 56935 "-" "meta-externalagent/1.1 (+https://developers.facebook.com/docs/sharing/webmasters/crawler)" 383 **0/383187**
57.141.20.37 - - [21/Mar/2026:05:25:02 -0700] "GET /shop/blackjack/coeducational01463544952?fileloc=/home/dxfxddmd03st/public_html/wp-includes/class-wp-theme-json-schema.php&path=/home/dxfxddmd03st/public_html/wp-includes HTTP/2.0" 403 56935 "-" "meta-externalagent/1.1 (+https://developers.facebook.com/docs/sharing/webmasters/crawler)" 354 **0/354423**
57.141.20.55 - - [21/Mar/2026:05:25:03 -0700] "GET /shop/daughterinlaw/collet01123261348?path=//etc/cl.php.d HTTP/2.0" 403 56935 "-" "meta-externalagent/1.1 (+https://developers.facebook.com/docs/sharing/webmasters/crawler)" 373 **0/373297**
57.141.20.0 - - [21/Mar/2026:05:25:03 -0700] "GET /shop/paracelsian/glossohyal01588447635?fileloc=/home/dxfxddmd03st/public_html/wp-config.php&path=/home/dxfxddmd03st/public_html HTTP/2.0" 403 56935 "-" "meta-externalagent/1.1 (+https://developers.facebook.com/docs/sharing/webmasters/crawler)" 352 **0/352729**
57.141.20.33 - - [21/Mar/2026:05:25:03 -0700] "GET /shop/insulsity/perruque012329169835?fileloc=/home/dxfxddmd03st/public_html/wp-admin/css/customize-controls-rtl.css&path=/home/dxfxddmd03st/public_html/wp-admin/css HTTP/2.0" 403 56935 "-" "meta-externalagent/1.1 (+https://developers.facebook.com/docs/sharing/webmasters/crawler)" 343 **0/343450**
74.7.243.195 - - [21/Mar/2026:05:25:03 -0700] "GET /shop/netball/apothecium013750393673?fileloc=/home/dxfxddmd03st/public_html/wp-blog-header.php&path=/home/dxfxddmd03st/public_html HTTP/2.0" 200 2445 "https://www.artelron.com/shop/netball/apothecium013750393673" "Mozilla/5.0 AppleWebKit/537.36 (KHTML, like Gecko; compatible; GPTBot/1.3; +https://openai.com/gptbot)" 356 **0/356234**
57.141.20.23 - - [21/Mar/2026:05:25:04 -0700] "GET /shop/cockeye/bipectinate01508382944?path=//dev HTTP/2.0" 403 56935 "-" "meta-externalagent/1.1 (+https://developers.facebook.com/docs/sharing/webmasters/crawler)" 373 **0/373287**
216.73.216.4 - - [21/Mar/2026:05:25:04 -0700] "GET /shop/expilation/multicarinate01521419295?fileloc=%2Fhome%2Fdxfxddmd03st%2Fpublic_html%2Fwp-includes%2Ftaxonomy.php&path=%2Fhome%2Fdxfxddmd03st%2Fpublic_html%2Fwp-includes HTTP/2.0" 200 39058 "-" "Mozilla/5.0 AppleWebKit/537.36 (KHTML, like Gecko; compatible; ClaudeBot/1.0; +claudebot@anthropic.com)" 371 **0/371961**
57.141.20.58 - - [21/Mar/2026:05:25:04 -0700] "GET /shop/enchase/tsetung012334970722?fileloc=/home/dxfxddmd03st/www/wp-includes/error-protection.php&path=/home/dxfxddmd03st/www/wp-includes HTTP/2.0" 403 56935 "-" "meta-externalagent/1.1 (+https://developers.facebook.com/docs/sharing/webmasters/crawler)" 375 **0/375002**
57.141.20.2 - - [21/Mar/2026:05:25:04 -0700] "GET /shop/pontificial/forfeit013597019575?fileloc=/home/dxfxddmd03st/public_html/wp-admin/plugin-install.php&path=/home/dxfxddmd03st/public_html/wp-admin HTTP/2.0" 403 56935 "-" "meta-externalagent/1.1 (+https://developers.facebook.com/docs/sharing/webmasters/crawler)" 353 **0/353255**
57.141.20.26 - - [21/Mar/2026:05:25:05 -0700] "GET /shop/paynize/sottish011420954520?fileloc=//bin/unexpand&path=//bin HTTP/2.0" 403 56935 "-" "meta-externalagent/1.1 (+https://developers.facebook.com/docs/sharing/webmasters/crawler)" 334 **0/334248**
74.7.227.172 - - [21/Mar/2026:05:25:05 -0700] "GET /?fileloc=//lib/modules/4.18.0-553.94.1.lve.el8.x86_64/kernel/sound/soc/sof/snd-sof-probes.ko.xz&path=//lib/modules/4.18.0-553.94.1.lve.el8.x86_64/kernel/sound/soc/sof HTTP/2.0" 200 9419 "https://artelron.com/?path=//lib/modules/4.18.0-553.94.1.lve.el8.x86_64/kernel/sound/soc/sof" "Mozilla/5.0 AppleWebKit/537.36 (KHTML, like Gecko; compatible; GPTBot/1.3; +https://openai.com/gptbot)" 393 **0/393461**
57.141.20.46 - - [21/Mar/2026:05:25:05 -0700] "GET /shop/chalking/mendaciousness013617144169?path=/home/dxfxddmd03st/public_html/wp-content HTTP/2.0" 403 56935 "-" "meta-externalagent/1.1 (+https://developers.facebook.com/docs/sharing/webmasters/crawler)" 360 **0/360447**
57.141.20.3 - - [21/Mar/2026:05:25:05 -0700] "GET /shop/lingism/ungrateful013091259372?fileloc=//proc/2395450/limits&path=//proc/2395450 HTTP/2.0" 403 56935 "-" "meta-externalagent/1.1 (+https://developers.facebook.com/docs/sharing/webmasters/crawler)" 375 **0/375982**
57.141.20.55 - - [21/Mar/2026:05:25:06 -0700] "GET /shop/blackjack/coeducational01463544952?path=//lib64 HTTP/2.0" 403 56935 "-" "meta-externalagent/1.1 (+https://developers.facebook.com/docs/sharing/webmasters/crawler)" 345 **0/345572**
57.141.20.16 - - [21/Mar/2026:05:25:06 -0700] "GET /shop/sieboldii/troopmeal014133132842?fileloc=//bin/catchsegv&path=//bin HTTP/2.0" 403 56935 "-" "meta-externalagent/1.1 (+https://developers.facebook.com/docs/sharing/webmasters/crawler)" 347 **0/347112**
74.7.243.195 - - [21/Mar/2026:05:25:07 -0700] "GET /shop/cubeb/wateringpot011206562108 HTTP/2.0" 200 3474 "https://www.artelron.com/wp-sitemap.xml" "Mozilla/5.0 AppleWebKit/537.36 (KHTML, like Gecko; compatible; GPTBot/1.3; +https://openai.com/gptbot)" 341 **0/341811**
57.141.20.2 - - [21/Mar/2026:05:25:07 -0700] "GET /shop/glamor/pratinocola013499232919?fileloc=/home/dxfxddmd03st/public_html/wp-activate.php&path=/home/dxfxddmd03st/public_html HTTP/2.0" 403 56935 "-" "meta-externalagent/1.1 (+https://developers.facebook.com/docs/sharing/webmasters/crawler)" 350 **0/350792**
216.73.216.4 - - [21/Mar/2026:05:25:07 -0700] "GET /shop/refigure/scalpriform011709655510?path=%2Fhome%2Fdxfxddmd03st%2Fpublic_html%2F.tmb HTTP/2.0" 200 3013 "-" "Mozilla/5.0 AppleWebKit/537.36 (KHTML, like Gecko; compatible; ClaudeBot/1.0; +claudebot@anthropic.com)" 352 **0/352883**
57.141.20.10 - - [21/Mar/2026:05:25:07 -0700] "GET /shop/nitrobenzol/mozetta011007016547?fileloc=/home/dxfxddmd03st/public_html/wp-includes/class-wpdb.php&path=/home/dxfxddmd03st/public_html/wp-includes HTTP/2.0" 403 56935 "-" "meta-externalagent/1.1 (+https://developers.facebook.com/docs/sharing/webmasters/crawler)" 348 **0/348006**
57.141.20.51 - - [21/Mar/2026:05:25:07 -0700] "GET /shop/dejecture/taplings01618354755?fileloc=/home/dxfxddmd03st/public_html/wp-includes/class-phpmailer.php&path=/home/dxfxddmd03st/public_html/wp-includes HTTP/2.0" 403 56935 "-" "meta-externalagent/1.1 (+https://developers.facebook.com/docs/sharing/webmasters/crawler)" 336 **0/336214**
57.141.20.22 - - [21/Mar/2026:05:25:07 -0700] "GET /shop/sieboldii/troopmeal014133132842?fileloc=//bin/gpg-zip&path=//bin HTTP/2.0" 403 56935 "-" "meta-externalagent/1.1 (+https://developers.facebook.com/docs/sharing/webmasters/crawler)" 374 **0/374754**
57.141.20.4 - - [21/Mar/2026:05:25:08 -0700] "GET /shop/agony/shortwaisted011781830199?fileloc=/home/dxfxddmd03st/public_html/wp-login.php&path=/home/dxfxddmd03st/public_html HTTP/2.0" 403 56935 "-" "meta-externalagent/1.1 (+https://developers.facebook.com/docs/sharing/webmasters/crawler)" 347 **0/347723**
57.141.20.15 - - [21/Mar/2026:05:25:08 -0700] "GET /shop/sieboldii/troopmeal014133132842?fileloc=//bin/ssh-copy-id&path=//bin HTTP/2.0" 403 56935 "-" "meta-externalagent/1.1 (+https://developers.facebook.com/docs/sharing/webmasters/crawler)" 335 **0/335599**
74.7.227.172 - - [21/Mar/2026:05:25:08 -0700] "GET /?path=//lib/modules/4.18.0-553.94.1.lve.el8.x86_64/kernel/sound/soc/sof/amd HTTP/2.0" 200 2710 "https://artelron.com/?path=//lib/modules/4.18.0-553.94.1.lve.el8.x86_64/kernel/sound/soc/sof" "Mozilla/5.0 AppleWebKit/537.36 (KHTML, like Gecko; compatible; GPTBot/1.3; +https://openai.com/gptbot)" 366 **0/366153**
57.141.20.52 - - [21/Mar/2026:05:25:08 -0700] "GET /shop/insulsity/perruque012329169835?fileloc=/home/dxfxddmd03st/public_html/wp-admin/css/edit.min.css&path=/home/dxfxddmd03st/public_html/wp-admin/css HTTP/2.0" 403 56935 "-" "meta-externalagent/1.1 (+https://developers.facebook.com/docs/sharing/webmasters/crawler)" 334 **0/334100**
57.141.20.35 - - [21/Mar/2026:05:25:09 -0700] "GET /shop/obtest/bathymetric011487065501?fileloc=/home/dxfxddmd03st/public_html/wp-cron.php&path=/home/dxfxddmd03st/public_html HTTP/2.0" 403 56935 "-" "meta-externalagent/1.1 (+https://developers.facebook.com/docs/sharing/webmasters/crawler)" 349 **0/349037**
57.141.20.34 - - [21/Mar/2026:05:25:09 -0700] "GET /shop/enchase/tsetung012334970722?fileloc=//lib64/libraw.so.19.0.2&path=//lib64 HTTP/2.0" 403 56935 "-" "meta-externalagent/1.1 (+https://developers.facebook.com/docs/sharing/webmasters/crawler)" 326 **0/326806**
57.141.20.59 - - [21/Mar/2026:05:25:10 -0700] "GET /shop/liard/submultiple01928794959?path=//lib/.build-id/0a HTTP/2.0" 403 56935 "-" "meta-externalagent/1.1 (+https://developers.facebook.com/docs/sharing/webmasters/crawler)" 321 **0/321580**
57.141.20.45 - - [21/Mar/2026:05:25:10 -0700] "GET /shop/insulsity/perruque012329169835?fileloc=//sbin/pam_console_apply&path=//sbin HTTP/2.0" 403 56935 "-" "meta-externalagent/1.1 (+https://developers.facebook.com/docs/sharing/webmasters/crawler)" 340 **0/340344**
216.73.216.4 - - [21/Mar/2026:05:25:10 -0700] "GET /shop/gladiole/foreandafter01395464678?path=%2Fhome%2Fdxfxddmd03st%2Fpublic_html HTTP/2.0" 200 3474 "-" "Mozilla/5.0 AppleWebKit/537.36 (KHTML, like Gecko; compatible; ClaudeBot/1.0; +claudebot@anthropic.com)" 351 **0/351945**
74.7.243.195 - - [21/Mar/2026:05:25:10 -0700] "GET /shop/knotty/avantgarde013082600489 HTTP/2.0" 200 3474 "https://www.artelron.com/wp-sitemap.xml" "Mozilla/5.0 AppleWebKit/537.36 (KHTML, like Gecko; compatible; GPTBot/1.3; +https://openai.com/gptbot)" 346 **0/346145**
57.141.20.6 - - [21/Mar/2026:05:25:10 -0700] "GET /shop/umbles/catamite014089343458?fileloc=/home/dxfxddmd03st/public_html/wp-cron.php&path=/home/dxfxddmd03st/public_html HTTP/2.0" 403 56935 "-" "meta-externalagent/1.1 (+https://developers.facebook.com/docs/sharing/webmasters/crawler)" 342 **0/342305**
57.141.20.52 - - [21/Mar/2026:05:25:10 -0700] "GET /shop/melanospermous/backster01685677835?path=/home/dxfxddmd03st/public_html/wp-content HTTP/2.0" 403 56935 "-" "meta-externalagent/1.1 (+https://developers.facebook.com/docs/sharing/webmasters/crawler)" 335 **0/335687**
57.141.20.7 - - [21/Mar/2026:05:25:11 -0700] "GET /shop/mazing/moonie012543262677?path=/home/dxfxddmd03st/public_html/artelron.com HTTP/2.0" 403 56935 "-" "meta-externalagent/1.1 (+https://developers.facebook.com/docs/sharing/webmasters/crawler)" 350 **0/350241**
74.7.227.172 - - [21/Mar/2026:05:25:11 -0700] "GET /?path=//lib/modules/4.18.0-553.52.1.lve.el8.x86_64/kernel/arch HTTP/2.0" 200 2577 "https://artelron.com/?path=//lib/modules/4.18.0-553.52.1.lve.el8.x86_64/kernel" "Mozilla/5.0 AppleWebKit/537.36 (KHTML, like Gecko; compatible; GPTBot/1.3; +https://openai.com/gptbot)" 347 **0/347695**
57.141.20.40 - - [21/Mar/2026:05:25:11 -0700] "GET /shop/coaster/seasoner013547265765?fileloc=/home/dxfxddmd03st/public_html/index.php&path=/home/dxfxddmd03st/public_html HTTP/2.0" 403 56935 "-" "meta-externalagent/1.1 (+https://developers.facebook.com/docs/sharing/webmasters/crawler)" 348 **0/348161**
57.141.20.25 - - [21/Mar/2026:05:25:12 -0700] "GET /shop/bleareyed/recoiler012797960022?fileloc=/home/dxfxddmd03st/public_html/wp-settings.php&path=/home/dxfxddmd03st/public_html HTTP/2.0" 403 56935 "-" "meta-externalagent/1.1 (+https://developers.facebook.com/docs/sharing/webmasters/crawler)" 355 **0/355720**
57.141.20.10 - - [21/Mar/2026:05:25:12 -0700] "GET /shop/insulsity/perruque012329169835?fileloc=/home/dxfxddmd03st/public_html/wp-includes/class-json.php&path=/home/dxfxddmd03st/public_html/wp-includes HTTP/2.0" 403 56935 "-" "meta-externalagent/1.1 (+https://developers.facebook.com/docs/sharing/webmasters/crawler)" 347 **0/347903**
57.141.20.33 - - [21/Mar/2026:05:25:12 -0700] "GET /shop/articulating/paver012670729226?path=//tmp HTTP/2.0" 403 56935 "-" "meta-externalagent/1.1 (+https://developers.facebook.com/docs/sharing/webmasters/crawler)" 350 **0/350073**
57.141.20.55 - - [21/Mar/2026:05:25:12 -0700] "GET /shop/blackjack/coeducational01463544952?fileloc=/home/dxfxddmd03st/public_html/wp-includes/class-wp-script-modules.php&path=/home/dxfxddmd03st/public_html/wp-includes HTTP/2.0" 403 56935 "-" "meta-externalagent/1.1 (+https://developers.facebook.com/docs/sharing/webmasters/crawler)" 340 **0/340342**
216.73.216.4 - - [21/Mar/2026:05:25:13 -0700] "GET /shop/fucate/congealable012504141324?fileloc=%2Fhome%2Fdxfxddmd03st%2Fpublic_html%2Fwp-admin%2Fms-users.php&path=%2Fhome%2Fdxfxddmd03st%2Fpublic_html%2Fwp-admin HTTP/2.0" 200 2404 "-" "Mozilla/5.0 AppleWebKit/537.36 (KHTML, like Gecko; compatible; ClaudeBot/1.0; +claudebot@anthropic.com)" 357 **0/357163**
74.7.243.195 - - [21/Mar/2026:05:25:13 -0700] "GET /shop/towsack/boehmenism011741463276 HTTP/2.0" 200 3474 "https://www.artelron.com/wp-sitemap.xml" "Mozilla/5.0 AppleWebKit/537.36 (KHTML, like Gecko; compatible; GPTBot/1.3; +https://openai.com/gptbot)" 334 **0/334092**
57.141.20.34 - - [21/Mar/2026:05:25:13 -0700] "GET /shop/liard/submultiple01928794959?path=//lib/.build-id/b4 HTTP/2.0" 403 56935 "-" "meta-externalagent/1.1 (+https://developers.facebook.com/docs/sharing/webmasters/crawler)" 328 **0/328059**
57.141.20.42 - - [21/Mar/2026:05:25:13 -0700] "GET /shop/gallicize/technically011263253821?path=/home/dxfxddmd03st/public_ftp HTTP/2.0" 403 56935 "-" "meta-externalagent/1.1 (+https://developers.facebook.com/docs/sharing/webmasters/crawler)" 441 **0/441164**
57.141.20.7 - - [21/Mar/2026:05:25:13 -0700] "GET /shop/blackjack/coeducational01463544952?fileloc=/home/dxfxddmd03st/public_html/wp-includes/global-styles-and-settings.php&path=/home/dxfxddmd03st/public_html/wp-includes HTTP/2.0" 403 56935 "-" "meta-externalagent/1.1 (+https://developers.facebook.com/docs/sharing/webmasters/crawler)" 328 **0/328937**
57.141.20.43 - - [21/Mar/2026:05:25:14 -0700] "GET /shop/blackjack/coeducational01463544952?fileloc=/home/dxfxddmd03st/public_html/wp-includes/class-wp-widget.php&path=/home/dxfxddmd03st/public_html/wp-includes HTTP/2.0" 403 56935 "-" "meta-externalagent/1.1 (+https://developers.facebook.com/docs/sharing/webmasters/crawler)" 341 **0/341176**
57.141.20.46 - - [21/Mar/2026:05:25:14 -0700] "GET /shop/bracket/diandrous01515559453?fileloc=/home/dxfxddmd03st/public_html/wp-admin/link-add.php&path=/home/dxfxddmd03st/public_html/wp-admin HTTP/2.0" 403 56935 "-" "meta-externalagent/1.1 (+https://developers.facebook.com/docs/sharing/webmasters/crawler)" 369 **0/369690**
57.141.20.31 - - [21/Mar/2026:05:25:14 -0700] "GET /shop/fabulousness/guaiacum013661918441?path=/home/dxfxddmd03st/public_html/images HTTP/2.0" 403 56935 "-" "meta-externalagent/1.1 (+https://developers.facebook.com/docs/sharing/webmasters/crawler)" 332 **0/332363**
74.7.227.172 - - [21/Mar/2026:05:25:15 -0700] "GET /?fileloc=//lib/firmware/tlg2300_firmware.bin&path=//lib/firmware HTTP/2.0" 200 34201 "https://artelron.com/?path=//lib/firmware" "Mozilla/5.0 AppleWebKit/537.36 (KHTML, like Gecko; compatible; GPTBot/1.3; +https://openai.com/gptbot)" 361 **0/361100**
57.141.20.38 - - [21/Mar/2026:05:25:15 -0700] "GET /shop/crocidura/british013574912226?fileloc=/home/dxfxddmd03st/public_html/wp-comments-post.php&path=/home/dxfxddmd03st/public_html HTTP/2.0" 403 56935 "-" "meta-externalagent/1.1 (+https://developers.facebook.com/docs/sharing/webmasters/crawler)" 363 **0/363089**
57.141.20.41 - - [21/Mar/2026:05:25:15 -0700] "GET /shop/solemnizate/popular011457222069?fileloc=/home/dxfxddmd03st/public_html/wp-links-opml.php&path=/home/dxfxddmd03st/public_html HTTP/2.0" 403 56935 "-" "meta-externalagent/1.1 (+https://developers.facebook.com/docs/sharing/webmasters/crawler)" 322 **0/322436**
57.141.20.17 - - [21/Mar/2026:05:25:15 -0700] "GET /shop/sanquine/stundist013729468748?path=/home/dxfxddmd03st/home/dxfxddmd03st HTTP/2.0" 403 56935 "-" "meta-externalagent/1.1 (+https://developers.facebook.com/docs/sharing/webmasters/crawler)" 328 **0/328590**
216.73.216.4 - - [21/Mar/2026:05:25:16 -0700] "GET /shop/norepinephrine/hellward012656472189?fileloc=%2Fhome%2Fdxfxddmd03st%2Fpublic_html%2Fwp-admin%2Fjs%2Fpost.js&path=%2Fhome%2Fdxfxddmd03st%2Fpublic_html%2Fwp-admin%2Fjs HTTP/2.0" 200 14119 "-" "Mozilla/5.0 AppleWebKit/537.36 (KHTML, like Gecko; compatible; ClaudeBot/1.0; +claudebot@anthropic.com)" 348 **0/348682**
57.141.20.4 - - [21/Mar/2026:05:25:16 -0700] "GET /shop/windrowing/discalceate012750793949?fileloc=/home/dxfxddmd03st/public_html/wp-includes/functions.wp-scripts.php&path=/home/dxfxddmd03st/public_html/wp-includes HTTP/2.0" 403 56935 "-" "meta-externalagent/1.1 (+https://developers.facebook.com/docs/sharing/webmasters/crawler)" 332 **0/332259**
74.7.243.195 - - [21/Mar/2026:05:25:16 -0700] "GET /shop/birthnight/tineid013075423996 HTTP/2.0" 200 3474 "https://www.artelron.com/wp-sitemap.xml" "Mozilla/5.0 AppleWebKit/537.36 (KHTML, like Gecko; compatible; GPTBot/1.3; +https://openai.com/gptbot)" 332 **0/332659**
57.141.20.32 - - [21/Mar/2026:05:25:16 -0700] "GET /shop/windrowing/discalceate012750793949?fileloc=/home/dxfxddmd03st/public_html/wp-includes/.htaccess&path=/home/dxfxddmd03st/public_html/wp-includes HTTP/2.0" 403 56935 "-" "meta-externalagent/1.1 (+https://developers.facebook.com/docs/sharing/webmasters/crawler)" 320 **0/320200**
57.141.20.7 - - [21/Mar/2026:05:25:17 -0700] "GET /shop/slopwork/azotize011151534208?fileloc=/home/dxfxddmd03st/public_html/wp-admin/users.php&path=/home/dxfxddmd03st/public_html/wp-admin HTTP/2.0" 403 56935 "-" "meta-externalagent/1.1 (+https://developers.facebook.com/docs/sharing/webmasters/crawler)" 340 **0/340299**
57.141.20.40 - - [21/Mar/2026:05:25:17 -0700] "GET /shop/primevertical/valebat012429940215?fileloc=/home/dxfxddmd03st/public_html/wp-includes/class-walker-page-dropdown.php&path=/home/dxfxddmd03st/public_html/wp-includes HTTP/2.0" 403 56935 "-" "meta-externalagent/1.1 (+https://developers.facebook.com/docs/sharing/webmasters/crawler)" 318 **0/318236**
57.141.20.55 - - [21/Mar/2026:05:25:17 -0700] "GET /shop/termination/gerontes01151729142?path=/home/dxfxddmd03st/public_html/wp-content HTTP/2.0" 403 56935 "-" "meta-externalagent/1.1 (+https://developers.facebook.com/docs/sharing/webmasters/crawler)" 317 **0/317706**
57.141.20.32 - - [21/Mar/2026:05:25:17 -0700] "GET /shop/dejecture/taplings01618354755?fileloc=/home/dxfxddmd03st/public_html/wp-includes/class-wp-script-modules.php&path=/home/dxfxddmd03st/public_html/wp-includes HTTP/2.0" 403 56935 "-" "meta-externalagent/1.1 (+https://developers.facebook.com/docs/sharing/webmasters/crawler)" 338 **0/338578**
