57.141.20.20 - - [21/Mar/2026:05:12:28 -0700] "GET /shop/adelaster/parepididymis011639269271?fileloc=/home/dxfxddmd03st/public_html/wp-includes/class-wp-user-meta-session-tokens.php&path=/home/dxfxddmd03st/public_html/wp-includes HTTP/2.0" 403 56935 "-" "meta-externalagent/1.1 (+https://developers.facebook.com/docs/sharing/webmasters/crawler)" 331 **0/331727**
57.141.20.41 - - [21/Mar/2026:05:12:28 -0700] "GET /shop/windrowing/discalceate012750793949?fileloc=/home/dxfxddmd03st/public_html/wp-includes/nav-menu.php&path=/home/dxfxddmd03st/public_html/wp-includes HTTP/2.0" 403 56935 "-" "meta-externalagent/1.1 (+https://developers.facebook.com/docs/sharing/webmasters/crawler)" 323 **0/323009**
57.141.20.29 - - [21/Mar/2026:05:12:28 -0700] "GET /shop/mordanting/coating01228784055?fileloc=/home/dxfxddmd03st/tmp/sess_6914f0dd7dc1e8f7847ab8991482589f&path=/home/dxfxddmd03st/tmp HTTP/2.0" 403 56935 "-" "meta-externalagent/1.1 (+https://developers.facebook.com/docs/sharing/webmasters/crawler)" 316 **0/316265**
57.141.20.10 - - [21/Mar/2026:05:12:29 -0700] "GET /shop/similative/artistically011729879418?fileloc=/home/dxfxddmd03st/public_html/wp-includes/class-wp-navigation-fallback.php&path=/home/dxfxddmd03st/public_html/wp-includes HTTP/2.0" 403 56935 "-" "meta-externalagent/1.1 (+https://developers.facebook.com/docs/sharing/webmasters/crawler)" 323 **0/323532**
57.141.20.8 - - [21/Mar/2026:05:12:29 -0700] "GET /shop/encyclopaedy/foison0147582057?fileloc=/home/dxfxddmd03st/public_html/wp-includes/class-wp-post-type.php&path=/home/dxfxddmd03st/public_html/wp-includes HTTP/2.0" 403 56935 "-" "meta-externalagent/1.1 (+https://developers.facebook.com/docs/sharing/webmasters/crawler)" 318 **0/318890**
216.73.216.4 - - [21/Mar/2026:05:12:29 -0700] "GET /shop/distribute/wotest013135374772?path=%2Fhome%2Fdxfxddmd03st%2Fpublic_html%2Fwp-includes%2FRequests HTTP/2.0" 200 2689 "-" "Mozilla/5.0 AppleWebKit/537.36 (KHTML, like Gecko; compatible; ClaudeBot/1.0; +claudebot@anthropic.com)" 348 **0/348709**
74.7.243.195 - - [21/Mar/2026:05:12:29 -0700] "GET /shop/jesses/logometric013049939926?path=/home/dxfxddmd03st/public_html/ssl HTTP/2.0" 200 2667 "https://www.artelron.com/shop/jesses/logometric013049939926" "Mozilla/5.0 AppleWebKit/537.36 (KHTML, like Gecko; compatible; GPTBot/1.3; +https://openai.com/gptbot)" 313 **0/313250**
57.141.20.3 - - [21/Mar/2026:05:12:29 -0700] "GET /shop/separatrix/eyeminded0126686791 HTTP/2.0" 403 56935 "-" "meta-externalagent/1.1 (+https://developers.facebook.com/docs/sharing/webmasters/crawler)" 321 **0/321927**
74.7.227.172 - - [21/Mar/2026:05:12:30 -0700] "GET /?fileloc=//bin/ionice&path=//bin HTTP/2.0" 200 12467 "https://artelron.com/?path=//bin" "Mozilla/5.0 AppleWebKit/537.36 (KHTML, like Gecko; compatible; GPTBot/1.3; +https://openai.com/gptbot)" 332 **0/332605**
57.141.20.10 - - [21/Mar/2026:05:12:30 -0700] "GET /shop/liard/submultiple01928794959?path=//lib/.build-id/7e HTTP/2.0" 403 56935 "-" "meta-externalagent/1.1 (+https://developers.facebook.com/docs/sharing/webmasters/crawler)" 336 **0/336946**
57.141.20.59 - - [21/Mar/2026:05:12:30 -0700] "GET /shop/dannebrog/councilman01974781330?fileloc=/home/dxfxddmd03st/public_html/yrgnf.php&path=/home/dxfxddmd03st/public_html HTTP/2.0" 403 56935 "-" "meta-externalagent/1.1 (+https://developers.facebook.com/docs/sharing/webmasters/crawler)" 326 **0/326104**
57.141.20.38 - - [21/Mar/2026:05:12:30 -0700] "GET /shop/hurricano/demotic012144630214?fileloc=/home/dxfxddmd03st/public_html/wp-signup.php&path=/home/dxfxddmd03st/public_html HTTP/2.0" 403 56935 "-" "meta-externalagent/1.1 (+https://developers.facebook.com/docs/sharing/webmasters/crawler)" 329 **0/329098**
57.141.20.54 - - [21/Mar/2026:05:12:31 -0700] "GET /shop/enchase/tsetung012334970722?fileloc=//lib64/libavif.so.14&path=//lib64 HTTP/2.0" 403 56935 "-" "meta-externalagent/1.1 (+https://developers.facebook.com/docs/sharing/webmasters/crawler)" 317 **0/317965**
57.141.20.52 - - [21/Mar/2026:05:12:31 -0700] "GET /shop/chitterlings/inextended012103610370?fileloc=/home/dxfxddmd03st/public_html/license.txt&path=/home/dxfxddmd03st/public_html HTTP/2.0" 403 56935 "-" "meta-externalagent/1.1 (+https://developers.facebook.com/docs/sharing/webmasters/crawler)" 328 **0/328237**
57.141.20.33 - - [21/Mar/2026:05:12:31 -0700] "GET /shop/deepwaisted/asserting012628497267?path=/home/dxfxddmd03st/public_html/cgi-bin/cgi-bin HTTP/2.0" 403 56935 "-" "meta-externalagent/1.1 (+https://developers.facebook.com/docs/sharing/webmasters/crawler)" 319 **0/319003**
57.141.20.29 - - [21/Mar/2026:05:12:32 -0700] "GET /shop/discredited/varies012896565828?fileloc=/home/dxfxddmd03st/public_html/wp-includes/class-wp-block.php&path=/home/dxfxddmd03st/public_html/wp-includes HTTP/2.0" 403 56935 "-" "meta-externalagent/1.1 (+https://developers.facebook.com/docs/sharing/webmasters/crawler)" 333 **0/333148**
57.141.20.8 - - [21/Mar/2026:05:12:32 -0700] "GET /shop/calabozo/morgan013611343298?fileloc=/home/dxfxddmd03st/public_html/colors.php&path=/home/dxfxddmd03st/public_html HTTP/2.0" 403 56935 "-" "meta-externalagent/1.1 (+https://developers.facebook.com/docs/sharing/webmasters/crawler)" 320 **0/320645**
216.73.216.4 - - [21/Mar/2026:05:12:32 -0700] "GET /shop/garment/mondi01861398004?fileloc=%2Fhome%2Fdxfxddmd03st%2Fpublic_html%2Fwp-includes%2Fcss%2Fcustomize-preview.min.css&path=%2Fhome%2Fdxfxddmd03st%2Fpublic_html%2Fwp-includes%2Fcss HTTP/2.0" 200 2979 "-" "Mozilla/5.0 AppleWebKit/537.36 (KHTML, like Gecko; compatible; ClaudeBot/1.0; +claudebot@anthropic.com)" 337 **0/337897**
57.141.20.53 - - [21/Mar/2026:05:12:32 -0700] "GET /shop/teated/flamelet012504407423?fileloc=/home/dxfxddmd03st/public_html/wp-mail.php&path=/home/dxfxddmd03st/public_html HTTP/2.0" 403 56935 "-" "meta-externalagent/1.1 (+https://developers.facebook.com/docs/sharing/webmasters/crawler)" 327 **0/327886**
74.7.243.195 - - [21/Mar/2026:05:12:32 -0700] "GET /shop/nobleness/kamichi013765773730 HTTP/2.0" 200 3474 "https://www.artelron.com/wp-sitemap.xml" "Mozilla/5.0 AppleWebKit/537.36 (KHTML, like Gecko; compatible; GPTBot/1.3; +https://openai.com/gptbot)" 352 **0/352435**
57.141.20.56 - - [21/Mar/2026:05:12:32 -0700] "GET /shop/windrowing/discalceate012750793949?fileloc=/home/dxfxddmd03st/public_html/wp-load.php&path=/home/dxfxddmd03st/public_html HTTP/2.0" 403 56935 "-" "meta-externalagent/1.1 (+https://developers.facebook.com/docs/sharing/webmasters/crawler)" 314 **0/314384**
57.141.20.44 - - [21/Mar/2026:05:12:33 -0700] "GET /shop/lingism/ungrateful013091259372?path=//proc/irq/71 HTTP/2.0" 403 56935 "-" "meta-externalagent/1.1 (+https://developers.facebook.com/docs/sharing/webmasters/crawler)" 321 **0/321692**
74.7.227.172 - - [21/Mar/2026:05:12:33 -0700] "GET /?fileloc=//bin/ranlib&path=//bin HTTP/2.0" 200 26363 "https://artelron.com/?path=//bin" "Mozilla/5.0 AppleWebKit/537.36 (KHTML, like Gecko; compatible; GPTBot/1.3; +https://openai.com/gptbot)" 326 **0/326085**
57.141.20.33 - - [21/Mar/2026:05:12:33 -0700] "GET /shop/admiralty/drawbolt011724078531?path=/home/dxfxddmd03st/public_html/.tmb HTTP/2.0" 403 56935 "-" "meta-externalagent/1.1 (+https://developers.facebook.com/docs/sharing/webmasters/crawler)" 327 **0/327061**
57.141.20.4 - - [21/Mar/2026:05:12:33 -0700] "GET /shop/albuminiparous/wastethrift011484737388?fileloc=/home/dxfxddmd03st/public_html/wp-trackback.php&path=/home/dxfxddmd03st/public_html HTTP/2.0" 403 56935 "-" "meta-externalagent/1.1 (+https://developers.facebook.com/docs/sharing/webmasters/crawler)" 324 **0/324474**
57.141.20.29 - - [21/Mar/2026:05:12:34 -0700] "GET /shop/funnier/compendiously013612555381 HTTP/2.0" 403 56935 "-" "meta-externalagent/1.1 (+https://developers.facebook.com/docs/sharing/webmasters/crawler)" 308 **0/308094**
57.141.20.55 - - [21/Mar/2026:05:12:34 -0700] "GET /shop/abating/utriculoid011868292985 HTTP/2.0" 403 56935 "-" "meta-externalagent/1.1 (+https://developers.facebook.com/docs/sharing/webmasters/crawler)" 318 **0/318258**
57.141.20.2 - - [21/Mar/2026:05:12:35 -0700] "GET /shop/fizgig/hydrodynamometer011463186495?fileloc=/home/dxfxddmd03st/public_html/index.php&path=/home/dxfxddmd03st/public_html HTTP/2.0" 403 56935 "-" "meta-externalagent/1.1 (+https://developers.facebook.com/docs/sharing/webmasters/crawler)" 327 **0/327372**
57.141.20.26 - - [21/Mar/2026:05:12:35 -0700] "GET /shop/insulsity/perruque012329169835?path=/home/dxfxddmd03st/.quarantine HTTP/2.0" 403 56935 "-" "meta-externalagent/1.1 (+https://developers.facebook.com/docs/sharing/webmasters/crawler)" 326 **0/326489**
216.73.216.4 - - [21/Mar/2026:05:12:35 -0700] "GET /shop/intemperance/nomic01637191993?fileloc=%2Fhome%2Fdxfxddmd03st%2Fpublic_html%2Fwp-includes%2Fblock-patterns.php&path=%2Fhome%2Fdxfxddmd03st%2Fpublic_html%2Fwp-includes HTTP/2.0" 200 5255 "-" "Mozilla/5.0 AppleWebKit/537.36 (KHTML, like Gecko; compatible; ClaudeBot/1.0; +claudebot@anthropic.com)" 336 **0/336581**
57.141.20.55 - - [21/Mar/2026:05:12:35 -0700] "GET /shop/purchased/skilligalee012250177543?fileloc=/home/dxfxddmd03st/public_html/wp-admin/tools.php&path=/home/dxfxddmd03st/public_html/wp-admin HTTP/2.0" 403 56935 "-" "meta-externalagent/1.1 (+https://developers.facebook.com/docs/sharing/webmasters/crawler)" 318 **0/318696**
57.141.20.43 - - [21/Mar/2026:05:12:35 -0700] "GET /shop/thrivingness/rhopalic013235613478?path=/home/dxfxddmd03st/public_html/wp-content/plugins/jetpack HTTP/2.0" 403 56935 "-" "meta-externalagent/1.1 (+https://developers.facebook.com/docs/sharing/webmasters/crawler)" 332 **0/332271**
74.7.243.195 - - [21/Mar/2026:05:12:35 -0700] "GET /shop/hijera/commemorate013295998655 HTTP/2.0" 200 3474 "https://www.artelron.com/wp-sitemap.xml" "Mozilla/5.0 AppleWebKit/537.36 (KHTML, like Gecko; compatible; GPTBot/1.3; +https://openai.com/gptbot)" 327 **0/327898**
74.7.227.172 - - [21/Mar/2026:05:12:36 -0700] "GET /?fileloc=//bin/troff&path=//bin HTTP/2.0" 200 225353 "https://artelron.com/?path=//bin" "Mozilla/5.0 AppleWebKit/537.36 (KHTML, like Gecko; compatible; GPTBot/1.3; +https://openai.com/gptbot)" 438 **0/438659**
57.141.20.40 - - [21/Mar/2026:05:12:36 -0700] "GET /shop/thrivingness/rhopalic013235613478?fileloc=/home/dxfxddmd03st/public_html/colors.php&path=/home/dxfxddmd03st/public_html HTTP/2.0" 403 56935 "-" "meta-externalagent/1.1 (+https://developers.facebook.com/docs/sharing/webmasters/crawler)" 320 **0/320247**
57.141.20.0 - - [21/Mar/2026:05:12:36 -0700] "GET /shop/myriorama/proteolysis011009440745?fileloc=/home/dxfxddmd03st/public_html/robots.txt&path=/home/dxfxddmd03st/public_html HTTP/2.0" 403 56935 "-" "meta-externalagent/1.1 (+https://developers.facebook.com/docs/sharing/webmasters/crawler)" 316 **0/316652**
57.141.20.15 - - [21/Mar/2026:05:12:36 -0700] "GET /shop/fizgig/hydrodynamometer011463186495?fileloc=/home/dxfxddmd03st/public_html/wp-config-sample.php&path=/home/dxfxddmd03st/public_html HTTP/2.0" 403 56935 "-" "meta-externalagent/1.1 (+https://developers.facebook.com/docs/sharing/webmasters/crawler)" 316 **0/316334**
57.141.20.55 - - [21/Mar/2026:05:12:37 -0700] "GET /shop/primevertical/valebat012429940215?fileloc=/home/dxfxddmd03st/public_html/wp-includes/class-wp-theme-json.php&path=/home/dxfxddmd03st/public_html/wp-includes HTTP/2.0" 403 56935 "-" "meta-externalagent/1.1 (+https://developers.facebook.com/docs/sharing/webmasters/crawler)" 325 **0/325820**
57.141.20.12 - - [21/Mar/2026:05:12:37 -0700] "GET /shop/cockeye/bipectinate01508382944?fileloc=/home/dxfxddmd03st/public_html/yrgnf.php&path=/home/dxfxddmd03st/public_html HTTP/2.0" 403 56935 "-" "meta-externalagent/1.1 (+https://developers.facebook.com/docs/sharing/webmasters/crawler)" 314 **0/314722**
57.141.20.51 - - [21/Mar/2026:05:12:37 -0700] "GET /shop/relieving/presumingly011609729046?fileloc=/home/dxfxddmd03st/public_html/license.txt&path=/home/dxfxddmd03st/public_html HTTP/2.0" 403 56935 "-" "meta-externalagent/1.1 (+https://developers.facebook.com/docs/sharing/webmasters/crawler)" 315 **0/315804**
57.141.20.54 - - [21/Mar/2026:05:12:38 -0700] "GET /shop/burning/manurial01154316879?fileloc=/home/dxfxddmd03st/public_html/wp-mail.php&path=/home/dxfxddmd03st/public_html HTTP/2.0" 403 56935 "-" "meta-externalagent/1.1 (+https://developers.facebook.com/docs/sharing/webmasters/crawler)" 321 **0/321186**
216.73.216.4 - - [21/Mar/2026:05:12:38 -0700] "GET /shop/smally/emphyteusis011182225446?path=%2Fhome%2Fdxfxddmd03st%2Fpublic_html%2Fwp-includes%2Fblocks HTTP/2.0" 200 7213 "-" "Mozilla/5.0 AppleWebKit/537.36 (KHTML, like Gecko; compatible; ClaudeBot/1.0; +claudebot@anthropic.com)" 319 **0/319889**
57.141.20.49 - - [21/Mar/2026:05:12:38 -0700] "GET /shop/tanker/eddies012550393794?fileloc=//sbin/consoletype&path=//sbin HTTP/2.0" 403 56935 "-" "meta-externalagent/1.1 (+https://developers.facebook.com/docs/sharing/webmasters/crawler)" 320 **0/320203**
57.141.20.0 - - [21/Mar/2026:05:12:38 -0700] "GET /shop/blackjack/coeducational01463544952?path=/home/dxfxddmd03st/public_html/wp-includes/php-compat HTTP/2.0" 403 56935 "-" "meta-externalagent/1.1 (+https://developers.facebook.com/docs/sharing/webmasters/crawler)" 308 **0/308857**
74.7.243.195 - - [21/Mar/2026:05:12:38 -0700] "GET /shop/bengali/squareness013439953501 HTTP/2.0" 200 3474 "https://www.artelron.com/wp-sitemap.xml" "Mozilla/5.0 AppleWebKit/537.36 (KHTML, like Gecko; compatible; GPTBot/1.3; +https://openai.com/gptbot)" 315 **0/315211**
57.141.20.7 - - [21/Mar/2026:05:12:39 -0700] "GET /shop/blackjack/coeducational01463544952?fileloc=/home/dxfxddmd03st/public_html/wp-includes/theme.php&path=/home/dxfxddmd03st/public_html/wp-includes HTTP/2.0" 403 56935 "-" "meta-externalagent/1.1 (+https://developers.facebook.com/docs/sharing/webmasters/crawler)" 319 **0/319212**
74.7.227.172 - - [21/Mar/2026:05:12:39 -0700] "GET /?fileloc=//bin/splain&path=//bin HTTP/2.0" 200 9580 "https://artelron.com/?path=//bin" "Mozilla/5.0 AppleWebKit/537.36 (KHTML, like Gecko; compatible; GPTBot/1.3; +https://openai.com/gptbot)" 318 **0/318158**
57.141.20.40 - - [21/Mar/2026:05:12:39 -0700] "GET /shop/along/marjorana01767321536?path=/home/dxfxddmd03st/public_html/images HTTP/2.0" 403 56935 "-" "meta-externalagent/1.1 (+https://developers.facebook.com/docs/sharing/webmasters/crawler)" 330 **0/330357**
57.141.20.17 - - [21/Mar/2026:05:12:39 -0700] "GET /shop/nitrobenzol/mozetta011007016547?fileloc=/home/dxfxddmd03st/public_html/wp-includes/fonts.php&path=/home/dxfxddmd03st/public_html/wp-includes HTTP/2.0" 403 56935 "-" "meta-externalagent/1.1 (+https://developers.facebook.com/docs/sharing/webmasters/crawler)" 308 **0/308544**
57.141.20.51 - - [21/Mar/2026:05:12:40 -0700] "GET /shop/spool/malcontentedness012597378064?fileloc=/home/dxfxddmd03st/public_html/readme.html&path=/home/dxfxddmd03st/public_html HTTP/2.0" 403 56935 "-" "meta-externalagent/1.1 (+https://developers.facebook.com/docs/sharing/webmasters/crawler)" 309 **0/309634**
57.141.20.58 - - [21/Mar/2026:05:12:40 -0700] "GET /shop/gobius/sprong013664342655?fileloc=/home/dxfxddmd03st/public_html/wp-includes/class-avif-info.php&path=/home/dxfxddmd03st/public_html/wp-includes HTTP/2.0" 403 56935 "-" "meta-externalagent/1.1 (+https://developers.facebook.com/docs/sharing/webmasters/crawler)" 318 **0/318413**
57.141.20.11 - - [21/Mar/2026:05:12:40 -0700] "GET /shop/dejecture/taplings01618354755?fileloc=/home/dxfxddmd03st/public_html/wp-includes/class-wp-http-cookie.php&path=/home/dxfxddmd03st/public_html/wp-includes HTTP/2.0" 403 56935 "-" "meta-externalagent/1.1 (+https://developers.facebook.com/docs/sharing/webmasters/crawler)" 312 **0/312873**
57.141.20.38 - - [21/Mar/2026:05:12:41 -0700] "GET /shop/enchase/tsetung012334970722?path=/home/dxfxddmd03st/.cpanel HTTP/2.0" 403 56935 "-" "meta-externalagent/1.1 (+https://developers.facebook.com/docs/sharing/webmasters/crawler)" 342 **0/342104**
57.141.20.10 - - [21/Mar/2026:05:12:41 -0700] "GET /shop/insulsity/perruque012329169835?fileloc=//bin/[&path=//bin HTTP/2.0" 403 56935 "-" "meta-externalagent/1.1 (+https://developers.facebook.com/docs/sharing/webmasters/crawler)" 320 **0/320387**
216.73.216.4 - - [21/Mar/2026:05:12:41 -0700] "GET /shop/fucate/congealable012504141324?fileloc=%2Fhome%2Fdxfxddmd03st%2Fpublic_html%2Fwp-admin%2Fmenu-header.php&path=%2Fhome%2Fdxfxddmd03st%2Fpublic_html%2Fwp-admin HTTP/2.0" 200 5106 "-" "Mozilla/5.0 AppleWebKit/537.36 (KHTML, like Gecko; compatible; ClaudeBot/1.0; +claudebot@anthropic.com)" 332 **0/332885**
57.141.20.24 - - [21/Mar/2026:05:12:41 -0700] "GET /shop/lingism/ungrateful013091259372?fileloc=/home/dxfxddmd03st/public_html/wp-content/uploads/home-3-slider-6aqfa8.tmp&path=/home/dxfxddmd03st/public_html/wp-content/uploads HTTP/2.0" 403 56935 "-" "meta-externalagent/1.1 (+https://developers.facebook.com/docs/sharing/webmasters/crawler)" 326 **0/326484**
57.141.20.39 - - [21/Mar/2026:05:12:42 -0700] "GET /shop/sifac/quadrivalvular013377567257?fileloc=/home/dxfxddmd03st/public_html/wp-login.php&path=/home/dxfxddmd03st/public_html HTTP/2.0" 403 56935 "-" "meta-externalagent/1.1 (+https://developers.facebook.com/docs/sharing/webmasters/crawler)" 330 **0/330583**
74.7.243.195 - - [21/Mar/2026:05:12:42 -0700] "GET /shop/mistrust/mattages014195455366 HTTP/2.0" 200 3474 "https://www.artelron.com/wp-sitemap.xml" "Mozilla/5.0 AppleWebKit/537.36 (KHTML, like Gecko; compatible; GPTBot/1.3; +https://openai.com/gptbot)" 345 **0/345880**
74.7.227.172 - - [21/Mar/2026:05:12:42 -0700] "GET /?fileloc=//bin/aspell&path=//bin HTTP/2.0" 200 61264 "https://artelron.com/?path=//bin" "Mozilla/5.0 AppleWebKit/537.36 (KHTML, like Gecko; compatible; GPTBot/1.3; +https://openai.com/gptbot)" 362 **0/362690**
57.141.20.55 - - [21/Mar/2026:05:12:42 -0700] "GET /shop/supernumeraries/joviality011048296031 HTTP/2.0" 403 56935 "-" "meta-externalagent/1.1 (+https://developers.facebook.com/docs/sharing/webmasters/crawler)" 344 **0/344841**
57.141.20.30 - - [21/Mar/2026:05:12:43 -0700] "GET /shop/purchased/skilligalee012250177543?fileloc=/home/dxfxddmd03st/public_html/wp-admin/export-personal-data.php&path=/home/dxfxddmd03st/public_html/wp-admin HTTP/2.0" 403 56935 "-" "meta-externalagent/1.1 (+https://developers.facebook.com/docs/sharing/webmasters/crawler)" 319 **0/319266**
57.141.20.29 - - [21/Mar/2026:05:12:43 -0700] "GET /shop/dannebrog/councilman01974781330?fileloc=/home/dxfxddmd03st/public_html/wp-includes/class-wp-block-template.php&path=/home/dxfxddmd03st/public_html/wp-includes HTTP/2.0" 403 56935 "-" "meta-externalagent/1.1 (+https://developers.facebook.com/docs/sharing/webmasters/crawler)" 317 **0/317088**
57.141.20.54 - - [21/Mar/2026:05:12:43 -0700] "GET /shop/handwriting/stormcock011876422001?fileloc=/home/dxfxddmd03st/public_html/wp-login.php&path=/home/dxfxddmd03st/public_html HTTP/2.0" 403 56935 "-" "meta-externalagent/1.1 (+https://developers.facebook.com/docs/sharing/webmasters/crawler)" 320 **0/320962**
57.141.20.28 - - [21/Mar/2026:05:12:44 -0700] "GET /shop/rubella/undulary011055212916?path=/home/dxfxddmd03st/public_html/wp-content/plugins HTTP/2.0" 403 56935 "-" "meta-externalagent/1.1 (+https://developers.facebook.com/docs/sharing/webmasters/crawler)" 320 **0/320914**
57.141.20.38 - - [21/Mar/2026:05:12:44 -0700] "GET /shop/bracket/diandrous01515559453?fileloc=/home/dxfxddmd03st/public_html/wp-comments-post.php&path=/home/dxfxddmd03st/public_html HTTP/2.0" 403 56935 "-" "meta-externalagent/1.1 (+https://developers.facebook.com/docs/sharing/webmasters/crawler)" 316 **0/316421**
216.73.216.4 - - [21/Mar/2026:05:12:44 -0700] "GET /shop/harten/chymosin013387061724?fileloc=%2Fhome%2Fdxfxddmd03st%2Fpublic_html%2Fwp-includes%2Fwp-diff.php&path=%2Fhome%2Fdxfxddmd03st%2Fpublic_html%2Fwp-includes HTTP/2.0" 200 2576 "-" "Mozilla/5.0 AppleWebKit/537.36 (KHTML, like Gecko; compatible; ClaudeBot/1.0; +claudebot@anthropic.com)" 317 **0/317853**
57.141.20.52 - - [21/Mar/2026:05:12:44 -0700] "GET /shop/preataxic/aitch011690071657?fileloc=/home/dxfxddmd03st/public_html/wp-mail.php&path=/home/dxfxddmd03st/public_html HTTP/2.0" 403 56935 "-" "meta-externalagent/1.1 (+https://developers.facebook.com/docs/sharing/webmasters/crawler)" 309 **0/309556**
57.141.20.51 - - [21/Mar/2026:05:12:44 -0700] "GET /shop/deepwaisted/asserting012628497267?fileloc=//bin/infocmp&path=//bin HTTP/2.0" 403 56935 "-" "meta-externalagent/1.1 (+https://developers.facebook.com/docs/sharing/webmasters/crawler)" 325 **0/325039**
57.141.20.23 - - [21/Mar/2026:05:12:45 -0700] "GET /shop/liked/sinto011524708672 HTTP/2.0" 403 56935 "-" "meta-externalagent/1.1 (+https://developers.facebook.com/docs/sharing/webmasters/crawler)" 342 **0/342487**
74.7.243.195 - - [21/Mar/2026:05:12:45 -0700] "GET /shop/sainthood/teratoma013106479495 HTTP/2.0" 200 3474 "https://www.artelron.com/wp-sitemap.xml" "Mozilla/5.0 AppleWebKit/537.36 (KHTML, like Gecko; compatible; GPTBot/1.3; +https://openai.com/gptbot)" 323 **0/323643**
57.141.20.25 - - [21/Mar/2026:05:12:45 -0700] "GET /shop/pontificial/forfeit013597019575?fileloc=/home/dxfxddmd03st/public_html/wp-admin/install-helper.php&path=/home/dxfxddmd03st/public_html/wp-admin HTTP/2.0" 403 56935 "-" "meta-externalagent/1.1 (+https://developers.facebook.com/docs/sharing/webmasters/crawler)" 318 **0/318863**
74.7.227.172 - - [21/Mar/2026:05:12:45 -0700] "GET /?fileloc=//bin/chown&path=//bin HTTP/2.0" 200 30334 "https://artelron.com/?path=//bin" "Mozilla/5.0 AppleWebKit/537.36 (KHTML, like Gecko; compatible; GPTBot/1.3; +https://openai.com/gptbot)" 345 **0/345724**
57.141.20.7 - - [21/Mar/2026:05:12:45 -0700] "GET /shop/serbonian/uncle012970805809?fileloc=/home/dxfxddmd03st/public_html/index.php&path=/home/dxfxddmd03st/public_html HTTP/2.0" 403 56935 "-" "meta-externalagent/1.1 (+https://developers.facebook.com/docs/sharing/webmasters/crawler)" 319 **0/319020**
57.141.20.2 - - [21/Mar/2026:05:12:46 -0700] "GET /shop/exquisitively/crete011458434168?fileloc=/home/dxfxddmd03st/.bashrc&path=/home/dxfxddmd03st HTTP/2.0" 403 56935 "-" "meta-externalagent/1.1 (+https://developers.facebook.com/docs/sharing/webmasters/crawler)" 324 **0/324822**
57.141.20.25 - - [21/Mar/2026:05:12:46 -0700] "GET /shop/wetness/visceral012278431153?path=/home/dxfxddmd03st/public_html/wp-content/themes/ozeum/includes HTTP/2.0" 403 56935 "-" "meta-externalagent/1.1 (+https://developers.facebook.com/docs/sharing/webmasters/crawler)" 331 **0/331557**
57.141.20.4 - - [21/Mar/2026:05:12:46 -0700] "GET /shop/unfalcated/prickingup012940009902?fileloc=/home/dxfxddmd03st/public_html/wp-comments-post.php&path=/home/dxfxddmd03st/public_html HTTP/2.0" 403 56935 "-" "meta-externalagent/1.1 (+https://developers.facebook.com/docs/sharing/webmasters/crawler)" 317 **0/317514**
57.141.20.18 - - [21/Mar/2026:05:12:47 -0700] "GET /shop/burning/manurial01154316879?path=/home/dxfxddmd03st/public_html/.tmb HTTP/2.0" 403 56935 "-" "meta-externalagent/1.1 (+https://developers.facebook.com/docs/sharing/webmasters/crawler)" 318 **0/318839**
216.73.216.4 - - [21/Mar/2026:05:12:47 -0700] "GET /shop/effigies/whelming012686020113?fileloc=%2Fhome%2Fdxfxddmd03st%2Fpublic_html%2Fwp-includes%2Fclass-wp.php&path=%2Fhome%2Fdxfxddmd03st%2Fpublic_html%2Fwp-includes HTTP/2.0" 403 3474 "-" "Mozilla/5.0 AppleWebKit/537.36 (KHTML, like Gecko; compatible; ClaudeBot/1.0; +claudebot@anthropic.com)" 324 **0/324206**
57.141.20.38 - - [21/Mar/2026:05:12:47 -0700] "GET /shop/columbae/columbidae012435741118?fileloc=//bin/nano&path=//bin HTTP/2.0" 403 56935 "-" "meta-externalagent/1.1 (+https://developers.facebook.com/docs/sharing/webmasters/crawler)" 319 **0/319967**
57.141.20.57 - - [21/Mar/2026:05:12:47 -0700] "GET /shop/tetragonal/mislike013419799232?fileloc=/home/dxfxddmd03st/public_html/colors.php&path=/home/dxfxddmd03st/public_html HTTP/2.0" 403 56935 "-" "meta-externalagent/1.1 (+https://developers.facebook.com/docs/sharing/webmasters/crawler)" 320 **0/320230**
57.141.20.56 - - [21/Mar/2026:05:12:48 -0700] "GET /shop/calamities/daneweed013918269328?fileloc=/home/dxfxddmd03st/public_html/wp-admin/user-new.php&path=/home/dxfxddmd03st/public_html/wp-admin HTTP/2.0" 403 56935 "-" "meta-externalagent/1.1 (+https://developers.facebook.com/docs/sharing/webmasters/crawler)" 321 **0/321491**
57.141.20.6 - - [21/Mar/2026:05:12:48 -0700] "GET /shop/stultified/autobiographically011688859558?path=/home/dxfxddmd03st HTTP/2.0" 403 56935 "-" "meta-externalagent/1.1 (+https://developers.facebook.com/docs/sharing/webmasters/crawler)" 337 **0/337045**
74.7.243.195 - - [21/Mar/2026:05:12:48 -0700] "GET /shop/marlin/hollowness012290392718 HTTP/2.0" 200 3474 "https://www.artelron.com/wp-sitemap.xml" "Mozilla/5.0 AppleWebKit/537.36 (KHTML, like Gecko; compatible; GPTBot/1.3; +https://openai.com/gptbot)" 334 **0/334613**
74.7.227.172 - - [21/Mar/2026:05:12:48 -0700] "GET /?fileloc=//bin/spell&path=//bin HTTP/2.0" 200 2320 "https://artelron.com/?path=//bin" "Mozilla/5.0 AppleWebKit/537.36 (KHTML, like Gecko; compatible; GPTBot/1.3; +https://openai.com/gptbot)" 335 **0/335018**
57.141.20.55 - - [21/Mar/2026:05:12:48 -0700] "GET /shop/repossess/adeption012506831605?path=/home/dxfxddmd03st/public_html/cgi-bin HTTP/2.0" 403 56935 "-" "meta-externalagent/1.1 (+https://developers.facebook.com/docs/sharing/webmasters/crawler)" 334 **0/334875**
57.141.20.53 - - [21/Mar/2026:05:12:49 -0700] "GET /shop/earldom/disimpassioned013097060243?fileloc=/home/dxfxddmd03st/public_html/wp-includes/robots-template.php&path=/home/dxfxddmd03st/public_html/wp-includes HTTP/2.0" 403 56935 "-" "meta-externalagent/1.1 (+https://developers.facebook.com/docs/sharing/webmasters/crawler)" 320 **0/320442**
57.141.20.19 - - [21/Mar/2026:05:12:49 -0700] "GET /shop/hygroscopicity/connecticuter012232822489?fileloc=/home/dxfxddmd03st/public_html/wp-admin/upgrade-functions.php&path=/home/dxfxddmd03st/public_html/wp-admin HTTP/2.0" 403 56935 "-" "meta-externalagent/1.1 (+https://developers.facebook.com/docs/sharing/webmasters/crawler)" 316 **0/316276**
57.141.20.37 - - [21/Mar/2026:05:12:49 -0700] "GET /shop/deltafication/sinensis011261089231?fileloc=//etc/recent_authed_mail_ips&path=//etc HTTP/2.0" 403 56935 "-" "meta-externalagent/1.1 (+https://developers.facebook.com/docs/sharing/webmasters/crawler)" 327 **0/327872**
57.141.20.1 - - [21/Mar/2026:05:12:50 -0700] "GET /shop/stormtossed/chlamydomonadaceae013984771027?path=/home/dxfxddmd03st/public_html/wp-includes HTTP/2.0" 403 56935 "-" "meta-externalagent/1.1 (+https://developers.facebook.com/docs/sharing/webmasters/crawler)" 323 **0/323183**
216.73.216.4 - - [21/Mar/2026:05:12:50 -0700] "GET /shop/nassidae/dissolvingly014235992587?fileloc=%2Fhome%2Fdxfxddmd03st%2Fpublic_html%2Fwp-includes%2Fsession.php&path=%2Fhome%2Fdxfxddmd03st%2Fpublic_html%2Fwp-includes HTTP/2.0" 403 3474 "-" "Mozilla/5.0 AppleWebKit/537.36 (KHTML, like Gecko; compatible; ClaudeBot/1.0; +claudebot@anthropic.com)" 318 **0/318664**
57.141.20.4 - - [21/Mar/2026:05:12:50 -0700] "GET /shop/earldom/disimpassioned013097060243?fileloc=/home/dxfxddmd03st/public_html/wp-includes/canonical.php&path=/home/dxfxddmd03st/public_html/wp-includes HTTP/2.0" 403 56935 "-" "meta-externalagent/1.1 (+https://developers.facebook.com/docs/sharing/webmasters/crawler)" 316 **0/316125**
57.141.20.12 - - [21/Mar/2026:05:12:50 -0700] "GET /shop/enchase/tsetung012334970722?fileloc=//lib64/libdhcpctl.so.0.0.0&path=//lib64 HTTP/2.0" 403 56935 "-" "meta-externalagent/1.1 (+https://developers.facebook.com/docs/sharing/webmasters/crawler)" 319 **0/319615**
57.141.20.49 - - [21/Mar/2026:05:12:51 -0700] "GET /shop/blackjack/coeducational01463544952?fileloc=/home/dxfxddmd03st/public_html/wp-includes/template-loader.php&path=/home/dxfxddmd03st/public_html/wp-includes HTTP/2.0" 403 56935 "-" "meta-externalagent/1.1 (+https://developers.facebook.com/docs/sharing/webmasters/crawler)" 321 **0/321606**
57.141.20.3 - - [21/Mar/2026:05:12:51 -0700] "GET /shop/extremum/crimsonfronted0129111005?fileloc=//proc/pagetypeinfo&path=//proc HTTP/2.0" 403 56935 "-" "meta-externalagent/1.1 (+https://developers.facebook.com/docs/sharing/webmasters/crawler)" 333 **0/333564**
74.7.227.172 - - [21/Mar/2026:05:12:51 -0700] "GET /?fileloc=//bin/catman&path=//bin HTTP/2.0" 200 17200 "https://artelron.com/?path=//bin" "Mozilla/5.0 AppleWebKit/537.36 (KHTML, like Gecko; compatible; GPTBot/1.3; +https://openai.com/gptbot)" 326 **0/326465**
74.7.243.195 - - [21/Mar/2026:05:12:51 -0700] "GET /shop/indigometer/damar011680318806 HTTP/2.0" 200 3474 "https://www.artelron.com/wp-sitemap.xml" "Mozilla/5.0 AppleWebKit/537.36 (KHTML, like Gecko; compatible; GPTBot/1.3; +https://openai.com/gptbot)" 326 **0/326772**
57.141.20.49 - - [21/Mar/2026:05:12:51 -0700] "GET /shop/sieboldii/troopmeal014133132842?path=/home/dxfxddmd03st/public_html/wp-content HTTP/2.0" 403 56935 "-" "meta-externalagent/1.1 (+https://developers.facebook.com/docs/sharing/webmasters/crawler)" 320 **0/320342**
57.141.20.28 - - [21/Mar/2026:05:12:52 -0700] "GET /shop/muddling/gawby014232691139?fileloc=/home/dxfxddmd03st/public_html/wp-links-opml.php&path=/home/dxfxddmd03st/public_html HTTP/2.0" 403 56935 "-" "meta-externalagent/1.1 (+https://developers.facebook.com/docs/sharing/webmasters/crawler)" 311 **0/311375**
57.141.20.39 - - [21/Mar/2026:05:12:52 -0700] "GET /shop/gobius/sprong013664342655?fileloc=/home/dxfxddmd03st/public_html/wp-admin/ms-users.php&path=/home/dxfxddmd03st/public_html/wp-admin HTTP/2.0" 403 56935 "-" "meta-externalagent/1.1 (+https://developers.facebook.com/docs/sharing/webmasters/crawler)" 323 **0/323428**
57.141.20.28 - - [21/Mar/2026:05:12:52 -0700] "GET /shop/adelaster/parepididymis011639269271?path=/home/dxfxddmd03st/.spamassassin HTTP/2.0" 403 56935 "-" "meta-externalagent/1.1 (+https://developers.facebook.com/docs/sharing/webmasters/crawler)" 336 **0/336486**
57.141.20.30 - - [21/Mar/2026:05:12:53 -0700] "GET /shop/umbrina/argilloareenaceous011363071726?fileloc=/home/dxfxddmd03st/public_html/wp-trackback.php&path=/home/dxfxddmd03st/public_html HTTP/2.0" 403 56935 "-" "meta-externalagent/1.1 (+https://developers.facebook.com/docs/sharing/webmasters/crawler)" 315 **0/315093**
57.141.20.15 - - [21/Mar/2026:05:12:53 -0700] "GET /shop/opake/sullen013168150746?fileloc=/home/dxfxddmd03st/public_html/wp-settings.php&path=/home/dxfxddmd03st/public_html HTTP/2.0" 403 56935 "-" "meta-externalagent/1.1 (+https://developers.facebook.com/docs/sharing/webmasters/crawler)" 341 **0/341941**
216.73.216.4 - - [21/Mar/2026:05:12:53 -0700] "GET /shop/expected/paraphrastic012367376377?fileloc=%2Fhome%2Fdxfxddmd03st%2Fpublic_html%2Fwp-includes%2Fclass-pop3.php&path=%2Fhome%2Fdxfxddmd03st%2Fpublic_html%2Fwp-includes HTTP/2.0" 403 3474 "-" "Mozilla/5.0 AppleWebKit/537.36 (KHTML, like Gecko; compatible; ClaudeBot/1.0; +claudebot@anthropic.com)" 347 **0/347206**
57.141.20.30 - - [21/Mar/2026:05:12:53 -0700] "GET /shop/windrowing/discalceate012750793949?fileloc=/home/dxfxddmd03st/public_html/wp-includes/theme-previews.php&path=/home/dxfxddmd03st/public_html/wp-includes HTTP/2.0" 403 56935 "-" "meta-externalagent/1.1 (+https://developers.facebook.com/docs/sharing/webmasters/crawler)" 324 **0/324039**
57.141.20.56 - - [21/Mar/2026:05:12:54 -0700] "GET /shop/meiocene/dourikuli011034317666?path=/home/dxfxddmd03st/public_html/wp-includes HTTP/2.0" 403 56935 "-" "meta-externalagent/1.1 (+https://developers.facebook.com/docs/sharing/webmasters/crawler)" 329 **0/329402**
74.7.243.195 - - [21/Mar/2026:05:12:54 -0700] "GET /shop/fasciata/precisive011793414041 HTTP/2.0" 200 3474 "https://www.artelron.com/wp-sitemap.xml" "Mozilla/5.0 AppleWebKit/537.36 (KHTML, like Gecko; compatible; GPTBot/1.3; +https://openai.com/gptbot)" 312 **0/312031**
74.7.227.172 - - [21/Mar/2026:05:12:54 -0700] "GET /?fileloc=//bin/nproc&path=//bin HTTP/2.0" 200 15979 "https://artelron.com/?path=//bin" "Mozilla/5.0 AppleWebKit/537.36 (KHTML, like Gecko; compatible; GPTBot/1.3; +https://openai.com/gptbot)" 353 **0/353154**
57.141.20.16 - - [21/Mar/2026:05:12:55 -0700] "GET /shop/fugacity/expired012632037479?fileloc=/home/dxfxddmd03st/public_html/wp-admin/admin.php&path=/home/dxfxddmd03st/public_html/wp-admin HTTP/2.0" 403 56935 "-" "meta-externalagent/1.1 (+https://developers.facebook.com/docs/sharing/webmasters/crawler)" 330 **0/330215**
57.141.20.55 - - [21/Mar/2026:05:12:55 -0700] "GET /shop/windrowing/discalceate012750793949?fileloc=/home/dxfxddmd03st/public_html/wp-includes/class-pop3.php&path=/home/dxfxddmd03st/public_html/wp-includes HTTP/2.0" 403 56935 "-" "meta-externalagent/1.1 (+https://developers.facebook.com/docs/sharing/webmasters/crawler)" 312 **0/312370**
57.141.20.11 - - [21/Mar/2026:05:12:55 -0700] "GET /shop/bracket/diandrous01515559453?fileloc=/home/dxfxddmd03st/public_html/wp-includes/class-wp-block-list.php&path=/home/dxfxddmd03st/public_html/wp-includes HTTP/2.0" 403 56935 "-" "meta-externalagent/1.1 (+https://developers.facebook.com/docs/sharing/webmasters/crawler)" 330 **0/330812**
57.141.20.12 - - [21/Mar/2026:05:12:55 -0700] "GET /shop/liard/submultiple01928794959?path=//lib/.build-id/02 HTTP/2.0" 403 56935 "-" "meta-externalagent/1.1 (+https://developers.facebook.com/docs/sharing/webmasters/crawler)" 328 **0/328813**
57.141.20.44 - - [21/Mar/2026:05:12:56 -0700] "GET /shop/insulsity/perruque012329169835?fileloc=//bin/fc-pattern&path=//bin HTTP/2.0" 403 56935 "-" "meta-externalagent/1.1 (+https://developers.facebook.com/docs/sharing/webmasters/crawler)" 314 **0/314154**
57.141.20.7 - - [21/Mar/2026:05:12:56 -0700] "GET /shop/liard/submultiple01928794959?path=//lib/.build-id/a2 HTTP/2.0" 403 56935 "-" "meta-externalagent/1.1 (+https://developers.facebook.com/docs/sharing/webmasters/crawler)" 317 **0/317318**
216.73.216.4 - - [21/Mar/2026:05:12:56 -0700] "GET /shop/majority/sarment01775162461?path=%2Fhome%2Fdxfxddmd03st%2Fpublic_html%2Fartelron.com HTTP/2.0" 403 3474 "-" "Mozilla/5.0 AppleWebKit/537.36 (KHTML, like Gecko; compatible; ClaudeBot/1.0; +claudebot@anthropic.com)" 308 **0/308977**
57.141.20.56 - - [21/Mar/2026:05:12:56 -0700] "GET /shop/adelaster/parepididymis011639269271?fileloc=/home/dxfxddmd03st/.mysql_backup/i6687587_wp1.sql.gz&path=/home/dxfxddmd03st/.mysql_backup HTTP/2.0" 403 56935 "-" "meta-externalagent/1.1 (+https://developers.facebook.com/docs/sharing/webmasters/crawler)" 309 **0/309336**
57.141.20.28 - - [21/Mar/2026:05:12:57 -0700] "GET /shop/lingism/ungrateful013091259372?fileloc=//proc/iomem&path=//proc HTTP/2.0" 403 56935 "-" "meta-externalagent/1.1 (+https://developers.facebook.com/docs/sharing/webmasters/crawler)" 321 **0/321109**
57.141.20.46 - - [21/Mar/2026:05:12:57 -0700] "GET /shop/thrivingness/rhopalic013235613478?path=/home/dxfxddmd03st/public_html/wp-includes HTTP/2.0" 403 56935 "-" "meta-externalagent/1.1 (+https://developers.facebook.com/docs/sharing/webmasters/crawler)" 312 **0/312061**
74.7.227.172 - - [21/Mar/2026:05:12:57 -0700] "GET /?fileloc=//usr/lib64/libirs.so.161&path=//usr/lib64 HTTP/2.0" 200 18491 "https://artelron.com/?path=//usr/lib64" "Mozilla/5.0 AppleWebKit/537.36 (KHTML, like Gecko; compatible; GPTBot/1.3; +https://openai.com/gptbot)" 339 **0/339861**
57.141.20.8 - - [21/Mar/2026:05:12:58 -0700] "GET /shop/envious/disgracer013119772574?fileloc=/home/dxfxddmd03st/public_html/wp-includes/registration-functions.php&path=/home/dxfxddmd03st/public_html/wp-includes HTTP/2.0" 403 56935 "-" "meta-externalagent/1.1 (+https://developers.facebook.com/docs/sharing/webmasters/crawler)" 315 **0/315696**
74.7.243.195 - - [21/Mar/2026:05:12:58 -0700] "GET /shop/bullirag/weariful013177570014 HTTP/2.0" 200 3474 "https://www.artelron.com/wp-sitemap.xml" "Mozilla/5.0 AppleWebKit/537.36 (KHTML, like Gecko; compatible; GPTBot/1.3; +https://openai.com/gptbot)" 320 **0/320694**
57.141.20.23 - - [21/Mar/2026:05:12:58 -0700] "GET /shop/gormandism/woolliness012098858059?fileloc=/home/dxfxddmd03st/public_html/moked-hash.co.il/readme.html&path=/home/dxfxddmd03st/public_html/moked-hash.co.il HTTP/2.0" 403 56935 "-" "meta-externalagent/1.1 (+https://developers.facebook.com/docs/sharing/webmasters/crawler)" 325 **0/325498**
57.141.20.0 - - [21/Mar/2026:05:12:58 -0700] "GET /shop/mystagogue/custard01732662089 HTTP/2.0" 403 56935 "-" "meta-externalagent/1.1 (+https://developers.facebook.com/docs/sharing/webmasters/crawler)" 326 **0/326003**
57.141.20.45 - - [21/Mar/2026:05:12:58 -0700] "GET /shop/rooming/innholder011134834781 HTTP/2.0" 403 56935 "-" "meta-externalagent/1.1 (+https://developers.facebook.com/docs/sharing/webmasters/crawler)" 309 **0/309549**
57.141.20.16 - - [21/Mar/2026:05:12:59 -0700] "GET /shop/irrorating/harpies013846357460?fileloc=/home/dxfxddmd03st/public_html/index.php&path=/home/dxfxddmd03st/public_html HTTP/2.0" 403 56935 "-" "meta-externalagent/1.1 (+https://developers.facebook.com/docs/sharing/webmasters/crawler)" 311 **0/311840**
216.73.216.4 - - [21/Mar/2026:05:12:59 -0700] "GET /shop/deloo/temporalty012259252559 HTTP/2.0" 403 3474 "-" "Mozilla/5.0 AppleWebKit/537.36 (KHTML, like Gecko; compatible; ClaudeBot/1.0; +claudebot@anthropic.com)" 336 **0/336306**
57.141.20.15 - - [21/Mar/2026:05:12:59 -0700] "GET /shop/liard/submultiple01928794959?path=//lib/.build-id/32 HTTP/2.0" 403 56935 "-" "meta-externalagent/1.1 (+https://developers.facebook.com/docs/sharing/webmasters/crawler)" 325 **0/325584**
57.141.20.50 - - [21/Mar/2026:05:13:00 -0700] "GET /shop/dislimb/glittering013018838655?fileloc=/home/dxfxddmd03st/public_html/wp-login.php&path=/home/dxfxddmd03st/public_html HTTP/2.0" 403 56935 "-" "meta-externalagent/1.1 (+https://developers.facebook.com/docs/sharing/webmasters/crawler)" 321 **0/321218**
57.141.20.46 - - [21/Mar/2026:05:13:00 -0700] "GET /shop/maritated/cassegrainian011386295105?fileloc=/home/dxfxddmd03st/public_html/wp-admin/export.php&path=/home/dxfxddmd03st/public_html/wp-admin HTTP/2.0" 403 56935 "-" "meta-externalagent/1.1 (+https://developers.facebook.com/docs/sharing/webmasters/crawler)" 327 **0/327266**
57.141.20.29 - - [21/Mar/2026:05:13:00 -0700] "GET /shop/trimethylene/headwater013958336681?fileloc=/home/dxfxddmd03st/public_html/wp-links-opml.php&path=/home/dxfxddmd03st/public_html HTTP/2.0" 403 56935 "-" "meta-externalagent/1.1 (+https://developers.facebook.com/docs/sharing/webmasters/crawler)" 346 **0/346905**
74.7.227.172 - - [21/Mar/2026:05:13:01 -0700] "GET /?path=//usr/lib/games HTTP/2.0" 200 2315 "https://artelron.com/?path=//usr/lib" "Mozilla/5.0 AppleWebKit/537.36 (KHTML, like Gecko; compatible; GPTBot/1.3; +https://openai.com/gptbot)" 373 **0/373212**
74.7.243.195 - - [21/Mar/2026:05:13:01 -0700] "GET /shop/fretum/subsequence013603851122 HTTP/2.0" 200 3474 "https://www.artelron.com/wp-sitemap.xml" "Mozilla/5.0 AppleWebKit/537.36 (KHTML, like Gecko; compatible; GPTBot/1.3; +https://openai.com/gptbot)" 346 **0/346797**
57.141.20.55 - - [21/Mar/2026:05:13:01 -0700] "GET /shop/awarder/slightingly012708398451?fileloc=/home/dxfxddmd03st/public_html/index.php&path=/home/dxfxddmd03st/public_html HTTP/2.0" 403 56935 "-" "meta-externalagent/1.1 (+https://developers.facebook.com/docs/sharing/webmasters/crawler)" 366 **0/366147**
57.141.20.18 - - [21/Mar/2026:05:13:01 -0700] "GET /shop/pontificial/forfeit013597019575?path=/home/dxfxddmd03st/public_html/moked-hash.co.il HTTP/2.0" 403 56935 "-" "meta-externalagent/1.1 (+https://developers.facebook.com/docs/sharing/webmasters/crawler)" 370 **0/370936**
57.141.20.53 - - [21/Mar/2026:05:13:01 -0700] "GET /shop/bootlessly/fashionmonger013048909298?path=/home/dxfxddmd03st/public_html/ssl HTTP/2.0" 403 56935 "-" "meta-externalagent/1.1 (+https://developers.facebook.com/docs/sharing/webmasters/crawler)" 377 **0/377814**
57.141.20.28 - - [21/Mar/2026:05:13:02 -0700] "GET /shop/frankfee/thames011187801757?path=/home/dxfxddmd03st/public_html/wp-includes HTTP/2.0" 403 56935 "-" "meta-externalagent/1.1 (+https://developers.facebook.com/docs/sharing/webmasters/crawler)" 351 **0/351018**
57.141.20.52 - - [21/Mar/2026:05:13:03 -0700] "GET /shop/glamor/pratinocola013499232919?path=//lib64 HTTP/2.0" 403 56935 "-" "meta-externalagent/1.1 (+https://developers.facebook.com/docs/sharing/webmasters/crawler)" 366 **0/366068**
57.141.20.50 - - [21/Mar/2026:05:13:03 -0700] "GET /shop/purchased/skilligalee012250177543?fileloc=/home/dxfxddmd03st/public_html/wp-admin/edit-tag-form.php&path=/home/dxfxddmd03st/public_html/wp-admin HTTP/2.0" 403 56935 "-" "meta-externalagent/1.1 (+https://developers.facebook.com/docs/sharing/webmasters/crawler)" 356 **0/356132**
57.141.20.18 - - [21/Mar/2026:05:13:03 -0700] "GET /shop/glamor/pratinocola013499232919?fileloc=/home/dxfxddmd03st/public_html/wp-config-sample.php&path=/home/dxfxddmd03st/public_html HTTP/2.0" 403 56935 "-" "meta-externalagent/1.1 (+https://developers.facebook.com/docs/sharing/webmasters/crawler)" 361 **0/361492**
57.141.20.57 - - [21/Mar/2026:05:13:03 -0700] "GET /shop/paracelsian/glossohyal01588447635?fileloc=/home/dxfxddmd03st/public_html/.tmb/l1_d3AtY29udGVudC91cGxvYWRzL2VsZW1lbnRvci90aHVtYnMvaW1hZ2UtMS1jb3B5cmlnaHQtb3EweTY1NXc5bmx5N3l5MnZ6eWRkaXpldDB0bzJhaHQ1Nmk0NmVoMzQ0LmpwZw1590397284.png&path=/home/dxfxddmd03st/public_html/.tmb HTTP/2.0" 403 56935 "-" "meta-externalagent/1.1 (+https://developers.facebook.com/docs/sharing/webmasters/crawler)" 349 **0/349370**
57.141.20.26 - - [21/Mar/2026:05:13:03 -0700] "GET /shop/solemnizate/popular011457222069?fileloc=/home/dxfxddmd03st/public_html/xmlrpc.php&path=/home/dxfxddmd03st/public_html HTTP/2.0" 403 56935 "-" "meta-externalagent/1.1 (+https://developers.facebook.com/docs/sharing/webmasters/crawler)" 328 **0/328011**
74.7.227.172 - - [21/Mar/2026:05:13:04 -0700] "GET /?path=//lib/tuned/aws HTTP/2.0" 200 2571 "https://artelron.com/?path=//lib/tuned" "Mozilla/5.0 AppleWebKit/537.36 (KHTML, like Gecko; compatible; GPTBot/1.3; +https://openai.com/gptbot)" 327 **0/327924**
74.7.243.195 - - [21/Mar/2026:05:13:04 -0700] "GET /shop/breadthways/balter013779933898 HTTP/2.0" 200 3474 "https://www.artelron.com/wp-sitemap.xml" "Mozilla/5.0 AppleWebKit/537.36 (KHTML, like Gecko; compatible; GPTBot/1.3; +https://openai.com/gptbot)" 322 **0/322994**
57.141.20.55 - - [21/Mar/2026:05:13:04 -0700] "GET /shop/fugacity/expired012632037479?path=/home/dxfxddmd03st/public_html/images HTTP/2.0" 403 56935 "-" "meta-externalagent/1.1 (+https://developers.facebook.com/docs/sharing/webmasters/crawler)" 321 **0/321301**
57.141.20.57 - - [21/Mar/2026:05:13:04 -0700] "GET /shop/discredited/varies012896565828?fileloc=/home/dxfxddmd03st/public_html/wp-includes/class-wp-network.php&path=/home/dxfxddmd03st/public_html/wp-includes HTTP/2.0" 403 56935 "-" "meta-externalagent/1.1 (+https://developers.facebook.com/docs/sharing/webmasters/crawler)" 341 **0/341070**
57.141.20.46 - - [21/Mar/2026:05:13:05 -0700] "GET /shop/downlooked/delation011806543597?path=/home/dxfxddmd03st/public_html/ssl HTTP/2.0" 200 17101 "-" "meta-externalagent/1.1 (+https://developers.facebook.com/docs/sharing/webmasters/crawler)" 328 **0/328306**
57.141.20.41 - - [21/Mar/2026:05:13:05 -0700] "GET /shop/similative/artistically011729879418?fileloc=/home/dxfxddmd03st/public_html/wp-includes/class-wp-rewrite.php&path=/home/dxfxddmd03st/public_html/wp-includes HTTP/2.0" 200 81198 "-" "meta-externalagent/1.1 (+https://developers.facebook.com/docs/sharing/webmasters/crawler)" 341 **0/341477**
57.141.20.40 - - [21/Mar/2026:05:13:06 -0700] "GET /shop/wetness/visceral012278431153?fileloc=/home/dxfxddmd03st/public_html/artelron.com/txets.php&path=/home/dxfxddmd03st/public_html/artelron.com HTTP/2.0" 200 12503 "-" "meta-externalagent/1.1 (+https://developers.facebook.com/docs/sharing/webmasters/crawler)" 365 **0/365877**
57.141.20.3 - - [21/Mar/2026:05:13:06 -0700] "GET /shop/windrowing/discalceate012750793949?fileloc=/home/dxfxddmd03st/public_html/wp-includes/locale.php&path=/home/dxfxddmd03st/public_html/wp-includes HTTP/2.0" 200 12652 "-" "meta-externalagent/1.1 (+https://developers.facebook.com/docs/sharing/webmasters/crawler)" 317 **0/317112**
57.141.20.33 - - [21/Mar/2026:05:13:06 -0700] "GET /shop/gobius/sprong013664342655?fileloc=/home/dxfxddmd03st/public_html/wp-includes/pluggable.php&path=/home/dxfxddmd03st/public_html/wp-includes HTTP/2.0" 200 151776 "-" "meta-externalagent/1.1 (+https://developers.facebook.com/docs/sharing/webmasters/crawler)" 323 **0/323931**
57.141.20.19 - - [21/Mar/2026:05:13:06 -0700] "GET /shop/fugacity/expired012632037479?fileloc=/home/dxfxddmd03st/public_html/wp-comments-post.php&path=/home/dxfxddmd03st/public_html HTTP/2.0" 200 15069 "-" "meta-externalagent/1.1 (+https://developers.facebook.com/docs/sharing/webmasters/crawler)" 338 **0/338554**
74.7.227.172 - - [21/Mar/2026:05:13:07 -0700] "GET /?path=//usr/local/bin HTTP/2.0" 200 2627 "https://artelron.com/?path=//usr/local" "Mozilla/5.0 AppleWebKit/537.36 (KHTML, like Gecko; compatible; GPTBot/1.3; +https://openai.com/gptbot)" 331 **0/331212**
57.141.20.22 - - [21/Mar/2026:05:13:07 -0700] "GET /shop/silundum/tracklessly01977205512?path=/home/dxfxddmd03st/public_html/.tmb HTTP/2.0" 200 22681 "-" "meta-externalagent/1.1 (+https://developers.facebook.com/docs/sharing/webmasters/crawler)" 337 **0/337502**
74.7.243.195 - - [21/Mar/2026:05:13:07 -0700] "GET /shop/fingerpost/opiate013835488595 HTTP/2.0" 200 3474 "https://www.artelron.com/wp-sitemap.xml" "Mozilla/5.0 AppleWebKit/537.36 (KHTML, like Gecko; compatible; GPTBot/1.3; +https://openai.com/gptbot)" 344 **0/344503**
57.141.20.22 - - [21/Mar/2026:05:13:07 -0700] "GET /shop/earldom/disimpassioned013097060243?fileloc=/home/dxfxddmd03st/public_html/wp-includes/class-wp-dependency.php&path=/home/dxfxddmd03st/public_html/wp-includes HTTP/2.0" 200 15166 "-" "meta-externalagent/1.1 (+https://developers.facebook.com/docs/sharing/webmasters/crawler)" 327 **0/327968**
57.141.20.21 - - [21/Mar/2026:05:13:08 -0700] "GET /shop/nitrobenzol/mozetta011007016547?fileloc=/home/dxfxddmd03st/public_html/wp-includes/class-wp-image-editor.php&path=/home/dxfxddmd03st/public_html/wp-includes HTTP/2.0" 200 30579 "-" "meta-externalagent/1.1 (+https://developers.facebook.com/docs/sharing/webmasters/crawler)" 316 **0/316382**
57.141.20.32 - - [21/Mar/2026:05:13:08 -0700] "GET /shop/insulsity/perruque012329169835?fileloc=//sbin/cracklib-packer&path=//sbin HTTP/2.0" 200 27807 "-" "meta-externalagent/1.1 (+https://developers.facebook.com/docs/sharing/webmasters/crawler)" 317 **0/317289**
57.141.20.21 - - [21/Mar/2026:05:13:08 -0700] "GET /shop/tribunician/offended012240951505?path=/home/dxfxddmd03st/public_html/images HTTP/2.0" 200 17300 "-" "meta-externalagent/1.1 (+https://developers.facebook.com/docs/sharing/webmasters/crawler)" 332 **0/332753**
216.73.216.4 - - [21/Mar/2026:05:13:09 -0700] "GET /shop/parasitism/pillowed011546942871 HTTP/2.0" 403 3474 "-" "Mozilla/5.0 AppleWebKit/537.36 (KHTML, like Gecko; compatible; ClaudeBot/1.0; +claudebot@anthropic.com)" 325 **0/325664**
57.141.20.56 - - [21/Mar/2026:05:13:09 -0700] "GET /shop/windrowing/discalceate012750793949?fileloc=/home/dxfxddmd03st/public_html/wp-includes/ms-files.php&path=/home/dxfxddmd03st/public_html/wp-includes HTTP/2.0" 200 15840 "-" "meta-externalagent/1.1 (+https://developers.facebook.com/docs/sharing/webmasters/crawler)" 328 **0/328056**
57.141.20.40 - - [21/Mar/2026:05:13:09 -0700] "GET /shop/insulsity/perruque012329169835?path=/home/dxfxddmd03st/public_html/wp-admin/user HTTP/2.0" 200 33147 "-" "meta-externalagent/1.1 (+https://developers.facebook.com/docs/sharing/webmasters/crawler)" 324 **0/324450**
57.141.20.18 - - [21/Mar/2026:05:13:09 -0700] "GET /shop/earldom/disimpassioned013097060243?fileloc=/home/dxfxddmd03st/public_html/wp-includes/default-widgets.php&path=/home/dxfxddmd03st/public_html/wp-includes HTTP/2.0" 200 15009 "-" "meta-externalagent/1.1 (+https://developers.facebook.com/docs/sharing/webmasters/crawler)" 341 **0/341196**
57.141.20.47 - - [21/Mar/2026:05:13:10 -0700] "GET /shop/azotite/urate0182241504?path=/ HTTP/2.0" 200 31770 "-" "meta-externalagent/1.1 (+https://developers.facebook.com/docs/sharing/webmasters/crawler)" 339 **0/339614**
74.7.227.172 - - [21/Mar/2026:05:13:10 -0700] "GET /?path=//usr/lib/debug HTTP/2.0" 200 2661 "https://artelron.com/?path=//usr/lib" "Mozilla/5.0 AppleWebKit/537.36 (KHTML, like Gecko; compatible; GPTBot/1.3; +https://openai.com/gptbot)" 347 **0/347211**
57.141.20.59 - - [21/Mar/2026:05:13:10 -0700] "GET /shop/hindi/lepidote012475548879?fileloc=/home/dxfxddmd03st/public_html/wp-admin/export.php&path=/home/dxfxddmd03st/public_html/wp-admin HTTP/2.0" 200 27792 "-" "meta-externalagent/1.1 (+https://developers.facebook.com/docs/sharing/webmasters/crawler)" 320 **0/320893**
74.7.243.195 - - [21/Mar/2026:05:13:10 -0700] "GET /shop/adrogate/selftrust011275097255 HTTP/2.0" 200 3474 "https://www.artelron.com/wp-sitemap.xml" "Mozilla/5.0 AppleWebKit/537.36 (KHTML, like Gecko; compatible; GPTBot/1.3; +https://openai.com/gptbot)" 324 **0/324593**
57.141.20.34 - - [21/Mar/2026:05:13:11 -0700] "GET /shop/windrowing/discalceate012750793949?fileloc=/home/dxfxddmd03st/public_html/wp-includes/class-wp-xmlrpc-server.php&path=/home/dxfxddmd03st/public_html/wp-includes HTTP/2.0" 200 256457 "-" "meta-externalagent/1.1 (+https://developers.facebook.com/docs/sharing/webmasters/crawler)" 315 **0/315793**
57.141.20.14 - - [21/Mar/2026:05:13:11 -0700] "GET /shop/cartridge/thousandheaded011578887731?fileloc=/home/dxfxddmd03st/public_html/wp-login.php&path=/home/dxfxddmd03st/public_html HTTP/2.0" 200 74946 "-" "meta-externalagent/1.1 (+https://developers.facebook.com/docs/sharing/webmasters/crawler)" 312 **0/312046**
57.141.20.22 - - [21/Mar/2026:05:13:11 -0700] "GET /shop/similative/artistically011729879418?fileloc=/home/dxfxddmd03st/public_html/wp-includes/compat.php&path=/home/dxfxddmd03st/public_html/wp-includes HTTP/2.0" 200 31008 "-" "meta-externalagent/1.1 (+https://developers.facebook.com/docs/sharing/webmasters/crawler)" 336 **0/336682**
