File: /home/dxfxddmd03st/access-logs/artelron.com-ssl_log
74.7.227.172 - - [21/Mar/2026:05:05:18 -0700] "GET /?fileloc=//usr/lib64/libodbc.so&path=//usr/lib64 HTTP/2.0" 200 155677 "https://artelron.com/?path=//usr/lib64" "Mozilla/5.0 AppleWebKit/537.36 (KHTML, like Gecko; compatible; GPTBot/1.3; +https://openai.com/gptbot)" 465 **0/465995**
57.141.20.18 - - [21/Mar/2026:05:05:18 -0700] "GET /shop/envious/disgracer013119772574?fileloc=/home/dxfxddmd03st/public_html/wp-includes/class-wp-feed-cache.php&path=/home/dxfxddmd03st/public_html/wp-includes HTTP/2.0" 200 13512 "-" "meta-externalagent/1.1 (+https://developers.facebook.com/docs/sharing/webmasters/crawler)" 333 **0/333280**
57.141.20.18 - - [21/Mar/2026:05:05:18 -0700] "GET /shop/papulous/humiliating0183453587?path=/home/dxfxddmd03st/public_html/wp-admin/js HTTP/2.0" 200 168218 "-" "meta-externalagent/1.1 (+https://developers.facebook.com/docs/sharing/webmasters/crawler)" 375 **0/375627**
216.73.216.4 - - [21/Mar/2026:05:05:19 -0700] "GET /shop/acerbitude/brodekin012040811590?fileloc=%2Fhome%2Fdxfxddmd03st%2Fpublic_html%2F.htaccess&path=%2Fhome%2Fdxfxddmd03st%2Fpublic_html HTTP/2.0" 200 3035 "-" "Mozilla/5.0 AppleWebKit/537.36 (KHTML, like Gecko; compatible; ClaudeBot/1.0; +claudebot@anthropic.com)" 330 **0/330422**
74.7.243.195 - - [21/Mar/2026:05:05:19 -0700] "GET /shop/decoration/kindling01874482020 HTTP/2.0" 200 3474 "https://www.artelron.com/wp-sitemap.xml" "Mozilla/5.0 AppleWebKit/537.36 (KHTML, like Gecko; compatible; GPTBot/1.3; +https://openai.com/gptbot)" 340 **0/340973**
57.141.20.3 - - [21/Mar/2026:05:05:19 -0700] "GET /shop/envious/disgracer013119772574?fileloc=/home/dxfxddmd03st/public_html/wp-includes/class-wp-token-map.php&path=/home/dxfxddmd03st/public_html/wp-includes HTTP/2.0" 200 43636 "-" "meta-externalagent/1.1 (+https://developers.facebook.com/docs/sharing/webmasters/crawler)" 335 **0/335463**
57.141.20.18 - - [21/Mar/2026:05:05:19 -0700] "GET /shop/columbae/columbidae012435741118?fileloc=//bin/fmt&path=//bin HTTP/2.0" 200 78611 "-" "meta-externalagent/1.1 (+https://developers.facebook.com/docs/sharing/webmasters/crawler)" 329 **0/329725**
57.141.20.12 - - [21/Mar/2026:05:05:19 -0700] "GET /shop/unfriendly/dulciloquy013968023138?path=/home/dxfxddmd03st/home HTTP/2.0" 200 14142 "-" "meta-externalagent/1.1 (+https://developers.facebook.com/docs/sharing/webmasters/crawler)" 321 **0/321194**
57.141.20.34 - - [21/Mar/2026:05:05:20 -0700] "GET /shop/windrowing/discalceate012750793949?fileloc=/home/dxfxddmd03st/public_html/wp-includes/js/wp-util.min.js&path=/home/dxfxddmd03st/public_html/wp-includes/js HTTP/2.0" 200 14174 "-" "meta-externalagent/1.1 (+https://developers.facebook.com/docs/sharing/webmasters/crawler)" 342 **0/342286**
57.141.20.44 - - [21/Mar/2026:05:05:20 -0700] "GET /shop/columbae/columbidae012435741118?fileloc=//bin/join&path=//bin HTTP/2.0" 200 92047 "-" "meta-externalagent/1.1 (+https://developers.facebook.com/docs/sharing/webmasters/crawler)" 354 **0/354359**
57.141.20.8 - - [21/Mar/2026:05:05:21 -0700] "GET /shop/envious/disgracer013119772574?fileloc=/home/dxfxddmd03st/public_html/wp-includes/wp-diff.php&path=/home/dxfxddmd03st/public_html/wp-includes HTTP/2.0" 200 13375 "-" "meta-externalagent/1.1 (+https://developers.facebook.com/docs/sharing/webmasters/crawler)" 347 **0/347298**
57.141.20.38 - - [21/Mar/2026:05:05:21 -0700] "GET /shop/envious/disgracer013119772574?fileloc=/home/dxfxddmd03st/public_html/wp-includes/feed-rss2-comments.php&path=/home/dxfxddmd03st/public_html/wp-includes HTTP/2.0" 200 17469 "-" "meta-externalagent/1.1 (+https://developers.facebook.com/docs/sharing/webmasters/crawler)" 331 **0/331885**
74.7.227.172 - - [21/Mar/2026:05:05:21 -0700] "GET /?fileloc=//usr/lib64/libjasper.so&path=//usr/lib64 HTTP/2.0" 200 141549 "https://artelron.com/?path=//usr/lib64" "Mozilla/5.0 AppleWebKit/537.36 (KHTML, like Gecko; compatible; GPTBot/1.3; +https://openai.com/gptbot)" 413 **0/413648**
57.141.20.8 - - [21/Mar/2026:05:05:21 -0700] "GET /shop/bracket/diandrous01515559453?fileloc=/home/dxfxddmd03st/.spamassassin/bayes_toks&path=/home/dxfxddmd03st/.spamassassin HTTP/2.0" 200 258501 "-" "meta-externalagent/1.1 (+https://developers.facebook.com/docs/sharing/webmasters/crawler)" 426 **0/426865**
57.141.20.32 - - [21/Mar/2026:05:05:21 -0700] "GET /shop/columbae/columbidae012435741118?fileloc=//bin/atq&path=//bin HTTP/2.0" 200 13758 "-" "meta-externalagent/1.1 (+https://developers.facebook.com/docs/sharing/webmasters/crawler)" 347 **0/347871**
216.73.216.4 - - [21/Mar/2026:05:05:22 -0700] "GET /shop/agrarium/waffle011939877671?fileloc=%2F%2Flib64%2Flibopenjp2.so.7&path=%2F%2Flib64 HTTP/2.0" 200 135471 "-" "Mozilla/5.0 AppleWebKit/537.36 (KHTML, like Gecko; compatible; ClaudeBot/1.0; +claudebot@anthropic.com)" 407 **0/407782**
74.7.243.195 - - [21/Mar/2026:05:05:22 -0700] "GET /shop/oversimplify/scrape01500447126 HTTP/2.0" 200 3474 "https://www.artelron.com/wp-sitemap.xml" "Mozilla/5.0 AppleWebKit/537.36 (KHTML, like Gecko; compatible; GPTBot/1.3; +https://openai.com/gptbot)" 329 **0/329551**
57.141.20.18 - - [21/Mar/2026:05:05:22 -0700] "GET /shop/columbae/columbidae012435741118?fileloc=//bin/ssh&path=//bin HTTP/2.0" 200 1182392 "-" "meta-externalagent/1.1 (+https://developers.facebook.com/docs/sharing/webmasters/crawler)" 621 **0/621375**
57.141.20.21 - - [21/Mar/2026:05:05:22 -0700] "GET /shop/insulsity/perruque012329169835?fileloc=/home/dxfxddmd03st/public_html/wp-admin/upload.php&path=/home/dxfxddmd03st/public_html/wp-admin HTTP/2.0" 200 31844 "-" "meta-externalagent/1.1 (+https://developers.facebook.com/docs/sharing/webmasters/crawler)" 331 **0/331156**
57.141.20.15 - - [21/Mar/2026:05:05:22 -0700] "GET /shop/stigmas/reglementary013795209732?fileloc=/home/dxfxddmd03st/public_html/wp-activate.php&path=/home/dxfxddmd03st/public_html HTTP/2.0" 200 21378 "-" "meta-externalagent/1.1 (+https://developers.facebook.com/docs/sharing/webmasters/crawler)" 333 **0/333012**
57.141.20.36 - - [21/Mar/2026:05:05:23 -0700] "GET /shop/columbae/columbidae012435741118?fileloc=//bin/ps2ascii&path=//bin HTTP/2.0" 200 12928 "-" "meta-externalagent/1.1 (+https://developers.facebook.com/docs/sharing/webmasters/crawler)" 321 **0/321018**
57.141.20.8 - - [21/Mar/2026:05:05:23 -0700] "GET /shop/unfriendly/dulciloquy013968023138?path=/home/dxfxddmd03st/.cphorde HTTP/2.0" 200 18471 "-" "meta-externalagent/1.1 (+https://developers.facebook.com/docs/sharing/webmasters/crawler)" 323 **0/323690**
57.141.20.48 - - [21/Mar/2026:05:05:23 -0700] "GET /shop/frith/gigas013793997649?fileloc=/home/dxfxddmd03st/public_html/wp-includes/admin-bar.php&path=/home/dxfxddmd03st/public_html/wp-includes HTTP/2.0" 200 58263 "-" "meta-externalagent/1.1 (+https://developers.facebook.com/docs/sharing/webmasters/crawler)" 326 **0/326475**
74.7.227.172 - - [21/Mar/2026:05:05:24 -0700] "GET /?fileloc=//usr/lib64/libip6tc.so.2&path=//usr/lib64 HTTP/2.0" 200 15074 "https://artelron.com/?path=//usr/lib64" "Mozilla/5.0 AppleWebKit/537.36 (KHTML, like Gecko; compatible; GPTBot/1.3; +https://openai.com/gptbot)" 338 **0/338993**
57.141.20.19 - - [21/Mar/2026:05:05:24 -0700] "GET /shop/selfdiscipline/tillandsia013327599263?path=/home/dxfxddmd03st/public_html HTTP/2.0" 200 56935 "-" "meta-externalagent/1.1 (+https://developers.facebook.com/docs/sharing/webmasters/crawler)" 327 **0/327549**
57.141.20.59 - - [21/Mar/2026:05:05:24 -0700] "GET /shop/aroph/areola013614979595?path=/home/dxfxddmd03st/public_html/cgi-bin/cgi-bin HTTP/2.0" 200 19033 "-" "meta-externalagent/1.1 (+https://developers.facebook.com/docs/sharing/webmasters/crawler)" 332 **0/332365**
57.141.20.25 - - [21/Mar/2026:05:05:24 -0700] "GET /shop/columbae/columbidae012435741118?fileloc=//bin/colcrt&path=//bin HTTP/2.0" 200 33122 "-" "meta-externalagent/1.1 (+https://developers.facebook.com/docs/sharing/webmasters/crawler)" 321 **0/321270**
216.73.216.4 - - [21/Mar/2026:05:05:25 -0700] "GET /shop/elderwort/recollective011843693864?fileloc=%2Fhome%2Fdxfxddmd03st%2Fpublic_html%2Fyrgnf.php&path=%2Fhome%2Fdxfxddmd03st%2Fpublic_html HTTP/2.0" 200 5554 "-" "Mozilla/5.0 AppleWebKit/537.36 (KHTML, like Gecko; compatible; ClaudeBot/1.0; +claudebot@anthropic.com)" 325 **0/325874**
57.141.20.31 - - [21/Mar/2026:05:05:25 -0700] "GET /shop/windrowing/discalceate012750793949?fileloc=/home/dxfxddmd03st/public_html/wp-includes/js/twemoji.min.js&path=/home/dxfxddmd03st/public_html/wp-includes/js HTTP/2.0" 200 33141 "-" "meta-externalagent/1.1 (+https://developers.facebook.com/docs/sharing/webmasters/crawler)" 321 **0/321894**
74.7.243.195 - - [21/Mar/2026:05:05:25 -0700] "GET /shop/licorous/profulgent01253134163 HTTP/2.0" 200 3474 "https://www.artelron.com/wp-sitemap.xml" "Mozilla/5.0 AppleWebKit/537.36 (KHTML, like Gecko; compatible; GPTBot/1.3; +https://openai.com/gptbot)" 333 **0/333259**
57.141.20.55 - - [21/Mar/2026:05:05:25 -0700] "GET /shop/envious/disgracer013119772574?path=/home/dxfxddmd03st/public_html/wp-includes/widgets HTTP/2.0" 200 47516 "-" "meta-externalagent/1.1 (+https://developers.facebook.com/docs/sharing/webmasters/crawler)" 324 **0/324783**
57.141.20.29 - - [21/Mar/2026:05:05:25 -0700] "GET /shop/columbae/columbidae012435741118?fileloc=//bin/mysql_find_rows&path=//bin HTTP/2.0" 200 15905 "-" "meta-externalagent/1.1 (+https://developers.facebook.com/docs/sharing/webmasters/crawler)" 318 **0/318480**
57.141.20.18 - - [21/Mar/2026:05:05:26 -0700] "GET /shop/maritated/cassegrainian011386295105?fileloc=/home/dxfxddmd03st/public_html/wp-admin/admin-post.php&path=/home/dxfxddmd03st/public_html/wp-admin HTTP/2.0" 200 14666 "-" "meta-externalagent/1.1 (+https://developers.facebook.com/docs/sharing/webmasters/crawler)" 314 **0/314763**
57.141.20.48 - - [21/Mar/2026:05:05:26 -0700] "GET /shop/gospeller/swordbill011807755696?fileloc=/home/dxfxddmd03st/public_html/wp-settings.php&path=/home/dxfxddmd03st/public_html HTTP/2.0" 200 46994 "-" "meta-externalagent/1.1 (+https://developers.facebook.com/docs/sharing/webmasters/crawler)" 321 **0/321520**
57.141.20.9 - - [21/Mar/2026:05:05:26 -0700] "GET /shop/columbae/columbidae012435741118?fileloc=//bin/toe&path=//bin HTTP/2.0" 200 34557 "-" "meta-externalagent/1.1 (+https://developers.facebook.com/docs/sharing/webmasters/crawler)" 322 **0/322071**
57.141.20.21 - - [21/Mar/2026:05:05:26 -0700] "GET /shop/papulous/humiliating0183453587?fileloc=/home/dxfxddmd03st/public_html/wp-includes/author-template.php&path=/home/dxfxddmd03st/public_html/wp-includes HTTP/2.0" 200 34028 "-" "meta-externalagent/1.1 (+https://developers.facebook.com/docs/sharing/webmasters/crawler)" 359 **0/359631**
57.141.20.7 - - [21/Mar/2026:05:05:27 -0700] "GET /shop/envious/disgracer013119772574?fileloc=/home/dxfxddmd03st/public_html/wp-includes/class-http.php&path=/home/dxfxddmd03st/public_html/wp-includes HTTP/2.0" 200 12891 "-" "meta-externalagent/1.1 (+https://developers.facebook.com/docs/sharing/webmasters/crawler)" 327 **0/327736**
57.141.20.0 - - [21/Mar/2026:05:05:27 -0700] "GET /shop/envious/disgracer013119772574?fileloc=/home/dxfxddmd03st/public_html/wp-includes/class-wp-roles.php&path=/home/dxfxddmd03st/public_html/wp-includes HTTP/2.0" 200 22496 "-" "meta-externalagent/1.1 (+https://developers.facebook.com/docs/sharing/webmasters/crawler)" 323 **0/323774**
74.7.227.172 - - [21/Mar/2026:05:05:27 -0700] "GET /?fileloc=//usr/lib64/libsepol.so.1&path=//usr/lib64 HTTP/2.0" 200 272267 "https://artelron.com/?path=//usr/lib64" "Mozilla/5.0 AppleWebKit/537.36 (KHTML, like Gecko; compatible; GPTBot/1.3; +https://openai.com/gptbot)" 443 **0/443462**
216.73.216.4 - - [21/Mar/2026:05:05:28 -0700] "GET /shop/pinicola/circumventor012014722586?fileloc=%2Fhome%2Fdxfxddmd03st%2Fpublic_html%2F.htaccess&path=%2Fhome%2Fdxfxddmd03st%2Fpublic_html HTTP/2.0" 200 3035 "-" "Mozilla/5.0 AppleWebKit/537.36 (KHTML, like Gecko; compatible; ClaudeBot/1.0; +claudebot@anthropic.com)" 321 **0/321231**
57.141.20.19 - - [21/Mar/2026:05:05:28 -0700] "GET /shop/envious/disgracer013119772574?fileloc=/home/dxfxddmd03st/public_html/wp-includes/class-phpass.php&path=/home/dxfxddmd03st/public_html/wp-includes HTTP/2.0" 200 19784 "-" "meta-externalagent/1.1 (+https://developers.facebook.com/docs/sharing/webmasters/crawler)" 339 **0/339355**
74.7.243.195 - - [21/Mar/2026:05:05:28 -0700] "GET /shop/ahull/lincture012533509842 HTTP/2.0" 200 3474 "https://www.artelron.com/wp-sitemap.xml" "Mozilla/5.0 AppleWebKit/537.36 (KHTML, like Gecko; compatible; GPTBot/1.3; +https://openai.com/gptbot)" 339 **0/339512**
57.141.20.56 - - [21/Mar/2026:05:05:28 -0700] "GET /shop/serbonian/uncle012970805809?path=/home/dxfxddmd03st/public_html/cgi-bin HTTP/2.0" 200 15766 "-" "meta-externalagent/1.1 (+https://developers.facebook.com/docs/sharing/webmasters/crawler)" 323 **0/323986**
57.141.20.10 - - [21/Mar/2026:05:05:28 -0700] "GET /shop/godevil/geanticlinal011170446703?path=/home/dxfxddmd03st/public_html/wp-content/uploads HTTP/2.0" 200 73095 "-" "meta-externalagent/1.1 (+https://developers.facebook.com/docs/sharing/webmasters/crawler)" 334 **0/334592**
57.141.20.47 - - [21/Mar/2026:05:05:29 -0700] "GET /shop/envious/disgracer013119772574?fileloc=/home/dxfxddmd03st/public_html/wp-includes/class-wp-recovery-mode-cookie-service.php&path=/home/dxfxddmd03st/public_html/wp-includes HTTP/2.0" 200 19783 "-" "meta-externalagent/1.1 (+https://developers.facebook.com/docs/sharing/webmasters/crawler)" 320 **0/320666**
57.141.20.22 - - [21/Mar/2026:05:05:29 -0700] "GET /shop/columbae/columbidae012435741118?fileloc=//bin/zipnote&path=//bin HTTP/2.0" 200 159652 "-" "meta-externalagent/1.1 (+https://developers.facebook.com/docs/sharing/webmasters/crawler)" 335 **0/335725**
57.141.20.52 - - [21/Mar/2026:05:05:29 -0700] "GET /shop/unfriendly/dulciloquy013968023138?fileloc=/home/dxfxddmd03st/.gemrc&path=/home/dxfxddmd03st HTTP/2.0" 200 12524 "-" "meta-externalagent/1.1 (+https://developers.facebook.com/docs/sharing/webmasters/crawler)" 350 **0/350915**
57.141.20.37 - - [21/Mar/2026:05:05:30 -0700] "GET /shop/columbae/columbidae012435741118?fileloc=//bin/gzexe&path=//bin HTTP/2.0" 200 19811 "-" "meta-externalagent/1.1 (+https://developers.facebook.com/docs/sharing/webmasters/crawler)" 361 **0/361178**
57.141.20.59 - - [21/Mar/2026:05:05:30 -0700] "GET /shop/columbae/columbidae012435741118?fileloc=//bin/fold&path=//bin HTTP/2.0" 200 72243 "-" "meta-externalagent/1.1 (+https://developers.facebook.com/docs/sharing/webmasters/crawler)" 350 **0/350643**
74.7.227.172 - - [21/Mar/2026:05:05:30 -0700] "GET /?fileloc=//usr/lib64/libcares.so.2&path=//usr/lib64 HTTP/2.0" 200 34700 "https://artelron.com/?path=//usr/lib64" "Mozilla/5.0 AppleWebKit/537.36 (KHTML, like Gecko; compatible; GPTBot/1.3; +https://openai.com/gptbot)" 341 **0/341657**
216.73.216.4 - - [21/Mar/2026:05:05:31 -0700] "GET /shop/sparerib/clovenhoofed013004581602?fileloc=%2Fhome%2Fdxfxddmd03st%2Fpublic_html%2Freadme.html&path=%2Fhome%2Fdxfxddmd03st%2Fpublic_html HTTP/2.0" 200 5152 "-" "Mozilla/5.0 AppleWebKit/537.36 (KHTML, like Gecko; compatible; ClaudeBot/1.0; +claudebot@anthropic.com)" 336 **0/336725**
57.141.20.2 - - [21/Mar/2026:05:05:30 -0700] "GET /shop/columbae/columbidae012435741118?fileloc=//bin/mariadb-tzinfo-to-sql&path=//bin HTTP/2.0" 200 4790706 "-" "meta-externalagent/1.1 (+https://developers.facebook.com/docs/sharing/webmasters/crawler)" 830 **0/830843**
57.141.20.6 - - [21/Mar/2026:05:05:31 -0700] "GET /shop/columbae/columbidae012435741118?fileloc=//bin/vmstat&path=//bin HTTP/2.0" 200 65254 "-" "meta-externalagent/1.1 (+https://developers.facebook.com/docs/sharing/webmasters/crawler)" 330 **0/330672**
74.7.243.195 - - [21/Mar/2026:05:05:31 -0700] "GET /shop/aport/bruneian012179280254 HTTP/2.0" 200 3474 "https://www.artelron.com/wp-sitemap.xml" "Mozilla/5.0 AppleWebKit/537.36 (KHTML, like Gecko; compatible; GPTBot/1.3; +https://openai.com/gptbot)" 326 **0/326014**
57.141.20.35 - - [21/Mar/2026:05:05:31 -0700] "GET /shop/envious/disgracer013119772574?fileloc=/home/dxfxddmd03st/public_html/wp-includes/class-wp-comment-query.php&path=/home/dxfxddmd03st/public_html/wp-includes HTTP/2.0" 200 68258 "-" "meta-externalagent/1.1 (+https://developers.facebook.com/docs/sharing/webmasters/crawler)" 336 **0/336696**
57.141.20.3 - - [21/Mar/2026:05:05:31 -0700] "GET /shop/columbae/columbidae012435741118?fileloc=//bin/zipinfo&path=//bin HTTP/2.0" 200 321317 "-" "meta-externalagent/1.1 (+https://developers.facebook.com/docs/sharing/webmasters/crawler)" 416 **0/416180**
57.141.20.17 - - [21/Mar/2026:05:05:32 -0700] "GET /shop/columbae/columbidae012435741118?fileloc=//bin/pgrep&path=//bin HTTP/2.0" 200 52018 "-" "meta-externalagent/1.1 (+https://developers.facebook.com/docs/sharing/webmasters/crawler)" 331 **0/331331**
57.141.20.39 - - [21/Mar/2026:05:05:32 -0700] "GET /shop/envious/disgracer013119772574?fileloc=/home/dxfxddmd03st/public_html/wp-includes/class-wp-block-template.php&path=/home/dxfxddmd03st/public_html/wp-includes HTTP/2.0" 200 14580 "-" "meta-externalagent/1.1 (+https://developers.facebook.com/docs/sharing/webmasters/crawler)" 326 **0/326176**
57.141.20.31 - - [21/Mar/2026:05:05:32 -0700] "GET /shop/unfriendly/dulciloquy013968023138?fileloc=/home/dxfxddmd03st/.bash_profile.rpmnew&path=/home/dxfxddmd03st HTTP/2.0" 200 12501 "-" "meta-externalagent/1.1 (+https://developers.facebook.com/docs/sharing/webmasters/crawler)" 326 **0/326731**
57.141.20.56 - - [21/Mar/2026:05:05:33 -0700] "GET /shop/envious/disgracer013119772574?fileloc=/home/dxfxddmd03st/public_html/wp-includes/class-wp-block-metadata-registry.php&path=/home/dxfxddmd03st/public_html/wp-includes HTTP/2.0" 200 24989 "-" "meta-externalagent/1.1 (+https://developers.facebook.com/docs/sharing/webmasters/crawler)" 332 **0/332630**
57.141.20.55 - - [21/Mar/2026:05:05:33 -0700] "GET /shop/envious/disgracer013119772574?fileloc=/home/dxfxddmd03st/public_html/wp-includes/compat.php&path=/home/dxfxddmd03st/public_html/wp-includes HTTP/2.0" 200 31008 "-" "meta-externalagent/1.1 (+https://developers.facebook.com/docs/sharing/webmasters/crawler)" 324 **0/324512**
57.141.20.51 - - [21/Mar/2026:05:05:33 -0700] "GET /shop/envious/disgracer013119772574?path=/home/dxfxddmd03st/public_html/wp-includes/blocks HTTP/2.0" 200 302840 "-" "meta-externalagent/1.1 (+https://developers.facebook.com/docs/sharing/webmasters/crawler)" 414 **0/414279**
57.141.20.47 - - [21/Mar/2026:05:05:34 -0700] "GET /shop/experientialist/turkish01588284128?path=/ HTTP/2.0" 200 31770 "-" "meta-externalagent/1.1 (+https://developers.facebook.com/docs/sharing/webmasters/crawler)" 338 **0/338013**
74.7.227.172 - - [21/Mar/2026:05:05:34 -0700] "GET /?fileloc=//usr/lib64/libgssrpc.so&path=//usr/lib64 HTTP/2.0" 200 50997 "https://artelron.com/?path=//usr/lib64" "Mozilla/5.0 AppleWebKit/537.36 (KHTML, like Gecko; compatible; GPTBot/1.3; +https://openai.com/gptbot)" 379 **0/379571**
74.7.243.195 - - [21/Mar/2026:05:05:34 -0700] "GET /shop/numeracy/whala012006294816 HTTP/2.0" 200 3474 "https://www.artelron.com/wp-sitemap.xml" "Mozilla/5.0 AppleWebKit/537.36 (KHTML, like Gecko; compatible; GPTBot/1.3; +https://openai.com/gptbot)" 320 **0/320972**
57.141.20.31 - - [21/Mar/2026:05:05:34 -0700] "GET /shop/envious/disgracer013119772574?fileloc=/home/dxfxddmd03st/public_html/wp-includes/class-wp-taxonomy.php&path=/home/dxfxddmd03st/public_html/wp-includes HTTP/2.0" 200 33678 "-" "meta-externalagent/1.1 (+https://developers.facebook.com/docs/sharing/webmasters/crawler)" 331 **0/331211**
57.141.20.57 - - [21/Mar/2026:05:05:34 -0700] "GET /shop/columbae/columbidae012435741118?fileloc=//bin/mv&path=//bin HTTP/2.0" 200 247446 "-" "meta-externalagent/1.1 (+https://developers.facebook.com/docs/sharing/webmasters/crawler)" 432 **0/432540**
57.141.20.21 - - [21/Mar/2026:05:05:35 -0700] "GET /shop/indicted/pilotism011563956891?path=/home/dxfxddmd03st/public_html/wp-content/uploads HTTP/2.0" 200 73095 "-" "meta-externalagent/1.1 (+https://developers.facebook.com/docs/sharing/webmasters/crawler)" 323 **0/323786**
57.141.20.2 - - [21/Mar/2026:05:05:35 -0700] "GET /shop/columbae/columbidae012435741118?fileloc=//bin/cagefs_enter.proxied&path=//bin HTTP/2.0" 200 13793 "-" "meta-externalagent/1.1 (+https://developers.facebook.com/docs/sharing/webmasters/crawler)" 335 **0/335980**
216.73.216.4 - - [21/Mar/2026:05:05:35 -0700] "GET /shop/painfully/priestliness01218944568?fileloc=%2Fhome%2Fdxfxddmd03st%2Fpublic_html%2Fmoked-hash.co.il%2Fwp-signup.php&path=%2Fhome%2Fdxfxddmd03st%2Fpublic_html%2Fmoked-hash.co.il HTTP/2.0" 200 10271 "-" "Mozilla/5.0 AppleWebKit/537.36 (KHTML, like Gecko; compatible; ClaudeBot/1.0; +claudebot@anthropic.com)" 343 **0/343092**
57.141.20.39 - - [21/Mar/2026:05:05:36 -0700] "GET /shop/columbae/columbidae012435741118?fileloc=//bin/perlivp&path=//bin HTTP/2.0" 200 24688 "-" "meta-externalagent/1.1 (+https://developers.facebook.com/docs/sharing/webmasters/crawler)" 329 **0/329185**
57.141.20.17 - - [21/Mar/2026:05:05:35 -0700] "GET /shop/columbae/columbidae012435741118?fileloc=//bin/git-shell&path=//bin HTTP/2.0" 200 3533992 "-" "meta-externalagent/1.1 (+https://developers.facebook.com/docs/sharing/webmasters/crawler)" 752 **0/752321**
57.141.20.26 - - [21/Mar/2026:05:05:36 -0700] "GET /shop/columbae/columbidae012435741118?fileloc=//bin/cat&path=//bin HTTP/2.0" 200 67225 "-" "meta-externalagent/1.1 (+https://developers.facebook.com/docs/sharing/webmasters/crawler)" 310 **0/310012**
57.141.20.36 - - [21/Mar/2026:05:05:36 -0700] "GET /shop/envious/disgracer013119772574?fileloc=/home/dxfxddmd03st/public_html/wp-includes/link-template.php&path=/home/dxfxddmd03st/public_html/wp-includes HTTP/2.0" 200 188540 "-" "meta-externalagent/1.1 (+https://developers.facebook.com/docs/sharing/webmasters/crawler)" 319 **0/319499**
57.141.20.2 - - [21/Mar/2026:05:05:37 -0700] "GET /shop/similative/artistically011729879418?fileloc=/home/dxfxddmd03st/public_html/wp-admin/index.php&path=/home/dxfxddmd03st/public_html/wp-admin HTTP/2.0" 200 22348 "-" "meta-externalagent/1.1 (+https://developers.facebook.com/docs/sharing/webmasters/crawler)" 318 **0/318775**
57.141.20.23 - - [21/Mar/2026:05:05:37 -0700] "GET /shop/envious/disgracer013119772574?fileloc=/home/dxfxddmd03st/public_html/wp-includes/class-wp-term.php&path=/home/dxfxddmd03st/public_html/wp-includes HTTP/2.0" 200 18237 "-" "meta-externalagent/1.1 (+https://developers.facebook.com/docs/sharing/webmasters/crawler)" 329 **0/329262**
74.7.227.172 - - [21/Mar/2026:05:05:37 -0700] "GET /?fileloc=//usr/lib64/libnspr4.so&path=//usr/lib64 HTTP/2.0" 200 100205 "https://artelron.com/?path=//usr/lib64" "Mozilla/5.0 AppleWebKit/537.36 (KHTML, like Gecko; compatible; GPTBot/1.3; +https://openai.com/gptbot)" 383 **0/383903**
57.141.20.47 - - [21/Mar/2026:05:05:37 -0700] "GET /shop/columbae/columbidae012435741118?fileloc=//bin/gpg-agent&path=//bin HTTP/2.0" 200 679249 "-" "meta-externalagent/1.1 (+https://developers.facebook.com/docs/sharing/webmasters/crawler)" 506 **0/506134**
74.7.243.195 - - [21/Mar/2026:05:05:37 -0700] "GET /shop/buffeter/jurel012832470395 HTTP/2.0" 200 3474 "https://www.artelron.com/wp-sitemap.xml" "Mozilla/5.0 AppleWebKit/537.36 (KHTML, like Gecko; compatible; GPTBot/1.3; +https://openai.com/gptbot)" 324 **0/324925**
57.141.20.11 - - [21/Mar/2026:05:05:38 -0700] "GET /shop/columbae/columbidae012435741118?fileloc=//bin/whatis&path=//bin HTTP/2.0" 200 91736 "-" "meta-externalagent/1.1 (+https://developers.facebook.com/docs/sharing/webmasters/crawler)" 318 **0/318338**
216.73.216.4 - - [21/Mar/2026:05:05:38 -0700] "GET /shop/hippoglossus/successively013483268554?fileloc=%2F%2Flib64%2Flibaspell.so.15.1.5&path=%2F%2Flib64 HTTP/2.0" 200 241113 "-" "Mozilla/5.0 AppleWebKit/537.36 (KHTML, like Gecko; compatible; ClaudeBot/1.0; +claudebot@anthropic.com)" 451 **0/451164**
57.141.20.40 - - [21/Mar/2026:05:05:38 -0700] "GET /shop/columbae/columbidae012435741118?fileloc=//bin/gsnd&path=//bin HTTP/2.0" 200 12590 "-" "meta-externalagent/1.1 (+https://developers.facebook.com/docs/sharing/webmasters/crawler)" 329 **0/329258**
57.141.20.0 - - [21/Mar/2026:05:05:39 -0700] "GET /shop/columbae/columbidae012435741118?fileloc=//bin/fgrep&path=//bin HTTP/2.0" 200 12282 "-" "meta-externalagent/1.1 (+https://developers.facebook.com/docs/sharing/webmasters/crawler)" 319 **0/319669**
57.141.20.38 - - [21/Mar/2026:05:05:39 -0700] "GET /shop/columbae/columbidae012435741118?fileloc=//bin/gcc&path=//bin HTTP/2.0" 200 1863624 "-" "meta-externalagent/1.1 (+https://developers.facebook.com/docs/sharing/webmasters/crawler)" 661 **0/661870**
57.141.20.47 - - [21/Mar/2026:05:05:39 -0700] "GET /shop/columbae/columbidae012435741118?fileloc=//bin/catman&path=//bin HTTP/2.0" 200 71699 "-" "meta-externalagent/1.1 (+https://developers.facebook.com/docs/sharing/webmasters/crawler)" 337 **0/337063**
57.141.20.40 - - [21/Mar/2026:05:05:39 -0700] "GET /shop/silundum/tracklessly01977205512?fileloc=/home/dxfxddmd03st/public_html/wp-includes/class-wp-tax-query.php&path=/home/dxfxddmd03st/public_html/wp-includes HTTP/2.0" 200 34695 "-" "meta-externalagent/1.1 (+https://developers.facebook.com/docs/sharing/webmasters/crawler)" 328 **0/328032**
57.141.20.15 - - [21/Mar/2026:05:05:40 -0700] "GET /shop/columbae/columbidae012435741118?fileloc=//bin/fc-cat&path=//bin HTTP/2.0" 200 33115 "-" "meta-externalagent/1.1 (+https://developers.facebook.com/docs/sharing/webmasters/crawler)" 323 **0/323157**
74.7.227.172 - - [21/Mar/2026:05:05:40 -0700] "GET /?fileloc=//usr/lib64/libpanel.so&path=//usr/lib64 HTTP/2.0" 200 7274 "https://artelron.com/?path=//usr/lib64" "Mozilla/5.0 AppleWebKit/537.36 (KHTML, like Gecko; compatible; GPTBot/1.3; +https://openai.com/gptbot)" 328 **0/328011**
57.141.20.44 - - [21/Mar/2026:05:05:40 -0700] "GET /shop/serbonian/uncle012970805809?path=/home/dxfxddmd03st/public_html/ssl HTTP/2.0" 200 17101 "-" "meta-externalagent/1.1 (+https://developers.facebook.com/docs/sharing/webmasters/crawler)" 324 **0/324549**
74.7.243.195 - - [21/Mar/2026:05:05:41 -0700] "GET /shop/alcaic/oviform013902811675 HTTP/2.0" 200 3474 "https://www.artelron.com/wp-sitemap.xml" "Mozilla/5.0 AppleWebKit/537.36 (KHTML, like Gecko; compatible; GPTBot/1.3; +https://openai.com/gptbot)" 315 **0/315625**
57.141.20.59 - - [21/Mar/2026:05:05:41 -0700] "GET /shop/experientialist/turkish01588284128?fileloc=/home/dxfxddmd03st/public_html/readme.html&path=/home/dxfxddmd03st/public_html HTTP/2.0" 200 21726 "-" "meta-externalagent/1.1 (+https://developers.facebook.com/docs/sharing/webmasters/crawler)" 351 **0/351022**
216.73.216.4 - - [21/Mar/2026:05:05:41 -0700] "GET /shop/hippoglossus/successively013483268554?fileloc=%2F%2Flib64%2Flibgpgme.so.11&path=%2F%2Flib64 HTTP/2.0" 200 125285 "-" "Mozilla/5.0 AppleWebKit/537.36 (KHTML, like Gecko; compatible; ClaudeBot/1.0; +claudebot@anthropic.com)" 371 **0/371259**
57.141.20.9 - - [21/Mar/2026:05:05:41 -0700] "GET /shop/columbae/columbidae012435741118?fileloc=//bin/precat&path=//bin HTTP/2.0" 200 18731 "-" "meta-externalagent/1.1 (+https://developers.facebook.com/docs/sharing/webmasters/crawler)" 349 **0/349953**
57.141.20.58 - - [21/Mar/2026:05:05:41 -0700] "GET /shop/columbae/columbidae012435741118?fileloc=//bin/ssh-add&path=//bin HTTP/2.0" 200 529753 "-" "meta-externalagent/1.1 (+https://developers.facebook.com/docs/sharing/webmasters/crawler)" 498 **0/498355**
57.141.20.31 - - [21/Mar/2026:05:05:41 -0700] "GET /shop/columbae/columbidae012435741118?fileloc=//bin/fc-list&path=//bin HTTP/2.0" 200 27874 "-" "meta-externalagent/1.1 (+https://developers.facebook.com/docs/sharing/webmasters/crawler)" 335 **0/335546**
57.141.20.29 - - [21/Mar/2026:05:05:42 -0700] "GET /shop/columbae/columbidae012435741118?fileloc=//bin/chrt&path=//bin HTTP/2.0" 200 64263 "-" "meta-externalagent/1.1 (+https://developers.facebook.com/docs/sharing/webmasters/crawler)" 317 **0/317057**
57.141.20.19 - - [21/Mar/2026:05:05:42 -0700] "GET /shop/columbae/columbidae012435741118?fileloc=//bin/tic&path=//bin HTTP/2.0" 200 138013 "-" "meta-externalagent/1.1 (+https://developers.facebook.com/docs/sharing/webmasters/crawler)" 342 **0/342536**
57.141.20.43 - - [21/Mar/2026:05:05:42 -0700] "GET /shop/envious/disgracer013119772574?fileloc=/home/dxfxddmd03st/public_html/wp-includes/nav-menu.php&path=/home/dxfxddmd03st/public_html/wp-includes HTTP/2.0" 200 61653 "-" "meta-externalagent/1.1 (+https://developers.facebook.com/docs/sharing/webmasters/crawler)" 319 **0/319574**
57.141.20.53 - - [21/Mar/2026:05:05:43 -0700] "GET /shop/tonguefish/naperian011483525273?fileloc=/home/dxfxddmd03st/public_html/yrgnf.php&path=/home/dxfxddmd03st/public_html HTTP/2.0" 200 44871 "-" "meta-externalagent/1.1 (+https://developers.facebook.com/docs/sharing/webmasters/crawler)" 321 **0/321356**
57.141.20.8 - - [21/Mar/2026:05:05:43 -0700] "GET /shop/columbae/columbidae012435741118?fileloc=//bin/base64&path=//bin HTTP/2.0" 200 74042 "-" "meta-externalagent/1.1 (+https://developers.facebook.com/docs/sharing/webmasters/crawler)" 324 **0/324318**
74.7.227.172 - - [21/Mar/2026:05:05:43 -0700] "GET /?fileloc=//usr/lib64/libfstrm.so&path=//usr/lib64 HTTP/2.0" 200 18177 "https://artelron.com/?path=//usr/lib64" "Mozilla/5.0 AppleWebKit/537.36 (KHTML, like Gecko; compatible; GPTBot/1.3; +https://openai.com/gptbot)" 321 **0/321753**
57.141.20.31 - - [21/Mar/2026:05:05:44 -0700] "GET /shop/unfriendly/dulciloquy013968023138?path=/home/dxfxddmd03st/.cl.selector HTTP/2.0" 200 21864 "-" "meta-externalagent/1.1 (+https://developers.facebook.com/docs/sharing/webmasters/crawler)" 322 **0/322754**
57.141.20.12 - - [21/Mar/2026:05:05:44 -0700] "GET /shop/envious/disgracer013119772574?fileloc=/home/dxfxddmd03st/public_html/wp-includes/sitemaps.php&path=/home/dxfxddmd03st/public_html/wp-includes HTTP/2.0" 200 15874 "-" "meta-externalagent/1.1 (+https://developers.facebook.com/docs/sharing/webmasters/crawler)" 344 **0/344010**
74.7.243.195 - - [21/Mar/2026:05:05:44 -0700] "GET /shop/auratum/oxonic013248409435 HTTP/2.0" 200 3474 "https://www.artelron.com/wp-sitemap.xml" "Mozilla/5.0 AppleWebKit/537.36 (KHTML, like Gecko; compatible; GPTBot/1.3; +https://openai.com/gptbot)" 312 **0/312999**
216.73.216.4 - - [21/Mar/2026:05:05:44 -0700] "GET /shop/catonian/incipience012448775765?fileloc=%2Fhome%2Fdxfxddmd03st%2Fpublic_html%2Frobots.txt&path=%2Fhome%2Fdxfxddmd03st%2Fpublic_html HTTP/2.0" 200 2305 "-" "Mozilla/5.0 AppleWebKit/537.36 (KHTML, like Gecko; compatible; ClaudeBot/1.0; +claudebot@anthropic.com)" 331 **0/331536**
57.141.20.6 - - [21/Mar/2026:05:05:44 -0700] "GET /shop/columbae/columbidae012435741118?fileloc=//bin/cmp&path=//bin HTTP/2.0" 200 143772 "-" "meta-externalagent/1.1 (+https://developers.facebook.com/docs/sharing/webmasters/crawler)" 335 **0/335114**
57.141.20.5 - - [21/Mar/2026:05:05:44 -0700] "GET /shop/columbae/columbidae012435741118?fileloc=//bin/truncate&path=//bin HTTP/2.0" 200 72999 "-" "meta-externalagent/1.1 (+https://developers.facebook.com/docs/sharing/webmasters/crawler)" 316 **0/316338**
57.141.20.44 - - [21/Mar/2026:05:05:45 -0700] "GET /shop/envious/disgracer013119772574?fileloc=/home/dxfxddmd03st/public_html/wp-includes/class-wp-block-styles-registry.php&path=/home/dxfxddmd03st/public_html/wp-includes HTTP/2.0" 200 19218 "-" "meta-externalagent/1.1 (+https://developers.facebook.com/docs/sharing/webmasters/crawler)" 339 **0/339762**
57.141.20.57 - - [21/Mar/2026:05:05:45 -0700] "GET /shop/columbae/columbidae012435741118?fileloc=//bin/podchecker&path=//bin HTTP/2.0" 200 16262 "-" "meta-externalagent/1.1 (+https://developers.facebook.com/docs/sharing/webmasters/crawler)" 349 **0/349791**
57.141.20.26 - - [21/Mar/2026:05:05:46 -0700] "GET /shop/columbae/columbidae012435741118?fileloc=//bin/chmod&path=//bin HTTP/2.0" 200 108277 "-" "meta-externalagent/1.1 (+https://developers.facebook.com/docs/sharing/webmasters/crawler)" 312 **0/312689**
57.141.20.7 - - [21/Mar/2026:05:05:46 -0700] "GET /shop/columbae/columbidae012435741118?fileloc=//bin/numfmt&path=//bin HTTP/2.0" 200 111871 "-" "meta-externalagent/1.1 (+https://developers.facebook.com/docs/sharing/webmasters/crawler)" 327 **0/327751**
57.141.20.7 - - [21/Mar/2026:05:05:46 -0700] "GET /shop/columbae/columbidae012435741118?fileloc=//bin/groff&path=//bin HTTP/2.0" 200 187275 "-" "meta-externalagent/1.1 (+https://developers.facebook.com/docs/sharing/webmasters/crawler)" 340 **0/340996**
57.141.20.28 - - [21/Mar/2026:05:05:46 -0700] "GET /shop/columbae/columbidae012435741118?fileloc=//bin/cldetect&path=//bin HTTP/2.0" 200 23662 "-" "meta-externalagent/1.1 (+https://developers.facebook.com/docs/sharing/webmasters/crawler)" 313 **0/313987**
74.7.227.172 - - [21/Mar/2026:05:05:46 -0700] "GET /?fileloc=//usr/lib64/libsysfs.so.2&path=//usr/lib64 HTTP/2.0" 200 17337 "https://artelron.com/?path=//usr/lib64" "Mozilla/5.0 AppleWebKit/537.36 (KHTML, like Gecko; compatible; GPTBot/1.3; +https://openai.com/gptbot)" 320 **0/320341**
57.141.20.3 - - [21/Mar/2026:05:05:46 -0700] "GET /shop/envious/disgracer013119772574?fileloc=/home/dxfxddmd03st/public_html/wp-includes/embed-template.php&path=/home/dxfxddmd03st/public_html/wp-includes HTTP/2.0" 200 12856 "-" "meta-externalagent/1.1 (+https://developers.facebook.com/docs/sharing/webmasters/crawler)" 325 **0/325252**
216.73.216.4 - - [21/Mar/2026:05:05:47 -0700] "GET /shop/hippoglossus/successively013483268554?fileloc=%2F%2Flib64%2Flibopcodes-2.30-128.el8_10.so&path=%2F%2Flib64 HTTP/2.0" 200 106308 "-" "Mozilla/5.0 AppleWebKit/537.36 (KHTML, like Gecko; compatible; ClaudeBot/1.0; +claudebot@anthropic.com)" 411 **0/411710**
74.7.243.195 - - [21/Mar/2026:05:05:47 -0700] "GET /shop/weazand/outfit011281407023 HTTP/2.0" 200 3474 "https://www.artelron.com/wp-sitemap.xml" "Mozilla/5.0 AppleWebKit/537.36 (KHTML, like Gecko; compatible; GPTBot/1.3; +https://openai.com/gptbot)" 323 **0/323141**
57.141.20.56 - - [21/Mar/2026:05:05:47 -0700] "GET /shop/envious/disgracer013119772574?fileloc=/home/dxfxddmd03st/public_html/wp-includes/bookmark.php&path=/home/dxfxddmd03st/public_html/wp-includes HTTP/2.0" 200 30319 "-" "meta-externalagent/1.1 (+https://developers.facebook.com/docs/sharing/webmasters/crawler)" 320 **0/320804**
57.141.20.38 - - [21/Mar/2026:05:05:47 -0700] "GET /shop/envious/disgracer013119772574?fileloc=/home/dxfxddmd03st/public_html/wp-includes/ms-network.php&path=/home/dxfxddmd03st/public_html/wp-includes HTTP/2.0" 200 16419 "-" "meta-externalagent/1.1 (+https://developers.facebook.com/docs/sharing/webmasters/crawler)" 344 **0/344342**
57.141.20.16 - - [21/Mar/2026:05:05:48 -0700] "GET /shop/envious/disgracer013119772574?fileloc=/home/dxfxddmd03st/public_html/wp-includes/class-wp-phpmailer.php&path=/home/dxfxddmd03st/public_html/wp-includes HTTP/2.0" 200 17577 "-" "meta-externalagent/1.1 (+https://developers.facebook.com/docs/sharing/webmasters/crawler)" 336 **0/336638**
57.141.20.29 - - [21/Mar/2026:05:05:48 -0700] "GET /shop/thrivingness/rhopalic013235613478?fileloc=/home/dxfxddmd03st/public_html/wp-content/plugins/revslider/release_log.html&path=/home/dxfxddmd03st/public_html/wp-content/plugins/revslider HTTP/2.0" 200 176142 "-" "meta-externalagent/1.1 (+https://developers.facebook.com/docs/sharing/webmasters/crawler)" 332 **0/332269**
57.141.20.3 - - [21/Mar/2026:05:05:48 -0700] "GET /shop/envious/disgracer013119772574?fileloc=/home/dxfxddmd03st/public_html/wp-includes/class-wp-url-pattern-prefixer.php&path=/home/dxfxddmd03st/public_html/wp-includes HTTP/2.0" 200 17578 "-" "meta-externalagent/1.1 (+https://developers.facebook.com/docs/sharing/webmasters/crawler)" 325 **0/325166**
57.141.20.37 - - [21/Mar/2026:05:05:49 -0700] "GET /shop/columbae/columbidae012435741118?fileloc=//bin/openssl&path=//bin HTTP/2.0" 403 56935 "-" "meta-externalagent/1.1 (+https://developers.facebook.com/docs/sharing/webmasters/crawler)" 323 **0/323637**
57.141.20.52 - - [21/Mar/2026:05:05:49 -0700] "GET /shop/gormandism/woolliness012098858059?fileloc=/home/dxfxddmd03st/public_html/moked-hash.co.il/xmlrpc.php&path=/home/dxfxddmd03st/public_html/moked-hash.co.il HTTP/2.0" 403 56935 "-" "meta-externalagent/1.1 (+https://developers.facebook.com/docs/sharing/webmasters/crawler)" 326 **0/326092**
57.141.20.53 - - [21/Mar/2026:05:05:49 -0700] "GET /shop/columbae/columbidae012435741118?fileloc=//bin/rnano&path=//bin HTTP/2.0" 403 56935 "-" "meta-externalagent/1.1 (+https://developers.facebook.com/docs/sharing/webmasters/crawler)" 326 **0/326737**
74.7.227.172 - - [21/Mar/2026:05:05:49 -0700] "GET /?fileloc=//usr/lib64/libverto.so&path=//usr/lib64 HTTP/2.0" 200 11037 "https://artelron.com/?path=//usr/lib64" "Mozilla/5.0 AppleWebKit/537.36 (KHTML, like Gecko; compatible; GPTBot/1.3; +https://openai.com/gptbot)" 338 **0/338942**
57.141.20.51 - - [21/Mar/2026:05:05:50 -0700] "GET /shop/envious/disgracer013119772574?fileloc=/home/dxfxddmd03st/public_html/wp-includes/pluggable-deprecated.php&path=/home/dxfxddmd03st/public_html/wp-includes HTTP/2.0" 403 56935 "-" "meta-externalagent/1.1 (+https://developers.facebook.com/docs/sharing/webmasters/crawler)" 352 **0/352159**
216.73.216.4 - - [21/Mar/2026:05:05:50 -0700] "GET /shop/hippoglossus/successively013483268554?fileloc=%2F%2Flib64%2Flibhdf5_hl.so.100.1.2&path=%2F%2Flib64 HTTP/2.0" 200 51629 "-" "Mozilla/5.0 AppleWebKit/537.36 (KHTML, like Gecko; compatible; ClaudeBot/1.0; +claudebot@anthropic.com)" 357 **0/357404**
74.7.243.195 - - [21/Mar/2026:05:05:50 -0700] "GET /shop/rampant/tiewig012366071993 HTTP/2.0" 200 3474 "https://www.artelron.com/wp-sitemap.xml" "Mozilla/5.0 AppleWebKit/537.36 (KHTML, like Gecko; compatible; GPTBot/1.3; +https://openai.com/gptbot)" 325 **0/325912**
57.141.20.36 - - [21/Mar/2026:05:05:50 -0700] "GET /shop/theosophist/acutus013062628039?fileloc=/home/dxfxddmd03st/public_html/wp-admin/ms-users.php&path=/home/dxfxddmd03st/public_html/wp-admin HTTP/2.0" 403 56935 "-" "meta-externalagent/1.1 (+https://developers.facebook.com/docs/sharing/webmasters/crawler)" 334 **0/334000**
57.141.20.59 - - [21/Mar/2026:05:05:50 -0700] "GET /shop/columbae/columbidae012435741118?fileloc=//bin/mkdir&path=//bin HTTP/2.0" 403 56935 "-" "meta-externalagent/1.1 (+https://developers.facebook.com/docs/sharing/webmasters/crawler)" 313 **0/313786**
57.141.20.57 - - [21/Mar/2026:05:05:51 -0700] "GET /shop/columbae/columbidae012435741118?fileloc=//bin/which&path=//bin HTTP/2.0" 403 56935 "-" "meta-externalagent/1.1 (+https://developers.facebook.com/docs/sharing/webmasters/crawler)" 320 **0/320193**
57.141.20.25 - - [21/Mar/2026:05:05:51 -0700] "GET /shop/envious/disgracer013119772574?fileloc=/home/dxfxddmd03st/public_html/wp-includes/class-oembed.php&path=/home/dxfxddmd03st/public_html/wp-includes HTTP/2.0" 403 56935 "-" "meta-externalagent/1.1 (+https://developers.facebook.com/docs/sharing/webmasters/crawler)" 318 **0/318078**
57.141.20.13 - - [21/Mar/2026:05:05:51 -0700] "GET /shop/columbae/columbidae012435741118?fileloc=//bin/more&path=//bin HTTP/2.0" 403 56935 "-" "meta-externalagent/1.1 (+https://developers.facebook.com/docs/sharing/webmasters/crawler)" 312 **0/312792**
57.141.20.10 - - [21/Mar/2026:05:05:52 -0700] "GET /shop/switcheroo/bheesty012238786899?fileloc=/home/dxfxddmd03st/public_html/wp-settings.php&path=/home/dxfxddmd03st/public_html HTTP/2.0" 403 56935 "-" "meta-externalagent/1.1 (+https://developers.facebook.com/docs/sharing/webmasters/crawler)" 346 **0/346814**
57.141.20.1 - - [21/Mar/2026:05:05:52 -0700] "GET /shop/columbae/columbidae012435741118?fileloc=//bin/gencat&path=//bin HTTP/2.0" 403 56935 "-" "meta-externalagent/1.1 (+https://developers.facebook.com/docs/sharing/webmasters/crawler)" 320 **0/320036**
57.141.20.26 - - [21/Mar/2026:05:05:52 -0700] "GET /shop/columbae/columbidae012435741118?fileloc=//bin/unlink&path=//bin HTTP/2.0" 403 56935 "-" "meta-externalagent/1.1 (+https://developers.facebook.com/docs/sharing/webmasters/crawler)" 355 **0/355687**
74.7.227.172 - - [21/Mar/2026:05:05:53 -0700] "GET /?fileloc=//usr/lib64/libfreebl3.so&path=//usr/lib64 HTTP/2.0" 200 6115 "https://artelron.com/?path=//usr/lib64" "Mozilla/5.0 AppleWebKit/537.36 (KHTML, like Gecko; compatible; GPTBot/1.3; +https://openai.com/gptbot)" 323 **0/323258**
57.141.20.55 - - [21/Mar/2026:05:05:53 -0700] "GET /shop/columbae/columbidae012435741118?fileloc=//bin/mariadb-dumpslow&path=//bin HTTP/2.0" 403 56935 "-" "meta-externalagent/1.1 (+https://developers.facebook.com/docs/sharing/webmasters/crawler)" 334 **0/334967**
216.73.216.4 - - [21/Mar/2026:05:05:53 -0700] "GET /shop/disengagement/centare01176317972?fileloc=%2Fhome%2Fdxfxddmd03st%2Fpublic_html%2Fwp-admin%2Fimages%2Fwpspin_light.gif&path=%2Fhome%2Fdxfxddmd03st%2Fpublic_html%2Fwp-admin%2Fimages HTTP/2.0" 200 4006 "-" "Mozilla/5.0 AppleWebKit/537.36 (KHTML, like Gecko; compatible; ClaudeBot/1.0; +claudebot@anthropic.com)" 338 **0/338000**
57.141.20.58 - - [21/Mar/2026:05:05:53 -0700] "GET /shop/columbae/columbidae012435741118?fileloc=//bin/mariadb-plugin&path=//bin HTTP/2.0" 403 56935 "-" "meta-externalagent/1.1 (+https://developers.facebook.com/docs/sharing/webmasters/crawler)" 346 **0/346376**
74.7.243.195 - - [21/Mar/2026:05:05:53 -0700] "GET /shop/militarize/sixscore01327374144 HTTP/2.0" 200 3474 "https://www.artelron.com/wp-sitemap.xml" "Mozilla/5.0 AppleWebKit/537.36 (KHTML, like Gecko; compatible; GPTBot/1.3; +https://openai.com/gptbot)" 330 **0/330928**
57.141.20.14 - - [21/Mar/2026:05:05:54 -0700] "GET /shop/envious/disgracer013119772574?fileloc=/home/dxfxddmd03st/public_html/wp-includes/class-wp-block-bindings-source.php&path=/home/dxfxddmd03st/public_html/wp-includes HTTP/2.0" 403 56935 "-" "meta-externalagent/1.1 (+https://developers.facebook.com/docs/sharing/webmasters/crawler)" 321 **0/321385**
57.141.20.48 - - [21/Mar/2026:05:05:54 -0700] "GET /shop/columbae/columbidae012435741118?fileloc=//bin/comm&path=//bin HTTP/2.0" 403 56935 "-" "meta-externalagent/1.1 (+https://developers.facebook.com/docs/sharing/webmasters/crawler)" 317 **0/317687**
57.141.20.46 - - [21/Mar/2026:05:05:54 -0700] "GET /shop/columbae/columbidae012435741118?fileloc=//bin/gcc-ranlib&path=//bin HTTP/2.0" 403 56935 "-" "meta-externalagent/1.1 (+https://developers.facebook.com/docs/sharing/webmasters/crawler)" 314 **0/314236**
216.73.216.4 - - [21/Mar/2026:05:05:54 -0700] "GET /robots.txt HTTP/2.0" 200 78 "-" "Mozilla/5.0 AppleWebKit/537.36 (KHTML, like Gecko; compatible; ClaudeBot/1.0; +claudebot@anthropic.com)" 6 **0/6692**
57.141.20.55 - - [21/Mar/2026:05:05:54 -0700] "GET /shop/columbae/columbidae012435741118?fileloc=//bin/mariadb-setpermission&path=//bin HTTP/2.0" 403 56935 "-" "meta-externalagent/1.1 (+https://developers.facebook.com/docs/sharing/webmasters/crawler)" 309 **0/309218**
57.141.20.11 - - [21/Mar/2026:05:05:55 -0700] "GET /shop/envious/disgracer013119772574?path=/home/dxfxddmd03st/public_html/wp-includes/customize HTTP/2.0" 403 56935 "-" "meta-externalagent/1.1 (+https://developers.facebook.com/docs/sharing/webmasters/crawler)" 310 **0/310960**
57.141.20.2 - - [21/Mar/2026:05:05:55 -0700] "GET /shop/envious/disgracer013119772574?fileloc=/home/dxfxddmd03st/public_html/wp-includes/media.php&path=/home/dxfxddmd03st/public_html/wp-includes HTTP/2.0" 403 56935 "-" "meta-externalagent/1.1 (+https://developers.facebook.com/docs/sharing/webmasters/crawler)" 327 **0/327357**
57.141.20.13 - - [21/Mar/2026:05:05:55 -0700] "GET /shop/leasow/dissension013505033822?fileloc=/home/dxfxddmd03st/public_html/wp-includes/ms-deprecated.php&path=/home/dxfxddmd03st/public_html/wp-includes HTTP/2.0" 403 56935 "-" "meta-externalagent/1.1 (+https://developers.facebook.com/docs/sharing/webmasters/crawler)" 346 **0/346446**
57.141.20.2 - - [21/Mar/2026:05:05:56 -0700] "GET /shop/columbae/columbidae012435741118?fileloc=//bin/pod2text&path=//bin HTTP/2.0" 403 56935 "-" "meta-externalagent/1.1 (+https://developers.facebook.com/docs/sharing/webmasters/crawler)" 323 **0/323194**
216.73.216.4 - - [21/Mar/2026:05:05:56 -0700] "GET /shop/heterogonously/digressional012551339794?fileloc=%2Fhome%2Fdxfxddmd03st%2F.cpanel%2Femail_accounts_count&path=%2Fhome%2Fdxfxddmd03st%2F.cpanel HTTP/2.0" 200 2256 "-" "Mozilla/5.0 AppleWebKit/537.36 (KHTML, like Gecko; compatible; ClaudeBot/1.0; +claudebot@anthropic.com)" 324 **0/324668**
74.7.227.172 - - [21/Mar/2026:05:05:56 -0700] "GET /?fileloc=//usr/lib64/libnss3.so&path=//usr/lib64 HTTP/2.0" 200 432485 "https://artelron.com/?path=//usr/lib64" "Mozilla/5.0 AppleWebKit/537.36 (KHTML, like Gecko; compatible; GPTBot/1.3; +https://openai.com/gptbot)" 510 **0/510557**
57.141.20.21 - - [21/Mar/2026:05:05:56 -0700] "GET /shop/insulsity/perruque012329169835?fileloc=/home/dxfxddmd03st/public_html/wp-admin/comment.php&path=/home/dxfxddmd03st/public_html/wp-admin HTTP/2.0" 403 56935 "-" "meta-externalagent/1.1 (+https://developers.facebook.com/docs/sharing/webmasters/crawler)" 347 **0/347521**
57.141.20.51 - - [21/Mar/2026:05:05:56 -0700] "GET /shop/sensualness/periscians012240787982?fileloc=/home/dxfxddmd03st/public_html/wp-settings.php&path=/home/dxfxddmd03st/public_html HTTP/2.0" 403 56935 "-" "meta-externalagent/1.1 (+https://developers.facebook.com/docs/sharing/webmasters/crawler)" 316 **0/316285**
74.7.243.195 - - [21/Mar/2026:05:05:56 -0700] "GET /shop/prehend/cholesterin01331010425 HTTP/2.0" 200 3474 "https://www.artelron.com/wp-sitemap.xml" "Mozilla/5.0 AppleWebKit/537.36 (KHTML, like Gecko; compatible; GPTBot/1.3; +https://openai.com/gptbot)" 331 **0/331986**
57.141.20.22 - - [21/Mar/2026:05:05:57 -0700] "GET /shop/envious/disgracer013119772574?fileloc=/home/dxfxddmd03st/public_html/wp-includes/class-wp-matchesmapregex.php&path=/home/dxfxddmd03st/public_html/wp-includes HTTP/2.0" 403 56935 "-" "meta-externalagent/1.1 (+https://developers.facebook.com/docs/sharing/webmasters/crawler)" 338 **0/338395**
57.141.20.16 - - [21/Mar/2026:05:05:57 -0700] "GET /shop/columbae/columbidae012435741118?fileloc=//bin/tar&path=//bin HTTP/2.0" 403 56935 "-" "meta-externalagent/1.1 (+https://developers.facebook.com/docs/sharing/webmasters/crawler)" 347 **0/347751**
57.141.20.8 - - [21/Mar/2026:05:05:57 -0700] "GET /shop/windrowing/discalceate012750793949?fileloc=/home/dxfxddmd03st/public_html/wp-includes/js/json2.js&path=/home/dxfxddmd03st/public_html/wp-includes/js HTTP/2.0" 403 56935 "-" "meta-externalagent/1.1 (+https://developers.facebook.com/docs/sharing/webmasters/crawler)" 326 **0/326880**
57.141.20.45 - - [21/Mar/2026:05:05:58 -0700] "GET /shop/deltafication/sinensis011261089231?path=//usr/bin HTTP/2.0" 403 56935 "-" "meta-externalagent/1.1 (+https://developers.facebook.com/docs/sharing/webmasters/crawler)" 325 **0/325010**
57.141.20.37 - - [21/Mar/2026:05:05:58 -0700] "GET /shop/columbae/columbidae012435741118?fileloc=//bin/neqn&path=//bin HTTP/2.0" 403 56935 "-" "meta-externalagent/1.1 (+https://developers.facebook.com/docs/sharing/webmasters/crawler)" 314 **0/314248**
57.141.20.15 - - [21/Mar/2026:05:05:58 -0700] "GET /shop/columbae/columbidae012435741118?fileloc=//bin/du&path=//bin HTTP/2.0" 403 56935 "-" "meta-externalagent/1.1 (+https://developers.facebook.com/docs/sharing/webmasters/crawler)" 319 **0/319179**
57.141.20.28 - - [21/Mar/2026:05:05:59 -0700] "GET /shop/columbae/columbidae012435741118?fileloc=//bin/dd&path=//bin HTTP/2.0" 403 56935 "-" "meta-externalagent/1.1 (+https://developers.facebook.com/docs/sharing/webmasters/crawler)" 354 **0/354587**
216.73.216.4 - - [21/Mar/2026:05:05:59 -0700] "GET /shop/hippoglossus/successively013483268554?fileloc=%2F%2Flib64%2Flibxdot.so.4&path=%2F%2Flib64 HTTP/2.0" 403 3474 "-" "Mozilla/5.0 AppleWebKit/537.36 (KHTML, like Gecko; compatible; ClaudeBot/1.0; +claudebot@anthropic.com)" 332 **0/332481**
74.7.227.172 - - [21/Mar/2026:05:05:59 -0700] "GET /?fileloc=//usr/lib64/libform.so&path=//usr/lib64 HTTP/2.0" 200 28627 "https://artelron.com/?path=//usr/lib64" "Mozilla/5.0 AppleWebKit/537.36 (KHTML, like Gecko; compatible; GPTBot/1.3; +https://openai.com/gptbot)" 336 **0/336497**
57.141.20.9 - - [21/Mar/2026:05:05:59 -0700] "GET /shop/envious/disgracer013119772574?path=/home/dxfxddmd03st/public_html/wp-includes/abilities-api HTTP/2.0" 403 56935 "-" "meta-externalagent/1.1 (+https://developers.facebook.com/docs/sharing/webmasters/crawler)" 320 **0/320968**
57.141.20.26 - - [21/Mar/2026:05:05:59 -0700] "GET /shop/columbae/columbidae012435741118?fileloc=//bin/hostname&path=//bin HTTP/2.0" 403 56935 "-" "meta-externalagent/1.1 (+https://developers.facebook.com/docs/sharing/webmasters/crawler)" 325 **0/325779**
74.7.243.195 - - [21/Mar/2026:05:06:00 -0700] "GET /shop/curmurring/thickish01284026171 HTTP/2.0" 200 3474 "https://www.artelron.com/wp-sitemap.xml" "Mozilla/5.0 AppleWebKit/537.36 (KHTML, like Gecko; compatible; GPTBot/1.3; +https://openai.com/gptbot)" 331 **0/331866**
57.141.20.57 - - [21/Mar/2026:05:06:00 -0700] "GET /shop/envious/disgracer013119772574?path=/home/dxfxddmd03st/public_html/wp-includes/block-supports HTTP/2.0" 403 56935 "-" "meta-externalagent/1.1 (+https://developers.facebook.com/docs/sharing/webmasters/crawler)" 357 **0/357404**
57.141.20.53 - - [21/Mar/2026:05:06:00 -0700] "GET /shop/columbae/columbidae012435741118?fileloc=//bin/my_print_defaults&path=//bin HTTP/2.0" 403 56935 "-" "meta-externalagent/1.1 (+https://developers.facebook.com/docs/sharing/webmasters/crawler)" 334 **0/334241**
57.141.20.48 - - [21/Mar/2026:05:06:00 -0700] "GET /shop/columbae/columbidae012435741118?fileloc=//bin/instmodsh&path=//bin HTTP/2.0" 403 56935 "-" "meta-externalagent/1.1 (+https://developers.facebook.com/docs/sharing/webmasters/crawler)" 326 **0/326318**
57.141.20.29 - - [21/Mar/2026:05:06:01 -0700] "GET /shop/columbae/columbidae012435741118?fileloc=//bin/enchant-lsmod&path=//bin HTTP/2.0" 403 56935 "-" "meta-externalagent/1.1 (+https://developers.facebook.com/docs/sharing/webmasters/crawler)" 345 **0/345470**
