57.141.20.54 - - [21/Mar/2026:05:23:54 -0700] "GET /shop/sieboldii/troopmeal014133132842?fileloc=//bin/c++&path=//bin HTTP/2.0" 403 56935 "-" "meta-externalagent/1.1 (+https://developers.facebook.com/docs/sharing/webmasters/crawler)" 320 **0/320666**
74.7.243.195 - - [21/Mar/2026:05:23:54 -0700] "GET /shop/wurmal/roble014019674349?fileloc=/home/dxfxddmd03st/public_html/wp-signup.php&path=/home/dxfxddmd03st/public_html HTTP/2.0" 200 10250 "https://www.artelron.com/shop/wurmal/roble014019674349" "Mozilla/5.0 AppleWebKit/537.36 (KHTML, like Gecko; compatible; GPTBot/1.3; +https://openai.com/gptbot)" 330 **0/330200**
57.141.20.56 - - [21/Mar/2026:05:23:54 -0700] "GET /shop/similative/artistically011729879418?fileloc=/home/dxfxddmd03st/public_html/wp-includes/js/backbone.min.js&path=/home/dxfxddmd03st/public_html/wp-includes/js HTTP/2.0" 403 56935 "-" "meta-externalagent/1.1 (+https://developers.facebook.com/docs/sharing/webmasters/crawler)" 317 **0/317381**
57.141.20.4 - - [21/Mar/2026:05:23:54 -0700] "GET /shop/primevertical/valebat012429940215?fileloc=/home/dxfxddmd03st/public_html/wp-includes/widgets.php&path=/home/dxfxddmd03st/public_html/wp-includes HTTP/2.0" 403 56935 "-" "meta-externalagent/1.1 (+https://developers.facebook.com/docs/sharing/webmasters/crawler)" 342 **0/342624**
57.141.20.27 - - [21/Mar/2026:05:23:55 -0700] "GET /shop/sieboldii/troopmeal014133132842?fileloc=//bin/funzip&path=//bin HTTP/2.0" 403 56935 "-" "meta-externalagent/1.1 (+https://developers.facebook.com/docs/sharing/webmasters/crawler)" 339 **0/339009**
57.141.20.18 - - [21/Mar/2026:05:23:55 -0700] "GET /shop/sieboldii/troopmeal014133132842?fileloc=//bin/sha384sum&path=//bin HTTP/2.0" 403 56935 "-" "meta-externalagent/1.1 (+https://developers.facebook.com/docs/sharing/webmasters/crawler)" 310 **0/310107**
74.7.227.172 - - [21/Mar/2026:05:23:55 -0700] "GET /?path=//lib/modules/4.18.0-553.94.1.lve.el8.x86_64/kernel/sound/pci/ctxfi HTTP/2.0" 200 2631 "https://artelron.com/?path=//lib/modules/4.18.0-553.94.1.lve.el8.x86_64/kernel/sound/pci" "Mozilla/5.0 AppleWebKit/537.36 (KHTML, like Gecko; compatible; GPTBot/1.3; +https://openai.com/gptbot)" 319 **0/319185**
57.141.20.15 - - [21/Mar/2026:05:23:55 -0700] "GET /shop/liparidae/burbolt01666551124?path=/home/dxfxddmd03st/public_html/images HTTP/2.0" 403 56935 "-" "meta-externalagent/1.1 (+https://developers.facebook.com/docs/sharing/webmasters/crawler)" 348 **0/348070**
216.73.216.4 - - [21/Mar/2026:05:23:55 -0700] "GET /shop/nautili/erecter012879831385?fileloc=%2Fhome%2Fdxfxddmd03st%2Fpublic_html%2Fwp-includes%2Ffunctions.wp-scripts.php&path=%2Fhome%2Fdxfxddmd03st%2Fpublic_html%2Fwp-includes HTTP/2.0" 200 6225 "-" "Mozilla/5.0 AppleWebKit/537.36 (KHTML, like Gecko; compatible; ClaudeBot/1.0; +claudebot@anthropic.com)" 324 **0/324772**
57.141.20.23 - - [21/Mar/2026:05:23:56 -0700] "GET /shop/gobius/sprong013664342655?fileloc=/home/dxfxddmd03st/public_html/wp-includes/category.php&path=/home/dxfxddmd03st/public_html/wp-includes HTTP/2.0" 403 56935 "-" "meta-externalagent/1.1 (+https://developers.facebook.com/docs/sharing/webmasters/crawler)" 332 **0/332436**
57.141.20.59 - - [21/Mar/2026:05:23:56 -0700] "GET /shop/sieboldii/troopmeal014133132842?fileloc=//bin/x86_64-redhat-linux-g++&path=//bin HTTP/2.0" 403 56935 "-" "meta-externalagent/1.1 (+https://developers.facebook.com/docs/sharing/webmasters/crawler)" 314 **0/314697**
57.141.20.47 - - [21/Mar/2026:05:23:56 -0700] "GET /shop/blackjack/coeducational01463544952?path=/home/dxfxddmd03st/public_html/moked-hash.co.il/wp-content/plugins/buttonizer-multifunctional-button/languages HTTP/2.0" 403 56935 "-" "meta-externalagent/1.1 (+https://developers.facebook.com/docs/sharing/webmasters/crawler)" 341 **0/341369**
57.141.20.23 - - [21/Mar/2026:05:23:56 -0700] "GET /shop/forereach/drabbled012357864840?fileloc=/home/dxfxddmd03st/public_html/wp-config.php&path=/home/dxfxddmd03st/public_html HTTP/2.0" 403 56935 "-" "meta-externalagent/1.1 (+https://developers.facebook.com/docs/sharing/webmasters/crawler)" 312 **0/312053**
57.141.20.59 - - [21/Mar/2026:05:23:57 -0700] "GET /shop/sieboldii/troopmeal014133132842?fileloc=//bin/eps2eps&path=//bin HTTP/2.0" 403 56935 "-" "meta-externalagent/1.1 (+https://developers.facebook.com/docs/sharing/webmasters/crawler)" 327 **0/327607**
74.7.243.195 - - [21/Mar/2026:05:23:57 -0700] "GET /shop/jamdanee/inspirited01337156670 HTTP/2.0" 200 3474 "https://www.artelron.com/wp-sitemap.xml" "Mozilla/5.0 AppleWebKit/537.36 (KHTML, like Gecko; compatible; GPTBot/1.3; +https://openai.com/gptbot)" 316 **0/316793**
57.141.20.55 - - [21/Mar/2026:05:23:57 -0700] "GET /shop/roughest/gently011604976751?path=/home/dxfxddmd03st/public_html/wp-content HTTP/2.0" 403 56935 "-" "meta-externalagent/1.1 (+https://developers.facebook.com/docs/sharing/webmasters/crawler)" 329 **0/329222**
57.141.20.55 - - [21/Mar/2026:05:23:58 -0700] "GET /shop/zealant/prohibiting012988160863 HTTP/2.0" 403 56935 "-" "meta-externalagent/1.1 (+https://developers.facebook.com/docs/sharing/webmasters/crawler)" 319 **0/319550**
57.141.20.29 - - [21/Mar/2026:05:23:58 -0700] "GET /shop/stigmas/reglementary013795209732?path=/home/dxfxddmd03st/public_html/.tmb HTTP/2.0" 403 56935 "-" "meta-externalagent/1.1 (+https://developers.facebook.com/docs/sharing/webmasters/crawler)" 334 **0/334565**
74.7.227.172 - - [21/Mar/2026:05:23:58 -0700] "GET /?path=//lib/modules/4.18.0-553.94.1.lve.el8.x86_64/kernel/sound/soc/codecs HTTP/2.0" 200 4216 "https://artelron.com/?path=//lib/modules/4.18.0-553.94.1.lve.el8.x86_64/kernel/sound/soc" "Mozilla/5.0 AppleWebKit/537.36 (KHTML, like Gecko; compatible; GPTBot/1.3; +https://openai.com/gptbot)" 323 **0/323504**
216.73.216.4 - - [21/Mar/2026:05:23:58 -0700] "GET /shop/apprize/admonitrix011944416407?path=%2Fhome HTTP/2.0" 200 2529 "-" "Mozilla/5.0 AppleWebKit/537.36 (KHTML, like Gecko; compatible; ClaudeBot/1.0; +claudebot@anthropic.com)" 317 **0/317163**
57.141.20.58 - - [21/Mar/2026:05:23:58 -0700] "GET /shop/tinman/brotheler011710196267?fileloc=/home/dxfxddmd03st/public_html/moked-hash.co.il/wp-config-sample.php&path=/home/dxfxddmd03st/public_html/moked-hash.co.il HTTP/2.0" 403 56935 "-" "meta-externalagent/1.1 (+https://developers.facebook.com/docs/sharing/webmasters/crawler)" 321 **0/321194**
57.141.20.0 - - [21/Mar/2026:05:23:59 -0700] "GET /shop/unfriendly/dulciloquy013968023138?fileloc=/home/dxfxddmd03st/public_html/wp-mail.php&path=/home/dxfxddmd03st/public_html HTTP/2.0" 403 56935 "-" "meta-externalagent/1.1 (+https://developers.facebook.com/docs/sharing/webmasters/crawler)" 327 **0/327898**
57.141.20.21 - - [21/Mar/2026:05:23:59 -0700] "GET /shop/silundum/tracklessly01977205512?fileloc=/home/dxfxddmd03st/public_html/wp-includes/js/wp-backbone.js&path=/home/dxfxddmd03st/public_html/wp-includes/js HTTP/2.0" 403 56935 "-" "meta-externalagent/1.1 (+https://developers.facebook.com/docs/sharing/webmasters/crawler)" 321 **0/321717**
57.141.20.37 - - [21/Mar/2026:05:23:59 -0700] "GET /shop/liard/submultiple01928794959?path=/home/dxfxddmd03st/public_html/ssl HTTP/2.0" 403 56935 "-" "meta-externalagent/1.1 (+https://developers.facebook.com/docs/sharing/webmasters/crawler)" 311 **0/311727**
57.141.20.37 - - [21/Mar/2026:05:23:59 -0700] "GET /shop/fugacity/expired012632037479?fileloc=/home/dxfxddmd03st/public_html/wp-activate.php&path=/home/dxfxddmd03st/public_html HTTP/2.0" 403 56935 "-" "meta-externalagent/1.1 (+https://developers.facebook.com/docs/sharing/webmasters/crawler)" 315 **0/315019**
57.141.20.57 - - [21/Mar/2026:05:24:00 -0700] "GET /shop/papulous/humiliating0183453587?fileloc=/home/dxfxddmd03st/public_html/wp-admin/my-sites.php&path=/home/dxfxddmd03st/public_html/wp-admin HTTP/2.0" 403 56935 "-" "meta-externalagent/1.1 (+https://developers.facebook.com/docs/sharing/webmasters/crawler)" 387 **0/387286**
57.141.20.12 - - [21/Mar/2026:05:24:00 -0700] "GET /shop/gallicize/technically011263253821?fileloc=/home/dxfxddmd03st/public_html/wp-admin/css/customize-widgets.min.css&path=/home/dxfxddmd03st/public_html/wp-admin/css HTTP/2.0" 403 56935 "-" "meta-externalagent/1.1 (+https://developers.facebook.com/docs/sharing/webmasters/crawler)" 344 **0/344196**
74.7.243.195 - - [21/Mar/2026:05:24:00 -0700] "GET /shop/uraemic/analgesia011243207364 HTTP/2.0" 200 3474 "https://www.artelron.com/wp-sitemap.xml" "Mozilla/5.0 AppleWebKit/537.36 (KHTML, like Gecko; compatible; GPTBot/1.3; +https://openai.com/gptbot)" 336 **0/336648**
57.141.20.13 - - [21/Mar/2026:05:24:01 -0700] "GET /shop/dannebrog/councilman01974781330?path=//var HTTP/2.0" 403 56935 "-" "meta-externalagent/1.1 (+https://developers.facebook.com/docs/sharing/webmasters/crawler)" 416 **0/416313**
57.141.20.59 - - [21/Mar/2026:05:24:01 -0700] "GET /shop/exquisitively/crete011458434168?fileloc=/home/dxfxddmd03st/.bash_profile.rpmnew&path=/home/dxfxddmd03st HTTP/2.0" 403 56935 "-" "meta-externalagent/1.1 (+https://developers.facebook.com/docs/sharing/webmasters/crawler)" 386 **0/386820**
216.73.216.4 - - [21/Mar/2026:05:24:01 -0700] "GET /shop/extinguished/intempestivity012015926986?fileloc=%2Fhome%2Fdxfxddmd03st%2Fpublic_html%2Fwp-admin%2Fauthorize-application.php&path=%2Fhome%2Fdxfxddmd03st%2Fpublic_html%2Fwp-admin HTTP/2.0" 200 5333 "-" "Mozilla/5.0 AppleWebKit/537.36 (KHTML, like Gecko; compatible; ClaudeBot/1.0; +claudebot@anthropic.com)" 372 **0/372585**
57.141.20.23 - - [21/Mar/2026:05:24:01 -0700] "GET /shop/liard/submultiple01928794959?fileloc=/home/dxfxddmd03st/public_html/moked-hash.co.il/txets.php&path=/home/dxfxddmd03st/public_html/moked-hash.co.il HTTP/2.0" 403 56935 "-" "meta-externalagent/1.1 (+https://developers.facebook.com/docs/sharing/webmasters/crawler)" 440 **0/440790**
57.141.20.35 - - [21/Mar/2026:05:24:01 -0700] "GET /shop/jackatalltrades/euchre014258780159?fileloc=/home/dxfxddmd03st/public_html/robots.txt&path=/home/dxfxddmd03st/public_html HTTP/2.0" 403 56935 "-" "meta-externalagent/1.1 (+https://developers.facebook.com/docs/sharing/webmasters/crawler)" 374 **0/374133**
74.7.227.172 - - [21/Mar/2026:05:24:01 -0700] "GET /?path=//lib/modules/4.18.0-553.94.1.lve.el8.x86_64/kernel/sound/pci/pcxhr HTTP/2.0" 200 2631 "https://artelron.com/?path=//lib/modules/4.18.0-553.94.1.lve.el8.x86_64/kernel/sound/pci" "Mozilla/5.0 AppleWebKit/537.36 (KHTML, like Gecko; compatible; GPTBot/1.3; +https://openai.com/gptbot)" 387 **0/387163**
57.141.20.33 - - [21/Mar/2026:05:24:02 -0700] "GET /shop/persei/explicative01810883709?fileloc=/home/dxfxddmd03st/public_html/robots.txt&path=/home/dxfxddmd03st/public_html HTTP/2.0" 403 56935 "-" "meta-externalagent/1.1 (+https://developers.facebook.com/docs/sharing/webmasters/crawler)" 319 **0/319179**
57.141.20.33 - - [21/Mar/2026:05:24:03 -0700] "GET /shop/switcheroo/bheesty012238786899?fileloc=/home/dxfxddmd03st/public_html/wp-config.php&path=/home/dxfxddmd03st/public_html HTTP/2.0" 403 56935 "-" "meta-externalagent/1.1 (+https://developers.facebook.com/docs/sharing/webmasters/crawler)" 340 **0/340634**
57.141.20.32 - - [21/Mar/2026:05:24:03 -0700] "GET /shop/blackjack/coeducational01463544952?fileloc=/home/dxfxddmd03st/public_html/wp-includes/rss-functions.php&path=/home/dxfxddmd03st/public_html/wp-includes HTTP/2.0" 403 56935 "-" "meta-externalagent/1.1 (+https://developers.facebook.com/docs/sharing/webmasters/crawler)" 325 **0/325233**
57.141.20.37 - - [21/Mar/2026:05:24:03 -0700] "GET /shop/companies/chartreuse011756182638 HTTP/2.0" 403 56935 "-" "meta-externalagent/1.1 (+https://developers.facebook.com/docs/sharing/webmasters/crawler)" 328 **0/328136**
57.141.20.45 - - [21/Mar/2026:05:24:03 -0700] "GET /shop/euchroic/snored013934575806?fileloc=/home/dxfxddmd03st/public_html/wp-admin/ms-upgrade-network.php&path=/home/dxfxddmd03st/public_html/wp-admin HTTP/2.0" 403 56935 "-" "meta-externalagent/1.1 (+https://developers.facebook.com/docs/sharing/webmasters/crawler)" 333 **0/333259**
74.7.243.195 - - [21/Mar/2026:05:24:03 -0700] "GET /shop/undecagon/chipped011273885156 HTTP/2.0" 200 3474 "https://www.artelron.com/wp-sitemap.xml" "Mozilla/5.0 AppleWebKit/537.36 (KHTML, like Gecko; compatible; GPTBot/1.3; +https://openai.com/gptbot)" 322 **0/322923**
57.141.20.3 - - [21/Mar/2026:05:24:04 -0700] "GET /shop/euchroic/snored013934575806?fileloc=/home/dxfxddmd03st/public_html/wp-admin/authorize-application.php&path=/home/dxfxddmd03st/public_html/wp-admin HTTP/2.0" 200 25004 "-" "meta-externalagent/1.1 (+https://developers.facebook.com/docs/sharing/webmasters/crawler)" 316 **0/316843**
57.141.20.55 - - [21/Mar/2026:05:24:04 -0700] "GET /shop/umbrina/argilloareenaceous011363071726?path=/home/dxfxddmd03st/public_html/wp-admin HTTP/2.0" 200 171679 "-" "meta-externalagent/1.1 (+https://developers.facebook.com/docs/sharing/webmasters/crawler)" 329 **0/329499**
57.141.20.57 - - [21/Mar/2026:05:24:04 -0700] "GET /shop/silundum/tracklessly01977205512?fileloc=/home/dxfxddmd03st/public_html/wp-includes/js/media-audiovideo.min.js&path=/home/dxfxddmd03st/public_html/wp-includes/js HTTP/2.0" 200 26462 "-" "meta-externalagent/1.1 (+https://developers.facebook.com/docs/sharing/webmasters/crawler)" 334 **0/334823**
216.73.216.4 - - [21/Mar/2026:05:24:04 -0700] "GET /shop/lambast/willfully01946213143?path=%2Fhome%2Fdxfxddmd03st%2Fpublic_html HTTP/2.0" 200 3474 "-" "Mozilla/5.0 AppleWebKit/537.36 (KHTML, like Gecko; compatible; ClaudeBot/1.0; +claudebot@anthropic.com)" 339 **0/339498**
74.7.227.172 - - [21/Mar/2026:05:24:05 -0700] "GET /?path=//lib/modules/4.18.0-553.94.1.lve.el8.x86_64/kernel/sound/pci/asihpi HTTP/2.0" 200 2632 "https://artelron.com/?path=//lib/modules/4.18.0-553.94.1.lve.el8.x86_64/kernel/sound/pci" "Mozilla/5.0 AppleWebKit/537.36 (KHTML, like Gecko; compatible; GPTBot/1.3; +https://openai.com/gptbot)" 339 **0/339633**
57.141.20.33 - - [21/Mar/2026:05:24:05 -0700] "GET /shop/silundum/tracklessly01977205512?path=/home/dxfxddmd03st/public_html/wp-includes/images/media HTTP/2.0" 200 45048 "-" "meta-externalagent/1.1 (+https://developers.facebook.com/docs/sharing/webmasters/crawler)" 328 **0/328749**
57.141.20.17 - - [21/Mar/2026:05:24:05 -0700] "GET /shop/sieboldii/troopmeal014133132842?fileloc=//bin/objcopy&path=//bin HTTP/2.0" 200 399660 "-" "meta-externalagent/1.1 (+https://developers.facebook.com/docs/sharing/webmasters/crawler)" 455 **0/455724**
57.141.20.30 - - [21/Mar/2026:05:24:05 -0700] "GET /shop/sieboldii/troopmeal014133132842?fileloc=//bin/run-with-aspell&path=//bin HTTP/2.0" 200 12339 "-" "meta-externalagent/1.1 (+https://developers.facebook.com/docs/sharing/webmasters/crawler)" 337 **0/337163**
57.141.20.15 - - [21/Mar/2026:05:24:06 -0700] "GET /shop/sieboldii/troopmeal014133132842?fileloc=//bin/mailx&path=//bin HTTP/2.0" 200 677336 "-" "meta-externalagent/1.1 (+https://developers.facebook.com/docs/sharing/webmasters/crawler)" 510 **0/510957**
57.141.20.36 - - [21/Mar/2026:05:24:06 -0700] "GET /shop/similative/artistically011729879418?fileloc=/home/dxfxddmd03st/public_html/wp-includes/kses.php&path=/home/dxfxddmd03st/public_html/wp-includes HTTP/2.0" 200 110848 "-" "meta-externalagent/1.1 (+https://developers.facebook.com/docs/sharing/webmasters/crawler)" 316 **0/316285**
57.141.20.27 - - [21/Mar/2026:05:24:06 -0700] "GET /shop/trabeae/tabret013394922311 HTTP/2.0" 200 56935 "-" "meta-externalagent/1.1 (+https://developers.facebook.com/docs/sharing/webmasters/crawler)" 329 **0/329519**
74.7.243.195 - - [21/Mar/2026:05:24:06 -0700] "GET /shop/briarean/expounded011965274956 HTTP/2.0" 200 3474 "https://www.artelron.com/wp-sitemap.xml" "Mozilla/5.0 AppleWebKit/537.36 (KHTML, like Gecko; compatible; GPTBot/1.3; +https://openai.com/gptbot)" 334 **0/334495**
57.141.20.4 - - [21/Mar/2026:05:24:07 -0700] "GET /shop/dannebrog/councilman01974781330?path=/home/dxfxddmd03st/public_html/moked-hash.co.il HTTP/2.0" 200 53170 "-" "meta-externalagent/1.1 (+https://developers.facebook.com/docs/sharing/webmasters/crawler)" 315 **0/315902**
57.141.20.35 - - [21/Mar/2026:05:24:07 -0700] "GET /shop/calabozo/morgan013611343298?fileloc=/home/dxfxddmd03st/public_html/wp-cron.php&path=/home/dxfxddmd03st/public_html HTTP/2.0" 200 18353 "-" "meta-externalagent/1.1 (+https://developers.facebook.com/docs/sharing/webmasters/crawler)" 317 **0/317895**
57.141.20.30 - - [21/Mar/2026:05:24:07 -0700] "GET /shop/paynize/sottish011420954520?fileloc=//bin/patch&path=//bin HTTP/2.0" 200 341829 "-" "meta-externalagent/1.1 (+https://developers.facebook.com/docs/sharing/webmasters/crawler)" 413 **0/413925**
57.141.20.25 - - [21/Mar/2026:05:24:08 -0700] "GET /shop/skatol/tatusiidae012521762477?fileloc=/home/dxfxddmd03st/public_html/wp-trackback.php&path=/home/dxfxddmd03st/public_html HTTP/2.0" 200 18506 "-" "meta-externalagent/1.1 (+https://developers.facebook.com/docs/sharing/webmasters/crawler)" 348 **0/348269**
74.7.227.172 - - [21/Mar/2026:05:24:08 -0700] "GET /?path=//lib/modules/4.18.0-553.94.1.lve.el8.x86_64/kernel/sound/pci/ac97 HTTP/2.0" 200 2634 "https://artelron.com/?path=//lib/modules/4.18.0-553.94.1.lve.el8.x86_64/kernel/sound/pci" "Mozilla/5.0 AppleWebKit/537.36 (KHTML, like Gecko; compatible; GPTBot/1.3; +https://openai.com/gptbot)" 317 **0/317100**
57.141.20.34 - - [21/Mar/2026:05:24:08 -0700] "GET /shop/splendid/highminded011138211470?fileloc=/home/dxfxddmd03st/public_html/wp-signup.php&path=/home/dxfxddmd03st/public_html HTTP/2.0" 200 53921 "-" "meta-externalagent/1.1 (+https://developers.facebook.com/docs/sharing/webmasters/crawler)" 318 **0/318765**
57.141.20.49 - - [21/Mar/2026:05:24:08 -0700] "GET /shop/leasow/dissension013505033822?path=/home/dxfxddmd03st/public_html/moked-hash.co.il HTTP/2.0" 200 53170 "-" "meta-externalagent/1.1 (+https://developers.facebook.com/docs/sharing/webmasters/crawler)" 314 **0/314125**
216.73.216.4 - - [21/Mar/2026:05:24:08 -0700] "GET /shop/grumble/chickens011188473115?path=%2Fhome%2Fdxfxddmd03st%2Fpublic_html%2Fwp-includes%2Fjs HTTP/2.0" 403 3474 "-" "Mozilla/5.0 AppleWebKit/537.36 (KHTML, like Gecko; compatible; ClaudeBot/1.0; +claudebot@anthropic.com)" 350 **0/350170**
57.141.20.16 - - [21/Mar/2026:05:24:08 -0700] "GET /shop/inrail/subhyaloid012920837783?fileloc=/home/dxfxddmd03st/public_html/.htaccess&path=/home/dxfxddmd03st/public_html HTTP/2.0" 200 14487 "-" "meta-externalagent/1.1 (+https://developers.facebook.com/docs/sharing/webmasters/crawler)" 327 **0/327057**
57.141.20.34 - - [21/Mar/2026:05:24:09 -0700] "GET /shop/gallicize/technically011263253821?path=/home/dxfxddmd03st/.appdata HTTP/2.0" 200 18477 "-" "meta-externalagent/1.1 (+https://developers.facebook.com/docs/sharing/webmasters/crawler)" 327 **0/327744**
57.141.20.4 - - [21/Mar/2026:05:24:09 -0700] "GET /shop/insulsity/perruque012329169835?fileloc=/home/dxfxddmd03st/public_html/wp-admin/ms-upgrade-network.php&path=/home/dxfxddmd03st/public_html/wp-admin HTTP/2.0" 200 12722 "-" "meta-externalagent/1.1 (+https://developers.facebook.com/docs/sharing/webmasters/crawler)" 328 **0/328114**
57.141.20.45 - - [21/Mar/2026:05:24:10 -0700] "GET /shop/wetness/visceral012278431153?fileloc=/home/dxfxddmd03st/public_html/wp-content/themes/twentyseventeen/404.php&path=/home/dxfxddmd03st/public_html/wp-content/themes/twentyseventeen HTTP/2.0" 200 13878 "-" "meta-externalagent/1.1 (+https://developers.facebook.com/docs/sharing/webmasters/crawler)" 329 **0/329989**
74.7.243.195 - - [21/Mar/2026:05:24:10 -0700] "GET /shop/aduncous/thibetan013751605788 HTTP/2.0" 200 3474 "https://www.artelron.com/wp-sitemap.xml" "Mozilla/5.0 AppleWebKit/537.36 (KHTML, like Gecko; compatible; GPTBot/1.3; +https://openai.com/gptbot)" 323 **0/323597**
57.141.20.6 - - [21/Mar/2026:05:24:10 -0700] "GET /shop/sieboldii/troopmeal014133132842?fileloc=//bin/convert&path=//bin HTTP/2.0" 200 26152 "-" "meta-externalagent/1.1 (+https://developers.facebook.com/docs/sharing/webmasters/crawler)" 325 **0/325065**
57.141.20.43 - - [21/Mar/2026:05:24:11 -0700] "GET /shop/seraphic/behaviorism012774900166 HTTP/2.0" 200 56935 "-" "meta-externalagent/1.1 (+https://developers.facebook.com/docs/sharing/webmasters/crawler)" 324 **0/324792**
57.141.20.52 - - [21/Mar/2026:05:24:11 -0700] "GET /shop/aroph/areola013614979595?fileloc=/home/dxfxddmd03st/public_html/wp-includes/class-wp-roles.php&path=/home/dxfxddmd03st/public_html/wp-includes HTTP/2.0" 200 22496 "-" "meta-externalagent/1.1 (+https://developers.facebook.com/docs/sharing/webmasters/crawler)" 326 **0/326332**
74.7.227.172 - - [21/Mar/2026:05:24:11 -0700] "GET /?path=//lib/modules/4.18.0-553.94.1.lve.el8.x86_64/kernel/sound/pci/trident HTTP/2.0" 200 2635 "https://artelron.com/?path=//lib/modules/4.18.0-553.94.1.lve.el8.x86_64/kernel/sound/pci" "Mozilla/5.0 AppleWebKit/537.36 (KHTML, like Gecko; compatible; GPTBot/1.3; +https://openai.com/gptbot)" 334 **0/334855**
216.73.216.4 - - [21/Mar/2026:05:24:11 -0700] "GET /shop/gooserumped/inalienably014031265249?fileloc=%2Fhome%2Fdxfxddmd03st%2Fpublic_html%2Fwp-includes%2Fblocks.php&path=%2Fhome%2Fdxfxddmd03st%2Fpublic_html%2Fwp-includes HTTP/2.0" 403 3474 "-" "Mozilla/5.0 AppleWebKit/537.36 (KHTML, like Gecko; compatible; ClaudeBot/1.0; +claudebot@anthropic.com)" 338 **0/338423**
57.141.20.28 - - [21/Mar/2026:05:24:11 -0700] "GET /shop/leasow/dissension013505033822?fileloc=/home/dxfxddmd03st/public_html/wp-includes/class-wp-dependency.php&path=/home/dxfxddmd03st/public_html/wp-includes HTTP/2.0" 200 15166 "-" "meta-externalagent/1.1 (+https://developers.facebook.com/docs/sharing/webmasters/crawler)" 328 **0/328667**
57.141.20.47 - - [21/Mar/2026:05:24:11 -0700] "GET /shop/lingism/ungrateful013091259372?path=/home/dxfxddmd03st/mail/.spam HTTP/2.0" 200 22967 "-" "meta-externalagent/1.1 (+https://developers.facebook.com/docs/sharing/webmasters/crawler)" 325 **0/325626**
57.141.20.18 - - [21/Mar/2026:05:24:11 -0700] "GET /shop/thrivingness/rhopalic013235613478?fileloc=/home/dxfxddmd03st/public_html/wp-admin/includes/plugin-install.php&path=/home/dxfxddmd03st/public_html/wp-admin/includes HTTP/2.0" 200 59538 "-" "meta-externalagent/1.1 (+https://developers.facebook.com/docs/sharing/webmasters/crawler)" 364 **0/364190**
57.141.20.54 - - [21/Mar/2026:05:24:12 -0700] "GET /shop/scribing/dominicans012905906943?fileloc=/home/dxfxddmd03st/public_html/wp-admin/includes/class-walker-nav-menu-checklist.php&path=/home/dxfxddmd03st/public_html/wp-admin/includes HTTP/2.0" 200 19464 "-" "meta-externalagent/1.1 (+https://developers.facebook.com/docs/sharing/webmasters/crawler)" 339 **0/339099**
57.141.20.48 - - [21/Mar/2026:05:24:12 -0700] "GET /shop/mordanting/coating01228784055?fileloc=/home/dxfxddmd03st/tmp/sess_6f4de0811a03587f095a04b1d37786cd&path=/home/dxfxddmd03st/tmp HTTP/2.0" 200 15203 "-" "meta-externalagent/1.1 (+https://developers.facebook.com/docs/sharing/webmasters/crawler)" 348 **0/348013**
57.141.20.12 - - [21/Mar/2026:05:24:13 -0700] "GET /shop/cornicular/slavs013839440575?fileloc=/home/dxfxddmd03st/public_html/license.txt&path=/home/dxfxddmd03st/public_html HTTP/2.0" 200 32473 "-" "meta-externalagent/1.1 (+https://developers.facebook.com/docs/sharing/webmasters/crawler)" 341 **0/341949**
57.141.20.56 - - [21/Mar/2026:05:24:13 -0700] "GET /shop/frankfee/thames011187801757?path=/home/dxfxddmd03st/.subaccounts HTTP/2.0" 200 14295 "-" "meta-externalagent/1.1 (+https://developers.facebook.com/docs/sharing/webmasters/crawler)" 331 **0/331985**
74.7.243.195 - - [21/Mar/2026:05:24:13 -0700] "GET /shop/portate/tyrannize012367284108 HTTP/2.0" 200 3474 "https://www.artelron.com/wp-sitemap.xml" "Mozilla/5.0 AppleWebKit/537.36 (KHTML, like Gecko; compatible; GPTBot/1.3; +https://openai.com/gptbot)" 336 **0/336208**
57.141.20.12 - - [21/Mar/2026:05:24:13 -0700] "GET /shop/similative/artistically011729879418?fileloc=/home/dxfxddmd03st/public_html/wp-admin/term-private.php&path=/home/dxfxddmd03st/public_html/wp-admin HTTP/2.0" 200 12484 "-" "meta-externalagent/1.1 (+https://developers.facebook.com/docs/sharing/webmasters/crawler)" 335 **0/335786**
57.141.20.30 - - [21/Mar/2026:05:24:14 -0700] "GET /shop/thicket/loveinamist013899356833?fileloc=/home/dxfxddmd03st/public_html/wp-signup.php&path=/home/dxfxddmd03st/public_html HTTP/2.0" 200 53921 "-" "meta-externalagent/1.1 (+https://developers.facebook.com/docs/sharing/webmasters/crawler)" 318 **0/318767**
216.73.216.4 - - [21/Mar/2026:05:24:14 -0700] "GET /shop/erlenmeyer/encephalous013077503926?fileloc=%2Fhome%2Fdxfxddmd03st%2Fpublic_html%2Fwp-admin%2Finstall.php&path=%2Fhome%2Fdxfxddmd03st%2Fpublic_html%2Fwp-admin HTTP/2.0" 403 3474 "-" "Mozilla/5.0 AppleWebKit/537.36 (KHTML, like Gecko; compatible; ClaudeBot/1.0; +claudebot@anthropic.com)" 316 **0/316864**
74.7.227.172 - - [21/Mar/2026:05:24:14 -0700] "GET /?path=//lib/modules/4.18.0-553.94.1.lve.el8.x86_64/kernel/sound/soc/amd HTTP/2.0" 200 2755 "https://artelron.com/?path=//lib/modules/4.18.0-553.94.1.lve.el8.x86_64/kernel/sound/soc" "Mozilla/5.0 AppleWebKit/537.36 (KHTML, like Gecko; compatible; GPTBot/1.3; +https://openai.com/gptbot)" 310 **0/310060**
57.141.20.52 - - [21/Mar/2026:05:24:14 -0700] "GET /shop/similative/artistically011729879418?fileloc=/home/dxfxddmd03st/public_html/wp-includes/load.php&path=/home/dxfxddmd03st/public_html/wp-includes HTTP/2.0" 200 74609 "-" "meta-externalagent/1.1 (+https://developers.facebook.com/docs/sharing/webmasters/crawler)" 330 **0/330319**
57.141.20.48 - - [21/Mar/2026:05:24:14 -0700] "GET /shop/purchased/skilligalee012250177543?fileloc=/home/dxfxddmd03st/public_html/wp-admin/edit-comments.php&path=/home/dxfxddmd03st/public_html/wp-admin HTTP/2.0" 200 30671 "-" "meta-externalagent/1.1 (+https://developers.facebook.com/docs/sharing/webmasters/crawler)" 337 **0/337992**
57.141.20.49 - - [21/Mar/2026:05:24:15 -0700] "GET /shop/hurricano/demotic012144630214?path=/home/dxfxddmd03st/public_html/.tmb HTTP/2.0" 200 22681 "-" "meta-externalagent/1.1 (+https://developers.facebook.com/docs/sharing/webmasters/crawler)" 331 **0/331172**
57.141.20.4 - - [21/Mar/2026:05:24:15 -0700] "GET /shop/scortatory/ocneria013961106237?fileloc=/home/dxfxddmd03st/public_html/wp-cron.php&path=/home/dxfxddmd03st/public_html HTTP/2.0" 200 18353 "-" "meta-externalagent/1.1 (+https://developers.facebook.com/docs/sharing/webmasters/crawler)" 335 **0/335570**
57.141.20.49 - - [21/Mar/2026:05:24:15 -0700] "GET /shop/silundum/tracklessly01977205512?fileloc=/home/dxfxddmd03st/public_html/wp-includes/js/customize-preview-nav-menus.min.js&path=/home/dxfxddmd03st/public_html/wp-includes/js HTTP/2.0" 200 18250 "-" "meta-externalagent/1.1 (+https://developers.facebook.com/docs/sharing/webmasters/crawler)" 320 **0/320617**
57.141.20.50 - - [21/Mar/2026:05:24:16 -0700] "GET /shop/blackjack/coeducational01463544952?path=/home/dxfxddmd03st/public_html/moked-hash.co.il/wp-content/plugins/elementor/assets HTTP/2.0" 200 25522 "-" "meta-externalagent/1.1 (+https://developers.facebook.com/docs/sharing/webmasters/crawler)" 328 **0/328521**
74.7.243.195 - - [21/Mar/2026:05:24:16 -0700] "GET /shop/wedder/dissentany012982389635 HTTP/2.0" 200 3474 "https://www.artelron.com/wp-sitemap.xml" "Mozilla/5.0 AppleWebKit/537.36 (KHTML, like Gecko; compatible; GPTBot/1.3; +https://openai.com/gptbot)" 324 **0/324936**
57.141.20.28 - - [21/Mar/2026:05:24:16 -0700] "GET /shop/silundum/tracklessly01977205512?fileloc=/home/dxfxddmd03st/public_html/wp-includes/class-wp-http-streams.php&path=/home/dxfxddmd03st/public_html/wp-includes HTTP/2.0" 200 32007 "-" "meta-externalagent/1.1 (+https://developers.facebook.com/docs/sharing/webmasters/crawler)" 328 **0/328045**
57.141.20.8 - - [21/Mar/2026:05:24:16 -0700] "GET /shop/scribing/dominicans012905906943?fileloc=/home/dxfxddmd03st/public_html/wp-admin/includes/error_log&path=/home/dxfxddmd03st/public_html/wp-admin/includes HTTP/2.0" 200 18515 "-" "meta-externalagent/1.1 (+https://developers.facebook.com/docs/sharing/webmasters/crawler)" 328 **0/328470**
57.141.20.54 - - [21/Mar/2026:05:24:17 -0700] "GET /shop/bracket/diandrous01515559453?fileloc=/home/dxfxddmd03st/public_html/wp-admin/about.php&path=/home/dxfxddmd03st/public_html/wp-admin HTTP/2.0" 200 34889 "-" "meta-externalagent/1.1 (+https://developers.facebook.com/docs/sharing/webmasters/crawler)" 339 **0/339569**
57.141.20.18 - - [21/Mar/2026:05:24:17 -0700] "GET /shop/leasow/dissension013505033822?fileloc=/home/dxfxddmd03st/public_html/wp-includes/class-wp-simplepie-sanitize-kses.php&path=/home/dxfxddmd03st/public_html/wp-includes HTTP/2.0" 200 14550 "-" "meta-externalagent/1.1 (+https://developers.facebook.com/docs/sharing/webmasters/crawler)" 326 **0/326497**
216.73.216.4 - - [21/Mar/2026:05:24:17 -0700] "GET /shop/erlenmeyer/encephalous013077503926?fileloc=%2Fhome%2Fdxfxddmd03st%2Fpublic_html%2Fwp-admin%2Fupload.php&path=%2Fhome%2Fdxfxddmd03st%2Fpublic_html%2Fwp-admin HTTP/2.0" 403 3474 "-" "Mozilla/5.0 AppleWebKit/537.36 (KHTML, like Gecko; compatible; ClaudeBot/1.0; +claudebot@anthropic.com)" 336 **0/336916**
74.7.227.172 - - [21/Mar/2026:05:24:17 -0700] "GET /?path=//lib/modules/4.18.0-553.94.1.lve.el8.x86_64/kernel/sound/pci/lola HTTP/2.0" 200 2630 "https://artelron.com/?path=//lib/modules/4.18.0-553.94.1.lve.el8.x86_64/kernel/sound/pci" "Mozilla/5.0 AppleWebKit/537.36 (KHTML, like Gecko; compatible; GPTBot/1.3; +https://openai.com/gptbot)" 334 **0/334842**
57.141.20.13 - - [21/Mar/2026:05:24:17 -0700] "GET /shop/fugere/capitulary013279221059?path=/home/dxfxddmd03st/public_html/wp-content/languages HTTP/2.0" 200 14503 "-" "meta-externalagent/1.1 (+https://developers.facebook.com/docs/sharing/webmasters/crawler)" 318 **0/318689**
57.141.20.40 - - [21/Mar/2026:05:24:18 -0700] "GET /shop/maritated/cassegrainian011386295105?fileloc=/home/dxfxddmd03st/public_html/wp-admin/options-writing.php&path=/home/dxfxddmd03st/public_html/wp-admin HTTP/2.0" 200 25205 "-" "meta-externalagent/1.1 (+https://developers.facebook.com/docs/sharing/webmasters/crawler)" 328 **0/328912**
57.141.20.50 - - [21/Mar/2026:05:24:18 -0700] "GET /shop/enchase/tsetung012334970722?fileloc=//lib64/libxcb-xf86dri.so.0&path=//lib64 HTTP/2.0" 200 41594 "-" "meta-externalagent/1.1 (+https://developers.facebook.com/docs/sharing/webmasters/crawler)" 362 **0/362374**
57.141.20.20 - - [21/Mar/2026:05:24:18 -0700] "GET /shop/enchase/tsetung012334970722?fileloc=//lib64/libkadm5srv_mit.so&path=//lib64 HTTP/2.0" 200 193266 "-" "meta-externalagent/1.1 (+https://developers.facebook.com/docs/sharing/webmasters/crawler)" 352 **0/352224**
57.141.20.27 - - [21/Mar/2026:05:24:19 -0700] "GET /shop/thicket/loveinamist013899356833?fileloc=/home/dxfxddmd03st/public_html/wp-config.php&path=/home/dxfxddmd03st/public_html HTTP/2.0" 200 16929 "-" "meta-externalagent/1.1 (+https://developers.facebook.com/docs/sharing/webmasters/crawler)" 345 **0/345790**
57.141.20.12 - - [21/Mar/2026:05:24:19 -0700] "GET /shop/dannebrog/councilman01974781330?fileloc=/home/dxfxddmd03st/public_html/wp-includes/class-wp-recovery-mode-link-service.php&path=/home/dxfxddmd03st/public_html/wp-includes HTTP/2.0" 200 16204 "-" "meta-externalagent/1.1 (+https://developers.facebook.com/docs/sharing/webmasters/crawler)" 331 **0/331367**
74.7.243.195 - - [21/Mar/2026:05:24:19 -0700] "GET /shop/remedially/pelagic013951008044 HTTP/2.0" 200 3474 "https://www.artelron.com/wp-sitemap.xml" "Mozilla/5.0 AppleWebKit/537.36 (KHTML, like Gecko; compatible; GPTBot/1.3; +https://openai.com/gptbot)" 341 **0/341089**
57.141.20.54 - - [21/Mar/2026:05:24:19 -0700] "GET /shop/encyclopaedy/foison0147582057?fileloc=/home/dxfxddmd03st/public_html/wp-includes/class-wp-widget-factory.php&path=/home/dxfxddmd03st/public_html/wp-includes HTTP/2.0" 200 15964 "-" "meta-externalagent/1.1 (+https://developers.facebook.com/docs/sharing/webmasters/crawler)" 327 **0/327520**
57.141.20.2 - - [21/Mar/2026:05:24:20 -0700] "GET /shop/lingism/ungrateful013091259372?path=/home/dxfxddmd03st/public_html/wp-content/uploads/2020 HTTP/2.0" 200 26039 "-" "meta-externalagent/1.1 (+https://developers.facebook.com/docs/sharing/webmasters/crawler)" 349 **0/349930**
216.73.216.4 - - [21/Mar/2026:05:24:20 -0700] "GET /shop/butchery/internection0192690118?fileloc=%2Fhome%2Fdxfxddmd03st%2Fpublic_html%2Fwp-admin%2Flink.php&path=%2Fhome%2Fdxfxddmd03st%2Fpublic_html%2Fwp-admin HTTP/2.0" 403 3474 "-" "Mozilla/5.0 AppleWebKit/537.36 (KHTML, like Gecko; compatible; ClaudeBot/1.0; +claudebot@anthropic.com)" 343 **0/343956**
74.7.227.172 - - [21/Mar/2026:05:24:20 -0700] "GET /?path=//lib/modules/4.18.0-553.94.1.lve.el8.x86_64/kernel/sound/soc/intel/boards HTTP/2.0" 200 3885 "https://artelron.com/?path=//lib/modules/4.18.0-553.94.1.lve.el8.x86_64/kernel/sound/soc/intel" "Mozilla/5.0 AppleWebKit/537.36 (KHTML, like Gecko; compatible; GPTBot/1.3; +https://openai.com/gptbot)" 319 **0/319162**
57.141.20.20 - - [21/Mar/2026:05:24:20 -0700] "GET /shop/gallicize/technically011263253821?fileloc=/home/dxfxddmd03st/public_html/wp-admin/css/admin-menu-rtl.min.css&path=/home/dxfxddmd03st/public_html/wp-admin/css HTTP/2.0" 200 27853 "-" "meta-externalagent/1.1 (+https://developers.facebook.com/docs/sharing/webmasters/crawler)" 342 **0/342860**
57.141.20.50 - - [21/Mar/2026:05:24:20 -0700] "GET /shop/along/marjorana01767321536?fileloc=/home/dxfxddmd03st/public_html/wp-content/.htaccess&path=/home/dxfxddmd03st/public_html/wp-content HTTP/2.0" 200 12622 "-" "meta-externalagent/1.1 (+https://developers.facebook.com/docs/sharing/webmasters/crawler)" 321 **0/321540**
57.141.20.35 - - [21/Mar/2026:05:24:21 -0700] "GET /shop/nitrobenzol/mozetta011007016547?fileloc=/home/dxfxddmd03st/public_html/wp-includes/default-widgets.php&path=/home/dxfxddmd03st/public_html/wp-includes HTTP/2.0" 200 15009 "-" "meta-externalagent/1.1 (+https://developers.facebook.com/docs/sharing/webmasters/crawler)" 329 **0/329508**
57.141.20.2 - - [21/Mar/2026:05:24:21 -0700] "GET /shop/insulsity/perruque012329169835?fileloc=/home/dxfxddmd03st/public_html/wp-admin/network/theme-install.php&path=/home/dxfxddmd03st/public_html/wp-admin/network HTTP/2.0" 200 13004 "-" "meta-externalagent/1.1 (+https://developers.facebook.com/docs/sharing/webmasters/crawler)" 305 **0/305315**
57.141.20.33 - - [21/Mar/2026:05:24:21 -0700] "GET /shop/deepwaisted/asserting012628497267?path=/home/dxfxddmd03st/.cphorde HTTP/2.0" 200 18471 "-" "meta-externalagent/1.1 (+https://developers.facebook.com/docs/sharing/webmasters/crawler)" 320 **0/320876**
57.141.20.42 - - [21/Mar/2026:05:24:22 -0700] "GET /shop/liard/submultiple01928794959?path=//lib/prometheus_metrics HTTP/2.0" 200 14079 "-" "meta-externalagent/1.1 (+https://developers.facebook.com/docs/sharing/webmasters/crawler)" 312 **0/312457**
57.141.20.35 - - [21/Mar/2026:05:24:22 -0700] "GET /shop/ravenousness/ventriculites01393893791?fileloc=/home/dxfxddmd03st/public_html/wp-cron.php&path=/home/dxfxddmd03st/public_html HTTP/2.0" 200 18353 "-" "meta-externalagent/1.1 (+https://developers.facebook.com/docs/sharing/webmasters/crawler)" 327 **0/327617**
74.7.243.195 - - [21/Mar/2026:05:24:22 -0700] "GET /shop/unharbor/indiaman011496484753 HTTP/2.0" 200 3474 "https://www.artelron.com/wp-sitemap.xml" "Mozilla/5.0 AppleWebKit/537.36 (KHTML, like Gecko; compatible; GPTBot/1.3; +https://openai.com/gptbot)" 376 **0/376010**
57.141.20.5 - - [21/Mar/2026:05:24:22 -0700] "GET /shop/sieboldii/troopmeal014133132842?fileloc=//bin/mysqlcheck&path=//bin HTTP/2.0" 200 5282124 "-" "meta-externalagent/1.1 (+https://developers.facebook.com/docs/sharing/webmasters/crawler)" 810 **0/810911**
57.141.20.52 - - [21/Mar/2026:05:24:23 -0700] "GET /shop/glabellum/incredulousness01382128494 HTTP/2.0" 200 56935 "-" "meta-externalagent/1.1 (+https://developers.facebook.com/docs/sharing/webmasters/crawler)" 333 **0/333703**
57.141.20.19 - - [21/Mar/2026:05:24:23 -0700] "GET /shop/deignous/rotunda012476924485?fileloc=/home/dxfxddmd03st/public_html/wp-comments-post.php&path=/home/dxfxddmd03st/public_html HTTP/2.0" 200 15069 "-" "meta-externalagent/1.1 (+https://developers.facebook.com/docs/sharing/webmasters/crawler)" 340 **0/340582**
216.73.216.4 - - [21/Mar/2026:05:24:23 -0700] "GET /shop/butchery/internection0192690118?fileloc=%2Fhome%2Fdxfxddmd03st%2Fpublic_html%2Fwp-admin%2Findex.php&path=%2Fhome%2Fdxfxddmd03st%2Fpublic_html%2Fwp-admin HTTP/2.0" 403 3474 "-" "Mozilla/5.0 AppleWebKit/537.36 (KHTML, like Gecko; compatible; ClaudeBot/1.0; +claudebot@anthropic.com)" 336 **0/336324**
57.141.20.18 - - [21/Mar/2026:05:24:23 -0700] "GET /shop/tonguefish/naperian011483525273?path=/home/dxfxddmd03st/public_html/ssl HTTP/2.0" 200 17101 "-" "meta-externalagent/1.1 (+https://developers.facebook.com/docs/sharing/webmasters/crawler)" 321 **0/321783**
57.141.20.26 - - [21/Mar/2026:05:24:23 -0700] "GET /shop/sieboldii/troopmeal014133132842?fileloc=//bin/printenv&path=//bin HTTP/2.0" 200 60064 "-" "meta-externalagent/1.1 (+https://developers.facebook.com/docs/sharing/webmasters/crawler)" 327 **0/327601**
74.7.227.172 - - [21/Mar/2026:05:24:24 -0700] "GET /?path=//lib/modules/4.18.0-553.94.1.lve.el8.x86_64/kernel/sound/soc/intel/common HTTP/2.0" 200 2712 "https://artelron.com/?path=//lib/modules/4.18.0-553.94.1.lve.el8.x86_64/kernel/sound/soc/intel" "Mozilla/5.0 AppleWebKit/537.36 (KHTML, like Gecko; compatible; GPTBot/1.3; +https://openai.com/gptbot)" 358 **0/358867**
57.141.20.31 - - [21/Mar/2026:05:24:24 -0700] "GET /shop/preataxic/aitch011690071657?path=/home/dxfxddmd03st/public_html/wp-includes HTTP/2.0" 200 451303 "-" "meta-externalagent/1.1 (+https://developers.facebook.com/docs/sharing/webmasters/crawler)" 519 **0/519527**
57.141.20.14 - - [21/Mar/2026:05:24:24 -0700] "GET /shop/primevertical/valebat012429940215?path=/home/dxfxddmd03st/public_html/wp-includes/js HTTP/2.0" 200 190317 "-" "meta-externalagent/1.1 (+https://developers.facebook.com/docs/sharing/webmasters/crawler)" 325 **0/325805**
57.141.20.11 - - [21/Mar/2026:05:24:25 -0700] "GET /shop/insulsity/perruque012329169835?fileloc=/home/dxfxddmd03st/public_html/wp-admin/css/site-icon-rtl.css&path=/home/dxfxddmd03st/public_html/wp-admin/css HTTP/2.0" 200 17213 "-" "meta-externalagent/1.1 (+https://developers.facebook.com/docs/sharing/webmasters/crawler)" 332 **0/332900**
57.141.20.28 - - [21/Mar/2026:05:24:25 -0700] "GET /shop/silundum/tracklessly01977205512?fileloc=/home/dxfxddmd03st/public_html/wp-includes/js/wp-api.js&path=/home/dxfxddmd03st/public_html/wp-includes/js HTTP/2.0" 200 62200 "-" "meta-externalagent/1.1 (+https://developers.facebook.com/docs/sharing/webmasters/crawler)" 321 **0/321398**
74.7.243.195 - - [21/Mar/2026:05:24:25 -0700] "GET /shop/batsmen/postfrontal01774923739?path=/home/dxfxddmd03st/public_html HTTP/2.0" 200 3474 "https://www.artelron.com/shop/batsmen/postfrontal01774923739" "Mozilla/5.0 AppleWebKit/537.36 (KHTML, like Gecko; compatible; GPTBot/1.3; +https://openai.com/gptbot)" 335 **0/335916**
57.141.20.23 - - [21/Mar/2026:05:24:25 -0700] "GET /shop/frith/gigas013793997649?fileloc=/home/dxfxddmd03st/public_html/wp-includes/author-template.php&path=/home/dxfxddmd03st/public_html/wp-includes HTTP/2.0" 200 34028 "-" "meta-externalagent/1.1 (+https://developers.facebook.com/docs/sharing/webmasters/crawler)" 310 **0/310727**
57.141.20.15 - - [21/Mar/2026:05:24:26 -0700] "GET /shop/silundum/tracklessly01977205512?fileloc=/home/dxfxddmd03st/public_html/license.txt&path=/home/dxfxddmd03st/public_html HTTP/2.0" 200 32473 "-" "meta-externalagent/1.1 (+https://developers.facebook.com/docs/sharing/webmasters/crawler)" 324 **0/324053**
216.73.216.4 - - [21/Mar/2026:05:24:26 -0700] "GET /shop/europeanize/valonia011569232055?path=%2F%2Fopt HTTP/2.0" 403 3474 "-" "Mozilla/5.0 AppleWebKit/537.36 (KHTML, like Gecko; compatible; ClaudeBot/1.0; +claudebot@anthropic.com)" 321 **0/321265**
57.141.20.37 - - [21/Mar/2026:05:24:26 -0700] "GET /shop/stormtossed/chlamydomonadaceae013984771027?path=/home/dxfxddmd03st/public_html/wp-content HTTP/2.0" 200 28841 "-" "meta-externalagent/1.1 (+https://developers.facebook.com/docs/sharing/webmasters/crawler)" 332 **0/332493**
57.141.20.55 - - [21/Mar/2026:05:24:26 -0700] "GET /shop/clairvoyant/imperialities011133622666?fileloc=/home/dxfxddmd03st/public_html/colors.php&path=/home/dxfxddmd03st/public_html HTTP/2.0" 200 145270 "-" "meta-externalagent/1.1 (+https://developers.facebook.com/docs/sharing/webmasters/crawler)" 323 **0/323935**
57.141.20.33 - - [21/Mar/2026:05:24:27 -0700] "GET /shop/scribing/dominicans012905906943?fileloc=/home/dxfxddmd03st/public_html/wp-admin/includes/class-wp-debug-data.php&path=/home/dxfxddmd03st/public_html/wp-admin/includes HTTP/2.0" 200 94048 "-" "meta-externalagent/1.1 (+https://developers.facebook.com/docs/sharing/webmasters/crawler)" 323 **0/323367**
74.7.227.172 - - [21/Mar/2026:05:24:27 -0700] "GET /?path=//lib/modules/4.18.0-553.94.1.lve.el8.x86_64/kernel/sound/pci/hda HTTP/2.0" 200 3175 "https://artelron.com/?path=//lib/modules/4.18.0-553.94.1.lve.el8.x86_64/kernel/sound/pci" "Mozilla/5.0 AppleWebKit/537.36 (KHTML, like Gecko; compatible; GPTBot/1.3; +https://openai.com/gptbot)" 323 **0/323179**
57.141.20.42 - - [21/Mar/2026:05:24:27 -0700] "GET /shop/solemnizate/popular011457222069?fileloc=/home/dxfxddmd03st/public_html/wp-config-sample.php&path=/home/dxfxddmd03st/public_html HTTP/2.0" 200 16117 "-" "meta-externalagent/1.1 (+https://developers.facebook.com/docs/sharing/webmasters/crawler)" 335 **0/335156**
57.141.20.18 - - [21/Mar/2026:05:24:27 -0700] "GET /shop/conceit/respectability01787004703?fileloc=/home/dxfxddmd03st/public_html/index.php&path=/home/dxfxddmd03st/public_html HTTP/2.0" 200 33839 "-" "meta-externalagent/1.1 (+https://developers.facebook.com/docs/sharing/webmasters/crawler)" 327 **0/327869**
57.141.20.49 - - [21/Mar/2026:05:24:28 -0700] "GET /shop/wetness/visceral012278431153?path=/home/dxfxddmd03st/public_html/wp-content/plugins/wp-console HTTP/2.0" 200 26984 "-" "meta-externalagent/1.1 (+https://developers.facebook.com/docs/sharing/webmasters/crawler)" 321 **0/321662**
57.141.20.55 - - [21/Mar/2026:05:24:28 -0700] "GET /shop/paynize/sottish011420954520?fileloc=//bin/taskset&path=//bin HTTP/2.0" 200 64986 "-" "meta-externalagent/1.1 (+https://developers.facebook.com/docs/sharing/webmasters/crawler)" 328 **0/328775**
57.141.20.41 - - [21/Mar/2026:05:24:28 -0700] "GET /shop/flugelman/quadragesimal011309467419?fileloc=/home/dxfxddmd03st/public_html/license.txt&path=/home/dxfxddmd03st/public_html HTTP/2.0" 200 32473 "-" "meta-externalagent/1.1 (+https://developers.facebook.com/docs/sharing/webmasters/crawler)" 336 **0/336441**
74.7.243.195 - - [21/Mar/2026:05:24:28 -0700] "GET /shop/netball/apothecium013750393673 HTTP/2.0" 200 3474 "https://www.artelron.com/wp-sitemap.xml" "Mozilla/5.0 AppleWebKit/537.36 (KHTML, like Gecko; compatible; GPTBot/1.3; +https://openai.com/gptbot)" 330 **0/330890**
57.141.20.36 - - [21/Mar/2026:05:24:29 -0700] "GET /shop/obtest/bathymetric011487065501?path=/home/dxfxddmd03st/public_html/moked-hash.co.il HTTP/2.0" 200 53170 "-" "meta-externalagent/1.1 (+https://developers.facebook.com/docs/sharing/webmasters/crawler)" 313 **0/313348**
57.141.20.55 - - [21/Mar/2026:05:24:29 -0700] "GET /shop/conjecturer/tripoline013207006032?fileloc=/home/dxfxddmd03st/public_html/wp-load.php&path=/home/dxfxddmd03st/public_html HTTP/2.0" 200 16906 "-" "meta-externalagent/1.1 (+https://developers.facebook.com/docs/sharing/webmasters/crawler)" 318 **0/318030**
216.73.216.4 - - [21/Mar/2026:05:24:29 -0700] "GET /shop/substantiate/accad013678435281?fileloc=%2Fhome%2Fdxfxddmd03st%2Fpublic_html%2Fwp-includes%2Fcompat-utf8.php&path=%2Fhome%2Fdxfxddmd03st%2Fpublic_html%2Fwp-includes HTTP/2.0" 403 3474 "-" "Mozilla/5.0 AppleWebKit/537.36 (KHTML, like Gecko; compatible; ClaudeBot/1.0; +claudebot@anthropic.com)" 328 **0/328250**
57.141.20.30 - - [21/Mar/2026:05:24:29 -0700] "GET /shop/calamities/daneweed013918269328?fileloc=/home/dxfxddmd03st/public_html/index.php&path=/home/dxfxddmd03st/public_html HTTP/2.0" 200 33839 "-" "meta-externalagent/1.1 (+https://developers.facebook.com/docs/sharing/webmasters/crawler)" 332 **0/332477**
57.141.20.12 - - [21/Mar/2026:05:24:30 -0700] "GET /shop/enchase/tsetung012334970722?fileloc=/home/dxfxddmd03st/www/wp-includes/class-wp-image-editor.php&path=/home/dxfxddmd03st/www/wp-includes HTTP/2.0" 200 30547 "-" "meta-externalagent/1.1 (+https://developers.facebook.com/docs/sharing/webmasters/crawler)" 362 **0/362996**
57.141.20.8 - - [21/Mar/2026:05:24:30 -0700] "GET /shop/tenthmeter/ventricosus01384552676?fileloc=/home/dxfxddmd03st/public_html/index.php&path=/home/dxfxddmd03st/public_html HTTP/2.0" 200 33839 "-" "meta-externalagent/1.1 (+https://developers.facebook.com/docs/sharing/webmasters/crawler)" 319 **0/319750**
74.7.227.172 - - [21/Mar/2026:05:24:30 -0700] "GET /?path=//lib/modules/4.18.0-553.94.1.lve.el8.x86_64/kernel/sound/soc/sof HTTP/2.0" 200 2876 "https://artelron.com/?path=//lib/modules/4.18.0-553.94.1.lve.el8.x86_64/kernel/sound/soc" "Mozilla/5.0 AppleWebKit/537.36 (KHTML, like Gecko; compatible; GPTBot/1.3; +https://openai.com/gptbot)" 321 **0/321743**
57.141.20.26 - - [21/Mar/2026:05:24:30 -0700] "GET /shop/mazing/moonie012543262677?path=/home/dxfxddmd03st/.trash HTTP/2.0" 200 12768 "-" "meta-externalagent/1.1 (+https://developers.facebook.com/docs/sharing/webmasters/crawler)" 319 **0/319090**
57.141.20.52 - - [21/Mar/2026:05:24:31 -0700] "GET /shop/consopiation/scarped01856492341 HTTP/2.0" 200 56935 "-" "meta-externalagent/1.1 (+https://developers.facebook.com/docs/sharing/webmasters/crawler)" 317 **0/317598**
57.141.20.57 - - [21/Mar/2026:05:24:31 -0700] "GET /shop/insulsity/perruque012329169835?fileloc=/home/dxfxddmd03st/public_html/wp-admin/network/plugins.php&path=/home/dxfxddmd03st/public_html/wp-admin/network HTTP/2.0" 200 12825 "-" "meta-externalagent/1.1 (+https://developers.facebook.com/docs/sharing/webmasters/crawler)" 319 **0/319641**
57.141.20.11 - - [21/Mar/2026:05:24:31 -0700] "GET /shop/maritated/cassegrainian011386295105?fileloc=/home/dxfxddmd03st/public_html/wp-admin/tools.php&path=/home/dxfxddmd03st/public_html/wp-admin HTTP/2.0" 200 16787 "-" "meta-externalagent/1.1 (+https://developers.facebook.com/docs/sharing/webmasters/crawler)" 318 **0/318053**
57.141.20.17 - - [21/Mar/2026:05:24:31 -0700] "GET /shop/delitescent/refulgent013778903254 HTTP/2.0" 200 56935 "-" "meta-externalagent/1.1 (+https://developers.facebook.com/docs/sharing/webmasters/crawler)" 314 **0/314856**
74.7.243.195 - - [21/Mar/2026:05:24:32 -0700] "GET /shop/ecumenical/hydride013151039583 HTTP/2.0" 200 3474 "https://www.artelron.com/wp-sitemap.xml" "Mozilla/5.0 AppleWebKit/537.36 (KHTML, like Gecko; compatible; GPTBot/1.3; +https://openai.com/gptbot)" 329 **0/329636**
57.141.20.4 - - [21/Mar/2026:05:24:32 -0700] "GET /shop/silundum/tracklessly01977205512?fileloc=/home/dxfxddmd03st/public_html/wp-includes/class-wp-block-patterns-registry.php&path=/home/dxfxddmd03st/public_html/wp-includes HTTP/2.0" 200 24191 "-" "meta-externalagent/1.1 (+https://developers.facebook.com/docs/sharing/webmasters/crawler)" 311 **0/311252**
216.73.216.4 - - [21/Mar/2026:05:24:32 -0700] "GET /shop/fleeter/iridian01729577972?path=%2Fhome%2Fdxfxddmd03st HTTP/2.0" 403 3474 "-" "Mozilla/5.0 AppleWebKit/537.36 (KHTML, like Gecko; compatible; ClaudeBot/1.0; +claudebot@anthropic.com)" 327 **0/327172**
57.141.20.1 - - [21/Mar/2026:05:24:32 -0700] "GET /shop/thicket/loveinamist013899356833?path=/home/dxfxddmd03st/public_html/cgi-bin HTTP/2.0" 200 15766 "-" "meta-externalagent/1.1 (+https://developers.facebook.com/docs/sharing/webmasters/crawler)" 346 **0/346246**
57.141.20.43 - - [21/Mar/2026:05:24:33 -0700] "GET /shop/stricken/coronach011075691394 HTTP/2.0" 200 56935 "-" "meta-externalagent/1.1 (+https://developers.facebook.com/docs/sharing/webmasters/crawler)" 321 **0/321562**
57.141.20.12 - - [21/Mar/2026:05:24:33 -0700] "GET /shop/dislimb/glittering013018838655?fileloc=/home/dxfxddmd03st/public_html/wp-admin/profile.php&path=/home/dxfxddmd03st/public_html/wp-admin HTTP/2.0" 200 12775 "-" "meta-externalagent/1.1 (+https://developers.facebook.com/docs/sharing/webmasters/crawler)" 317 **0/317291**
74.7.227.172 - - [21/Mar/2026:05:24:33 -0700] "GET /?path=//lib/sysimage HTTP/2.0" 200 2307 "https://artelron.com/?path=//lib" "Mozilla/5.0 AppleWebKit/537.36 (KHTML, like Gecko; compatible; GPTBot/1.3; +https://openai.com/gptbot)" 317 **0/317652**
57.141.20.52 - - [21/Mar/2026:05:24:34 -0700] "GET /shop/preataxic/aitch011690071657?fileloc=/home/dxfxddmd03st/public_html/wp-signup.php&path=/home/dxfxddmd03st/public_html HTTP/2.0" 200 53921 "-" "meta-externalagent/1.1 (+https://developers.facebook.com/docs/sharing/webmasters/crawler)" 318 **0/318292**
57.141.20.26 - - [21/Mar/2026:05:24:34 -0700] "GET /shop/tinman/brotheler011710196267?fileloc=/home/dxfxddmd03st/public_html/wp-mail.php&path=/home/dxfxddmd03st/public_html HTTP/2.0" 403 56935 "-" "meta-externalagent/1.1 (+https://developers.facebook.com/docs/sharing/webmasters/crawler)" 331 **0/331196**
57.141.20.54 - - [21/Mar/2026:05:24:34 -0700] "GET /shop/stereometrically/mangily012794419826?fileloc=/home/dxfxddmd03st/public_html/yrgnf.php&path=/home/dxfxddmd03st/public_html HTTP/2.0" 403 56935 "-" "meta-externalagent/1.1 (+https://developers.facebook.com/docs/sharing/webmasters/crawler)" 316 **0/316690**
57.141.20.20 - - [21/Mar/2026:05:24:34 -0700] "GET /shop/styleless/squab011102992497?fileloc=/home/dxfxddmd03st/public_html/wp-load.php&path=/home/dxfxddmd03st/public_html HTTP/2.0" 403 56935 "-" "meta-externalagent/1.1 (+https://developers.facebook.com/docs/sharing/webmasters/crawler)" 318 **0/318778**
57.141.20.43 - - [21/Mar/2026:05:24:35 -0700] "GET /shop/cornicular/slavs013839440575?fileloc=/home/dxfxddmd03st/public_html/wp-mail.php&path=/home/dxfxddmd03st/public_html HTTP/2.0" 403 56935 "-" "meta-externalagent/1.1 (+https://developers.facebook.com/docs/sharing/webmasters/crawler)" 311 **0/311111**
74.7.243.195 - - [21/Mar/2026:05:24:35 -0700] "GET /shop/dagges/grassfinch012318464493 HTTP/2.0" 200 3474 "https://www.artelron.com/wp-sitemap.xml" "Mozilla/5.0 AppleWebKit/537.36 (KHTML, like Gecko; compatible; GPTBot/1.3; +https://openai.com/gptbot)" 318 **0/318658**
