57.141.20.55 - - [21/Mar/2026:05:06:46 -0700] "GET /shop/windrowing/discalceate012750793949?fileloc=/home/dxfxddmd03st/public_html/wp-includes/js/json2.min.js&path=/home/dxfxddmd03st/public_html/wp-includes/js HTTP/2.0" 403 56935 "-" "meta-externalagent/1.1 (+https://developers.facebook.com/docs/sharing/webmasters/crawler)" 317 **0/317983**
57.141.20.34 - - [21/Mar/2026:05:06:46 -0700] "GET /shop/liard/submultiple01928794959?path=//lib/.build-id/a0 HTTP/2.0" 403 56935 "-" "meta-externalagent/1.1 (+https://developers.facebook.com/docs/sharing/webmasters/crawler)" 322 **0/322306**
74.7.227.172 - - [21/Mar/2026:05:06:46 -0700] "GET /?path=//lib/modules/4.18.0-553.104.1.lve.el8.x86_64/kernel HTTP/2.0" 200 2848 "https://artelron.com/?path=//lib/modules/4.18.0-553.104.1.lve.el8.x86_64" "Mozilla/5.0 AppleWebKit/537.36 (KHTML, like Gecko; compatible; GPTBot/1.3; +https://openai.com/gptbot)" 324 **0/324331**
57.141.20.23 - - [21/Mar/2026:05:06:47 -0700] "GET /shop/liard/submultiple01928794959?path=//lib/.build-id/00 HTTP/2.0" 403 56935 "-" "meta-externalagent/1.1 (+https://developers.facebook.com/docs/sharing/webmasters/crawler)" 312 **0/312273**
74.7.243.195 - - [21/Mar/2026:05:06:47 -0700] "GET /shop/griff/kinetogenesis01379388613?path=/home/dxfxddmd03st/public_html/moked-hash.co.il HTTP/2.0" 200 3373 "https://www.artelron.com/shop/griff/kinetogenesis01379388613" "Mozilla/5.0 AppleWebKit/537.36 (KHTML, like Gecko; compatible; GPTBot/1.3; +https://openai.com/gptbot)" 332 **0/332703**
216.73.216.4 - - [21/Mar/2026:05:06:47 -0700] "GET /shop/kobalt/streamlet011377667701?path=%2Fhome HTTP/2.0" 200 2529 "-" "Mozilla/5.0 AppleWebKit/537.36 (KHTML, like Gecko; compatible; ClaudeBot/1.0; +claudebot@anthropic.com)" 333 **0/333057**
57.141.20.31 - - [21/Mar/2026:05:06:47 -0700] "GET /shop/cleping/pagan011525920755 HTTP/2.0" 403 56935 "-" "meta-externalagent/1.1 (+https://developers.facebook.com/docs/sharing/webmasters/crawler)" 332 **0/332722**
57.141.20.36 - - [21/Mar/2026:05:06:48 -0700] "GET /shop/intuitive/buntings013769562171 HTTP/2.0" 403 56935 "-" "meta-externalagent/1.1 (+https://developers.facebook.com/docs/sharing/webmasters/crawler)" 327 **0/327756**
57.141.20.6 - - [21/Mar/2026:05:06:48 -0700] "GET /shop/euchroic/snored013934575806?fileloc=/home/dxfxddmd03st/public_html/wp-admin/term-private.php&path=/home/dxfxddmd03st/public_html/wp-admin HTTP/2.0" 403 56935 "-" "meta-externalagent/1.1 (+https://developers.facebook.com/docs/sharing/webmasters/crawler)" 322 **0/322280**
57.141.20.32 - - [21/Mar/2026:05:06:48 -0700] "GET /shop/tanker/eddies012550393794?fileloc=//sbin/cracklib-packer&path=//sbin HTTP/2.0" 403 56935 "-" "meta-externalagent/1.1 (+https://developers.facebook.com/docs/sharing/webmasters/crawler)" 316 **0/316188**
57.141.20.8 - - [21/Mar/2026:05:06:48 -0700] "GET /shop/deltafication/sinensis011261089231?fileloc=//etc/lftp.conf&path=//etc HTTP/2.0" 403 56935 "-" "meta-externalagent/1.1 (+https://developers.facebook.com/docs/sharing/webmasters/crawler)" 322 **0/322677**
57.141.20.36 - - [21/Mar/2026:05:06:49 -0700] "GET /shop/experientialist/turkish01588284128?fileloc=/home/dxfxddmd03st/public_html/colors.php&path=/home/dxfxddmd03st/public_html HTTP/2.0" 200 145270 "-" "meta-externalagent/1.1 (+https://developers.facebook.com/docs/sharing/webmasters/crawler)" 324 **0/324226**
74.7.227.172 - - [21/Mar/2026:05:06:50 -0700] "GET /?fileloc=//usr/include/gdfontmb.h&path=//usr/include HTTP/2.0" 200 2587 "https://artelron.com/?path=//usr/include" "Mozilla/5.0 AppleWebKit/537.36 (KHTML, like Gecko; compatible; GPTBot/1.3; +https://openai.com/gptbot)" 318 **0/318792**
57.141.20.49 - - [21/Mar/2026:05:06:50 -0700] "GET /shop/embolus/explorable01473327478?fileloc=/home/dxfxddmd03st/public_html/yrgnf.php&path=/home/dxfxddmd03st/public_html HTTP/2.0" 200 44871 "-" "meta-externalagent/1.1 (+https://developers.facebook.com/docs/sharing/webmasters/crawler)" 317 **0/317085**
57.141.20.41 - - [21/Mar/2026:05:06:50 -0700] "GET /shop/silundum/tracklessly01977205512?fileloc=/home/dxfxddmd03st/public_html/wp-includes/images/uploader-icons.png&path=/home/dxfxddmd03st/public_html/wp-includes/images HTTP/2.0" 200 15421 "-" "meta-externalagent/1.1 (+https://developers.facebook.com/docs/sharing/webmasters/crawler)" 314 **0/314125**
57.141.20.2 - - [21/Mar/2026:05:06:50 -0700] "GET /shop/classicize/moate013445117564 HTTP/2.0" 200 56935 "-" "meta-externalagent/1.1 (+https://developers.facebook.com/docs/sharing/webmasters/crawler)" 340 **0/340054**
216.73.216.4 - - [21/Mar/2026:05:06:50 -0700] "GET /shop/canstick/fuscescens012265378484?path=%2Fhome%2Fdxfxddmd03st%2Fpublic_html%2Fwp-includes%2Fphp-compat HTTP/2.0" 200 2637 "-" "Mozilla/5.0 AppleWebKit/537.36 (KHTML, like Gecko; compatible; ClaudeBot/1.0; +claudebot@anthropic.com)" 322 **0/322061**
74.7.243.195 - - [21/Mar/2026:05:06:50 -0700] "GET /shop/sforzando/dementate01648669273 HTTP/2.0" 200 3474 "https://www.artelron.com/wp-sitemap.xml" "Mozilla/5.0 AppleWebKit/537.36 (KHTML, like Gecko; compatible; GPTBot/1.3; +https://openai.com/gptbot)" 352 **0/352470**
57.141.20.47 - - [21/Mar/2026:05:06:50 -0700] "GET /shop/columbae/columbidae012435741118?fileloc=//bin/c++&path=//bin HTTP/2.0" 200 12242 "-" "meta-externalagent/1.1 (+https://developers.facebook.com/docs/sharing/webmasters/crawler)" 321 **0/321269**
57.141.20.36 - - [21/Mar/2026:05:06:51 -0700] "GET /shop/burning/manurial01154316879?fileloc=/home/dxfxddmd03st/public_html/index.php&path=/home/dxfxddmd03st/public_html HTTP/2.0" 200 33839 "-" "meta-externalagent/1.1 (+https://developers.facebook.com/docs/sharing/webmasters/crawler)" 314 **0/314040**
57.141.20.58 - - [21/Mar/2026:05:06:51 -0700] "GET /shop/columbae/columbidae012435741118?fileloc=//bin/mysqlimport&path=//bin HTTP/2.0" 200 5274766 "-" "meta-externalagent/1.1 (+https://developers.facebook.com/docs/sharing/webmasters/crawler)" 818 **0/818358**
57.141.20.34 - - [21/Mar/2026:05:06:52 -0700] "GET /shop/hindi/lepidote012475548879?fileloc=/home/dxfxddmd03st/public_html/wp-admin/my-sites.php&path=/home/dxfxddmd03st/public_html/wp-admin HTTP/2.0" 200 18717 "-" "meta-externalagent/1.1 (+https://developers.facebook.com/docs/sharing/webmasters/crawler)" 315 **0/315304**
57.141.20.22 - - [21/Mar/2026:05:06:52 -0700] "GET /shop/deltafication/sinensis011261089231?path=//etc/fonts HTTP/2.0" 200 15424 "-" "meta-externalagent/1.1 (+https://developers.facebook.com/docs/sharing/webmasters/crawler)" 318 **0/318214**
57.141.20.29 - - [21/Mar/2026:05:06:53 -0700] "GET /shop/causerie/remiges013592267280?path=/home/dxfxddmd03st/public_html/cgi-bin HTTP/2.0" 200 15766 "-" "meta-externalagent/1.1 (+https://developers.facebook.com/docs/sharing/webmasters/crawler)" 322 **0/322886**
74.7.227.172 - - [21/Mar/2026:05:06:53 -0700] "GET /?path=//usr/lib64/python3.6/http HTTP/2.0" 200 2780 "https://artelron.com/?path=//usr/lib64/python3.6" "Mozilla/5.0 AppleWebKit/537.36 (KHTML, like Gecko; compatible; GPTBot/1.3; +https://openai.com/gptbot)" 315 **0/315868**
57.141.20.32 - - [21/Mar/2026:05:06:53 -0700] "GET /shop/burning/manurial01154316879?path=/home HTTP/2.0" 200 13987 "-" "meta-externalagent/1.1 (+https://developers.facebook.com/docs/sharing/webmasters/crawler)" 334 **0/334319**
57.141.20.46 - - [21/Mar/2026:05:06:53 -0700] "GET /shop/opobalsamum/centifidous014237443450?path=//run HTTP/2.0" 200 25684 "-" "meta-externalagent/1.1 (+https://developers.facebook.com/docs/sharing/webmasters/crawler)" 311 **0/311305**
57.141.20.41 - - [21/Mar/2026:05:06:53 -0700] "GET /shop/embolus/explorable01473327478?fileloc=/home/dxfxddmd03st/public_html/wp-login.php&path=/home/dxfxddmd03st/public_html HTTP/2.0" 200 74946 "-" "meta-externalagent/1.1 (+https://developers.facebook.com/docs/sharing/webmasters/crawler)" 314 **0/314822**
216.73.216.4 - - [21/Mar/2026:05:06:53 -0700] "GET /shop/cavesson/reversibly011773806073?path=%2Fhome%2Fdxfxddmd03st%2Fpublic_html%2Fwp-includes%2Fblock-patterns HTTP/2.0" 200 2856 "-" "Mozilla/5.0 AppleWebKit/537.36 (KHTML, like Gecko; compatible; ClaudeBot/1.0; +claudebot@anthropic.com)" 313 **0/313086**
74.7.243.195 - - [21/Mar/2026:05:06:53 -0700] "GET /shop/faquir/barruly013034404120 HTTP/2.0" 200 3474 "https://www.artelron.com/wp-sitemap.xml" "Mozilla/5.0 AppleWebKit/537.36 (KHTML, like Gecko; compatible; GPTBot/1.3; +https://openai.com/gptbot)" 316 **0/316854**
57.141.20.25 - - [21/Mar/2026:05:06:54 -0700] "GET /shop/columbae/columbidae012435741118?fileloc=//bin/arch&path=//bin HTTP/2.0" 200 64779 "-" "meta-externalagent/1.1 (+https://developers.facebook.com/docs/sharing/webmasters/crawler)" 318 **0/318488**
57.141.20.55 - - [21/Mar/2026:05:06:54 -0700] "GET /shop/deltafication/sinensis011261089231?fileloc=//etc/mime.types&path=//etc HTTP/2.0" 200 72607 "-" "meta-externalagent/1.1 (+https://developers.facebook.com/docs/sharing/webmasters/crawler)" 318 **0/318018**
57.141.20.5 - - [21/Mar/2026:05:06:55 -0700] "GET /shop/extremum/crimsonfronted0129111005?path=//opt HTTP/2.0" 200 25674 "-" "meta-externalagent/1.1 (+https://developers.facebook.com/docs/sharing/webmasters/crawler)" 308 **0/308416**
57.141.20.55 - - [21/Mar/2026:05:06:55 -0700] "GET /shop/deltafication/sinensis011261089231?fileloc=//etc/mailcap&path=//etc HTTP/2.0" 200 12518 "-" "meta-externalagent/1.1 (+https://developers.facebook.com/docs/sharing/webmasters/crawler)" 318 **0/318341**
57.141.20.22 - - [21/Mar/2026:05:06:55 -0700] "GET /shop/atresia/predicrotic012171073101?fileloc=/home/dxfxddmd03st/public_html/ssl/.htaccess&path=/home/dxfxddmd03st/public_html/ssl HTTP/2.0" 200 12601 "-" "meta-externalagent/1.1 (+https://developers.facebook.com/docs/sharing/webmasters/crawler)" 316 **0/316401**
57.141.20.37 - - [21/Mar/2026:05:06:55 -0700] "GET /shop/parabolic/aspire014112237576?fileloc=//etc/security/namespace.conf&path=//etc/security HTTP/2.0" 200 13751 "-" "meta-externalagent/1.1 (+https://developers.facebook.com/docs/sharing/webmasters/crawler)" 319 **0/319793**
74.7.227.172 - - [21/Mar/2026:05:06:56 -0700] "GET /?path=//usr/lib64/python3.6/test HTTP/2.0" 200 2689 "https://artelron.com/?path=//usr/lib64/python3.6" "Mozilla/5.0 AppleWebKit/537.36 (KHTML, like Gecko; compatible; GPTBot/1.3; +https://openai.com/gptbot)" 336 **0/336684**
57.141.20.22 - - [21/Mar/2026:05:06:56 -0700] "GET /shop/burning/manurial01154316879?path=/home/dxfxddmd03st/public_html/wp-content HTTP/2.0" 200 28841 "-" "meta-externalagent/1.1 (+https://developers.facebook.com/docs/sharing/webmasters/crawler)" 326 **0/326464**
57.141.20.49 - - [21/Mar/2026:05:06:56 -0700] "GET /shop/hyaline/oxysulphide011335556407?path=/home/dxfxddmd03st/public_html/wp-admin HTTP/2.0" 200 171679 "-" "meta-externalagent/1.1 (+https://developers.facebook.com/docs/sharing/webmasters/crawler)" 329 **0/329849**
74.7.243.195 - - [21/Mar/2026:05:06:56 -0700] "GET /shop/lactage/amused012770948202 HTTP/2.0" 200 3474 "https://www.artelron.com/wp-sitemap.xml" "Mozilla/5.0 AppleWebKit/537.36 (KHTML, like Gecko; compatible; GPTBot/1.3; +https://openai.com/gptbot)" 316 **0/316581**
57.141.20.24 - - [21/Mar/2026:05:06:57 -0700] "GET /shop/deltafication/sinensis011261089231?fileloc=//etc/relayhosts&path=//etc HTTP/2.0" 200 12793 "-" "meta-externalagent/1.1 (+https://developers.facebook.com/docs/sharing/webmasters/crawler)" 318 **0/318287**
57.141.20.56 - - [21/Mar/2026:05:06:57 -0700] "GET /shop/deltafication/sinensis011261089231?path=//etc/cl.nodejs HTTP/2.0" 200 15551 "-" "meta-externalagent/1.1 (+https://developers.facebook.com/docs/sharing/webmasters/crawler)" 309 **0/309503**
57.141.20.5 - - [21/Mar/2026:05:06:57 -0700] "GET /shop/persei/explicative01810883709?path=/home/dxfxddmd03st/public_html/wp-admin HTTP/2.0" 200 171679 "-" "meta-externalagent/1.1 (+https://developers.facebook.com/docs/sharing/webmasters/crawler)" 332 **0/332608**
57.141.20.55 - - [21/Mar/2026:05:06:58 -0700] "GET /shop/overstock/vileyns013940376677?fileloc=/home/dxfxddmd03st/public_html/.htaccess&path=/home/dxfxddmd03st/public_html HTTP/2.0" 200 14487 "-" "meta-externalagent/1.1 (+https://developers.facebook.com/docs/sharing/webmasters/crawler)" 336 **0/336408**
57.141.20.48 - - [21/Mar/2026:05:06:58 -0700] "GET /shop/deltafication/sinensis011261089231?path=//etc/sasl2 HTTP/2.0" 200 12700 "-" "meta-externalagent/1.1 (+https://developers.facebook.com/docs/sharing/webmasters/crawler)" 319 **0/319373**
57.141.20.48 - - [21/Mar/2026:05:06:58 -0700] "GET /shop/hyaline/oxysulphide011335556407?fileloc=/home/dxfxddmd03st/public_html/colors.php&path=/home/dxfxddmd03st/public_html HTTP/2.0" 200 145270 "-" "meta-externalagent/1.1 (+https://developers.facebook.com/docs/sharing/webmasters/crawler)" 331 **0/331565**
57.141.20.51 - - [21/Mar/2026:05:06:59 -0700] "GET /shop/columbae/columbidae012435741118?fileloc=//bin/mcookie&path=//bin HTTP/2.0" 200 60514 "-" "meta-externalagent/1.1 (+https://developers.facebook.com/docs/sharing/webmasters/crawler)" 335 **0/335316**
216.73.216.4 - - [21/Mar/2026:05:06:59 -0700] "GET /shop/limestone/phoca01241016073?path=%2Fhome%2Fdxfxddmd03st%2Fpublic_html%2Fwp-admin HTTP/2.0" 200 5335 "-" "Mozilla/5.0 AppleWebKit/537.36 (KHTML, like Gecko; compatible; ClaudeBot/1.0; +claudebot@anthropic.com)" 311 **0/311966**
74.7.227.172 - - [21/Mar/2026:05:06:59 -0700] "GET /?fileloc=//usr/lib/dracut/dracut-initramfs-restore&path=//usr/lib/dracut HTTP/2.0" 200 2995 "https://artelron.com/?path=//usr/lib/dracut" "Mozilla/5.0 AppleWebKit/537.36 (KHTML, like Gecko; compatible; GPTBot/1.3; +https://openai.com/gptbot)" 319 **0/319475**
57.141.20.46 - - [21/Mar/2026:05:06:59 -0700] "GET /shop/columbae/columbidae012435741118?fileloc=//bin/Mail&path=//bin HTTP/2.0" 200 677335 "-" "meta-externalagent/1.1 (+https://developers.facebook.com/docs/sharing/webmasters/crawler)" 496 **0/496788**
57.141.20.32 - - [21/Mar/2026:05:06:59 -0700] "GET /shop/columbae/columbidae012435741118?fileloc=//bin/strings&path=//bin HTTP/2.0" 200 65230 "-" "meta-externalagent/1.1 (+https://developers.facebook.com/docs/sharing/webmasters/crawler)" 327 **0/327945**
57.141.20.59 - - [21/Mar/2026:05:06:59 -0700] "GET /shop/burning/manurial01154316879?fileloc=/home/dxfxddmd03st/public_html/wp-comments-post.php&path=/home/dxfxddmd03st/public_html HTTP/2.0" 200 15069 "-" "meta-externalagent/1.1 (+https://developers.facebook.com/docs/sharing/webmasters/crawler)" 318 **0/318352**
74.7.243.195 - - [21/Mar/2026:05:07:00 -0700] "GET /shop/uratic/irideus011770094593 HTTP/2.0" 200 3474 "https://www.artelron.com/wp-sitemap.xml" "Mozilla/5.0 AppleWebKit/537.36 (KHTML, like Gecko; compatible; GPTBot/1.3; +https://openai.com/gptbot)" 329 **0/329196**
57.141.20.5 - - [21/Mar/2026:05:07:00 -0700] "GET /shop/envious/disgracer013119772574?fileloc=/home/dxfxddmd03st/public_html/wp-includes/class-wp-block-templates-registry.php&path=/home/dxfxddmd03st/public_html/wp-includes HTTP/2.0" 200 20242 "-" "meta-externalagent/1.1 (+https://developers.facebook.com/docs/sharing/webmasters/crawler)" 320 **0/320035**
57.141.20.30 - - [21/Mar/2026:05:07:00 -0700] "GET /shop/lingism/ungrateful013091259372?fileloc=//proc/irq/62/affinity_hint&path=//proc/irq/62 HTTP/2.0" 200 12338 "-" "meta-externalagent/1.1 (+https://developers.facebook.com/docs/sharing/webmasters/crawler)" 320 **0/320624**
57.141.20.34 - - [21/Mar/2026:05:07:01 -0700] "GET /shop/deltafication/sinensis011261089231?fileloc=//etc/at.deny&path=//etc HTTP/2.0" 200 12247 "-" "meta-externalagent/1.1 (+https://developers.facebook.com/docs/sharing/webmasters/crawler)" 347 **0/347649**
57.141.20.9 - - [21/Mar/2026:05:07:01 -0700] "GET /shop/hyaline/oxysulphide011335556407?fileloc=/home/dxfxddmd03st/public_html/wp-settings.php&path=/home/dxfxddmd03st/public_html HTTP/2.0" 200 46994 "-" "meta-externalagent/1.1 (+https://developers.facebook.com/docs/sharing/webmasters/crawler)" 353 **0/353451**
57.141.20.55 - - [21/Mar/2026:05:07:01 -0700] "GET /shop/deltafication/sinensis011261089231?fileloc=//etc/backupmxhosts&path=//etc HTTP/2.0" 200 12252 "-" "meta-externalagent/1.1 (+https://developers.facebook.com/docs/sharing/webmasters/crawler)" 352 **0/352713**
216.73.216.4 - - [21/Mar/2026:05:07:01 -0700] "GET /shop/purity/myelon01389812822?path=%2F%2Fproc%2Fnet HTTP/2.0" 200 3684 "-" "Mozilla/5.0 AppleWebKit/537.36 (KHTML, like Gecko; compatible; ClaudeBot/1.0; +claudebot@anthropic.com)" 356 **0/356418**
57.141.20.28 - - [21/Mar/2026:05:07:02 -0700] "GET /shop/similative/artistically011729879418?path=/home/dxfxddmd03st/public_html/wp-includes/pomo HTTP/2.0" 200 23894 "-" "meta-externalagent/1.1 (+https://developers.facebook.com/docs/sharing/webmasters/crawler)" 343 **0/343700**
57.141.20.9 - - [21/Mar/2026:05:07:02 -0700] "GET /shop/columbae/columbidae012435741118?fileloc=//bin/hostid&path=//bin HTTP/2.0" 200 59557 "-" "meta-externalagent/1.1 (+https://developers.facebook.com/docs/sharing/webmasters/crawler)" 333 **0/333959**
74.7.227.172 - - [21/Mar/2026:05:07:02 -0700] "GET /?path=//usr/lib64/apr-util-1 HTTP/2.0" 200 2656 "https://artelron.com/?path=//usr/lib64" "Mozilla/5.0 AppleWebKit/537.36 (KHTML, like Gecko; compatible; GPTBot/1.3; +https://openai.com/gptbot)" 329 **0/329618**
74.7.243.195 - - [21/Mar/2026:05:07:03 -0700] "GET /shop/prompter/urith011247959691 HTTP/2.0" 200 3474 "https://www.artelron.com/wp-sitemap.xml" "Mozilla/5.0 AppleWebKit/537.36 (KHTML, like Gecko; compatible; GPTBot/1.3; +https://openai.com/gptbot)" 339 **0/339988**
57.141.20.54 - - [21/Mar/2026:05:07:03 -0700] "GET /shop/papulous/humiliating0183453587?fileloc=/home/dxfxddmd03st/public_html/wp-admin/upgrade.php&path=/home/dxfxddmd03st/public_html/wp-admin HTTP/2.0" 200 20194 "-" "meta-externalagent/1.1 (+https://developers.facebook.com/docs/sharing/webmasters/crawler)" 329 **0/329005**
57.141.20.55 - - [21/Mar/2026:05:07:03 -0700] "GET /shop/columbae/columbidae012435741118?fileloc=//bin/git-upload-archive&path=//bin HTTP/2.0" 200 5949746 "-" "meta-externalagent/1.1 (+https://developers.facebook.com/docs/sharing/webmasters/crawler)" 866 **0/866791**
57.141.20.48 - - [21/Mar/2026:05:07:03 -0700] "GET /shop/habeas/leaky014259992258?fileloc=/home/dxfxddmd03st/public_html/wp-config.php&path=/home/dxfxddmd03st/public_html HTTP/2.0" 200 16929 "-" "meta-externalagent/1.1 (+https://developers.facebook.com/docs/sharing/webmasters/crawler)" 331 **0/331301**
57.141.20.44 - - [21/Mar/2026:05:07:04 -0700] "GET /shop/scortatory/ocneria013961106237?fileloc=/home/dxfxddmd03st/public_html/wp-login.php&path=/home/dxfxddmd03st/public_html HTTP/2.0" 200 74946 "-" "meta-externalagent/1.1 (+https://developers.facebook.com/docs/sharing/webmasters/crawler)" 321 **0/321892**
57.141.20.21 - - [21/Mar/2026:05:07:04 -0700] "GET /shop/distemperment/affluentness01535684047?path=/home/dxfxddmd03st/public_html/artelron.com HTTP/2.0" 200 17369 "-" "meta-externalagent/1.1 (+https://developers.facebook.com/docs/sharing/webmasters/crawler)" 325 **0/325555**
57.141.20.49 - - [21/Mar/2026:05:07:04 -0700] "GET /shop/blamefully/riparious011636681566?fileloc=/home/dxfxddmd03st/public_html/colors.php&path=/home/dxfxddmd03st/public_html HTTP/2.0" 200 145270 "-" "meta-externalagent/1.1 (+https://developers.facebook.com/docs/sharing/webmasters/crawler)" 321 **0/321670**
216.73.216.4 - - [21/Mar/2026:05:07:04 -0700] "GET /shop/kittening/plowboy012394220671?path=%2Fhome%2Fdxfxddmd03st%2Fpublic_html%2Fwp-includes HTTP/2.0" 200 9998 "-" "Mozilla/5.0 AppleWebKit/537.36 (KHTML, like Gecko; compatible; ClaudeBot/1.0; +claudebot@anthropic.com)" 348 **0/348446**
57.141.20.25 - - [21/Mar/2026:05:07:04 -0700] "GET /shop/columbae/columbidae012435741118?fileloc=//bin/mysqlaccess&path=//bin HTTP/2.0" 200 138721 "-" "meta-externalagent/1.1 (+https://developers.facebook.com/docs/sharing/webmasters/crawler)" 334 **0/334742**
57.141.20.45 - - [21/Mar/2026:05:07:05 -0700] "GET /shop/gormandism/woolliness012098858059?path=/home/dxfxddmd03st/public_html/ssl HTTP/2.0" 200 17101 "-" "meta-externalagent/1.1 (+https://developers.facebook.com/docs/sharing/webmasters/crawler)" 324 **0/324928**
57.141.20.29 - - [21/Mar/2026:05:07:05 -0700] "GET /shop/hyaline/oxysulphide011335556407?path=/home HTTP/2.0" 200 13987 "-" "meta-externalagent/1.1 (+https://developers.facebook.com/docs/sharing/webmasters/crawler)" 323 **0/323647**
74.7.227.172 - - [21/Mar/2026:05:07:05 -0700] "GET /?fileloc=//usr/lib64/libfftw3.so.3&path=//usr/lib64 HTTP/2.0" 200 670634 "https://artelron.com/?path=//usr/lib64" "Mozilla/5.0 AppleWebKit/537.36 (KHTML, like Gecko; compatible; GPTBot/1.3; +https://openai.com/gptbot)" 651 **0/651138**
57.141.20.54 - - [21/Mar/2026:05:07:06 -0700] "GET /shop/glamor/pratinocola013499232919?fileloc=/home/dxfxddmd03st/public_html/xmlrpc.php&path=/home/dxfxddmd03st/public_html HTTP/2.0" 200 16263 "-" "meta-externalagent/1.1 (+https://developers.facebook.com/docs/sharing/webmasters/crawler)" 337 **0/337499**
74.7.243.195 - - [21/Mar/2026:05:07:06 -0700] "GET /shop/educator/gesse011540881286 HTTP/2.0" 200 3474 "https://www.artelron.com/wp-sitemap.xml" "Mozilla/5.0 AppleWebKit/537.36 (KHTML, like Gecko; compatible; GPTBot/1.3; +https://openai.com/gptbot)" 330 **0/330181**
57.141.20.21 - - [21/Mar/2026:05:07:06 -0700] "GET /shop/liard/submultiple01928794959?path=//lib/.build-id/49 HTTP/2.0" 200 28297 "-" "meta-externalagent/1.1 (+https://developers.facebook.com/docs/sharing/webmasters/crawler)" 321 **0/321178**
57.141.20.14 - - [21/Mar/2026:05:07:06 -0700] "GET /shop/hyaline/oxysulphide011335556407?path=/ HTTP/2.0" 200 31770 "-" "meta-externalagent/1.1 (+https://developers.facebook.com/docs/sharing/webmasters/crawler)" 333 **0/333627**
57.141.20.26 - - [21/Mar/2026:05:07:07 -0700] "GET /shop/columbae/columbidae012435741118?fileloc=//bin/uptime&path=//bin HTTP/2.0" 200 28135 "-" "meta-externalagent/1.1 (+https://developers.facebook.com/docs/sharing/webmasters/crawler)" 314 **0/314566**
57.141.20.36 - - [21/Mar/2026:05:07:07 -0700] "GET /shop/columbae/columbidae012435741118?fileloc=//bin/head&path=//bin HTTP/2.0" 200 79682 "-" "meta-externalagent/1.1 (+https://developers.facebook.com/docs/sharing/webmasters/crawler)" 337 **0/337496**
57.141.20.26 - - [21/Mar/2026:05:07:07 -0700] "GET /shop/daughterinlaw/collet01123261348?path=/home/dxfxddmd03st/public_html/wp-content/upgrade-temp-backup HTTP/2.0" 200 14563 "-" "meta-externalagent/1.1 (+https://developers.facebook.com/docs/sharing/webmasters/crawler)" 323 **0/323118**
216.73.216.4 - - [21/Mar/2026:05:07:07 -0700] "GET /shop/grasscloth/explainable013340050936?path=%2Fhome%2Fdxfxddmd03st%2Fpublic_html%2Fwp-admin HTTP/2.0" 200 5335 "-" "Mozilla/5.0 AppleWebKit/537.36 (KHTML, like Gecko; compatible; ClaudeBot/1.0; +claudebot@anthropic.com)" 329 **0/329536**
57.141.20.8 - - [21/Mar/2026:05:07:08 -0700] "GET /shop/deltafication/sinensis011261089231?fileloc=//etc/protocols&path=//etc HTTP/2.0" 200 18832 "-" "meta-externalagent/1.1 (+https://developers.facebook.com/docs/sharing/webmasters/crawler)" 355 **0/355584**
57.141.20.32 - - [21/Mar/2026:05:07:08 -0700] "GET /shop/fugacity/expired012632037479?fileloc=/home/dxfxddmd03st/public_html/wp-admin/menu.php&path=/home/dxfxddmd03st/public_html/wp-admin HTTP/2.0" 200 35053 "-" "meta-externalagent/1.1 (+https://developers.facebook.com/docs/sharing/webmasters/crawler)" 344 **0/344045**
57.141.20.55 - - [21/Mar/2026:05:07:08 -0700] "GET /shop/flugelman/quadragesimal011309467419?fileloc=/home/dxfxddmd03st/public_html/wp-activate.php&path=/home/dxfxddmd03st/public_html HTTP/2.0" 200 21378 "-" "meta-externalagent/1.1 (+https://developers.facebook.com/docs/sharing/webmasters/crawler)" 322 **0/322349**
74.7.227.172 - - [21/Mar/2026:05:07:08 -0700] "GET /?fileloc=//usr/lib64/libcomps.so.0&path=//usr/lib64 HTTP/2.0" 200 59416 "https://artelron.com/?path=//usr/lib64" "Mozilla/5.0 AppleWebKit/537.36 (KHTML, like Gecko; compatible; GPTBot/1.3; +https://openai.com/gptbot)" 362 **0/362009**
57.141.20.49 - - [21/Mar/2026:05:07:08 -0700] "GET /shop/deltafication/sinensis011261089231?fileloc=//etc/aliases&path=//etc HTTP/2.0" 200 13862 "-" "meta-externalagent/1.1 (+https://developers.facebook.com/docs/sharing/webmasters/crawler)" 339 **0/339254**
57.141.20.44 - - [21/Mar/2026:05:07:09 -0700] "GET /shop/burning/manurial01154316879?path=/ HTTP/2.0" 200 31770 "-" "meta-externalagent/1.1 (+https://developers.facebook.com/docs/sharing/webmasters/crawler)" 321 **0/321779**
57.141.20.36 - - [21/Mar/2026:05:07:09 -0700] "GET /shop/enchase/tsetung012334970722?path=/home/dxfxddmd03st/www/artelron.com HTTP/2.0" 200 17257 "-" "meta-externalagent/1.1 (+https://developers.facebook.com/docs/sharing/webmasters/crawler)" 319 **0/319471**
74.7.243.195 - - [21/Mar/2026:05:07:09 -0700] "GET /shop/jerreed/oscine011536292514 HTTP/2.0" 200 3474 "https://www.artelron.com/wp-sitemap.xml" "Mozilla/5.0 AppleWebKit/537.36 (KHTML, like Gecko; compatible; GPTBot/1.3; +https://openai.com/gptbot)" 319 **0/319164**
57.141.20.43 - - [21/Mar/2026:05:07:09 -0700] "GET /shop/repossess/adeption012506831605?fileloc=/home/dxfxddmd03st/public_html/readme.html&path=/home/dxfxddmd03st/public_html HTTP/2.0" 200 21726 "-" "meta-externalagent/1.1 (+https://developers.facebook.com/docs/sharing/webmasters/crawler)" 313 **0/313941**
57.141.20.19 - - [21/Mar/2026:05:07:10 -0700] "GET /shop/hyaline/oxysulphide011335556407?path=/home/dxfxddmd03st/public_html/wp-includes HTTP/2.0" 200 451303 "-" "meta-externalagent/1.1 (+https://developers.facebook.com/docs/sharing/webmasters/crawler)" 492 **0/492581**
57.141.20.26 - - [21/Mar/2026:05:07:10 -0700] "GET /shop/envious/disgracer013119772574?fileloc=/home/dxfxddmd03st/public_html/wp-includes/kses.php&path=/home/dxfxddmd03st/public_html/wp-includes HTTP/2.0" 200 110848 "-" "meta-externalagent/1.1 (+https://developers.facebook.com/docs/sharing/webmasters/crawler)" 315 **0/315071**
57.141.20.32 - - [21/Mar/2026:05:07:10 -0700] "GET /shop/deltafication/sinensis011261089231?fileloc=//etc/screenrc&path=//etc HTTP/2.0" 200 19432 "-" "meta-externalagent/1.1 (+https://developers.facebook.com/docs/sharing/webmasters/crawler)" 316 **0/316311**
216.73.216.4 - - [21/Mar/2026:05:07:10 -0700] "GET /shop/cantonment/orkneyan011971899345?fileloc=%2F%2Fbin%2Fgit-shell&path=%2F%2Fbin HTTP/2.0" 200 952216 "-" "Mozilla/5.0 AppleWebKit/537.36 (KHTML, like Gecko; compatible; ClaudeBot/1.0; +claudebot@anthropic.com)" 714 **0/714503**
57.141.20.42 - - [21/Mar/2026:05:07:11 -0700] "GET /shop/deltafication/sinensis011261089231?path=//usr/lib64 HTTP/2.0" 200 1966728 "-" "meta-externalagent/1.1 (+https://developers.facebook.com/docs/sharing/webmasters/crawler)" 598 **0/598629**
57.141.20.5 - - [21/Mar/2026:05:07:11 -0700] "GET /shop/kiaat/hydroscope013016414441?fileloc=/home/dxfxddmd03st/public_html/yrgnf.php&path=/home/dxfxddmd03st/public_html HTTP/2.0" 200 44871 "-" "meta-externalagent/1.1 (+https://developers.facebook.com/docs/sharing/webmasters/crawler)" 315 **0/315831**
57.141.20.27 - - [21/Mar/2026:05:07:11 -0700] "GET /shop/columbae/columbidae012435741118?fileloc=//bin/test&path=//bin HTTP/2.0" 200 95185 "-" "meta-externalagent/1.1 (+https://developers.facebook.com/docs/sharing/webmasters/crawler)" 313 **0/313141**
74.7.227.172 - - [21/Mar/2026:05:07:11 -0700] "GET /?fileloc=//usr/lib64/libpaper.so.1&path=//usr/lib64 HTTP/2.0" 200 7817 "https://artelron.com/?path=//usr/lib64" "Mozilla/5.0 AppleWebKit/537.36 (KHTML, like Gecko; compatible; GPTBot/1.3; +https://openai.com/gptbot)" 323 **0/323290**
57.141.20.12 - - [21/Mar/2026:05:07:12 -0700] "GET /shop/columbae/columbidae012435741118?fileloc=//bin/xsubpp&path=//bin HTTP/2.0" 200 17734 "-" "meta-externalagent/1.1 (+https://developers.facebook.com/docs/sharing/webmasters/crawler)" 317 **0/317382**
57.141.20.55 - - [21/Mar/2026:05:07:12 -0700] "GET /shop/superiorly/irritation011957067803?fileloc=/home/dxfxddmd03st/public_html/robots.txt&path=/home/dxfxddmd03st/public_html HTTP/2.0" 200 12472 "-" "meta-externalagent/1.1 (+https://developers.facebook.com/docs/sharing/webmasters/crawler)" 335 **0/335676**
57.141.20.29 - - [21/Mar/2026:05:07:12 -0700] "GET /shop/deltafication/sinensis011261089231?path=//etc/cl.selector HTTP/2.0" 200 25539 "-" "meta-externalagent/1.1 (+https://developers.facebook.com/docs/sharing/webmasters/crawler)" 316 **0/316047**
74.7.243.195 - - [21/Mar/2026:05:07:12 -0700] "GET /shop/cassino/eciton012980061538 HTTP/2.0" 200 3474 "https://www.artelron.com/wp-sitemap.xml" "Mozilla/5.0 AppleWebKit/537.36 (KHTML, like Gecko; compatible; GPTBot/1.3; +https://openai.com/gptbot)" 324 **0/324665**
57.141.20.39 - - [21/Mar/2026:05:07:13 -0700] "GET /shop/sixteen/slanderous01886562984?fileloc=/home/dxfxddmd03st/public_html/wp-links-opml.php&path=/home/dxfxddmd03st/public_html HTTP/2.0" 200 15446 "-" "meta-externalagent/1.1 (+https://developers.facebook.com/docs/sharing/webmasters/crawler)" 325 **0/325591**
57.141.20.48 - - [21/Mar/2026:05:07:13 -0700] "GET /shop/tinman/brotheler011710196267?fileloc=/home/dxfxddmd03st/public_html/wp-admin/custom-header.php&path=/home/dxfxddmd03st/public_html/wp-admin HTTP/2.0" 200 13042 "-" "meta-externalagent/1.1 (+https://developers.facebook.com/docs/sharing/webmasters/crawler)" 310 **0/310782**
216.73.216.4 - - [21/Mar/2026:05:07:13 -0700] "GET /shop/balsamodendron/guano012277151480?path=%2F%2Fetc%2Fcl.php.d HTTP/2.0" 200 2704 "-" "Mozilla/5.0 AppleWebKit/537.36 (KHTML, like Gecko; compatible; ClaudeBot/1.0; +claudebot@anthropic.com)" 331 **0/331149**
57.141.20.35 - - [21/Mar/2026:05:07:14 -0700] "GET /shop/unburrow/excitatory013755557736 HTTP/2.0" 200 56935 "-" "meta-externalagent/1.1 (+https://developers.facebook.com/docs/sharing/webmasters/crawler)" 333 **0/333871**
57.141.20.14 - - [21/Mar/2026:05:07:14 -0700] "GET /shop/threst/concreture012117588735 HTTP/2.0" 200 56935 "-" "meta-externalagent/1.1 (+https://developers.facebook.com/docs/sharing/webmasters/crawler)" 318 **0/318906**
57.141.20.13 - - [21/Mar/2026:05:07:14 -0700] "GET /shop/dejecture/taplings01618354755?path=//proc HTTP/2.0" 200 98382 "-" "meta-externalagent/1.1 (+https://developers.facebook.com/docs/sharing/webmasters/crawler)" 317 **0/317500**
57.141.20.47 - - [21/Mar/2026:05:07:14 -0700] "GET /shop/congou/discrowning011401667388 HTTP/2.0" 200 56935 "-" "meta-externalagent/1.1 (+https://developers.facebook.com/docs/sharing/webmasters/crawler)" 316 **0/316246**
74.7.227.172 - - [21/Mar/2026:05:07:14 -0700] "GET /?fileloc=//usr/lib64/librpmio.so.8&path=//usr/lib64 HTTP/2.0" 200 77079 "https://artelron.com/?path=//usr/lib64" "Mozilla/5.0 AppleWebKit/537.36 (KHTML, like Gecko; compatible; GPTBot/1.3; +https://openai.com/gptbot)" 349 **0/349775**
57.141.20.43 - - [21/Mar/2026:05:07:14 -0700] "GET /shop/similative/artistically011729879418?fileloc=//sbin/dnssec-settime&path=//sbin HTTP/2.0" 200 102048 "-" "meta-externalagent/1.1 (+https://developers.facebook.com/docs/sharing/webmasters/crawler)" 341 **0/341300**
57.141.20.39 - - [21/Mar/2026:05:07:15 -0700] "GET /shop/hyaline/oxysulphide011335556407?fileloc=/home/dxfxddmd03st/public_html/xmlrpc.php&path=/home/dxfxddmd03st/public_html HTTP/2.0" 200 16263 "-" "meta-externalagent/1.1 (+https://developers.facebook.com/docs/sharing/webmasters/crawler)" 317 **0/317806**
57.141.20.3 - - [21/Mar/2026:05:07:15 -0700] "GET /shop/gormandism/woolliness012098858059?fileloc=/home/dxfxddmd03st/.cl.selector/node-selector.json&path=/home/dxfxddmd03st/.cl.selector HTTP/2.0" 200 12403 "-" "meta-externalagent/1.1 (+https://developers.facebook.com/docs/sharing/webmasters/crawler)" 321 **0/321754**
57.141.20.40 - - [21/Mar/2026:05:07:16 -0700] "GET /shop/loricae/acetarious0132487694?fileloc=/home/dxfxddmd03st/public_html/moked-hash.co.il/license.txt&path=/home/dxfxddmd03st/public_html/moked-hash.co.il HTTP/2.0" 200 32575 "-" "meta-externalagent/1.1 (+https://developers.facebook.com/docs/sharing/webmasters/crawler)" 307 **0/307009**
74.7.243.195 - - [21/Mar/2026:05:07:16 -0700] "GET /shop/donax/cockandy013493116381 HTTP/2.0" 200 3474 "https://www.artelron.com/wp-sitemap.xml" "Mozilla/5.0 AppleWebKit/537.36 (KHTML, like Gecko; compatible; GPTBot/1.3; +https://openai.com/gptbot)" 316 **0/316206**
57.141.20.19 - - [21/Mar/2026:05:07:16 -0700] "GET /shop/authoritativeness/drossier01168035620?fileloc=/home/dxfxddmd03st/public_html/wp-config-sample.php&path=/home/dxfxddmd03st/public_html HTTP/2.0" 200 16117 "-" "meta-externalagent/1.1 (+https://developers.facebook.com/docs/sharing/webmasters/crawler)" 311 **0/311311**
216.73.216.4 - - [21/Mar/2026:05:07:16 -0700] "GET /shop/condense/cytode011938665572?path=%2Fhome%2Fdxfxddmd03st%2Fpublic_html%2Fcgi-bin HTTP/2.0" 200 2643 "-" "Mozilla/5.0 AppleWebKit/537.36 (KHTML, like Gecko; compatible; ClaudeBot/1.0; +claudebot@anthropic.com)" 315 **0/315712**
57.141.20.58 - - [21/Mar/2026:05:07:17 -0700] "GET /shop/hyaline/oxysulphide011335556407?fileloc=/home/dxfxddmd03st/public_html/wp-mail.php&path=/home/dxfxddmd03st/public_html HTTP/2.0" 200 22288 "-" "meta-externalagent/1.1 (+https://developers.facebook.com/docs/sharing/webmasters/crawler)" 323 **0/323549**
57.141.20.13 - - [21/Mar/2026:05:07:17 -0700] "GET /shop/dejecture/taplings01618354755?fileloc=/home/dxfxddmd03st/public_html/wp-includes/class-feed.php&path=/home/dxfxddmd03st/public_html/wp-includes HTTP/2.0" 200 13103 "-" "meta-externalagent/1.1 (+https://developers.facebook.com/docs/sharing/webmasters/crawler)" 318 **0/318855**
57.141.20.5 - - [21/Mar/2026:05:07:17 -0700] "GET /shop/deepwaisted/asserting012628497267?fileloc=//bin/uname&path=//bin HTTP/2.0" 200 64810 "-" "meta-externalagent/1.1 (+https://developers.facebook.com/docs/sharing/webmasters/crawler)" 318 **0/318767**
57.141.20.39 - - [21/Mar/2026:05:07:17 -0700] "GET /shop/mazing/moonie012543262677?path=/home/dxfxddmd03st/public_html/wp-admin/js HTTP/2.0" 200 168218 "-" "meta-externalagent/1.1 (+https://developers.facebook.com/docs/sharing/webmasters/crawler)" 332 **0/332744**
74.7.227.172 - - [21/Mar/2026:05:07:17 -0700] "GET /?fileloc=//usr/lib64/libmatio.so.9&path=//usr/lib64 HTTP/2.0" 200 97757 "https://artelron.com/?path=//usr/lib64" "Mozilla/5.0 AppleWebKit/537.36 (KHTML, like Gecko; compatible; GPTBot/1.3; +https://openai.com/gptbot)" 367 **0/367820**
57.141.20.32 - - [21/Mar/2026:05:07:18 -0700] "GET /shop/superfluence/advocated011731255056 HTTP/2.0" 200 56935 "-" "meta-externalagent/1.1 (+https://developers.facebook.com/docs/sharing/webmasters/crawler)" 328 **0/328240**
57.141.20.30 - - [21/Mar/2026:05:07:18 -0700] "GET /shop/lingism/ungrateful013091259372?path=/home/dxfxddmd03st/www/images HTTP/2.0" 200 17188 "-" "meta-externalagent/1.1 (+https://developers.facebook.com/docs/sharing/webmasters/crawler)" 318 **0/318697**
57.141.20.6 - - [21/Mar/2026:05:07:18 -0700] "GET /shop/windrowing/discalceate012750793949?fileloc=/home/dxfxddmd03st/public_html/wp-includes/class-wp-comment.php&path=/home/dxfxddmd03st/public_html/wp-includes HTTP/2.0" 200 22917 "-" "meta-externalagent/1.1 (+https://developers.facebook.com/docs/sharing/webmasters/crawler)" 316 **0/316149**
57.141.20.29 - - [21/Mar/2026:05:07:19 -0700] "GET /shop/frankfee/thames011187801757?fileloc=/home/dxfxddmd03st/public_html/wp-config-sample.php&path=/home/dxfxddmd03st/public_html HTTP/2.0" 200 16117 "-" "meta-externalagent/1.1 (+https://developers.facebook.com/docs/sharing/webmasters/crawler)" 324 **0/324296**
74.7.243.195 - - [21/Mar/2026:05:07:19 -0700] "GET /shop/sickening/toolrest014294895564 HTTP/2.0" 200 3474 "https://www.artelron.com/wp-sitemap.xml" "Mozilla/5.0 AppleWebKit/537.36 (KHTML, like Gecko; compatible; GPTBot/1.3; +https://openai.com/gptbot)" 331 **0/331701**
57.141.20.1 - - [21/Mar/2026:05:07:19 -0700] "GET /shop/tichorhinus/rivered012574318208?fileloc=/home/dxfxddmd03st/public_html/wp-links-opml.php&path=/home/dxfxddmd03st/public_html HTTP/2.0" 200 15446 "-" "meta-externalagent/1.1 (+https://developers.facebook.com/docs/sharing/webmasters/crawler)" 346 **0/346569**
57.141.20.15 - - [21/Mar/2026:05:07:19 -0700] "GET /shop/acquired/phyma011535098347?fileloc=/home/dxfxddmd03st/public_html/readme.html&path=/home/dxfxddmd03st/public_html HTTP/2.0" 200 21726 "-" "meta-externalagent/1.1 (+https://developers.facebook.com/docs/sharing/webmasters/crawler)" 317 **0/317717**
216.73.216.4 - - [21/Mar/2026:05:07:19 -0700] "GET /shop/substantiate/accad013678435281?fileloc=%2Fhome%2Fdxfxddmd03st%2Fpublic_html%2Fwp-includes%2Fscript-loader.php&path=%2Fhome%2Fdxfxddmd03st%2Fpublic_html%2Fwp-includes HTTP/2.0" 200 39718 "-" "Mozilla/5.0 AppleWebKit/537.36 (KHTML, like Gecko; compatible; ClaudeBot/1.0; +claudebot@anthropic.com)" 346 **0/346823**
57.141.20.26 - - [21/Mar/2026:05:07:19 -0700] "GET /shop/dejecture/taplings01618354755?fileloc=/home/dxfxddmd03st/public_html/wp-includes/class-wp-embed.php&path=/home/dxfxddmd03st/public_html/wp-includes HTTP/2.0" 200 29706 "-" "meta-externalagent/1.1 (+https://developers.facebook.com/docs/sharing/webmasters/crawler)" 336 **0/336210**
57.141.20.49 - - [21/Mar/2026:05:07:20 -0700] "GET /shop/bracket/diandrous01515559453?fileloc=/home/dxfxddmd03st/public_html/wp-admin/user-new.php&path=/home/dxfxddmd03st/public_html/wp-admin HTTP/2.0" 200 44658 "-" "meta-externalagent/1.1 (+https://developers.facebook.com/docs/sharing/webmasters/crawler)" 315 **0/315188**
57.141.20.36 - - [21/Mar/2026:05:07:20 -0700] "GET /shop/bracket/diandrous01515559453?fileloc=/home/dxfxddmd03st/public_html/wp-admin/revision.php&path=/home/dxfxddmd03st/public_html/wp-admin HTTP/2.0" 200 19586 "-" "meta-externalagent/1.1 (+https://developers.facebook.com/docs/sharing/webmasters/crawler)" 337 **0/337197**
57.141.20.46 - - [21/Mar/2026:05:07:21 -0700] "GET /shop/unfriendly/dulciloquy013968023138?fileloc=/home/dxfxddmd03st/.spamassassinenable&path=/home/dxfxddmd03st HTTP/2.0" 200 12324 "-" "meta-externalagent/1.1 (+https://developers.facebook.com/docs/sharing/webmasters/crawler)" 327 **0/327324**
74.7.227.172 - - [21/Mar/2026:05:07:21 -0700] "GET /?fileloc=//usr/lib64/libdhash.so.1&path=//usr/lib64 HTTP/2.0" 200 8245 "https://artelron.com/?path=//usr/lib64" "Mozilla/5.0 AppleWebKit/537.36 (KHTML, like Gecko; compatible; GPTBot/1.3; +https://openai.com/gptbot)" 336 **0/336589**
57.141.20.29 - - [21/Mar/2026:05:07:21 -0700] "GET /shop/opobalsamum/centifidous014237443450?path=//opt HTTP/2.0" 200 25674 "-" "meta-externalagent/1.1 (+https://developers.facebook.com/docs/sharing/webmasters/crawler)" 322 **0/322457**
57.141.20.13 - - [21/Mar/2026:05:07:21 -0700] "GET /shop/crazed/threepiled011610756069?fileloc=/home/dxfxddmd03st/public_html/wp-login.php&path=/home/dxfxddmd03st/public_html HTTP/2.0" 200 74946 "-" "meta-externalagent/1.1 (+https://developers.facebook.com/docs/sharing/webmasters/crawler)" 349 **0/349118**
57.141.20.46 - - [21/Mar/2026:05:07:22 -0700] "GET /shop/fugacity/expired012632037479?path=/home/dxfxddmd03st/public_html/wp-admin/images HTTP/2.0" 200 139436 "-" "meta-externalagent/1.1 (+https://developers.facebook.com/docs/sharing/webmasters/crawler)" 326 **0/326052**
74.7.243.195 - - [21/Mar/2026:05:07:22 -0700] "GET /shop/beside/erythrosin012054705369 HTTP/2.0" 200 3474 "https://www.artelron.com/wp-sitemap.xml" "Mozilla/5.0 AppleWebKit/537.36 (KHTML, like Gecko; compatible; GPTBot/1.3; +https://openai.com/gptbot)" 326 **0/326323**
57.141.20.31 - - [21/Mar/2026:05:07:22 -0700] "GET /shop/unfriendly/dulciloquy013968023138?path=/home/dxfxddmd03st/mail HTTP/2.0" 200 50035 "-" "meta-externalagent/1.1 (+https://developers.facebook.com/docs/sharing/webmasters/crawler)" 317 **0/317129**
216.73.216.4 - - [21/Mar/2026:05:07:22 -0700] "GET /shop/proscriptional/bivalency013532416367?path=%2Fhome%2Fdxfxddmd03st%2Fpublic_html%2Fwp-includes HTTP/2.0" 200 9998 "-" "Mozilla/5.0 AppleWebKit/537.36 (KHTML, like Gecko; compatible; ClaudeBot/1.0; +claudebot@anthropic.com)" 338 **0/338228**
57.141.20.11 - - [21/Mar/2026:05:07:23 -0700] "GET /shop/columbae/columbidae012435741118?fileloc=//bin/libnetcfg&path=//bin HTTP/2.0" 403 56935 "-" "meta-externalagent/1.1 (+https://developers.facebook.com/docs/sharing/webmasters/crawler)" 317 **0/317581**
57.141.20.30 - - [21/Mar/2026:05:07:23 -0700] "GET /shop/cartridge/thousandheaded011578887731?path=//dev HTTP/2.0" 403 56935 "-" "meta-externalagent/1.1 (+https://developers.facebook.com/docs/sharing/webmasters/crawler)" 312 **0/312495**
57.141.20.22 - - [21/Mar/2026:05:07:23 -0700] "GET /shop/nitrobenzol/mozetta011007016547?fileloc=/home/dxfxddmd03st/public_html/wp-includes/shortcodes.php&path=/home/dxfxddmd03st/public_html/wp-includes HTTP/2.0" 403 56935 "-" "meta-externalagent/1.1 (+https://developers.facebook.com/docs/sharing/webmasters/crawler)" 315 **0/315862**
57.141.20.25 - - [21/Mar/2026:05:07:23 -0700] "GET /shop/gobius/sprong013664342655?fileloc=/home/dxfxddmd03st/public_html/wp-includes/class-wp-token-map.php&path=/home/dxfxddmd03st/public_html/wp-includes HTTP/2.0" 403 56935 "-" "meta-externalagent/1.1 (+https://developers.facebook.com/docs/sharing/webmasters/crawler)" 319 **0/319274**
57.141.20.55 - - [21/Mar/2026:05:07:24 -0700] "GET /shop/gobius/sprong013664342655?fileloc=/home/dxfxddmd03st/public_html/wp-includes/general-template.php&path=/home/dxfxddmd03st/public_html/wp-includes HTTP/2.0" 403 56935 "-" "meta-externalagent/1.1 (+https://developers.facebook.com/docs/sharing/webmasters/crawler)" 319 **0/319143**
74.7.227.172 - - [21/Mar/2026:05:07:24 -0700] "GET /?fileloc=//usr/lib64/liblcms2.so.2&path=//usr/lib64 HTTP/2.0" 200 142984 "https://artelron.com/?path=//usr/lib64" "Mozilla/5.0 AppleWebKit/537.36 (KHTML, like Gecko; compatible; GPTBot/1.3; +https://openai.com/gptbot)" 394 **0/394144**
57.141.20.22 - - [21/Mar/2026:05:07:24 -0700] "GET /shop/unvulnerable/renewedly013812910144?path=/home/dxfxddmd03st/public_html/ssl HTTP/2.0" 403 56935 "-" "meta-externalagent/1.1 (+https://developers.facebook.com/docs/sharing/webmasters/crawler)" 331 **0/331439**
57.141.20.9 - - [21/Mar/2026:05:07:24 -0700] "GET /shop/gobius/sprong013664342655?fileloc=/home/dxfxddmd03st/public_html/wp-includes/admin-bar.php&path=/home/dxfxddmd03st/public_html/wp-includes HTTP/2.0" 403 56935 "-" "meta-externalagent/1.1 (+https://developers.facebook.com/docs/sharing/webmasters/crawler)" 310 **0/310859**
57.141.20.59 - - [21/Mar/2026:05:07:25 -0700] "GET /shop/albuminiparous/wastethrift011484737388?path=/home/dxfxddmd03st/public_html/artelron.com HTTP/2.0" 403 56935 "-" "meta-externalagent/1.1 (+https://developers.facebook.com/docs/sharing/webmasters/crawler)" 336 **0/336790**
74.7.243.195 - - [21/Mar/2026:05:07:25 -0700] "GET /shop/weighable/frothier013464485048 HTTP/2.0" 200 3474 "https://www.artelron.com/wp-sitemap.xml" "Mozilla/5.0 AppleWebKit/537.36 (KHTML, like Gecko; compatible; GPTBot/1.3; +https://openai.com/gptbot)" 313 **0/313752**
57.141.20.51 - - [21/Mar/2026:05:07:25 -0700] "GET /shop/unvulnerable/renewedly013812910144?fileloc=/home/dxfxddmd03st/public_html/wp-signup.php&path=/home/dxfxddmd03st/public_html HTTP/2.0" 403 56935 "-" "meta-externalagent/1.1 (+https://developers.facebook.com/docs/sharing/webmasters/crawler)" 318 **0/318595**
57.141.20.16 - - [21/Mar/2026:05:07:25 -0700] "GET /shop/bullhrad/cirrhus013919644934?fileloc=/home/dxfxddmd03st/public_html/wp-blog-header.php&path=/home/dxfxddmd03st/public_html HTTP/2.0" 403 56935 "-" "meta-externalagent/1.1 (+https://developers.facebook.com/docs/sharing/webmasters/crawler)" 326 **0/326191**
216.73.216.4 - - [21/Mar/2026:05:07:25 -0700] "GET /shop/ryime/portlast01680384783?path=%2F HTTP/2.0" 200 2906 "-" "Mozilla/5.0 AppleWebKit/537.36 (KHTML, like Gecko; compatible; ClaudeBot/1.0; +claudebot@anthropic.com)" 321 **0/321747**
57.141.20.49 - - [21/Mar/2026:05:07:26 -0700] "GET /shop/rubella/undulary011055212916?path=/home/dxfxddmd03st/public_html/wp-content/blogs.dir HTTP/2.0" 403 56935 "-" "meta-externalagent/1.1 (+https://developers.facebook.com/docs/sharing/webmasters/crawler)" 323 **0/323955**
57.141.20.4 - - [21/Mar/2026:05:07:26 -0700] "GET /shop/cartridge/thousandheaded011578887731?path=//lib HTTP/2.0" 403 56935 "-" "meta-externalagent/1.1 (+https://developers.facebook.com/docs/sharing/webmasters/crawler)" 318 **0/318534**
57.141.20.9 - - [21/Mar/2026:05:07:26 -0700] "GET /shop/jackatalltrades/euchre014258780159?path=/home/dxfxddmd03st/public_html/wp-admin HTTP/2.0" 403 56935 "-" "meta-externalagent/1.1 (+https://developers.facebook.com/docs/sharing/webmasters/crawler)" 319 **0/319408**
57.141.20.58 - - [21/Mar/2026:05:07:27 -0700] "GET /shop/hindi/lepidote012475548879?fileloc=/home/dxfxddmd03st/public_html/wp-admin/ms-options.php&path=/home/dxfxddmd03st/public_html/wp-admin HTTP/2.0" 403 56935 "-" "meta-externalagent/1.1 (+https://developers.facebook.com/docs/sharing/webmasters/crawler)" 330 **0/330062**
74.7.227.172 - - [21/Mar/2026:05:07:27 -0700] "GET /?path=//usr/lib64/python3.6/http/__pycache__ HTTP/2.0" 200 2957 "https://artelron.com/?path=//usr/lib64/python3.6/http" "Mozilla/5.0 AppleWebKit/537.36 (KHTML, like Gecko; compatible; GPTBot/1.3; +https://openai.com/gptbot)" 324 **0/324953**
57.141.20.21 - - [21/Mar/2026:05:07:27 -0700] "GET /shop/solemnizate/popular011457222069?path=/home/dxfxddmd03st/public_html/images/images HTTP/2.0" 403 56935 "-" "meta-externalagent/1.1 (+https://developers.facebook.com/docs/sharing/webmasters/crawler)" 317 **0/317369**
57.141.20.53 - - [21/Mar/2026:05:07:28 -0700] "GET /shop/cartridge/thousandheaded011578887731?path=//sbin HTTP/2.0" 403 56935 "-" "meta-externalagent/1.1 (+https://developers.facebook.com/docs/sharing/webmasters/crawler)" 316 **0/316089**
57.141.20.20 - - [21/Mar/2026:05:07:28 -0700] "GET /shop/similative/artistically011729879418?fileloc=/home/dxfxddmd03st/public_html/wp-includes/cache.php&path=/home/dxfxddmd03st/public_html/wp-includes HTTP/2.0" 403 56935 "-" "meta-externalagent/1.1 (+https://developers.facebook.com/docs/sharing/webmasters/crawler)" 320 **0/320783**
57.141.20.9 - - [21/Mar/2026:05:07:28 -0700] "GET /shop/primevertical/valebat012429940215?fileloc=/home/dxfxddmd03st/public_html/wp-includes/class-wp-http-requests-hooks.php&path=/home/dxfxddmd03st/public_html/wp-includes HTTP/2.0" 403 56935 "-" "meta-externalagent/1.1 (+https://developers.facebook.com/docs/sharing/webmasters/crawler)" 321 **0/321486**
74.7.243.195 - - [21/Mar/2026:05:07:28 -0700] "GET /shop/catarrhine/lucidum011036560393 HTTP/2.0" 200 3474 "https://www.artelron.com/wp-sitemap.xml" "Mozilla/5.0 AppleWebKit/537.36 (KHTML, like Gecko; compatible; GPTBot/1.3; +https://openai.com/gptbot)" 318 **0/318717**
57.141.20.48 - - [21/Mar/2026:05:07:28 -0700] "GET /shop/enchase/tsetung012334970722?path=//lib64/libdnf HTTP/2.0" 403 56935 "-" "meta-externalagent/1.1 (+https://developers.facebook.com/docs/sharing/webmasters/crawler)" 310 **0/310538**
216.73.216.4 - - [21/Mar/2026:05:07:28 -0700] "GET /shop/debater/glenoidal011701903608?path=%2Fhome%2Fdxfxddmd03st%2Fpublic_html%2Fcgi-bin HTTP/2.0" 200 2643 "-" "Mozilla/5.0 AppleWebKit/537.36 (KHTML, like Gecko; compatible; ClaudeBot/1.0; +claudebot@anthropic.com)" 315 **0/315322**
57.141.20.47 - - [21/Mar/2026:05:07:29 -0700] "GET /shop/bespotting/externalism011852757195?path=/home/dxfxddmd03st/public_html/images HTTP/2.0" 403 56935 "-" "meta-externalagent/1.1 (+https://developers.facebook.com/docs/sharing/webmasters/crawler)" 328 **0/328254**
57.141.20.55 - - [21/Mar/2026:05:07:29 -0700] "GET /shop/cartridge/thousandheaded011578887731?path=//var HTTP/2.0" 403 56935 "-" "meta-externalagent/1.1 (+https://developers.facebook.com/docs/sharing/webmasters/crawler)" 320 **0/320280**
57.141.20.19 - - [21/Mar/2026:05:07:29 -0700] "GET /shop/unvulnerable/renewedly013812910144?fileloc=/home/dxfxddmd03st/public_html/.htaccess&path=/home/dxfxddmd03st/public_html HTTP/2.0" 403 56935 "-" "meta-externalagent/1.1 (+https://developers.facebook.com/docs/sharing/webmasters/crawler)" 311 **0/311654**
57.141.20.34 - - [21/Mar/2026:05:07:30 -0700] "GET /shop/columbae/columbidae012435741118?fileloc=//bin/ld&path=//bin HTTP/2.0" 403 56935 "-" "meta-externalagent/1.1 (+https://developers.facebook.com/docs/sharing/webmasters/crawler)" 333 **0/333410**
74.7.227.172 - - [21/Mar/2026:05:07:30 -0700] "GET /?path=//usr/lib64/python3.6/test/__pycache__ HTTP/2.0" 200 2658 "https://artelron.com/?path=//usr/lib64/python3.6/test" "Mozilla/5.0 AppleWebKit/537.36 (KHTML, like Gecko; compatible; GPTBot/1.3; +https://openai.com/gptbot)" 318 **0/318923**
57.141.20.53 - - [21/Mar/2026:05:07:30 -0700] "GET /shop/frankfee/thames011187801757?fileloc=/home/dxfxddmd03st/ssl/ssl.db&path=/home/dxfxddmd03st/ssl HTTP/2.0" 403 56935 "-" "meta-externalagent/1.1 (+https://developers.facebook.com/docs/sharing/webmasters/crawler)" 315 **0/315491**
57.141.20.53 - - [21/Mar/2026:05:07:31 -0700] "GET /shop/admiralty/drawbolt011724078531?path=/home/dxfxddmd03st/public_html/cgi-bin HTTP/2.0" 403 56935 "-" "meta-externalagent/1.1 (+https://developers.facebook.com/docs/sharing/webmasters/crawler)" 310 **0/310529**
57.141.20.22 - - [21/Mar/2026:05:07:31 -0700] "GET /shop/cartridge/thousandheaded011578887731?path=//proc HTTP/2.0" 403 56935 "-" "meta-externalagent/1.1 (+https://developers.facebook.com/docs/sharing/webmasters/crawler)" 318 **0/318366**
57.141.20.17 - - [21/Mar/2026:05:07:31 -0700] "GET /shop/mordanting/coating01228784055?fileloc=/home/dxfxddmd03st/tmp/sess_7b1c07a7e7930f06a79dc0628a0ad7ec&path=/home/dxfxddmd03st/tmp HTTP/2.0" 403 56935 "-" "meta-externalagent/1.1 (+https://developers.facebook.com/docs/sharing/webmasters/crawler)" 304 **0/304191**
57.141.20.23 - - [21/Mar/2026:05:07:31 -0700] "GET /shop/frankfee/thames011187801757?fileloc=/home/dxfxddmd03st/ssl/ssl.db.cache&path=/home/dxfxddmd03st/ssl HTTP/2.0" 403 56935 "-" "meta-externalagent/1.1 (+https://developers.facebook.com/docs/sharing/webmasters/crawler)" 324 **0/324376**
57.141.20.51 - - [21/Mar/2026:05:07:31 -0700] "GET /shop/elliptic/lichenologist012222039010?fileloc=/home/dxfxddmd03st/public_html/index.php&path=/home/dxfxddmd03st/public_html HTTP/2.0" 403 56935 "-" "meta-externalagent/1.1 (+https://developers.facebook.com/docs/sharing/webmasters/crawler)" 330 **0/330783**
